[INFO] cloning repository https://github.com/reifydb/reifydb
[INFO] running `Command { std: "git" "-c" "credential.helper=" "-c" "credential.helper=/workspace/cargo-home/bin/git-credential-null" "clone" "--bare" "https://github.com/reifydb/reifydb" "/workspace/cache/git-repos/https%3A%2F%2Fgithub.com%2Freifydb%2Freifydb", kill_on_drop: false }`
[INFO] [stderr] Cloning into bare repository '/workspace/cache/git-repos/https%3A%2F%2Fgithub.com%2Freifydb%2Freifydb'...
[INFO] running `Command { std: "git" "rev-parse" "HEAD", kill_on_drop: false }`
[INFO] [stdout] 553d00104176f96a3add29ea1c90eed103325152
[INFO] checking reifydb/reifydb/553d00104176f96a3add29ea1c90eed103325152 against 018018e881e2db0956f229dbb543e21f058d1ce7 for pr-162600
[INFO] running `Command { std: "git" "clone" "/workspace/cache/git-repos/https%3A%2F%2Fgithub.com%2Freifydb%2Freifydb" "/workspace/builds/worker-0-tc1/source", kill_on_drop: false }`
[INFO] [stderr] Cloning into '/workspace/builds/worker-0-tc1/source'...
[INFO] [stderr] done.
[INFO] [stderr] Updating files:  25% (8434/32939)
Updating files:  26% (8565/32939)
Updating files:  27% (8894/32939)
Updating files:  28% (9223/32939)
Updating files:  29% (9553/32939)
Updating files:  30% (9882/32939)
Updating files:  31% (10212/32939)
Updating files:  32% (10541/32939)
Updating files:  33% (10870/32939)
Updating files:  34% (11200/32939)
Updating files:  35% (11529/32939)
Updating files:  36% (11859/32939)
Updating files:  37% (12188/32939)
Updating files:  38% (12517/32939)
Updating files:  39% (12847/32939)
Updating files:  40% (13176/32939)
Updating files:  41% (13505/32939)
Updating files:  42% (13835/32939)
Updating files:  43% (14164/32939)
Updating files:  44% (14494/32939)
Updating files:  45% (14823/32939)
Updating files:  46% (15152/32939)
Updating files:  47% (15482/32939)
Updating files:  48% (15811/32939)
Updating files:  48% (15917/32939)
Updating files:  49% (16141/32939)
Updating files:  50% (16470/32939)
Updating files:  51% (16799/32939)
Updating files:  52% (17129/32939)
Updating files:  53% (17458/32939)
Updating files:  54% (17788/32939)
Updating files:  55% (18117/32939)
Updating files:  56% (18446/32939)
Updating files:  57% (18776/32939)
Updating files:  58% (19105/32939)
Updating files:  59% (19435/32939)
Updating files:  60% (19764/32939)
Updating files:  61% (20093/32939)
Updating files:  62% (20423/32939)
Updating files:  63% (20752/32939)
Updating files:  64% (21081/32939)
Updating files:  65% (21411/32939)
Updating files:  66% (21740/32939)
Updating files:  67% (22070/32939)
Updating files:  68% (22399/32939)
Updating files:  69% (22728/32939)
Updating files:  70% (23058/32939)
Updating files:  71% (23387/32939)
Updating files:  72% (23717/32939)
Updating files:  73% (24046/32939)
Updating files:  74% (24375/32939)
Updating files:  74% (24394/32939)
Updating files:  75% (24705/32939)
Updating files:  76% (25034/32939)
Updating files:  77% (25364/32939)
Updating files:  78% (25693/32939)
Updating files:  79% (26022/32939)
Updating files:  80% (26352/32939)
Updating files:  81% (26681/32939)
Updating files:  82% (27010/32939)
Updating files:  83% (27340/32939)
Updating files:  84% (27669/32939)
Updating files:  85% (27999/32939)
Updating files:  86% (28328/32939)
Updating files:  87% (28657/32939)
Updating files:  88% (28987/32939)
Updating files:  89% (29316/32939)
Updating files:  90% (29646/32939)
Updating files:  90% (29801/32939)
Updating files:  91% (29975/32939)
Updating files:  92% (30304/32939)
Updating files:  93% (30634/32939)
Updating files:  94% (30963/32939)
Updating files:  95% (31293/32939)
Updating files:  96% (31622/32939)
Updating files:  97% (31951/32939)
Updating files:  98% (32281/32939)
Updating files:  99% (32610/32939)
Updating files: 100% (32939/32939)
Updating files: 100% (32939/32939), done.
[INFO] removed /workspace/builds/worker-0-tc1/source/.cargo/config.toml
[INFO] removed /workspace/builds/worker-0-tc1/source/rust-toolchain
[INFO] started tweaking git repo https://github.com/reifydb/reifydb
[INFO] finished tweaking git repo https://github.com/reifydb/reifydb
[INFO] tweaked toml for git repo https://github.com/reifydb/reifydb written to /workspace/builds/worker-0-tc1/source/Cargo.toml
[INFO] validating manifest of git repo https://github.com/reifydb/reifydb on toolchain 018018e881e2db0956f229dbb543e21f058d1ce7
[INFO] running `Command { std: CARGO_HOME="/workspace/cargo-home" RUSTUP_HOME="/workspace/rustup-home" "/workspace/cargo-home/bin/cargo" "+018018e881e2db0956f229dbb543e21f058d1ce7" "metadata" "--manifest-path" "Cargo.toml" "--no-deps", kill_on_drop: false }`
[INFO] crate git repo https://github.com/reifydb/reifydb already has a lockfile, it will not be regenerated
[INFO] running `Command { std: CARGO_HOME="/workspace/cargo-home" RUSTUP_HOME="/workspace/rustup-home" "/workspace/cargo-home/bin/cargo" "+018018e881e2db0956f229dbb543e21f058d1ce7" "fetch" "--manifest-path" "Cargo.toml", kill_on_drop: false }`
[INFO] [stderr] warning: unused workspace dependency `httparse`
[INFO] [stderr]    --> Cargo.toml:104:25
[INFO] [stderr]     |
[INFO] [stderr] 104 | [workspace.dependencies.httparse]
[INFO] [stderr]     |                         ^^^^^^^^
[INFO] [stderr]     |
[INFO] [stderr]     = note: `cargo::unused_workspace_dependencies` is set to `warn` by default
[INFO] [stderr] help: consider removing the workspace dependency `httparse`
[INFO] [stderr] warning: unused workspace dependency `reifydb-store-log`
[INFO] [stderr]    --> Cargo.toml:328:25
[INFO] [stderr]     |
[INFO] [stderr] 328 | [workspace.dependencies.reifydb-store-log]
[INFO] [stderr]     |                         ^^^^^^^^^^^^^^^^^
[INFO] [stderr]     |
[INFO] [stderr] help: consider removing the workspace dependency `reifydb-store-log`
[INFO] [stderr] warning: unused workspace dependency `serde-wasm-bindgen`
[INFO] [stderr]   --> Cargo.toml:43:1
[INFO] [stderr]    |
[INFO] [stderr] 43 | serde-wasm-bindgen = "0.6.5"
[INFO] [stderr]    | ^^^^^^^^^^^^^^^^^^
[INFO] [stderr]    |
[INFO] [stderr] help: consider removing the workspace dependency `serde-wasm-bindgen`
[INFO] [stderr] warning: unused workspace dependency `wasm-bindgen-futures`
[INFO] [stderr]   --> Cargo.toml:45:1
[INFO] [stderr]    |
[INFO] [stderr] 45 | wasm-bindgen-futures = "0.4.72"
[INFO] [stderr]    | ^^^^^^^^^^^^^^^^^^^^
[INFO] [stderr]    |
[INFO] [stderr] help: consider removing the workspace dependency `wasm-bindgen-futures`
[INFO] [stderr] warning: unused workspace dependency `wast`
[INFO] [stderr]   --> Cargo.toml:49:1
[INFO] [stderr]    |
[INFO] [stderr] 49 | wast = "251.0.0"
[INFO] [stderr]    | ^^^^
[INFO] [stderr]    |
[INFO] [stderr] help: consider removing the workspace dependency `wast`
[INFO] [stderr] warning: workspace (manifest) generated 5 warnings
[INFO] [stderr] warning: unused build dependency `reifydb-build`
[INFO] [stderr]   --> crates/testing-flow/Cargo.toml:15:1
[INFO] [stderr]    |
[INFO] [stderr] 15 | reifydb-build = { workspace = true }
[INFO] [stderr]    | ^^^^^^^^^^^^^^^^^^^^^^^^^^^^^^^^^^^^
[INFO] [stderr]    |
[INFO] [stderr]    = note: `cargo::unused_dependencies` is set to `warn` by default
[INFO] [stderr] help: consider removing the dependency on `reifydb-build`
[INFO] [stderr] warning: `reifydb-testing-flow` (manifest) generated 1 warning
[INFO] [stderr]     Updating crates.io index
[INFO] [stderr]  Downloading crates ...
[INFO] [stderr]   Downloaded pnet_macros_support v0.34.0
[INFO] [stderr]   Downloaded pnet_base v0.34.0
[INFO] [stderr]   Downloaded napi-sys v2.4.0
[INFO] [stderr]   Downloaded http v1.4.1
[INFO] [stderr]   Downloaded leb128 v0.2.6
[INFO] [stderr]   Downloaded wasm-bindgen-test v0.3.72
[INFO] [stderr]   Downloaded ctor v0.2.9
[INFO] [stderr]   Downloaded surge-ping v0.8.4
[INFO] [stderr]   Downloaded pnet_packet v0.34.0
[INFO] [stderr]   Downloaded wasmtime-internal-jit-icache-coherence v44.0.2
[INFO] [stderr]   Downloaded endian-type v0.2.0
[INFO] [stderr]   Downloaded test_each_file v0.3.7
[INFO] [stderr]   Downloaded wasmtime-internal-versioned-export-macros v44.0.2
[INFO] [stderr]   Downloaded pulley-macros v44.0.2
[INFO] [stderr]   Downloaded cranelift-control v0.131.2
[INFO] [stderr]   Downloaded block-buffer v0.12.0
[INFO] [stderr]   Downloaded napi v2.16.17
[INFO] [stderr]   Downloaded wasm-bindgen-test-macro v0.3.72
[INFO] [stderr]   Downloaded cranelift-bitset v0.131.2
[INFO] [stderr]   Downloaded napi-derive-backend v1.0.75
[INFO] [stderr]   Downloaded cranelift-codegen-shared v0.131.2
[INFO] [stderr]   Downloaded fd-lock v4.0.4
[INFO] [stderr]   Downloaded password-hash v0.6.1
[INFO] [stderr]   Downloaded debugid v0.8.0
[INFO] [stderr]   Downloaded tikv-jemallocator v0.6.1
[INFO] [stderr]   Downloaded wat v1.251.0
[INFO] [stderr]   Downloaded wasmtime-internal-component-util v44.0.2
[INFO] [stderr]   Downloaded cranelift-srcgen v0.131.2
[INFO] [stderr]   Downloaded cap-net-ext v3.4.5
[INFO] [stderr]   Downloaded ambient-authority v0.0.2
[INFO] [stderr]   Downloaded cap-rand v3.4.5
[INFO] [stderr]   Downloaded napi-build v2.4.1
[INFO] [stderr]   Downloaded wasm-bindgen-test-shared v0.2.122
[INFO] [stderr]   Downloaded yamux v0.14.0
[INFO] [stderr]   Downloaded napi-derive v2.16.13
[INFO] [stderr]   Downloaded minicov v0.3.8
[INFO] [stderr]   Downloaded hashlink v0.11.1
[INFO] [stderr]   Downloaded ittapi v0.4.0
[INFO] [stderr]   Downloaded wasmtime-internal-winch v44.0.2
[INFO] [stderr]   Downloaded maybe-owned v0.3.4
[INFO] [stderr]   Downloaded cap-time-ext v3.4.5
[INFO] [stderr]   Downloaded tdigest v0.2.3
[INFO] [stderr]   Downloaded wasmtime-internal-jit-debug v44.0.2
[INFO] [stderr]   Downloaded cranelift-native v0.131.2
[INFO] [stderr]   Downloaded fs-set-times v0.20.3
[INFO] [stderr]   Downloaded wiggle-macro v44.0.2
[INFO] [stderr]   Downloaded rustyline v18.0.0
[INFO] [stderr]   Downloaded rsqlite-vfs v0.1.1
[INFO] [stderr]   Downloaded wasmtime-internal-unwinder v44.0.2
[INFO] [stderr]   Downloaded cranelift-entity v0.131.2
[INFO] [stderr]   Downloaded system-interface v0.27.3
[INFO] [stderr]   Downloaded generator v0.8.8
[INFO] [stderr]   Downloaded wasmtime-wasi-io v44.0.2
[INFO] [stderr]   Downloaded cap-fs-ext v3.4.5
[INFO] [stderr]   Downloaded phc v0.6.1
[INFO] [stderr]   Downloaded opentelemetry-http v0.31.0
[INFO] [stderr]   Downloaded radix_trie v0.3.0
[INFO] [stderr]   Downloaded pnet_macros v0.34.0
[INFO] [stderr]   Downloaded winx v0.36.4
[INFO] [stderr]   Downloaded hdrhistogram v7.5.4
[INFO] [stderr]   Downloaded cranelift-assembler-x64 v0.131.2
[INFO] [stderr]   Downloaded wiggle-generate v44.0.2
[INFO] [stderr]   Downloaded argon2 v0.6.0-rc.8
[INFO] [stderr]   Downloaded hybrid-array v0.4.12
[INFO] [stderr]   Downloaded crossbeam-skiplist v0.1.3
[INFO] [stderr]   Downloaded witx v0.9.1
[INFO] [stderr]   Downloaded wasmtime-internal-fiber v44.0.2
[INFO] [stderr]   Downloaded wasmtime-internal-wit-bindgen v44.0.2
[INFO] [stderr]   Downloaded wasmtime-internal-cache v44.0.2
[INFO] [stderr]   Downloaded fxprof-processed-profile v0.8.1
[INFO] [stderr]   Downloaded io-lifetimes v2.0.4
[INFO] [stderr]   Downloaded io-extras v0.18.4
[INFO] [stderr]   Downloaded rustix-linux-procfs v0.1.1
[INFO] [stderr]   Downloaded dashmap v7.0.0-rc2
[INFO] [stderr]   Downloaded wiggle v44.0.2
[INFO] [stderr]   Downloaded wasmtime-internal-core v44.0.2
[INFO] [stderr]   Downloaded cranelift-bforest v0.131.2
[INFO] [stderr]   Downloaded cranelift-assembler-x64-meta v0.131.2
[INFO] [stderr]   Downloaded addr2line v0.26.1
[INFO] [stderr]   Downloaded cap-std v3.4.5
[INFO] [stderr]   Downloaded tikv-jemalloc-ctl v0.6.1
[INFO] [stderr]   Downloaded cranelift-frontend v0.131.2
[INFO] [stderr]   Downloaded blake2 v0.11.0-rc.6
[INFO] [stderr]   Downloaded opentelemetry-otlp v0.31.1
[INFO] [stderr]   Downloaded tikv-jemalloc-sys v0.6.1+5.3.0-1-ge13ca993e8ccb9ba9847cc330696e02839f328f7
[INFO] [stderr]   Downloaded wasmprinter v0.246.2
[INFO] [stderr]   Downloaded opentelemetry-proto v0.31.0
[INFO] [stderr]   Downloaded loom v0.7.2
[INFO] [stderr]   Downloaded pulley-interpreter v44.0.2
[INFO] [stderr]   Downloaded cpp_demangle v0.4.5
[INFO] [stderr]   Downloaded cranelift-codegen-meta v0.131.2
[INFO] [stderr]   Downloaded wasm-compose v0.246.2
[INFO] [stderr]   Downloaded cc v1.2.63
[INFO] [stderr]   Downloaded wasm-encoder v0.251.0
[INFO] [stderr]   Downloaded wast v35.0.2
[INFO] [stderr]   Downloaded wasm-encoder v0.246.2
[INFO] [stderr]   Downloaded cranelift-isle v0.131.2
[INFO] [stderr]   Downloaded cap-primitives v3.4.5
[INFO] [stderr]   Downloaded bigdecimal v0.4.10
[INFO] [stderr]   Downloaded ittapi-sys v0.4.0
[INFO] [stderr]   Downloaded tracing-opentelemetry v0.32.1
[INFO] [stderr]   Downloaded winch-codegen v44.0.2
[INFO] [stderr]   Downloaded regalloc2 v0.15.1
[INFO] [stderr]   Downloaded wast v251.0.0
[INFO] [stderr]   Downloaded wit-parser v0.246.2
[INFO] [stderr]   Downloaded wasmtime-internal-cranelift v44.0.2
[INFO] [stderr]   Downloaded opentelemetry_sdk v0.31.0
[INFO] [stderr]   Downloaded wasmtime-wasi v44.0.2
[INFO] [stderr]   Downloaded wasmtime-internal-component-macro v44.0.2
[INFO] [stderr]   Downloaded wasmparser v0.251.0
[INFO] [stderr]   Downloaded wasmtime-environ v44.0.2
[INFO] [stderr]   Downloaded wasmparser v0.246.2
[INFO] [stderr]   Downloaded gimli v0.33.0
[INFO] [stderr]   Downloaded object v0.39.1
[INFO] [stderr]   Downloaded wasmtime v44.0.2
[INFO] [stderr]   Downloaded cranelift-codegen v0.131.2
[INFO] [stderr]   Downloaded sqlite-wasm-rs v0.5.5
[INFO] running `Command { std: "docker" "create" "-v" "/var/lib/crater-agent-workspace/builds/worker-0-tc1/source:/opt/rustwide/workdir:ro,Z" "-v" "/var/lib/crater-agent-workspace/builds/worker-0-tc1/target:/opt/rustwide/target:rw,Z" "-v" "/var/lib/crater-agent-workspace/cargo-home:/opt/rustwide/cargo-home:ro,Z" "-v" "/var/lib/crater-agent-workspace/rustup-home:/opt/rustwide/rustup-home:ro,Z" "-m" "1610612736" "--network" "none" "ghcr.io/rust-lang/crates-build-env/linux@sha256:8683fc1fc2eb5c9ac98e0d076ab094b2ffac7f99da555d2b6a2e27f346de2ec7" "sleep" "infinity", kill_on_drop: false }`
[INFO] [stdout] 62904197faf64e14bcd516091673b06f4e1f51dd005ce64b07d0290bd0cfde39
[INFO] running `Command { std: "docker" "start" "62904197faf64e14bcd516091673b06f4e1f51dd005ce64b07d0290bd0cfde39", kill_on_drop: false }`
[INFO] running `Command { std: "docker" "inspect" "62904197faf64e14bcd516091673b06f4e1f51dd005ce64b07d0290bd0cfde39", kill_on_drop: false }`
[INFO] running `Command { std: "docker" "exec" "-e" "SOURCE_DIR=/opt/rustwide/workdir" "-e" "CARGO_HOME=/opt/rustwide/cargo-home" "-e" "RUSTUP_HOME=/opt/rustwide/rustup-home" "-e" "CARGO_TARGET_DIR=/opt/rustwide/target" "-w" "/opt/rustwide/workdir" "--user" "0:0" "62904197faf64e14bcd516091673b06f4e1f51dd005ce64b07d0290bd0cfde39" "/opt/rustwide/cargo-home/bin/cargo" "+018018e881e2db0956f229dbb543e21f058d1ce7" "metadata" "--no-deps" "--format-version=1", kill_on_drop: false }`
[INFO] running `Command { std: "docker" "inspect" "62904197faf64e14bcd516091673b06f4e1f51dd005ce64b07d0290bd0cfde39", kill_on_drop: false }`
[INFO] running `Command { std: "docker" "exec" "-e" "SOURCE_DIR=/opt/rustwide/workdir" "-e" "CARGO_HOME=/opt/rustwide/cargo-home" "-e" "RUSTUP_HOME=/opt/rustwide/rustup-home" "-e" "CARGO_TARGET_DIR=/opt/rustwide/target" "-e" "CARGO_INCREMENTAL=0" "-e" "RUST_BACKTRACE=full" "-e" "RUSTFLAGS=--cap-lints=forbid" "-e" "RUSTDOCFLAGS=--cap-lints=forbid" "-w" "/opt/rustwide/workdir" "--user" "0:0" "62904197faf64e14bcd516091673b06f4e1f51dd005ce64b07d0290bd0cfde39" "/opt/rustwide/cargo-home/bin/cargo" "+018018e881e2db0956f229dbb543e21f058d1ce7" "check" "--frozen" "--all" "--all-targets" "--message-format=json", kill_on_drop: false }`
[INFO] [stderr] warning: unused workspace dependency `httparse`
[INFO] [stderr]    --> Cargo.toml:104:25
[INFO] [stderr]     |
[INFO] [stderr] 104 | [workspace.dependencies.httparse]
[INFO] [stderr]     |                         ^^^^^^^^
[INFO] [stderr]     |
[INFO] [stderr]     = note: `cargo::unused_workspace_dependencies` is set to `warn` by default
[INFO] [stderr] help: consider removing the workspace dependency `httparse`
[INFO] [stderr] warning: unused workspace dependency `reifydb-store-log`
[INFO] [stderr]    --> Cargo.toml:328:25
[INFO] [stderr]     |
[INFO] [stderr] 328 | [workspace.dependencies.reifydb-store-log]
[INFO] [stderr]     |                         ^^^^^^^^^^^^^^^^^
[INFO] [stderr]     |
[INFO] [stderr] help: consider removing the workspace dependency `reifydb-store-log`
[INFO] [stderr] warning: unused workspace dependency `serde-wasm-bindgen`
[INFO] [stderr]   --> Cargo.toml:43:1
[INFO] [stderr]    |
[INFO] [stderr] 43 | serde-wasm-bindgen = "0.6.5"
[INFO] [stderr]    | ^^^^^^^^^^^^^^^^^^
[INFO] [stderr]    |
[INFO] [stderr] help: consider removing the workspace dependency `serde-wasm-bindgen`
[INFO] [stderr] warning: unused workspace dependency `wasm-bindgen-futures`
[INFO] [stderr]   --> Cargo.toml:45:1
[INFO] [stderr]    |
[INFO] [stderr] 45 | wasm-bindgen-futures = "0.4.72"
[INFO] [stderr]    | ^^^^^^^^^^^^^^^^^^^^
[INFO] [stderr]    |
[INFO] [stderr] help: consider removing the workspace dependency `wasm-bindgen-futures`
[INFO] [stderr] warning: unused workspace dependency `wast`
[INFO] [stderr]   --> Cargo.toml:49:1
[INFO] [stderr]    |
[INFO] [stderr] 49 | wast = "251.0.0"
[INFO] [stderr]    | ^^^^
[INFO] [stderr]    |
[INFO] [stderr] help: consider removing the workspace dependency `wast`
[INFO] [stderr] warning: workspace (manifest) generated 5 warnings
[INFO] [stderr] warning: unused build dependency `reifydb-build`
[INFO] [stderr]   --> crates/testing-flow/Cargo.toml:15:1
[INFO] [stderr]    |
[INFO] [stderr] 15 | reifydb-build = { workspace = true }
[INFO] [stderr]    | ^^^^^^^^^^^^^^^^^^^^^^^^^^^^^^^^^^^^
[INFO] [stderr]    |
[INFO] [stderr]    = note: `cargo::unused_dependencies` is set to `warn` by default
[INFO] [stderr] help: consider removing the dependency on `reifydb-build`
[INFO] [stderr] warning: `reifydb-testing-flow` (manifest) generated 1 warning
[INFO] [stderr]    Compiling proc-macro2 v1.0.106
[INFO] [stderr]    Compiling quote v1.0.45
[INFO] [stderr]    Compiling reifydb-build v0.9.3 (/opt/rustwide/workdir/crates/build)
[INFO] [stderr]    Compiling unicode-ident v1.0.24
[INFO] [stderr]    Compiling libc v0.2.186
[INFO] [stderr]    Compiling serde v1.0.228
[INFO] [stderr]     Checking cfg-if v1.0.4
[INFO] [stderr]    Compiling serde_core v1.0.228
[INFO] [stderr]     Checking memchr v2.8.1
[INFO] [stderr]     Checking pin-project-lite v0.2.17
[INFO] [stderr]     Checking itoa v1.0.18
[INFO] [stderr]     Checking once_cell v1.21.4
[INFO] [stderr]    Compiling autocfg v1.5.1
[INFO] [stderr]     Checking futures-core v0.3.32
[INFO] [stderr]     Checking stable_deref_trait v1.2.1
[INFO] [stderr]    Compiling find-msvc-tools v0.1.9
[INFO] [stderr]    Compiling shlex v2.0.1
[INFO] [stderr]    Compiling thiserror v2.0.18
[INFO] [stderr]     Checking futures-sink v0.3.32
[INFO] [stderr]    Compiling zmij v1.0.21
[INFO] [stderr]     Checking log v0.4.32
[INFO] [stderr]    Compiling semver v1.0.28
[INFO] [stderr]    Compiling getrandom v0.4.2
[INFO] [stderr]     Checking bytes v1.11.1
[INFO] [stderr]    Compiling libm v0.2.16
[INFO] [stderr]     Checking slab v0.4.12
[INFO] [stderr]    Compiling rustc_version v0.4.1
[INFO] [stderr]     Checking futures-channel v0.3.32
[INFO] [stderr]    Compiling syn v2.0.117
[INFO] [stderr]     Checking tracing-core v0.1.36
[INFO] [stderr]     Checking futures-io v0.3.32
[INFO] [stderr]     Checking futures-task v0.3.32
[INFO] [stderr]    Compiling serde_json v1.0.150
[INFO] [stderr]     Checking scopeguard v1.2.0
[INFO] [stderr]    Compiling num-traits v0.2.19
[INFO] [stderr]     Checking lock_api v0.4.14
[INFO] [stderr]    Compiling crossbeam-utils v0.8.21
[INFO] [stderr]    Compiling jobserver v0.1.34
[INFO] [stderr]    Compiling heapless v0.7.17
[INFO] [stderr]     Checking rand_core v0.10.1
[INFO] [stderr]    Compiling cc v1.2.63
[INFO] [stderr]    Compiling bigdecimal v0.4.10
[INFO] [stderr]     Checking equivalent v1.0.2
[INFO] [stderr]    Compiling reifydb-value v0.9.3 (/opt/rustwide/workdir/crates/value)
[INFO] [stderr]     Checking byteorder v1.5.0
[INFO] [stderr]    Compiling parking_lot_core v0.9.12
[INFO] [stderr]     Checking spin v0.9.8
[INFO] [stderr]     Checking hash32 v0.2.1
[INFO] [stderr]     Checking xxhash-rust v0.8.15
[INFO] [stderr]    Compiling pkg-config v0.3.33
[INFO] [stderr]    Compiling portable-atomic v1.13.1
[INFO] [stderr]     Checking mio v1.2.1
[INFO] [stderr]     Checking socket2 v0.6.4
[INFO] [stderr]    Compiling rayon-core v1.13.0
[INFO] [stderr]     Checking crossbeam-epoch v0.9.18
[INFO] [stderr]     Checking cpufeatures v0.3.0
[INFO] [stderr]     Checking chacha20 v0.10.0
[INFO] [stderr]     Checking crossbeam-channel v0.5.15
[INFO] [stderr]    Compiling crc32fast v1.5.0
[INFO] [stderr]     Checking crossbeam-deque v0.8.6
[INFO] [stderr]     Checking rand v0.10.1
[INFO] [stderr]    Compiling zstd-safe v7.2.4
[INFO] [stderr]     Checking allocator-api2 v0.2.21
[INFO] [stderr]     Checking foldhash v0.1.5
[INFO] [stderr]     Checking num-integer v0.1.46
[INFO] [stderr]     Checking hashbrown v0.15.5
[INFO] [stderr]     Checking uuid v1.23.2
[INFO] [stderr]     Checking serde_bytes v0.11.19
[INFO] [stderr]    Compiling zstd-sys v2.0.16+zstd.1.5.7
[INFO] [stderr]    Compiling reifydb-runtime v0.9.3 (/opt/rustwide/workdir/crates/runtime)
[INFO] [stderr]     Checking either v1.16.0
[INFO] [stderr]     Checking tagptr v0.2.0
[INFO] [stderr]    Compiling reifydb-codec v0.9.3 (/opt/rustwide/workdir/crates/codec)
[INFO] [stderr]     Checking hashbrown v0.17.1
[INFO] [stderr]    Compiling paste v1.0.15
[INFO] [stderr]     Checking rayon v1.12.0
[INFO] [stderr]    Compiling reifydb-core v0.9.3 (/opt/rustwide/workdir/crates/core)
[INFO] [stderr]     Checking crossbeam-skiplist v0.1.3
[INFO] [stderr]     Checking bitflags v2.13.0
[INFO] [stderr]    Compiling reifydb-filter v0.9.3 (/opt/rustwide/workdir/crates/filter)
[INFO] [stderr]    Compiling vcpkg v0.2.15
[INFO] [stderr]     Checking indexmap v2.14.0
[INFO] [stderr]     Checking foldhash v0.2.0
[INFO] [stderr]    Compiling reifydb-sqlite v0.9.3 (/opt/rustwide/workdir/crates/sqlite)
[INFO] [stderr]     Checking fallible-iterator v0.3.0
[INFO] [stderr]     Checking hashbrown v0.16.1
[INFO] [stderr]     Checking fallible-streaming-iterator v0.1.9
[INFO] [stderr]    Compiling reifydb-store v0.9.3 (/opt/rustwide/workdir/crates/store)
[INFO] [stderr]    Compiling reifydb-store-commit v0.9.3 (/opt/rustwide/workdir/crates/store-commit)
[INFO] [stderr]    Compiling reifydb-store-multi v0.9.3 (/opt/rustwide/workdir/crates/store-multi)
[INFO] [stderr]    Compiling reifydb-store-single v0.9.3 (/opt/rustwide/workdir/crates/store-single)
[INFO] [stderr]    Compiling libsqlite3-sys v0.37.0
[INFO] [stderr]    Compiling reifydb-transaction v0.9.3 (/opt/rustwide/workdir/crates/transaction)
[INFO] [stderr]     Checking rustc-hash v2.1.2
[INFO] [stderr]     Checking subtle v2.6.1
[INFO] [stderr]    Compiling reifydb-catalog v0.9.3 (/opt/rustwide/workdir/crates/catalog)
[INFO] [stderr]     Checking http v1.4.1
[INFO] [stderr]    Compiling httparse v1.10.1
[INFO] [stderr]     Checking hashlink v0.11.1
[INFO] [stderr]     Checking bumpalo v3.20.3
[INFO] [stderr]     Checking percent-encoding v2.3.2
[INFO] [stderr]    Compiling reifydb-routine-abi v0.9.3 (/opt/rustwide/workdir/crates/routine-abi)
[INFO] [stderr]     Checking tower-service v0.3.3
[INFO] [stderr]    Compiling reifydb-macro-impl v0.9.3 (/opt/rustwide/workdir/crates/macro-impl)
[INFO] [stderr]    Compiling synstructure v0.13.2
[INFO] [stderr]     Checking typenum v1.20.1
[INFO] [stderr]     Checking http-body v1.0.1
[INFO] [stderr]    Compiling reifydb-rql v0.9.3 (/opt/rustwide/workdir/crates/rql)
[INFO] [stderr]     Checking fnv v1.0.7
[INFO] [stderr]     Checking try-lock v0.2.5
[INFO] [stderr]     Checking atomic-waker v1.1.2
[INFO] [stderr]     Checking want v0.3.1
[INFO] [stderr]     Checking writeable v0.6.3
[INFO] [stderr]     Checking litemap v0.8.2
[INFO] [stderr]     Checking httpdate v1.0.3
[INFO] [stderr]     Checking form_urlencoded v1.2.2
[INFO] [stderr]     Checking sync_wrapper v1.0.2
[INFO] [stderr]     Checking tower-layer v0.3.3
[INFO] [stderr]     Checking ipnet v2.12.0
[INFO] [stderr]    Compiling icu_properties_data v2.2.0
[INFO] [stderr]    Compiling icu_normalizer_data v2.2.0
[INFO] [stderr]     Checking utf8_iter v1.0.4
[INFO] [stderr]     Checking base64 v0.22.1
[INFO] [stderr]    Compiling version_check v0.9.5
[INFO] [stderr]     Checking http-body-util v0.1.3
[INFO] [stderr]    Compiling getrandom v0.3.4
[INFO] [stderr]    Compiling zerocopy v0.8.50
[INFO] [stderr]    Compiling generic-array v0.14.7
[INFO] [stderr]    Compiling reifydb-store-operator v0.9.3 (/opt/rustwide/workdir/crates/store-operator)
[INFO] [stderr]    Compiling reifydb-evaluate v0.9.3 (/opt/rustwide/workdir/crates/evaluate)
[INFO] [stderr]     Checking zeroize v1.8.2
[INFO] [stderr]    Compiling ring v0.17.14
[INFO] [stderr]    Compiling reifydb-flow v0.9.3 (/opt/rustwide/workdir/crates/flow)
[INFO] [stderr]     Checking rand_core v0.9.5
[INFO] [stderr]    Compiling reifydb-store-cdc v0.9.3 (/opt/rustwide/workdir/crates/store-cdc)
[INFO] [stderr]     Checking ryu v1.0.23
[INFO] [stderr]    Compiling serde_derive v1.0.228
[INFO] [stderr]    Compiling thiserror-impl v2.0.18
[INFO] [stderr]    Compiling futures-macro v0.3.32
[INFO] [stderr]    Compiling tracing-attributes v0.1.31
[INFO] [stderr]    Compiling tokio-macros v2.7.0
[INFO] [stderr]     Checking futures-util v0.3.32
[INFO] [stderr]     Checking tokio v1.52.3
[INFO] [stderr]     Checking tracing v0.1.44
[INFO] [stderr]     Checking cobs v0.3.0
[INFO] [stderr]    Compiling reifydb-macro v0.9.3 (/opt/rustwide/workdir/crates/macro)
[INFO] [stderr]    Compiling zerofrom-derive v0.1.7
[INFO] [stderr]     Checking zerofrom v0.1.8
[INFO] [stderr]    Compiling yoke-derive v0.8.2
[INFO] [stderr]    Compiling zerovec-derive v0.11.3
[INFO] [stderr]     Checking yoke v0.8.3
[INFO] [stderr]    Compiling displaydoc v0.2.6
[INFO] [stderr]     Checking zerovec v0.11.6
[INFO] [stderr]     Checking smallvec v1.15.1
[INFO] [stderr]     Checking num-bigint v0.4.6
[INFO] [stderr]     Checking tinystr v0.8.3
[INFO] [stderr]     Checking parking_lot v0.12.5
[INFO] [stderr]     Checking dashmap v7.0.0-rc2
[INFO] [stderr]     Checking moka v0.12.15
[INFO] [stderr]     Checking icu_locale_core v2.2.0
[INFO] [stderr]     Checking postcard v1.1.3
[INFO] [stderr]     Checking potential_utf v0.1.5
[INFO] [stderr]     Checking zerotrie v0.2.4
[INFO] [stderr]     Checking tokio-util v0.7.18
[INFO] [stderr]     Checking icu_collections v2.2.0
[INFO] [stderr]     Checking ppv-lite86 v0.2.21
[INFO] [stderr]    Compiling pin-project-internal v1.1.13
[INFO] [stderr]     Checking icu_provider v2.2.0
[INFO] [stderr]     Checking rand_chacha v0.9.0
[INFO] [stderr]     Checking block-buffer v0.10.4
[INFO] [stderr]     Checking crypto-common v0.1.7
[INFO] [stderr]     Checking h2 v0.4.14
[INFO] [stderr]     Checking tower v0.5.3
[INFO] [stderr]     Checking serde_urlencoded v0.7.1
[INFO] [stderr]     Checking icu_properties v2.2.0
[INFO] [stderr]     Checking icu_normalizer v2.2.0
[INFO] [stderr]     Checking rustls-pki-types v1.15.0
[INFO] [stderr]     Checking pin-project v1.1.13
[INFO] [stderr]     Checking getrandom v0.2.17
[INFO] [stderr]    Compiling reifydb-sdk v0.9.3 (/opt/rustwide/workdir/crates/sdk)
[INFO] [stderr]    Compiling anyhow v1.0.102
[INFO] [stderr]     Checking untrusted v0.9.0
[INFO] [stderr]     Checking idna_adapter v1.2.2
[INFO] [stderr]     Checking idna v1.1.0
[INFO] [stderr]     Checking rand v0.9.4
[INFO] [stderr]     Checking digest v0.10.7
[INFO] [stderr]     Checking url v2.5.8
[INFO] [stderr]    Compiling async-trait v0.1.89
[INFO] [stderr]     Checking tower-http v0.6.11
[INFO] [stderr]     Checking cpufeatures v0.2.17
[INFO] [stderr]     Checking mime v0.3.17
[INFO] [stderr]     Checking rusqlite v0.39.0
[INFO] [stderr]    Compiling rustls v0.23.42
[INFO] [stderr]     Checking axum-core v0.5.6
[INFO] [stderr]    Compiling itertools v0.14.0
[INFO] [stderr]     Checking rustls-webpki v0.103.13
[INFO] [stderr]     Checking serde_path_to_error v0.1.20
[INFO] [stderr]     Checking matchit v0.8.4
[INFO] [stderr]     Checking tokio-stream v0.1.18
[INFO] [stderr]     Checking cmov v0.5.4
[INFO] [stderr]     Checking openssl-probe v0.2.1
[INFO] [stderr]     Checking ctutils v0.4.2
[INFO] [stderr]     Checking rustls-native-certs v0.8.4
[INFO] [stderr]     Checking hybrid-array v0.4.12
[INFO] [stderr]     Checking sha1 v0.10.6
[INFO] [stderr]    Compiling curve25519-dalek v4.1.3
[INFO] [stderr]     Checking hyper v1.10.1
[INFO] [stderr]     Checking data-encoding v2.11.0
[INFO] [stderr]     Checking base64ct v1.8.3
[INFO] [stderr]    Compiling prost-derive v0.14.3
[INFO] [stderr]     Checking crypto-common v0.2.2
[INFO] [stderr]     Checking zstd v0.13.3
[INFO] [stderr]     Checking block-buffer v0.12.0
[INFO] [stderr]     Checking phc v0.6.1
[INFO] [stderr]     Checking tungstenite v0.29.0
[INFO] [stderr]    Compiling curve25519-dalek-derive v0.1.1
[INFO] [stderr]    Compiling reifydb-extension v0.9.3 (/opt/rustwide/workdir/crates/extension)
[INFO] [stderr]    Compiling reifydb-client v0.9.3 (/opt/rustwide/workdir/pkg/rust/reifydb-client)
[INFO] [stderr]     Checking signature v2.2.0
[INFO] [stderr]     Checking ed25519 v2.2.3
[INFO] [stderr]     Checking password-hash v0.6.1
[INFO] [stderr]     Checking hyper-util v0.1.20
[INFO] [stderr]     Checking sha2 v0.10.9
[INFO] [stderr]     Checking digest v0.11.3
[INFO] [stderr]     Checking tokio-tungstenite v0.29.0
[INFO] [stderr]     Checking blake2 v0.11.0-rc.6
[INFO] [stderr]    Compiling reifydb-client-derive v0.9.3 (/opt/rustwide/workdir/pkg/rust/reifydb-client-derive)
[INFO] [stderr]    Compiling reifydb-auth v0.9.3 (/opt/rustwide/workdir/crates/auth)
[INFO] [stderr]    Compiling reifydb-policy v0.9.3 (/opt/rustwide/workdir/crates/policy)
[INFO] [stderr]     Checking libloading v0.9.0
[INFO] [stderr]     Checking prost v0.14.3
[INFO] [stderr]     Checking rand_core v0.6.4
[INFO] [stderr]     Checking argon2 v0.6.0-rc.8
[INFO] [stderr]     Checking tokio-rustls v0.26.4
[INFO] [stderr]     Checking rustls-platform-verifier v0.7.0
[INFO] [stderr]    Compiling reifydb-cdc v0.9.3 (/opt/rustwide/workdir/crates/cdc)
[INFO] [stderr]     Checking bs58 v0.5.1
[INFO] [stderr]    Compiling reifydb-engine v0.9.3 (/opt/rustwide/workdir/crates/engine)
[INFO] [stderr]    Compiling reifydb-testing-sdk v0.9.3 (/opt/rustwide/workdir/crates/testing-sdk)
[INFO] [stderr]    Compiling reifydb-routine v0.9.3 (/opt/rustwide/workdir/crates/routine)
[INFO] [stderr]    Compiling reifydb-test-harness v0.9.3 (/opt/rustwide/workdir/crates/test-harness)
[INFO] [stderr]    Compiling reifydb-remote-proxy v0.9.3 (/opt/rustwide/workdir/crates/remote-proxy)
[INFO] [stderr]    Compiling reifydb-sub-core v0.9.3 (/opt/rustwide/workdir/crates/sub-core)
[INFO] [stderr]     Checking nu-ansi-term v0.50.3
[INFO] [stderr]     Checking ed25519-dalek v2.2.0
[INFO] [stderr]     Checking regex-syntax v0.8.10
[INFO] [stderr]     Checking lazy_static v1.5.0
[INFO] [stderr]     Checking tracing-serde v0.2.0
[INFO] [stderr]     Checking tracing-log v0.2.0
[INFO] [stderr]    Compiling reifydb-sub-server v0.9.3 (/opt/rustwide/workdir/crates/sub-server)
[INFO] [stderr]     Checking sharded-slab v0.1.7
[INFO] [stderr]     Checking thread_local v1.1.9
[INFO] [stderr]    Compiling reifydb-sub-lifecycle v0.9.3 (/opt/rustwide/workdir/crates/sub-lifecycle)
[INFO] [stderr]     Checking futures-executor v0.3.32
[INFO] [stderr]    Compiling tikv-jemalloc-sys v0.6.1+5.3.0-1-ge13ca993e8ccb9ba9847cc330696e02839f328f7
[INFO] [stderr]    Compiling reifydb-sub-flow v0.9.3 (/opt/rustwide/workdir/crates/sub-flow)
[INFO] [stderr]    Compiling reifydb-sub-subscription v0.9.3 (/opt/rustwide/workdir/crates/sub-subscription)
[INFO] [stderr]     Checking opentelemetry v0.31.0
[INFO] [stderr]    Compiling reifydb-allocator-jemalloc v0.9.3 (/opt/rustwide/workdir/crates/allocator-jemalloc)
[INFO] [stderr]    Compiling reifydb-sub-server-ws v0.9.3 (/opt/rustwide/workdir/crates/sub-server-ws)
[INFO] [stderr]     Checking ordered-float v2.10.1
[INFO] [stderr]    Compiling reifydb-profiler v0.9.3 (/opt/rustwide/workdir/crates/profiler)
[INFO] [stderr]     Checking axum v0.8.9
[INFO] [stderr]     Checking hyper-timeout v0.5.2
[INFO] [stderr]     Checking hyper-rustls v0.27.9
[INFO] [stderr]     Checking reqwest v0.12.28
[INFO] [stderr]    Compiling reifydb-allocator v0.9.3 (/opt/rustwide/workdir/crates/allocator)
[INFO] [stderr]     Checking reqwest v0.13.4
[INFO] [stderr]    Compiling reifydb-sub-server-grpc v0.9.3 (/opt/rustwide/workdir/crates/sub-server-grpc)
[INFO] [stderr]     Checking opentelemetry_sdk v0.31.0
[INFO] [stderr]     Checking tdigest v0.2.3
[INFO] [stderr]    Compiling reifydb-sub-server-admin v0.9.3 (/opt/rustwide/workdir/crates/sub-server-admin)
[INFO] [stderr]    Compiling reifydb-sub-server-otel v0.9.3 (/opt/rustwide/workdir/crates/sub-server-otel)
[INFO] [stderr]    Compiling reifydb-sub-server-http v0.9.3 (/opt/rustwide/workdir/crates/sub-server-http)
[INFO] [stderr]     Checking regex-automata v0.4.14
[INFO] [stderr]    Compiling reifydb-column v0.9.3 (/opt/rustwide/workdir/crates/column)
[INFO] [stderr]    Compiling reifydb-sub-task v0.9.3 (/opt/rustwide/workdir/crates/sub-task)
[INFO] [stderr] warning: reifydb-sub-server-admin@0.9.3: No webapp/dist directory found. Run 'npm run build' in webapp/ directory first.
[INFO] [stderr]    Compiling reifydb-sub-metrics v0.9.3 (/opt/rustwide/workdir/crates/sub-metrics)
[INFO] [stderr]     Checking opentelemetry-http v0.31.0
[INFO] [stderr]    Compiling reifydb-sub-store v0.9.3 (/opt/rustwide/workdir/crates/sub-store)
[INFO] [stderr]    Compiling reifydb v0.9.3 (/opt/rustwide/workdir/pkg/rust/reifydb)
[INFO] [stderr]    Compiling reifydb-derive v0.9.3 (/opt/rustwide/workdir/pkg/rust/reifydb-derive)
[INFO] [stderr]     Checking num_cpus v1.17.0
[INFO] [stderr]    Compiling test_each_file v0.3.7
[INFO] [stderr]    Compiling reifydb-testing-macro v0.9.3 (/opt/rustwide/workdir/crates/testing-macro)
[INFO] [stderr]     Checking utf8parse v0.2.2
[INFO] [stderr]     Checking anstyle-parse v1.0.0
[INFO] [stderr]     Checking is_terminal_polyfill v1.70.2
[INFO] [stderr]     Checking anstyle v1.0.14
[INFO] [stderr]     Checking anstyle-query v1.1.5
[INFO] [stderr]     Checking colorchoice v1.0.5
[INFO] [stderr]     Checking anstream v1.0.0
[INFO] [stderr]    Compiling heck v0.5.0
[INFO] [stderr]     Checking clap_lex v1.1.0
[INFO] [stderr]     Checking strsim v0.11.1
[INFO] [stderr]    Compiling clap_derive v4.6.1
[INFO] [stderr]     Checking clap_builder v4.6.0
[INFO] [stderr]    Compiling aho-corasick v1.1.4
[INFO] [stderr]     Checking matchers v0.2.0
[INFO] [stderr]     Checking tracing-subscriber v0.3.23
[INFO] [stderr]     Checking no-std-net v0.6.0
[INFO] [stderr]     Checking pnet_base v0.34.0
[INFO] [stderr]    Compiling thiserror v1.0.69
[INFO] [stderr]     Checking pnet_macros_support v0.34.0
[INFO] [stderr]     Checking clap v4.6.1
[INFO] [stderr]    Compiling thiserror-impl v1.0.69
[INFO] [stderr]    Compiling reifydb-uptime-backend v0.9.3 (/opt/rustwide/workdir/pkg/projects/uptime/backend)
[INFO] [stderr]     Checking tracing-opentelemetry v0.32.1
[INFO] [stderr]     Checking hex v0.4.3
[INFO] [stderr]    Compiling wasm-bindgen-shared v0.2.122
[INFO] [stderr]     Checking adler2 v2.0.1
[INFO] [stderr]     Checking simd-adler32 v0.3.9
[INFO] [stderr]    Compiling rustversion v1.0.22
[INFO] [stderr]     Checking miniz_oxide v0.8.9
[INFO] [stderr]     Checking minimal-lexical v0.2.1
[INFO] [stderr]     Checking nom v7.1.3
[INFO] [stderr]     Checking flate2 v1.1.9
[INFO] [stderr]     Checking tonic v0.14.6
[INFO] [stderr]     Checking reifydb-testing-scenario v0.9.3 (/opt/rustwide/workdir/crates/testing-scenario)
[INFO] [stderr]     Checking base64 v0.21.7
[INFO] [stderr]    Compiling wasm-bindgen-macro-support v0.2.122
[INFO] [stderr]    Compiling wasm-bindgen v0.2.122
[INFO] [stderr]    Compiling regex v1.12.3
[INFO] [stderr]     Checking hdrhistogram v7.5.4
[INFO] [stderr]     Checking tonic-prost v0.14.6
[INFO] [stderr]     Checking opentelemetry-proto v0.31.0
[INFO] [stderr]    Compiling reifydb-benches v0.9.3 (/opt/rustwide/workdir/crates/benches)
[INFO] [stderr]     Checking unicode-width v0.2.2
[INFO] [stderr]    Compiling napi-build v2.4.1
[INFO] [stderr]    Compiling cfg_aliases v0.2.1
[INFO] [stderr]    Compiling pnet_macros v0.34.0
[INFO] [stderr]    Compiling nix v0.31.3
[INFO] [stderr]    Compiling rustix v1.1.4
[INFO] [stderr]     Checking reifydb-testing-chaos v0.9.3 (/opt/rustwide/workdir/crates/testing-chaos)
[INFO] [stderr]     Checking reifydb-testing v0.9.3 (/opt/rustwide/workdir/crates/testing)
[INFO] [stderr]     Checking opentelemetry-otlp v0.31.1
[INFO] [stderr]     Checking reifydb-export v0.9.3 (/opt/rustwide/workdir/crates/export)
[INFO] [stderr]     Checking pnet_packet v0.34.0
[INFO] [stderr]    Compiling unicode-segmentation v1.13.3
[INFO] [stderr]    Compiling wasm-bindgen-macro v0.2.122
[INFO] [stderr]    Compiling convert_case v0.6.0
[INFO] [stderr]     Checking nibble_vec v0.1.0
[INFO] [stderr]     Checking js-sys v0.3.99
[INFO] [stderr]     Checking endian-type v0.2.0
[INFO] [stderr]     Checking linux-raw-sys v0.12.1
[INFO] [stderr]     Checking radix_trie v0.3.0
[INFO] [stderr]    Compiling napi-derive-backend v1.0.75
[INFO] [stderr]     Checking surge-ping v0.8.4
[INFO] [stderr]    Compiling reifydb-node v0.9.3 (/opt/rustwide/workdir/pkg/rust/reifydb-node)
[INFO] [stderr]    Compiling ctor v0.2.9
[INFO] [stderr]    Compiling cli v0.9.3 (/opt/rustwide/workdir/bin/cli)
[INFO] [stderr]     Checking home v0.5.12
[INFO] [stderr]     Checking reifydb-sub-api v0.9.3 (/opt/rustwide/workdir/crates/sub-api)
[INFO] [stderr]     Checking reifydb-sub-tracing v0.9.3 (/opt/rustwide/workdir/crates/sub-tracing)
[INFO] [stderr]     Checking leb128fmt v0.1.0
[INFO] [stderr]     Checking napi-sys v2.4.0
[INFO] [stderr]     Checking wasm-encoder v0.251.0
[INFO] [stderr]     Checking napi v2.16.17
[INFO] [stderr]    Compiling napi-derive v2.16.13
[INFO] [stderr]     Checking rustyline v18.0.0
[INFO] [stderr]     Checking terminal_size v0.4.4
[INFO] [stderr]    Compiling reifydb-wasm v0.9.3 (/opt/rustwide/workdir/crates/wasm)
[INFO] [stderr]     Checking wast v251.0.0
[INFO] [stderr]     Checking console_error_panic_hook v0.1.7
[INFO] [stderr]    Compiling reifydb-uptime-bridge v0.9.3 (/opt/rustwide/workdir/pkg/projects/uptime/bridge)
[INFO] [stderr] error: failed to run custom build command for `tikv-jemalloc-sys v0.6.1+5.3.0-1-ge13ca993e8ccb9ba9847cc330696e02839f328f7`
[INFO] [stderr] note: To improve backtraces for build dependencies, set the CARGO_PROFILE_DEV_BUILD_OVERRIDE_DEBUG=true environment variable to enable debug information generation.
[INFO] [stderr] 
[INFO] [stderr] Caused by:
[INFO] [stderr]   process didn't exit successfully: `/opt/rustwide/target/debug/build/tikv-jemalloc-sys/5cd5687cf0f55198/out/build_script_build` (exit status: 101)
[INFO] [stderr]   --- stdout
[INFO] [stderr]   TARGET=x86_64-unknown-linux-gnu
[INFO] [stderr]   HOST=x86_64-unknown-linux-gnu
[INFO] [stderr]   NUM_JOBS=8
[INFO] [stderr]   OUT_DIR="/opt/rustwide/target/debug/build/tikv-jemalloc-sys/61120761792e6a0a/out"
[INFO] [stderr]   BUILD_DIR="/opt/rustwide/target/debug/build/tikv-jemalloc-sys/61120761792e6a0a/out/build"
[INFO] [stderr]   SRC_DIR="/opt/rustwide/cargo-home/registry/src/index.crates.io-1949cf8c6b5b557f/tikv-jemalloc-sys-0.6.1+5.3.0-1-ge13ca993e8ccb9ba9847cc330696e02839f328f7"
[INFO] [stderr]   cargo:rerun-if-env-changed=X86_64_UNKNOWN_LINUX_GNU_JEMALLOC_OVERRIDE
[INFO] [stderr]   cargo:rerun-if-env-changed=JEMALLOC_OVERRIDE
[INFO] [stderr]   cargo:rerun-if-env-changed=CC_x86_64-unknown-linux-gnu
[INFO] [stderr]   CC_x86_64-unknown-linux-gnu = None
[INFO] [stderr]   cargo:rerun-if-env-changed=CC_x86_64_unknown_linux_gnu
[INFO] [stderr]   CC_x86_64_unknown_linux_gnu = None
[INFO] [stderr]   cargo:rerun-if-env-changed=HOST_CC
[INFO] [stderr]   HOST_CC = None
[INFO] [stderr]   cargo:rerun-if-env-changed=CC
[INFO] [stderr]   CC = None
[INFO] [stderr]   cargo:rerun-if-env-changed=CC_ENABLE_DEBUG_OUTPUT
[INFO] [stderr]   cargo:rerun-if-env-changed=CRATE_CC_NO_DEFAULTS
[INFO] [stderr]   CRATE_CC_NO_DEFAULTS = None
[INFO] [stderr]   cargo:rerun-if-env-changed=CFLAGS
[INFO] [stderr]   CFLAGS = None
[INFO] [stderr]   cargo:rerun-if-env-changed=HOST_CFLAGS
[INFO] [stderr]   HOST_CFLAGS = None
[INFO] [stderr]   cargo:rerun-if-env-changed=CFLAGS_x86_64_unknown_linux_gnu
[INFO] [stderr]   CFLAGS_x86_64_unknown_linux_gnu = None
[INFO] [stderr]   cargo:rerun-if-env-changed=CFLAGS_x86_64-unknown-linux-gnu
[INFO] [stderr]   CFLAGS_x86_64-unknown-linux-gnu = None
[INFO] [stderr]   CC="cc"
[INFO] [stderr]   CFLAGS="-O0 -ffunction-sections -fdata-sections -fPIC -g -gdwarf-4 -fno-omit-frame-pointer -m64 -Wall"
[INFO] [stderr]   JEMALLOC_REPO_DIR="jemalloc"
[INFO] [stderr]   cargo:rerun-if-env-changed=X86_64_UNKNOWN_LINUX_GNU_JEMALLOC_SYS_WITH_MALLOC_CONF
[INFO] [stderr]   cargo:rerun-if-env-changed=JEMALLOC_SYS_WITH_MALLOC_CONF
[INFO] [stderr]   cargo:rerun-if-env-changed=X86_64_UNKNOWN_LINUX_GNU_JEMALLOC_SYS_WITH_LG_PAGE
[INFO] [stderr]   cargo:rerun-if-env-changed=JEMALLOC_SYS_WITH_LG_PAGE
[INFO] [stderr]   cargo:rerun-if-env-changed=X86_64_UNKNOWN_LINUX_GNU_JEMALLOC_SYS_WITH_LG_HUGEPAGE
[INFO] [stderr]   cargo:rerun-if-env-changed=JEMALLOC_SYS_WITH_LG_HUGEPAGE
[INFO] [stderr]   cargo:rerun-if-env-changed=X86_64_UNKNOWN_LINUX_GNU_JEMALLOC_SYS_WITH_LG_QUANTUM
[INFO] [stderr]   cargo:rerun-if-env-changed=JEMALLOC_SYS_WITH_LG_QUANTUM
[INFO] [stderr]   cargo:rerun-if-env-changed=X86_64_UNKNOWN_LINUX_GNU_JEMALLOC_SYS_WITH_LG_VADDR
[INFO] [stderr]   cargo:rerun-if-env-changed=JEMALLOC_SYS_WITH_LG_VADDR
[INFO] [stderr]   CARGO_FEATURE_PROFILING set
[INFO] [stderr]   CARGO_FEATURE_STATS set
[INFO] [stderr]   running: cd "/opt/rustwide/target/debug/build/tikv-jemalloc-sys/61120761792e6a0a/out/build" && CC="cc" CFLAGS="-O0 -ffunction-sections -fdata-sections -fPIC -g -gdwarf-4 -fno-omit-frame-pointer -m64 -Wall" CPPFLAGS="-O0 -ffunction-sections -fdata-sections -fPIC -g -gdwarf-4 -fno-omit-frame-pointer -m64 -Wall" LDFLAGS="-O0 -ffunction-sections -fdata-sections -fPIC -g -gdwarf-4 -fno-omit-frame-pointer -m64 -Wall" "sh" "/opt/rustwide/target/debug/build/tikv-jemalloc-sys/61120761792e6a0a/out/build/configure" "--with-version=5.3.0-1-ge13ca993e8ccb9ba9847cc330696e02839f328f7" "--disable-cxx" "--enable-doc=no" "--enable-shared=no" "--with-private-namespace=_rjem_" "--enable-prof" "--enable-stats" "--host=x86_64-unknown-linux-gnu" "--build=x86_64-unknown-linux-gnu" "--prefix=/opt/rustwide/target/debug/build/tikv-jemalloc-sys/61120761792e6a0a/out"
[INFO] [stderr]   checking for xsltproc... false
[INFO] [stderr]   checking for x86_64-unknown-linux-gnu-gcc... cc
[INFO] [stderr]   checking whether the C compiler works... yes
[INFO] [stderr]   checking for C compiler default output file name... a.out
[INFO] [stderr]   checking for suffix of executables... 
[INFO] [stderr]   checking whether we are cross compiling... no
[INFO] [stderr]   checking for suffix of object files... o
[INFO] [stderr]   checking whether we are using the GNU C compiler... yes
[INFO] [stderr]   checking whether cc accepts -g... yes
[INFO] [stderr]   checking for cc option to accept ISO C89... none needed
[INFO] [stderr]   checking whether compiler is cray... no
[INFO] [stderr]   checking whether compiler supports -std=gnu11... yes
[INFO] [stderr]   checking whether compiler supports -Werror=unknown-warning-option... no
[INFO] [stderr]   checking whether compiler supports -Wall... yes
[INFO] [stderr]   checking whether compiler supports -Wextra... yes
[INFO] [stderr]   checking whether compiler supports -Wshorten-64-to-32... no
[INFO] [stderr]   checking whether compiler supports -Wsign-compare... yes
[INFO] [stderr]   checking whether compiler supports -Wundef... yes
[INFO] [stderr]   checking whether compiler supports -Wno-format-zero-length... yes
[INFO] [stderr]   checking whether compiler supports -Wpointer-arith... yes
[INFO] [stderr]   checking whether compiler supports -Wno-missing-braces... yes
[INFO] [stderr]   checking whether compiler supports -Wno-missing-field-initializers... yes
[INFO] [stderr]   checking whether compiler supports -Wno-missing-attributes... yes
[INFO] [stderr]   checking whether compiler supports -pipe... yes
[INFO] [stderr]   checking whether compiler supports -g3... yes
[INFO] [stderr]   checking how to run the C preprocessor... cc -E
[INFO] [stderr]   checking for grep that handles long lines and -e... /usr/bin/grep
[INFO] [stderr]   checking for egrep... /usr/bin/grep -E
[INFO] [stderr]   checking for ANSI C header files... yes
[INFO] [stderr]   checking for sys/types.h... yes
[INFO] [stderr]   checking for sys/stat.h... yes
[INFO] [stderr]   checking for stdlib.h... yes
[INFO] [stderr]   checking for string.h... yes
[INFO] [stderr]   checking for memory.h... yes
[INFO] [stderr]   checking for strings.h... yes
[INFO] [stderr]   checking for inttypes.h... yes
[INFO] [stderr]   checking for stdint.h... yes
[INFO] [stderr]   checking for unistd.h... yes
[INFO] [stderr]   checking whether byte ordering is bigendian... no
[INFO] [stderr]   checking size of void *... 8
[INFO] [stderr]   checking size of int... 4
[INFO] [stderr]   checking size of long... 8
[INFO] [stderr]   checking size of long long... 8
[INFO] [stderr]   checking size of intmax_t... 8
[INFO] [stderr]   checking build system type... x86_64-unknown-linux-gnu
[INFO] [stderr]   checking host system type... x86_64-unknown-linux-gnu
[INFO] [stderr]   checking whether pause instruction is compilable... yes
[INFO] [stderr]   checking number of significant virtual address bits... 48
[INFO] [stderr]   checking for x86_64-unknown-linux-gnu-ar... no
[INFO] [stderr]   checking for ar... ar
[INFO] [stderr]   checking for x86_64-unknown-linux-gnu-nm... no
[INFO] [stderr]   checking for nm... nm
[INFO] [stderr]   checking for gawk... no
[INFO] [stderr]   checking for mawk... mawk
[INFO] [stderr]   checking malloc.h usability... yes
[INFO] [stderr]   checking malloc.h presence... yes
[INFO] [stderr]   checking for malloc.h... yes
[INFO] [stderr]   checking whether malloc_usable_size definition can use const argument... no
[INFO] [stderr]   checking for library containing log... -lm
[INFO] [stderr]   checking whether __attribute__ syntax is compilable... yes
[INFO] [stderr]   checking whether compiler supports -fvisibility=hidden... yes
[INFO] [stderr]   checking whether compiler supports -fvisibility=hidden... no
[INFO] [stderr]   checking whether compiler supports -Werror... yes
[INFO] [stderr]   checking whether compiler supports -herror_on_warning... no
[INFO] [stderr]   checking whether tls_model attribute is compilable... yes
[INFO] [stderr]   checking whether compiler supports -Werror... yes
[INFO] [stderr]   checking whether compiler supports -herror_on_warning... no
[INFO] [stderr]   checking whether alloc_size attribute is compilable... yes
[INFO] [stderr]   checking whether compiler supports -Werror... yes
[INFO] [stderr]   checking whether compiler supports -herror_on_warning... no
[INFO] [stderr]   checking whether format(gnu_printf, ...) attribute is compilable... yes
[INFO] [stderr]   checking whether compiler supports -Werror... yes
[INFO] [stderr]   checking whether compiler supports -herror_on_warning... no
[INFO] [stderr]   checking whether format(printf, ...) attribute is compilable... yes
[INFO] [stderr]   checking whether compiler supports -Werror... yes
[INFO] [stderr]   checking whether compiler supports -herror_on_warning... no
[INFO] [stderr]   checking whether format(printf, ...) attribute is compilable... yes
[INFO] [stderr]   checking whether compiler supports -Wimplicit-fallthrough... yes
[INFO] [stderr]   checking whether fallthrough attribute is compilable... yes
[INFO] [stderr]   checking whether compiler supports -Wimplicit-fallthrough... yes
[INFO] [stderr]   checking whether compiler supports -Wimplicit-fallthrough... no
[INFO] [stderr]   checking whether compiler supports -Werror... yes
[INFO] [stderr]   checking whether compiler supports -herror_on_warning... no
[INFO] [stderr]   checking whether cold attribute is compilable... yes
[INFO] [stderr]   checking whether vm_make_tag is compilable... no
[INFO] [stderr]   checking for a BSD-compatible install... /usr/bin/install -c
[INFO] [stderr]   checking for x86_64-unknown-linux-gnu-ranlib... no
[INFO] [stderr]   checking for ranlib... ranlib
[INFO] [stderr]   checking for ld... /usr/bin/ld
[INFO] [stderr]   checking for autoconf... /usr/bin/autoconf
[INFO] [stderr]   checking for memalign... yes
[INFO] [stderr]   checking for valloc... yes
[INFO] [stderr]   checking for malloc_size... no
[INFO] [stderr]   checking for __libc_calloc... yes
[INFO] [stderr]   checking for __libc_free... yes
[INFO] [stderr]   checking for __libc_malloc... yes
[INFO] [stderr]   checking for __libc_memalign... yes
[INFO] [stderr]   checking for __libc_realloc... yes
[INFO] [stderr]   checking for __libc_valloc... yes
[INFO] [stderr]   checking for __posix_memalign... no
[INFO] [stderr]   checking whether compiler supports -O3... yes
[INFO] [stderr]   checking whether compiler supports -O3... no
[INFO] [stderr]   checking whether compiler supports -funroll-loops... yes
[INFO] [stderr]   checking unwind.h usability... yes
[INFO] [stderr]   checking unwind.h presence... yes
[INFO] [stderr]   checking for unwind.h... yes
[INFO] [stderr]   checking for _Unwind_Backtrace in -lgcc... yes
[INFO] [stderr]   checking configured backtracing method... libgcc
[INFO] [stderr]   checking for sbrk... yes
[INFO] [stderr]   checking whether utrace(2) is compilable... no
[INFO] [stderr]   checking whether utrace(2) with label is compilable... no
[INFO] [stderr]   checking whether a program using __builtin_unreachable is compilable... yes
[INFO] [stderr]   checking whether a program using __builtin_ffsl is compilable... yes
[INFO] [stderr]   checking whether a program using __builtin_popcountl is compilable... yes
[INFO] [stderr]   checking LG_PAGE... 12
[INFO] [stderr]   checking pthread.h usability... yes
[INFO] [stderr]   checking pthread.h presence... yes
[INFO] [stderr]   checking for pthread.h... yes
[INFO] [stderr]   checking for pthread_create in -lpthread... yes
[INFO] [stderr]   checking dlfcn.h usability... yes
[INFO] [stderr]   checking dlfcn.h presence... yes
[INFO] [stderr]   checking for dlfcn.h... yes
[INFO] [stderr]   checking for dlsym... yes
[INFO] [stderr]   checking whether pthread_atfork(3) is compilable... yes
[INFO] [stderr]   checking whether pthread_setname_np(3) is compilable... yes
[INFO] [stderr]   checking whether pthread_getname_np(3) is compilable... yes
[INFO] [stderr]   checking whether pthread_get_name_np(3) is compilable... no
[INFO] [stderr]   checking for library containing clock_gettime... none required
[INFO] [stderr]   checking whether clock_gettime(CLOCK_MONOTONIC_COARSE, ...) is compilable... yes
[INFO] [stderr]   checking whether clock_gettime(CLOCK_MONOTONIC, ...) is compilable... yes
[INFO] [stderr]   checking whether mach_absolute_time() is compilable... no
[INFO] [stderr]   checking whether clock_gettime(CLOCK_REALTIME, ...) is compilable... yes
[INFO] [stderr]   checking whether compiler supports -Werror... yes
[INFO] [stderr]   checking whether syscall(2) is compilable... yes
[INFO] [stderr]   checking for secure_getenv... yes
[INFO] [stderr]   checking for sched_getcpu... yes
[INFO] [stderr]   checking for sched_setaffinity... yes
[INFO] [stderr]   checking for issetugid... no
[INFO] [stderr]   checking for _malloc_thread_cleanup... no
[INFO] [stderr]   checking for _pthread_mutex_init_calloc_cb... no
[INFO] [stderr]   checking for memcntl... no
[INFO] [stderr]   checking for TLS... yes
[INFO] [stderr]   checking whether C11 atomics is compilable... yes
[INFO] [stderr]   checking whether GCC __atomic atomics is compilable... yes
[INFO] [stderr]   checking whether GCC 8-bit __atomic atomics is compilable... yes
[INFO] [stderr]   checking whether GCC __sync atomics is compilable... yes
[INFO] [stderr]   checking whether GCC 8-bit __sync atomics is compilable... yes
[INFO] [stderr]   checking whether Darwin OSAtomic*() is compilable... no
[INFO] [stderr]   checking whether madvise(2) is compilable... yes
[INFO] [stderr]   checking whether madvise(..., MADV_FREE) is compilable... yes
[INFO] [stderr]   checking whether madvise(..., MADV_DONTNEED) is compilable... yes
[INFO] [stderr]   checking whether madvise(..., MADV_DO[NT]DUMP) is compilable... yes
[INFO] [stderr]   checking whether madvise(..., MADV_[NO]HUGEPAGE) is compilable... yes
[INFO] [stderr]   checking whether madvise(..., MADV_[NO]CORE) is compilable... no
[INFO] [stderr]   checking whether mprotect(2) is compilable... yes
[INFO] [stderr]   checking for __builtin_clz... yes
[INFO] [stderr]   checking whether Darwin os_unfair_lock_*() is compilable... no
[INFO] [stderr]   checking whether glibc malloc hook is compilable... no
[INFO] [stderr]   checking whether glibc memalign hook is compilable... no
[INFO] [stderr]   checking whether pthreads adaptive mutexes is compilable... yes
[INFO] [stderr]   checking whether compiler supports -D_GNU_SOURCE... yes
[INFO] [stderr]   checking whether compiler supports -Werror... yes
[INFO] [stderr]   checking whether compiler supports -herror_on_warning... no
[INFO] [stderr]   checking whether strerror_r returns char with gnu source is compilable... yes
[INFO] [stderr]   checking for stdbool.h that conforms to C99... yes
[INFO] [stderr]   checking for _Bool... yes
[INFO] [stderr]   configure: creating ./config.status
[INFO] [stderr]   config.status: creating Makefile
[INFO] [stderr]   config.status: creating jemalloc.pc
[INFO] [stderr]   config.status: creating doc/html.xsl
[INFO] [stderr]   config.status: creating doc/manpages.xsl
[INFO] [stderr]   config.status: creating doc/jemalloc.xml
[INFO] [stderr]   config.status: creating include/jemalloc/jemalloc_macros.h
[INFO] [stderr]   config.status: creating include/jemalloc/jemalloc_protos.h
[INFO] [stderr]   config.status: creating include/jemalloc/jemalloc_typedefs.h
[INFO] [stderr]   config.status: creating include/jemalloc/internal/jemalloc_preamble.h
[INFO] [stderr]   config.status: creating test/test.sh
[INFO] [stderr]   config.status: creating test/include/test/jemalloc_test.h
[INFO] [stderr]   config.status: creating config.stamp
[INFO] [stderr]   config.status: creating bin/jemalloc-config
[INFO] [stderr]   config.status: creating bin/jemalloc.sh
[INFO] [stderr]   config.status: creating bin/jeprof
[INFO] [stderr]   config.status: creating include/jemalloc/jemalloc_defs.h
[INFO] [stderr]   config.status: creating include/jemalloc/internal/jemalloc_internal_defs.h
[INFO] [stderr]   config.status: creating test/include/test/jemalloc_test_defs.h
[INFO] [stderr]   config.status: executing include/jemalloc/internal/public_symbols.txt commands
[INFO] [stderr]   config.status: executing include/jemalloc/internal/private_symbols.awk commands
[INFO] [stderr]   config.status: executing include/jemalloc/internal/private_symbols_jet.awk commands
[INFO] [stderr]   config.status: executing include/jemalloc/internal/public_namespace.h commands
[INFO] [stderr]   config.status: executing include/jemalloc/internal/public_unnamespace.h commands
[INFO] [stderr]   config.status: executing include/jemalloc/jemalloc_protos_jet.h commands
[INFO] [stderr]   config.status: executing include/jemalloc/jemalloc_rename.h commands
[INFO] [stderr]   config.status: executing include/jemalloc/jemalloc_mangle.h commands
[INFO] [stderr]   config.status: executing include/jemalloc/jemalloc_mangle_jet.h commands
[INFO] [stderr]   config.status: executing include/jemalloc/jemalloc.h commands
[INFO] [stderr]   ===============================================================================
[INFO] [stderr]   jemalloc version   : 5.3.0-1-ge13ca993e8ccb9ba9847cc330696e02839f328f7
[INFO] [stderr]   library revision   : 2
[INFO] [stderr] 
[INFO] [stderr]   CONFIG             : --with-version=5.3.0-1-ge13ca993e8ccb9ba9847cc330696e02839f328f7 --disable-cxx --enable-doc=no --enable-shared=no --with-private-namespace=_rjem_ --enable-prof --enable-stats --host=x86_64-unknown-linux-gnu --build=x86_64-unknown-linux-gnu --prefix=/opt/rustwide/target/debug/build/tikv-jemalloc-sys/61120761792e6a0a/out build_alias=x86_64-unknown-linux-gnu host_alias=x86_64-unknown-linux-gnu CC=cc 'CFLAGS=-O0 -ffunction-sections -fdata-sections -fPIC -g -gdwarf-4 -fno-omit-frame-pointer -m64 -Wall' 'LDFLAGS=-O0 -ffunction-sections -fdata-sections -fPIC -g -gdwarf-4 -fno-omit-frame-pointer -m64 -Wall' 'CPPFLAGS=-O0 -ffunction-sections -fdata-sections -fPIC -g -gdwarf-4 -fno-omit-frame-pointer -m64 -Wall'
[INFO] [stderr]   CC                 : cc
[INFO] [stderr]   CONFIGURE_CFLAGS   : -std=gnu11 -Wall -Wextra -Wsign-compare -Wundef -Wno-format-zero-length -Wpointer-arith -Wno-missing-braces -Wno-missing-field-initializers -Wno-missing-attributes -pipe -g3 -fvisibility=hidden -Wimplicit-fallthrough -O3 -funroll-loops
[INFO] [stderr]   SPECIFIED_CFLAGS   : -O0 -ffunction-sections -fdata-sections -fPIC -g -gdwarf-4 -fno-omit-frame-pointer -m64 -Wall
[INFO] [stderr]   EXTRA_CFLAGS       : 
[INFO] [stderr]   CPPFLAGS           : -O0 -ffunction-sections -fdata-sections -fPIC -g -gdwarf-4 -fno-omit-frame-pointer -m64 -Wall -D_GNU_SOURCE -D_REENTRANT
[INFO] [stderr]   CXX                : 
[INFO] [stderr]   CONFIGURE_CXXFLAGS : 
[INFO] [stderr]   SPECIFIED_CXXFLAGS : 
[INFO] [stderr]   EXTRA_CXXFLAGS     : 
[INFO] [stderr]   LDFLAGS            : -O0 -ffunction-sections -fdata-sections -fPIC -g -gdwarf-4 -fno-omit-frame-pointer -m64 -Wall
[INFO] [stderr]   EXTRA_LDFLAGS      : 
[INFO] [stderr]   DSO_LDFLAGS        : -shared -Wl,-soname,$(@F)
[INFO] [stderr]   LIBS               : -lm  -lgcc -lm -pthread
[INFO] [stderr]   RPATH_EXTRA        : 
[INFO] [stderr] 
[INFO] [stderr]   XSLTPROC           : false
[INFO] [stderr]   XSLROOT            : 
[INFO] [stderr] 
[INFO] [stderr]   PREFIX             : /opt/rustwide/target/debug/build/tikv-jemalloc-sys/61120761792e6a0a/out
[INFO] [stderr]   BINDIR             : /opt/rustwide/target/debug/build/tikv-jemalloc-sys/61120761792e6a0a/out/bin
[INFO] [stderr]   DATADIR            : /opt/rustwide/target/debug/build/tikv-jemalloc-sys/61120761792e6a0a/out/share
[INFO] [stderr]   INCLUDEDIR         : /opt/rustwide/target/debug/build/tikv-jemalloc-sys/61120761792e6a0a/out/include
[INFO] [stderr]   LIBDIR             : /opt/rustwide/target/debug/build/tikv-jemalloc-sys/61120761792e6a0a/out/lib
[INFO] [stderr]   MANDIR             : /opt/rustwide/target/debug/build/tikv-jemalloc-sys/61120761792e6a0a/out/share/man
[INFO] [stderr] 
[INFO] [stderr]   srcroot            : 
[INFO] [stderr]   abs_srcroot        : /opt/rustwide/target/debug/build/tikv-jemalloc-sys/61120761792e6a0a/out/build/
[INFO] [stderr]   objroot            : 
[INFO] [stderr]   abs_objroot        : /opt/rustwide/target/debug/build/tikv-jemalloc-sys/61120761792e6a0a/out/build/
[INFO] [stderr] 
[INFO] [stderr]   JEMALLOC_PREFIX    : 
[INFO] [stderr]   JEMALLOC_PRIVATE_NAMESPACE
[INFO] [stderr]                      : _rjem_je_
[INFO] [stderr]   install_suffix     : 
[INFO] [stderr]   malloc_conf        : 
[INFO] [stderr]   documentation      : 0
[INFO] [stderr]   shared libs        : 0
[INFO] [stderr]   static libs        : 1
[INFO] [stderr]   autogen            : 0
[INFO] [stderr]   debug              : 0
[INFO] [stderr]   stats              : 1
[INFO] [stderr]   experimental_smallocx : 0
[INFO] [stderr]   prof               : 1
[INFO] [stderr]   prof-libunwind     : 0
[INFO] [stderr]   prof-libgcc        : 1
[INFO] [stderr]   prof-gcc           : 0
[INFO] [stderr]   fill               : 1
[INFO] [stderr]   utrace             : 0
[INFO] [stderr]   xmalloc            : 0
[INFO] [stderr]   log                : 0
[INFO] [stderr]   lazy_lock          : 0
[INFO] [stderr]   cache-oblivious    : 1
[INFO] [stderr]   cxx                : 0
[INFO] [stderr]   ===============================================================================
[INFO] [stderr]   running: cd "/opt/rustwide/target/debug/build/tikv-jemalloc-sys/61120761792e6a0a/out/build" && MAKEFLAGS="-j --jobserver-fds=4,5 --jobserver-auth=4,5" "make"
[INFO] [stderr]   cc -std=gnu11 -Wall -Wextra -Wsign-compare -Wundef -Wno-format-zero-length -Wpointer-arith -Wno-missing-braces -Wno-missing-field-initializers -Wno-missing-attributes -pipe -g3 -fvisibility=hidden -Wimplicit-fallthrough -O3 -funroll-loops -O0 -ffunction-sections -fdata-sections -fPIC -g -gdwarf-4 -fno-omit-frame-pointer -m64 -Wall -c -O0 -ffunction-sections -fdata-sections -fPIC -g -gdwarf-4 -fno-omit-frame-pointer -m64 -Wall -D_GNU_SOURCE -D_REENTRANT -Iinclude -Iinclude -DJEMALLOC_NO_PRIVATE_NAMESPACE -o src/jemalloc.sym.o src/jemalloc.c
[INFO] [stderr] 
[INFO] [stderr]   --- stderr
[INFO] [stderr]   Assembler messages:
[INFO] [stderr]   {standard input}:471096: Warning: end of file not at end of a line; newline inserted
[INFO] [stderr]   {standard input}:471880: Error: unbalanced parenthesis in operand 1.
[INFO] [stderr]   {standard input}: Error: open CFI at the end of file; missing .cfi_endproc directive
[INFO] [stderr]   cc: fatal error: Killed signal terminated program cc1
[INFO] [stderr]   compilation terminated.
[INFO] [stderr]   make: *** [Makefile:479: src/jemalloc.sym.o] Error 1
[INFO] [stderr] 
[INFO] [stderr]   thread 'main' (3190) panicked at /opt/rustwide/cargo-home/registry/src/index.crates.io-1949cf8c6b5b557f/tikv-jemalloc-sys-0.6.1+5.3.0-1-ge13ca993e8ccb9ba9847cc330696e02839f328f7/build.rs:411:9:
[INFO] [stderr]   command did not execute successfully: cd "/opt/rustwide/target/debug/build/tikv-jemalloc-sys/61120761792e6a0a/out/build" && MAKEFLAGS="-j --jobserver-fds=4,5 --jobserver-auth=4,5" "make"
[INFO] [stderr]   expected success, got: exit status: 2
[INFO] [stderr]   stack backtrace:
[INFO] [stderr]      0:     0x56b591424dd1 - std[dcd3b59013b76480]::backtrace_rs::backtrace::libunwind::trace
[INFO] [stderr]                                  at /rustc/018018e881e2db0956f229dbb543e21f058d1ce7/library/std/src/../../backtrace/src/backtrace/libunwind.rs:117:9
[INFO] [stderr]      1:     0x56b591424dd1 - std[dcd3b59013b76480]::backtrace_rs::backtrace::trace_unsynchronized::<std[dcd3b59013b76480]::sys::backtrace::_print_fmt::{closure#1}>
[INFO] [stderr]                                  at /rustc/018018e881e2db0956f229dbb543e21f058d1ce7/library/std/src/../../backtrace/src/backtrace/mod.rs:66:14
[INFO] [stderr]      2:     0x56b591424dd1 - std[dcd3b59013b76480]::sys::backtrace::_print_fmt
[INFO] [stderr]                                  at /rustc/018018e881e2db0956f229dbb543e21f058d1ce7/library/std/src/sys/backtrace.rs:74:9
[INFO] [stderr]      3:     0x56b591424dd1 - <<std[dcd3b59013b76480]::sys::backtrace::BacktraceLock>::print::DisplayBacktrace as core[8037452b210bb549]::fmt::Display>::fmt
[INFO] [stderr]                                  at /rustc/018018e881e2db0956f229dbb543e21f058d1ce7/library/std/src/sys/backtrace.rs:44:26
[INFO] [stderr]      4:     0x56b59143a71a - <core[8037452b210bb549]::fmt::rt::Argument>::fmt
[INFO] [stderr]                                  at /rustc/018018e881e2db0956f229dbb543e21f058d1ce7/library/core/src/fmt/rt.rs:152:76
[INFO] [stderr]      5:     0x56b59143a71a - core[8037452b210bb549]::fmt::write
[INFO] [stderr]      6:     0x56b59142b21c - core[8037452b210bb549]::io::write::default_write_fmt::<std[dcd3b59013b76480]::sys::stdio::unix::Stderr>
[INFO] [stderr]                                  at /rustc/018018e881e2db0956f229dbb543e21f058d1ce7/library/core/src/io/write.rs:402:11
[INFO] [stderr]      7:     0x56b59142b21c - <std[dcd3b59013b76480]::sys::stdio::unix::Stderr as core[8037452b210bb549]::io::write::Write>::write_fmt
[INFO] [stderr]                                  at /rustc/018018e881e2db0956f229dbb543e21f058d1ce7/library/core/src/io/write.rs:335:13
[INFO] [stderr]      8:     0x56b5913fdb06 - <std[dcd3b59013b76480]::sys::backtrace::BacktraceLock>::print
[INFO] [stderr]                                  at /rustc/018018e881e2db0956f229dbb543e21f058d1ce7/library/std/src/sys/backtrace.rs:47:9
[INFO] [stderr]      9:     0x56b5913fdb06 - std[dcd3b59013b76480]::panicking::default_hook::{closure#0}
[INFO] [stderr]                                  at /rustc/018018e881e2db0956f229dbb543e21f058d1ce7/library/std/src/panicking.rs:289:27
[INFO] [stderr]     10:     0x56b59141bd51 - std[dcd3b59013b76480]::panicking::default_hook
[INFO] [stderr]                                  at /rustc/018018e881e2db0956f229dbb543e21f058d1ce7/library/std/src/panicking.rs:316:9
[INFO] [stderr]     11:     0x56b59141bf0b - std[dcd3b59013b76480]::panicking::panic_with_hook
[INFO] [stderr]                                  at /rustc/018018e881e2db0956f229dbb543e21f058d1ce7/library/std/src/panicking.rs:811:13
[INFO] [stderr]     12:     0x56b5913fdbb2 - std[dcd3b59013b76480]::panicking::panic_handler::{closure#0}
[INFO] [stderr]                                  at /rustc/018018e881e2db0956f229dbb543e21f058d1ce7/library/std/src/panicking.rs:685:13
[INFO] [stderr]     13:     0x56b5913f7869 - std[dcd3b59013b76480]::sys::backtrace::__rust_end_short_backtrace::<std[dcd3b59013b76480]::panicking::panic_handler::{closure#0}, !>
[INFO] [stderr]                                  at /rustc/018018e881e2db0956f229dbb543e21f058d1ce7/library/std/src/sys/backtrace.rs:182:18
[INFO] [stderr]     14:     0x56b5913fe89d - __rustc[cc27b9c236b2089c]::rust_begin_unwind
[INFO] [stderr]                                  at /rustc/018018e881e2db0956f229dbb543e21f058d1ce7/library/std/src/panicking.rs:676:5
[INFO] [stderr]     15:     0x56b59143af0c - core[8037452b210bb549]::panicking::panic_fmt
[INFO] [stderr]                                  at /rustc/018018e881e2db0956f229dbb543e21f058d1ce7/library/core/src/panicking.rs:80:14
[INFO] [stderr]     16:     0x56b591355b6f - build_script_build[4aafbd18fcff991f]::execute::<build_script_build[4aafbd18fcff991f]::run::{closure#0}>
[INFO] [stderr]     17:     0x56b591359a4e - build_script_build[4aafbd18fcff991f]::run
[INFO] [stderr]     18:     0x56b59135d16f - build_script_build[4aafbd18fcff991f]::main
[INFO] [stderr]     19:     0x56b591360003 - <fn() as core[8037452b210bb549]::ops::function::FnOnce<()>>::call_once
[INFO] [stderr]     20:     0x56b591357fbe - std[dcd3b59013b76480]::sys::backtrace::__rust_begin_short_backtrace::<fn(), ()>
[INFO] [stderr]     21:     0x56b5913585b9 - std[dcd3b59013b76480]::rt::lang_start::<()>::{closure#0}
[INFO] [stderr]     22:     0x56b59141b058 - <&dyn core[8037452b210bb549]::ops::function::Fn<(), Output = i32> + core[8037452b210bb549]::panic::unwind_safe::RefUnwindSafe + core[8037452b210bb549]::marker::Sync as core[8037452b210bb549]::ops::function::FnOnce<()>>::call_once
[INFO] [stderr]                                  at /rustc/018018e881e2db0956f229dbb543e21f058d1ce7/library/core/src/ops/function.rs:287:21
[INFO] [stderr]     23:     0x56b59141b058 - std[dcd3b59013b76480]::panicking::catch_unwind::do_call::<&dyn core[8037452b210bb549]::ops::function::Fn<(), Output = i32> + core[8037452b210bb549]::panic::unwind_safe::RefUnwindSafe + core[8037452b210bb549]::marker::Sync, i32>
[INFO] [stderr]                                  at /rustc/018018e881e2db0956f229dbb543e21f058d1ce7/library/std/src/panicking.rs:573:43
[INFO] [stderr]     24:     0x56b59141b058 - std[dcd3b59013b76480]::panicking::catch_unwind::<i32, &dyn core[8037452b210bb549]::ops::function::Fn<(), Output = i32> + core[8037452b210bb549]::panic::unwind_safe::RefUnwindSafe + core[8037452b210bb549]::marker::Sync>
[INFO] [stderr]                                  at /rustc/018018e881e2db0956f229dbb543e21f058d1ce7/library/std/src/panicking.rs:541:19
[INFO] [stderr]     25:     0x56b59141b058 - std[dcd3b59013b76480]::panic::catch_unwind::<&dyn core[8037452b210bb549]::ops::function::Fn<(), Output = i32> + core[8037452b210bb549]::panic::unwind_safe::RefUnwindSafe + core[8037452b210bb549]::marker::Sync, i32>
[INFO] [stderr]                                  at /rustc/018018e881e2db0956f229dbb543e21f058d1ce7/library/std/src/panic.rs:359:14
[INFO] [stderr]     26:     0x56b59141b058 - std[dcd3b59013b76480]::rt::lang_start_internal::{closure#0}
[INFO] [stderr]                                  at /rustc/018018e881e2db0956f229dbb543e21f058d1ce7/library/std/src/rt.rs:175:24
[INFO] [stderr]     27:     0x56b59141b058 - std[dcd3b59013b76480]::panicking::catch_unwind::do_call::<std[dcd3b59013b76480]::rt::lang_start_internal::{closure#0}, isize>
[INFO] [stderr]                                  at /rustc/018018e881e2db0956f229dbb543e21f058d1ce7/library/std/src/panicking.rs:573:43
[INFO] [stderr]     28:     0x56b59141b058 - std[dcd3b59013b76480]::panicking::catch_unwind::<isize, std[dcd3b59013b76480]::rt::lang_start_internal::{closure#0}>
[INFO] [stderr]                                  at /rustc/018018e881e2db0956f229dbb543e21f058d1ce7/library/std/src/panicking.rs:541:19
[INFO] [stderr]     29:     0x56b59141b058 - std[dcd3b59013b76480]::panic::catch_unwind::<std[dcd3b59013b76480]::rt::lang_start_internal::{closure#0}, isize>
[INFO] [stderr]                                  at /rustc/018018e881e2db0956f229dbb543e21f058d1ce7/library/std/src/panic.rs:359:14
[INFO] [stderr]     30:     0x56b59141b058 - std[dcd3b59013b76480]::rt::lang_start_internal
[INFO] [stderr]                                  at /rustc/018018e881e2db0956f229dbb543e21f058d1ce7/library/std/src/rt.rs:171:5
[INFO] [stderr]     31:     0x56b591357fb1 - std[dcd3b59013b76480]::rt::lang_start::<()>
[INFO] [stderr]     32:     0x56b591360075 - main
[INFO] [stderr]     33:     0x7e41ddbed601 - <unknown>
[INFO] [stderr]     34:     0x7e41ddbed718 - __libc_start_main
[INFO] [stderr]     35:     0x56b591354c75 - _start
[INFO] [stderr]     36:                0x0 - <unknown>
[INFO] [stderr] warning: build failed, waiting for other jobs to finish...
[INFO] running `Command { std: "docker" "inspect" "62904197faf64e14bcd516091673b06f4e1f51dd005ce64b07d0290bd0cfde39", kill_on_drop: false }`
[INFO] running `Command { std: "docker" "rm" "-f" "62904197faf64e14bcd516091673b06f4e1f51dd005ce64b07d0290bd0cfde39", kill_on_drop: false }`
[INFO] [stdout] 62904197faf64e14bcd516091673b06f4e1f51dd005ce64b07d0290bd0cfde39
