[INFO] cloning repository https://github.com/qclic/qhyper
[INFO] running `Command { std: "git" "-c" "credential.helper=" "-c" "credential.helper=/workspace/cargo-home/bin/git-credential-null" "clone" "--bare" "https://github.com/qclic/qhyper" "/workspace/cache/git-repos/https%3A%2F%2Fgithub.com%2Fqclic%2Fqhyper", kill_on_drop: false }`
[INFO] [stderr] Cloning into bare repository '/workspace/cache/git-repos/https%3A%2F%2Fgithub.com%2Fqclic%2Fqhyper'...
[INFO] running `Command { std: "git" "rev-parse" "HEAD", kill_on_drop: false }`
[INFO] [stdout] 74b3528565d6357134135bb58599a43331d21629
[INFO] checking qclic/qhyper against a621e2b446eafb53c7a8569f225e0b8cc2429a68 for pr-162600
[INFO] running `Command { std: "git" "clone" "/workspace/cache/git-repos/https%3A%2F%2Fgithub.com%2Fqclic%2Fqhyper" "/workspace/builds/worker-5-tc2/source", kill_on_drop: false }`
[INFO] [stderr] Cloning into '/workspace/builds/worker-5-tc2/source'...
[INFO] [stderr] done.
[INFO] removed /workspace/builds/worker-5-tc2/source/rust-toolchain.toml
[INFO] started tweaking git repo https://github.com/qclic/qhyper
[INFO] finished tweaking git repo https://github.com/qclic/qhyper
[INFO] tweaked toml for git repo https://github.com/qclic/qhyper written to /workspace/builds/worker-5-tc2/source/Cargo.toml
[INFO] validating manifest of git repo https://github.com/qclic/qhyper on toolchain a621e2b446eafb53c7a8569f225e0b8cc2429a68
[INFO] running `Command { std: CARGO_HOME="/workspace/cargo-home" RUSTUP_HOME="/workspace/rustup-home" "/workspace/cargo-home/bin/cargo" "+a621e2b446eafb53c7a8569f225e0b8cc2429a68" "metadata" "--manifest-path" "Cargo.toml" "--no-deps", kill_on_drop: false }`
[INFO] crate git repo https://github.com/qclic/qhyper already has a lockfile, it will not be regenerated
[INFO] running `Command { std: CARGO_HOME="/workspace/cargo-home" RUSTUP_HOME="/workspace/rustup-home" "/workspace/cargo-home/bin/cargo" "+a621e2b446eafb53c7a8569f225e0b8cc2429a68" "fetch" "--manifest-path" "Cargo.toml", kill_on_drop: false }`
[INFO] [stderr]     Blocking waiting for file lock on package cache
[INFO] [stderr]     Updating crates.io index
[INFO] [stderr]     Blocking waiting for file lock on package cache
[ERROR] error running command: no output for 300 seconds
[INFO] checking qclic/qhyper against a621e2b446eafb53c7a8569f225e0b8cc2429a68 for pr-162600
[INFO] running `Command { std: "git" "clone" "/workspace/cache/git-repos/https%3A%2F%2Fgithub.com%2Fqclic%2Fqhyper" "/workspace/builds/worker-5-tc2/source", kill_on_drop: false }`
[INFO] [stderr] Cloning into '/workspace/builds/worker-5-tc2/source'...
[INFO] [stderr] done.
[INFO] removed /workspace/builds/worker-5-tc2/source/rust-toolchain.toml
[INFO] started tweaking git repo https://github.com/qclic/qhyper
[INFO] finished tweaking git repo https://github.com/qclic/qhyper
[INFO] tweaked toml for git repo https://github.com/qclic/qhyper written to /workspace/builds/worker-5-tc2/source/Cargo.toml
[INFO] validating manifest of git repo https://github.com/qclic/qhyper on toolchain a621e2b446eafb53c7a8569f225e0b8cc2429a68
[INFO] running `Command { std: CARGO_HOME="/workspace/cargo-home" RUSTUP_HOME="/workspace/rustup-home" "/workspace/cargo-home/bin/cargo" "+a621e2b446eafb53c7a8569f225e0b8cc2429a68" "metadata" "--manifest-path" "Cargo.toml" "--no-deps", kill_on_drop: false }`
[INFO] crate git repo https://github.com/qclic/qhyper already has a lockfile, it will not be regenerated
[INFO] running `Command { std: CARGO_HOME="/workspace/cargo-home" RUSTUP_HOME="/workspace/rustup-home" "/workspace/cargo-home/bin/cargo" "+a621e2b446eafb53c7a8569f225e0b8cc2429a68" "fetch" "--manifest-path" "Cargo.toml", kill_on_drop: false }`
[INFO] [stderr]     Blocking waiting for file lock on package cache
[INFO] [stderr]     Blocking waiting for file lock on package cache
[INFO] [stderr]  Downloading crates ...
[INFO] [stderr]   Downloaded page-table-arm v0.1.0
[INFO] [stderr]   Downloaded aarch64-cpu v10.0.0
[INFO] [stderr]   Downloaded smccc v0.1.1
[INFO] [stderr]   Downloaded page-table-generic v0.5.3
[INFO] [stderr]   Downloaded tock-registers v0.9.0
[INFO] [stderr]   Downloaded ansi_rgb v0.2.0
[INFO] [stderr]   Downloaded numeric-enum-macro v0.2.0
[INFO] [stderr]   Downloaded memory_addr v0.3.1
[INFO] [stderr]   Downloaded fdt-parser v0.4.10
[INFO] [stderr]   Downloaded buddy_system_allocator v0.11.0
[INFO] running `Command { std: "docker" "create" "-v" "/var/lib/crater-agent-workspace/builds/worker-5-tc2/source:/opt/rustwide/workdir:ro,Z" "-v" "/var/lib/crater-agent-workspace/builds/worker-5-tc2/target:/opt/rustwide/target:rw,Z" "-v" "/var/lib/crater-agent-workspace/cargo-home:/opt/rustwide/cargo-home:ro,Z" "-v" "/var/lib/crater-agent-workspace/rustup-home:/opt/rustwide/rustup-home:ro,Z" "-m" "1610612736" "--network" "none" "ghcr.io/rust-lang/crates-build-env/linux@sha256:8683fc1fc2eb5c9ac98e0d076ab094b2ffac7f99da555d2b6a2e27f346de2ec7" "sleep" "infinity", kill_on_drop: false }`
[INFO] [stdout] b2e2c8284f4aeb525dcef7adbcf66ad7e8474c343c1c4ba5dc6f3e7b8265f687
[INFO] running `Command { std: "docker" "start" "b2e2c8284f4aeb525dcef7adbcf66ad7e8474c343c1c4ba5dc6f3e7b8265f687", kill_on_drop: false }`
[INFO] running `Command { std: "docker" "inspect" "b2e2c8284f4aeb525dcef7adbcf66ad7e8474c343c1c4ba5dc6f3e7b8265f687", kill_on_drop: false }`
[INFO] running `Command { std: "docker" "exec" "-e" "SOURCE_DIR=/opt/rustwide/workdir" "-e" "CARGO_HOME=/opt/rustwide/cargo-home" "-e" "RUSTUP_HOME=/opt/rustwide/rustup-home" "-e" "CARGO_TARGET_DIR=/opt/rustwide/target" "-w" "/opt/rustwide/workdir" "--user" "0:0" "b2e2c8284f4aeb525dcef7adbcf66ad7e8474c343c1c4ba5dc6f3e7b8265f687" "/opt/rustwide/cargo-home/bin/cargo" "+a621e2b446eafb53c7a8569f225e0b8cc2429a68" "metadata" "--no-deps" "--format-version=1", kill_on_drop: false }`
[INFO] running `Command { std: "docker" "inspect" "b2e2c8284f4aeb525dcef7adbcf66ad7e8474c343c1c4ba5dc6f3e7b8265f687", kill_on_drop: false }`
[INFO] running `Command { std: "docker" "exec" "-e" "SOURCE_DIR=/opt/rustwide/workdir" "-e" "CARGO_HOME=/opt/rustwide/cargo-home" "-e" "RUSTUP_HOME=/opt/rustwide/rustup-home" "-e" "CARGO_TARGET_DIR=/opt/rustwide/target" "-e" "CARGO_INCREMENTAL=0" "-e" "RUST_BACKTRACE=full" "-e" "RUSTFLAGS=--cap-lints=forbid" "-e" "RUSTDOCFLAGS=--cap-lints=forbid" "-w" "/opt/rustwide/workdir" "--user" "0:0" "b2e2c8284f4aeb525dcef7adbcf66ad7e8474c343c1c4ba5dc6f3e7b8265f687" "/opt/rustwide/cargo-home/bin/cargo" "+a621e2b446eafb53c7a8569f225e0b8cc2429a68" "check" "--frozen" "--all" "--all-targets" "--message-format=json", kill_on_drop: false }`
[INFO] [stderr]    Compiling unicode-ident v1.0.17
[INFO] [stderr]    Compiling thiserror v2.0.11
[INFO] [stderr]     Checking bytemuck v1.21.0
[INFO] [stderr]     Checking bitflags v2.8.0
[INFO] [stderr]    Compiling qhyper v0.1.0 (/opt/rustwide/workdir/qhyper)
[INFO] [stderr]     Checking log v0.4.26
[INFO] [stderr]     Checking fdt-parser v0.4.10
[INFO] [stderr]     Checking spin v0.9.8
[INFO] [stderr]    Compiling proc-macro2 v1.0.93
[INFO] [stderr]     Checking memory_addr v0.3.1
[INFO] [stderr]     Checking numeric-enum-macro v0.2.0
[INFO] [stderr]     Checking xtask v0.1.0 (/opt/rustwide/workdir/xtask)
[INFO] [stderr]     Checking rgb v0.8.50
[INFO] [stderr]     Checking buddy_system_allocator v0.11.0
[INFO] [stderr]     Checking ansi_rgb v0.2.0
[INFO] [stderr]    Compiling quote v1.0.38
[INFO] [stderr]    Compiling syn v2.0.98
[INFO] [stderr]    Compiling thiserror-impl v2.0.11
[INFO] [stderr]     Checking page-table-generic v0.5.3
[INFO] [stdout] error[E0583]: file not found for module `arch`
[INFO] [stdout]   --> qhyper/src/main.rs:13:1
[INFO] [stdout]    |
[INFO] [stdout] 13 | pub mod arch;
[INFO] [stdout]    | ^^^^^^^^^^^^^
[INFO] [stdout]    |
[INFO] [stdout]    = help: to create the module `arch`, create file "qhyper/src/arch.rs" or "qhyper/src/arch/mod.rs"
[INFO] [stdout]    = note: if there is a `mod arch` elsewhere in the crate already, import it with `use crate::...` instead
[INFO] [stdout] 
[INFO] [stdout] 
[INFO] [stdout] error[E0583]: file not found for module `arch`
[INFO] [stdout]   --> qhyper/src/main.rs:13:1
[INFO] [stdout]    |
[INFO] [stdout] 13 | pub mod arch;
[INFO] [stdout]    | ^^^^^^^^^^^^^
[INFO] [stdout]    |
[INFO] [stdout]    = help: to create the module `arch`, create file "qhyper/src/arch.rs" or "qhyper/src/arch/mod.rs"
[INFO] [stdout]    = note: if there is a `mod arch` elsewhere in the crate already, import it with `use crate::...` instead
[INFO] [stdout] 
[INFO] [stdout] 
[INFO] [stdout] error: cannot find macro `concat_idents` in this scope
[INFO] [stdout]    --> qhyper/src/mem/mod.rs:212:25
[INFO] [stdout]     |
[INFO] [stdout] 212 |             let start = concat_idents!(_s, $name) as *const u8 as usize;
[INFO] [stdout]     |                         ^^^^^^^^^^^^^
[INFO] [stdout] ...
[INFO] [stdout] 222 | fn_ld_range!(bss);
[INFO] [stdout]     | ----------------- in this macro invocation
[INFO] [stdout]     |
[INFO] [stdout]     = note: this error originates in the macro `fn_ld_range` (in Nightly builds, run with -Z macro-backtrace for more info)
[INFO] [stdout] 
[INFO] [stdout] 
[INFO] [stdout] error: cannot find macro `concat_idents` in this scope
[INFO] [stdout]    --> qhyper/src/mem/mod.rs:212:25
[INFO] [stdout]     |
[INFO] [stdout] 212 |             let start = concat_idents!(_s, $name) as *const u8 as usize;
[INFO] [stdout]     |                         ^^^^^^^^^^^^^
[INFO] [stdout] ...
[INFO] [stdout] 222 | fn_ld_range!(bss);
[INFO] [stdout]     | ----------------- in this macro invocation
[INFO] [stdout]     |
[INFO] [stdout]     = note: this error originates in the macro `fn_ld_range` (in Nightly builds, run with -Z macro-backtrace for more info)
[INFO] [stdout] 
[INFO] [stdout] 
[INFO] [stdout] error: cannot find macro `concat_idents` in this scope
[INFO] [stdout]    --> qhyper/src/mem/mod.rs:213:23
[INFO] [stdout]     |
[INFO] [stdout] 213 |             let end = concat_idents!(_e, $name) as *const u8 as usize;
[INFO] [stdout]     |                       ^^^^^^^^^^^^^
[INFO] [stdout] ...
[INFO] [stdout] 222 | fn_ld_range!(bss);
[INFO] [stdout]     | ----------------- in this macro invocation
[INFO] [stdout]     |
[INFO] [stdout]     = note: this error originates in the macro `fn_ld_range` (in Nightly builds, run with -Z macro-backtrace for more info)
[INFO] [stdout] 
[INFO] [stdout] 
[INFO] [stdout] error: cannot find macro `concat_idents` in this scope
[INFO] [stdout]    --> qhyper/src/mem/mod.rs:213:23
[INFO] [stdout]     |
[INFO] [stdout] 213 |             let end = concat_idents!(_e, $name) as *const u8 as usize;
[INFO] [stdout]     |                       ^^^^^^^^^^^^^
[INFO] [stdout] ...
[INFO] [stdout] 222 | fn_ld_range!(bss);
[INFO] [stdout]     | ----------------- in this macro invocation
[INFO] [stdout]     |
[INFO] [stdout]     = note: this error originates in the macro `fn_ld_range` (in Nightly builds, run with -Z macro-backtrace for more info)
[INFO] [stdout] 
[INFO] [stdout] 
[INFO] [stdout] error: cannot find macro `concat_idents` in this scope
[INFO] [stdout]    --> qhyper/src/mem/mod.rs:213:23
[INFO] [stdout]     |
[INFO] [stdout] 213 |             let end = concat_idents!(_e, $name) as *const u8 as usize;
[INFO] [stdout]     |                       ^^^^^^^^^^^^^
[INFO] [stdout] ...
[INFO] [stdout] 221 | fn_ld_range!(data);
[INFO] [stdout]     | ------------------ in this macro invocation
[INFO] [stdout]     |
[INFO] [stdout]     = note: this error originates in the macro `fn_ld_range` (in Nightly builds, run with -Z macro-backtrace for more info)
[INFO] [stdout] 
[INFO] [stdout] 
[INFO] [stdout] error: cannot find macro `concat_idents` in this scope
[INFO] [stdout]    --> qhyper/src/mem/mod.rs:213:23
[INFO] [stdout]     |
[INFO] [stdout] 213 |             let end = concat_idents!(_e, $name) as *const u8 as usize;
[INFO] [stdout]     |                       ^^^^^^^^^^^^^
[INFO] [stdout] ...
[INFO] [stdout] 221 | fn_ld_range!(data);
[INFO] [stdout]     | ------------------ in this macro invocation
[INFO] [stdout]     |
[INFO] [stdout]     = note: this error originates in the macro `fn_ld_range` (in Nightly builds, run with -Z macro-backtrace for more info)
[INFO] [stdout] 
[INFO] [stdout] 
[INFO] [stdout] error: cannot find macro `concat_idents` in this scope
[INFO] [stdout]    --> qhyper/src/mem/mod.rs:212:25
[INFO] [stdout]     |
[INFO] [stdout] 212 |             let start = concat_idents!(_s, $name) as *const u8 as usize;
[INFO] [stdout]     |                         ^^^^^^^^^^^^^
[INFO] [stdout] ...
[INFO] [stdout] 221 | fn_ld_range!(data);
[INFO] [stdout]     | ------------------ in this macro invocation
[INFO] [stdout]     |
[INFO] [stdout]     = note: this error originates in the macro `fn_ld_range` (in Nightly builds, run with -Z macro-backtrace for more info)
[INFO] [stdout] 
[INFO] [stdout] 
[INFO] [stdout] error: cannot find macro `concat_idents` in this scope
[INFO] [stdout]    --> qhyper/src/mem/mod.rs:212:25
[INFO] [stdout]     |
[INFO] [stdout] 212 |             let start = concat_idents!(_s, $name) as *const u8 as usize;
[INFO] [stdout]     |                         ^^^^^^^^^^^^^
[INFO] [stdout] ...
[INFO] [stdout] 221 | fn_ld_range!(data);
[INFO] [stdout]     | ------------------ in this macro invocation
[INFO] [stdout]     |
[INFO] [stdout]     = note: this error originates in the macro `fn_ld_range` (in Nightly builds, run with -Z macro-backtrace for more info)
[INFO] [stdout] 
[INFO] [stdout] 
[INFO] [stdout] error: cannot find macro `concat_idents` in this scope
[INFO] [stdout]    --> qhyper/src/mem/mod.rs:213:23
[INFO] [stdout]     |
[INFO] [stdout] 213 |             let end = concat_idents!(_e, $name) as *const u8 as usize;
[INFO] [stdout]     |                       ^^^^^^^^^^^^^
[INFO] [stdout] ...
[INFO] [stdout] 220 | fn_ld_range!(rodata);
[INFO] [stdout]     | -------------------- in this macro invocation
[INFO] [stdout]     |
[INFO] [stdout]     = note: this error originates in the macro `fn_ld_range` (in Nightly builds, run with -Z macro-backtrace for more info)
[INFO] [stdout] 
[INFO] [stdout] 
[INFO] [stdout] error: cannot find macro `concat_idents` in this scope
[INFO] [stdout]    --> qhyper/src/mem/mod.rs:213:23
[INFO] [stdout]     |
[INFO] [stdout] 213 |             let end = concat_idents!(_e, $name) as *const u8 as usize;
[INFO] [stdout]     |                       ^^^^^^^^^^^^^
[INFO] [stdout] ...
[INFO] [stdout] 220 | fn_ld_range!(rodata);
[INFO] [stdout]     | -------------------- in this macro invocation
[INFO] [stdout]     |
[INFO] [stdout]     = note: this error originates in the macro `fn_ld_range` (in Nightly builds, run with -Z macro-backtrace for more info)
[INFO] [stdout] 
[INFO] [stdout] 
[INFO] [stdout] error: cannot find macro `concat_idents` in this scope
[INFO] [stdout]    --> qhyper/src/mem/mod.rs:212:25
[INFO] [stdout]     |
[INFO] [stdout] 212 |             let start = concat_idents!(_s, $name) as *const u8 as usize;
[INFO] [stdout]     |                         ^^^^^^^^^^^^^
[INFO] [stdout] ...
[INFO] [stdout] 220 | fn_ld_range!(rodata);
[INFO] [stdout]     | -------------------- in this macro invocation
[INFO] [stdout]     |
[INFO] [stdout]     = note: this error originates in the macro `fn_ld_range` (in Nightly builds, run with -Z macro-backtrace for more info)
[INFO] [stdout] 
[INFO] [stdout] 
[INFO] [stdout] error: cannot find macro `concat_idents` in this scope
[INFO] [stdout]    --> qhyper/src/mem/mod.rs:212:25
[INFO] [stdout]     |
[INFO] [stdout] 212 |             let start = concat_idents!(_s, $name) as *const u8 as usize;
[INFO] [stdout]     |                         ^^^^^^^^^^^^^
[INFO] [stdout] ...
[INFO] [stdout] 220 | fn_ld_range!(rodata);
[INFO] [stdout]     | -------------------- in this macro invocation
[INFO] [stdout]     |
[INFO] [stdout]     = note: this error originates in the macro `fn_ld_range` (in Nightly builds, run with -Z macro-backtrace for more info)
[INFO] [stdout] 
[INFO] [stdout] 
[INFO] [stdout] error: cannot find macro `concat_idents` in this scope
[INFO] [stdout]    --> qhyper/src/mem/mod.rs:213:23
[INFO] [stdout]     |
[INFO] [stdout] 213 |             let end = concat_idents!(_e, $name) as *const u8 as usize;
[INFO] [stdout]     |                       ^^^^^^^^^^^^^
[INFO] [stdout] ...
[INFO] [stdout] 219 | fn_ld_range!(text);
[INFO] [stdout]     | ------------------ in this macro invocation
[INFO] [stdout]     |
[INFO] [stdout]     = note: this error originates in the macro `fn_ld_range` (in Nightly builds, run with -Z macro-backtrace for more info)
[INFO] [stdout] 
[INFO] [stdout] 
[INFO] [stdout] error: cannot find macro `concat_idents` in this scope
[INFO] [stdout]    --> qhyper/src/mem/mod.rs:213:23
[INFO] [stdout]     |
[INFO] [stdout] 213 |             let end = concat_idents!(_e, $name) as *const u8 as usize;
[INFO] [stdout]     |                       ^^^^^^^^^^^^^
[INFO] [stdout] ...
[INFO] [stdout] 219 | fn_ld_range!(text);
[INFO] [stdout]     | ------------------ in this macro invocation
[INFO] [stdout]     |
[INFO] [stdout]     = note: this error originates in the macro `fn_ld_range` (in Nightly builds, run with -Z macro-backtrace for more info)
[INFO] [stdout] 
[INFO] [stdout] 
[INFO] [stdout] error: cannot find macro `concat_idents` in this scope
[INFO] [stdout]    --> qhyper/src/mem/mod.rs:212:25
[INFO] [stdout]     |
[INFO] [stdout] 212 |             let start = concat_idents!(_s, $name) as *const u8 as usize;
[INFO] [stdout]     |                         ^^^^^^^^^^^^^
[INFO] [stdout] ...
[INFO] [stdout] 219 | fn_ld_range!(text);
[INFO] [stdout]     | ------------------ in this macro invocation
[INFO] [stdout]     |
[INFO] [stdout]     = note: this error originates in the macro `fn_ld_range` (in Nightly builds, run with -Z macro-backtrace for more info)
[INFO] [stdout] 
[INFO] [stdout] 
[INFO] [stdout] error: cannot find macro `concat_idents` in this scope
[INFO] [stdout]    --> qhyper/src/mem/mod.rs:212:25
[INFO] [stdout]     |
[INFO] [stdout] 212 |             let start = concat_idents!(_s, $name) as *const u8 as usize;
[INFO] [stdout]     |                         ^^^^^^^^^^^^^
[INFO] [stdout] ...
[INFO] [stdout] 219 | fn_ld_range!(text);
[INFO] [stdout]     | ------------------ in this macro invocation
[INFO] [stdout]     |
[INFO] [stdout]     = note: this error originates in the macro `fn_ld_range` (in Nightly builds, run with -Z macro-backtrace for more info)
[INFO] [stdout] 
[INFO] [stdout] 
[INFO] [stdout] warning: unused import: `crate::mem::space::Space`
[INFO] [stdout]  --> qhyper/src/debug/mod.rs:7:5
[INFO] [stdout]   |
[INFO] [stdout] 7 | use crate::mem::space::Space;
[INFO] [stdout]   |     ^^^^^^^^^^^^^^^^^^^^^^^^
[INFO] [stdout]   |
[INFO] [stdout]   = note: `#[warn(unused_imports)]` (part of `#[warn(unused)]`) on by default
[INFO] [stdout] 
[INFO] [stdout] 
[INFO] [stdout] warning: unused import: `crate::mem::space::Space`
[INFO] [stdout]  --> qhyper/src/debug/mod.rs:7:5
[INFO] [stdout]   |
[INFO] [stdout] 7 | use crate::mem::space::Space;
[INFO] [stdout]   |     ^^^^^^^^^^^^^^^^^^^^^^^^
[INFO] [stdout]   |
[INFO] [stdout]   = note: `#[warn(unused_imports)]` (part of `#[warn(unused)]`) on by default
[INFO] [stdout] 
[INFO] [stdout] 
[INFO] [stdout] error: unwinding panics are not supported without std
[INFO] [stdout]   |
[INFO] [stdout]   = help: using nightly cargo, use -Zbuild-std with panic="abort" to avoid unwinding
[INFO] [stdout]   = note: since the core library is usually precompiled with panic="unwind", rebuilding your crate with panic="abort" may not be enough to fix the problem
[INFO] [stdout] 
[INFO] [stdout] 
[INFO] [stdout] error[E0152]: found duplicate lang item `panic_impl`
[INFO] [stdout]   --> qhyper/src/lang_items.rs:8:1
[INFO] [stdout]    |
[INFO] [stdout]  8 | / fn panic(info: &PanicInfo) -> ! {
[INFO] [stdout]  9 | |     error!("kernel panic: {:?}", info);
[INFO] [stdout] 10 | |     shutdown()
[INFO] [stdout] 11 | | }
[INFO] [stdout]    | |_^
[INFO] [stdout]    |
[INFO] [stdout]    = note: the lang item is first defined in crate `std` (which `test` depends on)
[INFO] [stdout]    = note: first definition in `std` loaded from /opt/rustwide/rustup-home/toolchains/a621e2b446eafb53c7a8569f225e0b8cc2429a68/lib/rustlib/x86_64-unknown-linux-gnu/lib/libstd-453218b5e9634890.rmeta
[INFO] [stdout]    = note: second definition in the local crate (`qhyper`)
[INFO] [stdout] 
[INFO] [stdout] 
[INFO] [stdout] warning: the feature `naked_functions` has been stable since 1.88.0 and no longer requires an attribute to enable
[INFO] [stdout]  --> qhyper/src/main.rs:3:12
[INFO] [stdout]   |
[INFO] [stdout] 3 | #![feature(naked_functions)]
[INFO] [stdout]   |            ^^^^^^^^^^^^^^^
[INFO] [stdout]   |
[INFO] [stdout]   = note: `#[warn(stable_features)]` on by default
[INFO] [stdout] 
[INFO] [stdout] 
[INFO] [stdout] Some errors have detailed explanations: E0152, E0583.
[INFO] [stdout] 
[INFO] [stdout] For more information about an error, try `rustc --explain E0152`.
[INFO] [stdout] 
[INFO] [stdout] error[E0635]: unknown feature `concat_idents`
[INFO] [stdout]  --> qhyper/src/main.rs:4:12
[INFO] [stdout]   |
[INFO] [stdout] 4 | #![feature(concat_idents)]
[INFO] [stdout]   |            ^^^^^^^^^^^^^
[INFO] [stdout] 
[INFO] [stdout] 
[INFO] [stderr] error: could not compile `qhyper` (bin "qhyper" test) due to 10 previous errors; 1 warning emitted
[INFO] [stderr] warning: build failed, waiting for other jobs to finish...
[INFO] [stdout] warning: unnecessary `unsafe` block
[INFO] [stdout]   --> qhyper/src/hypercall/mod.rs:42:9
[INFO] [stdout]    |
[INFO] [stdout] 42 |         unsafe {
[INFO] [stdout]    |         ^^^^^^ unnecessary `unsafe` block
[INFO] [stdout]    |
[INFO] [stdout]    = note: `#[warn(unused_unsafe)]` (part of `#[warn(unused)]`) on by default
[INFO] [stdout] 
[INFO] [stdout] 
[INFO] [stdout] Some errors have detailed explanations: E0583, E0635.
[INFO] [stdout] 
[INFO] [stdout] For more information about an error, try `rustc --explain E0583`.
[INFO] [stdout] 
[INFO] [stderr] error: could not compile `qhyper` (bin "qhyper") due to 11 previous errors; 3 warnings emitted
[INFO] running `Command { std: "docker" "inspect" "b2e2c8284f4aeb525dcef7adbcf66ad7e8474c343c1c4ba5dc6f3e7b8265f687", kill_on_drop: false }`
[INFO] running `Command { std: "docker" "rm" "-f" "b2e2c8284f4aeb525dcef7adbcf66ad7e8474c343c1c4ba5dc6f3e7b8265f687", kill_on_drop: false }`
[INFO] [stdout] b2e2c8284f4aeb525dcef7adbcf66ad7e8474c343c1c4ba5dc6f3e7b8265f687
