[INFO] cloning repository https://github.com/panindar/ClearSightRustBackend
[INFO] running `Command { std: "git" "-c" "credential.helper=" "-c" "credential.helper=/workspace/cargo-home/bin/git-credential-null" "clone" "--bare" "https://github.com/panindar/ClearSightRustBackend" "/workspace/cache/git-repos/https%3A%2F%2Fgithub.com%2Fpanindar%2FClearSightRustBackend", kill_on_drop: false }`
[INFO] [stderr] Cloning into bare repository '/workspace/cache/git-repos/https%3A%2F%2Fgithub.com%2Fpanindar%2FClearSightRustBackend'...
[INFO] running `Command { std: "git" "rev-parse" "HEAD", kill_on_drop: false }`
[INFO] [stdout] 3b8a9f6e2fa9942437aff5a3092d74d656a50d54
[INFO] checking panindar/ClearSightRustBackend/3b8a9f6e2fa9942437aff5a3092d74d656a50d54 against a621e2b446eafb53c7a8569f225e0b8cc2429a68 for pr-162600
[INFO] running `Command { std: "git" "clone" "/workspace/cache/git-repos/https%3A%2F%2Fgithub.com%2Fpanindar%2FClearSightRustBackend" "/workspace/builds/worker-2-tc2/source", kill_on_drop: false }`
[INFO] [stderr] Cloning into '/workspace/builds/worker-2-tc2/source'...
[INFO] [stderr] done.
[INFO] started tweaking git repo https://github.com/panindar/ClearSightRustBackend
[INFO] finished tweaking git repo https://github.com/panindar/ClearSightRustBackend
[INFO] tweaked toml for git repo https://github.com/panindar/ClearSightRustBackend written to /workspace/builds/worker-2-tc2/source/Cargo.toml
[INFO] validating manifest of git repo https://github.com/panindar/ClearSightRustBackend on toolchain a621e2b446eafb53c7a8569f225e0b8cc2429a68
[INFO] running `Command { std: CARGO_HOME="/workspace/cargo-home" RUSTUP_HOME="/workspace/rustup-home" "/workspace/cargo-home/bin/cargo" "+a621e2b446eafb53c7a8569f225e0b8cc2429a68" "metadata" "--manifest-path" "Cargo.toml" "--no-deps", kill_on_drop: false }`
[INFO] crate git repo https://github.com/panindar/ClearSightRustBackend already has a lockfile, it will not be regenerated
[INFO] running `Command { std: CARGO_HOME="/workspace/cargo-home" RUSTUP_HOME="/workspace/rustup-home" "/workspace/cargo-home/bin/cargo" "+a621e2b446eafb53c7a8569f225e0b8cc2429a68" "fetch" "--manifest-path" "Cargo.toml", kill_on_drop: false }`
[INFO] [stderr]     Blocking waiting for file lock on package cache
[INFO] [stderr]     Updating crates.io index
[INFO] [stderr]     Blocking waiting for file lock on package cache
[ERROR] error running command: no output for 300 seconds
[INFO] checking panindar/ClearSightRustBackend/3b8a9f6e2fa9942437aff5a3092d74d656a50d54 against a621e2b446eafb53c7a8569f225e0b8cc2429a68 for pr-162600
[INFO] running `Command { std: "git" "clone" "/workspace/cache/git-repos/https%3A%2F%2Fgithub.com%2Fpanindar%2FClearSightRustBackend" "/workspace/builds/worker-2-tc2/source", kill_on_drop: false }`
[INFO] [stderr] Cloning into '/workspace/builds/worker-2-tc2/source'...
[INFO] [stderr] done.
[INFO] started tweaking git repo https://github.com/panindar/ClearSightRustBackend
[INFO] finished tweaking git repo https://github.com/panindar/ClearSightRustBackend
[INFO] tweaked toml for git repo https://github.com/panindar/ClearSightRustBackend written to /workspace/builds/worker-2-tc2/source/Cargo.toml
[INFO] validating manifest of git repo https://github.com/panindar/ClearSightRustBackend on toolchain a621e2b446eafb53c7a8569f225e0b8cc2429a68
[INFO] running `Command { std: CARGO_HOME="/workspace/cargo-home" RUSTUP_HOME="/workspace/rustup-home" "/workspace/cargo-home/bin/cargo" "+a621e2b446eafb53c7a8569f225e0b8cc2429a68" "metadata" "--manifest-path" "Cargo.toml" "--no-deps", kill_on_drop: false }`
[INFO] crate git repo https://github.com/panindar/ClearSightRustBackend already has a lockfile, it will not be regenerated
[INFO] running `Command { std: CARGO_HOME="/workspace/cargo-home" RUSTUP_HOME="/workspace/rustup-home" "/workspace/cargo-home/bin/cargo" "+a621e2b446eafb53c7a8569f225e0b8cc2429a68" "fetch" "--manifest-path" "Cargo.toml", kill_on_drop: false }`
[INFO] [stderr]     Blocking waiting for file lock on package cache
[INFO] [stderr]     Blocking waiting for file lock on package cache
[ERROR] error running command: no output for 300 seconds
[INFO] checking panindar/ClearSightRustBackend/3b8a9f6e2fa9942437aff5a3092d74d656a50d54 against a621e2b446eafb53c7a8569f225e0b8cc2429a68 for pr-162600
[INFO] running `Command { std: "git" "clone" "/workspace/cache/git-repos/https%3A%2F%2Fgithub.com%2Fpanindar%2FClearSightRustBackend" "/workspace/builds/worker-2-tc2/source", kill_on_drop: false }`
[INFO] [stderr] Cloning into '/workspace/builds/worker-2-tc2/source'...
[INFO] [stderr] done.
[INFO] started tweaking git repo https://github.com/panindar/ClearSightRustBackend
[INFO] finished tweaking git repo https://github.com/panindar/ClearSightRustBackend
[INFO] tweaked toml for git repo https://github.com/panindar/ClearSightRustBackend written to /workspace/builds/worker-2-tc2/source/Cargo.toml
[INFO] validating manifest of git repo https://github.com/panindar/ClearSightRustBackend on toolchain a621e2b446eafb53c7a8569f225e0b8cc2429a68
[INFO] running `Command { std: CARGO_HOME="/workspace/cargo-home" RUSTUP_HOME="/workspace/rustup-home" "/workspace/cargo-home/bin/cargo" "+a621e2b446eafb53c7a8569f225e0b8cc2429a68" "metadata" "--manifest-path" "Cargo.toml" "--no-deps", kill_on_drop: false }`
[INFO] crate git repo https://github.com/panindar/ClearSightRustBackend already has a lockfile, it will not be regenerated
[INFO] running `Command { std: CARGO_HOME="/workspace/cargo-home" RUSTUP_HOME="/workspace/rustup-home" "/workspace/cargo-home/bin/cargo" "+a621e2b446eafb53c7a8569f225e0b8cc2429a68" "fetch" "--manifest-path" "Cargo.toml", kill_on_drop: false }`
[INFO] [stderr]     Blocking waiting for file lock on package cache
[INFO] [stderr]     Blocking waiting for file lock on package cache
[ERROR] error running command: no output for 300 seconds
[INFO] checking panindar/ClearSightRustBackend/3b8a9f6e2fa9942437aff5a3092d74d656a50d54 against a621e2b446eafb53c7a8569f225e0b8cc2429a68 for pr-162600
[INFO] running `Command { std: "git" "clone" "/workspace/cache/git-repos/https%3A%2F%2Fgithub.com%2Fpanindar%2FClearSightRustBackend" "/workspace/builds/worker-2-tc2/source", kill_on_drop: false }`
[INFO] [stderr] Cloning into '/workspace/builds/worker-2-tc2/source'...
[INFO] [stderr] done.
[INFO] started tweaking git repo https://github.com/panindar/ClearSightRustBackend
[INFO] finished tweaking git repo https://github.com/panindar/ClearSightRustBackend
[INFO] tweaked toml for git repo https://github.com/panindar/ClearSightRustBackend written to /workspace/builds/worker-2-tc2/source/Cargo.toml
[INFO] validating manifest of git repo https://github.com/panindar/ClearSightRustBackend on toolchain a621e2b446eafb53c7a8569f225e0b8cc2429a68
[INFO] running `Command { std: CARGO_HOME="/workspace/cargo-home" RUSTUP_HOME="/workspace/rustup-home" "/workspace/cargo-home/bin/cargo" "+a621e2b446eafb53c7a8569f225e0b8cc2429a68" "metadata" "--manifest-path" "Cargo.toml" "--no-deps", kill_on_drop: false }`
[INFO] crate git repo https://github.com/panindar/ClearSightRustBackend already has a lockfile, it will not be regenerated
[INFO] running `Command { std: CARGO_HOME="/workspace/cargo-home" RUSTUP_HOME="/workspace/rustup-home" "/workspace/cargo-home/bin/cargo" "+a621e2b446eafb53c7a8569f225e0b8cc2429a68" "fetch" "--manifest-path" "Cargo.toml", kill_on_drop: false }`
[INFO] [stderr]     Blocking waiting for file lock on package cache
[INFO] [stderr]     Blocking waiting for file lock on package cache
[ERROR] error running command: no output for 300 seconds
[INFO] checking panindar/ClearSightRustBackend/3b8a9f6e2fa9942437aff5a3092d74d656a50d54 against a621e2b446eafb53c7a8569f225e0b8cc2429a68 for pr-162600
[INFO] running `Command { std: "git" "clone" "/workspace/cache/git-repos/https%3A%2F%2Fgithub.com%2Fpanindar%2FClearSightRustBackend" "/workspace/builds/worker-2-tc2/source", kill_on_drop: false }`
[INFO] [stderr] Cloning into '/workspace/builds/worker-2-tc2/source'...
[INFO] [stderr] done.
[INFO] started tweaking git repo https://github.com/panindar/ClearSightRustBackend
[INFO] finished tweaking git repo https://github.com/panindar/ClearSightRustBackend
[INFO] tweaked toml for git repo https://github.com/panindar/ClearSightRustBackend written to /workspace/builds/worker-2-tc2/source/Cargo.toml
[INFO] validating manifest of git repo https://github.com/panindar/ClearSightRustBackend on toolchain a621e2b446eafb53c7a8569f225e0b8cc2429a68
[INFO] running `Command { std: CARGO_HOME="/workspace/cargo-home" RUSTUP_HOME="/workspace/rustup-home" "/workspace/cargo-home/bin/cargo" "+a621e2b446eafb53c7a8569f225e0b8cc2429a68" "metadata" "--manifest-path" "Cargo.toml" "--no-deps", kill_on_drop: false }`
[INFO] crate git repo https://github.com/panindar/ClearSightRustBackend already has a lockfile, it will not be regenerated
[INFO] running `Command { std: CARGO_HOME="/workspace/cargo-home" RUSTUP_HOME="/workspace/rustup-home" "/workspace/cargo-home/bin/cargo" "+a621e2b446eafb53c7a8569f225e0b8cc2429a68" "fetch" "--manifest-path" "Cargo.toml", kill_on_drop: false }`
[INFO] [stderr]     Blocking waiting for file lock on package cache
[INFO] [stderr]     Blocking waiting for file lock on package cache
[INFO] [stderr]  Downloading crates ...
[INFO] [stderr]   Downloaded deflate64 v0.1.11
[INFO] [stderr]   Downloaded lexical-core v1.0.6
[INFO] [stderr]   Downloaded toml_datetime v1.1.0+spec-1.1.0
[INFO] [stderr]   Downloaded ppmd-rust v1.4.0
[INFO] [stderr]   Downloaded toml_parser v1.1.0+spec-1.1.0
[INFO] [stderr]   Downloaded lexical-parse-integer v1.0.6
[INFO] [stderr]   Downloaded arrow-string v58.1.0
[INFO] [stderr]   Downloaded lexical-write-integer v1.0.6
[INFO] [stderr]   Downloaded arrow-data v58.1.0
[INFO] [stderr]   Downloaded arrow-row v58.1.0
[INFO] [stderr]   Downloaded arrow-arith v58.1.0
[INFO] [stderr]   Downloaded arrow-ord v58.1.0
[INFO] [stderr]   Downloaded comfy-table v7.2.2
[INFO] [stderr]   Downloaded toml_edit v0.25.8+spec-1.1.0
[INFO] [stderr]   Downloaded arrow v58.1.0
[INFO] [stderr]   Downloaded zip v8.3.0
[INFO] [stderr]   Downloaded arrow-schema v58.1.0
[INFO] [stderr]   Downloaded lexical-util v1.0.7
[INFO] [stderr]   Downloaded lexical-write-float v1.0.6
[INFO] [stderr]   Downloaded lzma-rust2 v0.16.2
[INFO] [stderr]   Downloaded arrow-select v58.1.0
[INFO] [stderr]   Downloaded arrow-buffer v58.1.0
[INFO] [stderr]   Downloaded zip v6.0.0
[INFO] [stderr]   Downloaded arrow-cast v58.1.0
[INFO] [stderr]   Downloaded unicode-segmentation v1.13.1
[INFO] [stderr]   Downloaded winnow v1.0.0
[INFO] [stderr]   Downloaded lexical-parse-float v1.0.6
[INFO] [stderr]   Downloaded iri-string v0.7.11
[INFO] [stderr]   Downloaded arrow-array v58.1.0
[INFO] [stderr]   Downloaded duckdb v1.10501.0
[INFO] [stderr]   Downloaded libduckdb-sys v1.10501.0
[INFO] [stderr]   Downloaded aws-lc-sys v0.39.0
[INFO] running `Command { std: "docker" "create" "-v" "/var/lib/crater-agent-workspace/builds/worker-2-tc2/source:/opt/rustwide/workdir:ro,Z" "-v" "/var/lib/crater-agent-workspace/builds/worker-2-tc2/target:/opt/rustwide/target:rw,Z" "-v" "/var/lib/crater-agent-workspace/cargo-home:/opt/rustwide/cargo-home:ro,Z" "-v" "/var/lib/crater-agent-workspace/rustup-home:/opt/rustwide/rustup-home:ro,Z" "-m" "1610612736" "--network" "none" "ghcr.io/rust-lang/crates-build-env/linux@sha256:8683fc1fc2eb5c9ac98e0d076ab094b2ffac7f99da555d2b6a2e27f346de2ec7" "sleep" "infinity", kill_on_drop: false }`
[INFO] [stdout] 8d0a47b8b21a3c33ae2acb12409e3ba99922c5e5d198c2c75d16b291d44ed2e6
[INFO] running `Command { std: "docker" "start" "8d0a47b8b21a3c33ae2acb12409e3ba99922c5e5d198c2c75d16b291d44ed2e6", kill_on_drop: false }`
[INFO] running `Command { std: "docker" "inspect" "8d0a47b8b21a3c33ae2acb12409e3ba99922c5e5d198c2c75d16b291d44ed2e6", kill_on_drop: false }`
[INFO] running `Command { std: "docker" "exec" "-e" "SOURCE_DIR=/opt/rustwide/workdir" "-e" "CARGO_HOME=/opt/rustwide/cargo-home" "-e" "RUSTUP_HOME=/opt/rustwide/rustup-home" "-e" "CARGO_TARGET_DIR=/opt/rustwide/target" "-w" "/opt/rustwide/workdir" "--user" "0:0" "8d0a47b8b21a3c33ae2acb12409e3ba99922c5e5d198c2c75d16b291d44ed2e6" "/opt/rustwide/cargo-home/bin/cargo" "+a621e2b446eafb53c7a8569f225e0b8cc2429a68" "metadata" "--no-deps" "--format-version=1", kill_on_drop: false }`
[INFO] running `Command { std: "docker" "inspect" "8d0a47b8b21a3c33ae2acb12409e3ba99922c5e5d198c2c75d16b291d44ed2e6", kill_on_drop: false }`
[INFO] running `Command { std: "docker" "exec" "-e" "SOURCE_DIR=/opt/rustwide/workdir" "-e" "CARGO_HOME=/opt/rustwide/cargo-home" "-e" "RUSTUP_HOME=/opt/rustwide/rustup-home" "-e" "CARGO_TARGET_DIR=/opt/rustwide/target" "-e" "CARGO_INCREMENTAL=0" "-e" "RUST_BACKTRACE=full" "-e" "RUSTFLAGS=--cap-lints=forbid" "-e" "RUSTDOCFLAGS=--cap-lints=forbid" "-w" "/opt/rustwide/workdir" "--user" "0:0" "8d0a47b8b21a3c33ae2acb12409e3ba99922c5e5d198c2c75d16b291d44ed2e6" "/opt/rustwide/cargo-home/bin/cargo" "+a621e2b446eafb53c7a8569f225e0b8cc2429a68" "check" "--frozen" "--all" "--all-targets" "--message-format=json", kill_on_drop: false }`
[INFO] [stderr]    Compiling num-traits v0.2.19
[INFO] [stderr]    Compiling pin-project-lite v0.2.17
[INFO] [stderr]    Compiling zerocopy v0.8.47
[INFO] [stderr]    Compiling bytes v1.11.1
[INFO] [stderr]    Compiling futures-core v0.3.32
[INFO] [stderr]    Compiling syn v2.0.117
[INFO] [stderr]    Compiling socket2 v0.6.3
[INFO] [stderr]    Compiling mio v1.1.1
[INFO] [stderr]    Compiling ring v0.17.14
[INFO] [stderr]    Compiling futures-sink v0.3.32
[INFO] [stderr]    Compiling getrandom v0.3.4
[INFO] [stderr]    Compiling smallvec v1.15.1
[INFO] [stderr]    Compiling memchr v2.8.0
[INFO] [stderr]    Compiling aws-lc-sys v0.39.0
[INFO] [stderr]     Checking http v1.4.0
[INFO] [stderr]    Compiling zeroize v1.8.2
[INFO] [stderr]    Compiling once_cell v1.21.4
[INFO] [stderr]     Checking arrow-schema v58.1.0
[INFO] [stderr]    Compiling getrandom v0.2.17
[INFO] [stderr]    Compiling rustls-pki-types v1.14.0
[INFO] [stderr]    Compiling futures-task v0.3.32
[INFO] [stderr]    Compiling futures-io v0.3.32
[INFO] [stderr]    Compiling slab v0.4.12
[INFO] [stderr]    Compiling serde_core v1.0.228
[INFO] [stderr]     Checking tracing v0.1.44
[INFO] [stderr]    Compiling icu_properties_data v2.1.2
[INFO] [stderr]    Compiling rustls v0.23.37
[INFO] [stderr]    Compiling aws-lc-rs v1.16.2
[INFO] [stderr]    Compiling bitflags v2.11.0
[INFO] [stderr]    Compiling try-lock v0.2.5
[INFO] [stderr]    Compiling tower-service v0.3.3
[INFO] [stderr]    Compiling tokio v1.50.0
[INFO] [stderr]    Compiling want v0.3.1
[INFO] [stderr]    Compiling futures-util v0.3.32
[INFO] [stderr]    Compiling tracing-core v0.1.36
[INFO] [stderr]    Compiling futures-channel v0.3.32
[INFO] [stderr]    Compiling httparse v1.10.1
[INFO] [stderr]    Compiling simd-adler32 v0.3.8
[INFO] [stderr]     Checking lexical-util v1.0.7
[INFO] [stderr]    Compiling rustix v1.1.4
[INFO] [stderr]    Compiling atomic-waker v1.1.2
[INFO] [stderr]    Compiling form_urlencoded v1.2.2
[INFO] [stderr]     Checking http-body v1.0.1
[INFO] [stderr]    Compiling sync_wrapper v1.0.2
[INFO] [stderr]    Compiling crc32fast v1.5.0
[INFO] [stderr]     Checking num-integer v0.1.46
[INFO] [stderr]     Checking num-complex v0.4.6
[INFO] [stderr]     Checking chrono v0.4.44
[INFO] [stderr]    Compiling tower-layer v0.3.3
[INFO] [stderr]    Compiling linux-raw-sys v0.12.1
[INFO] [stderr]    Compiling adler2 v2.0.1
[INFO] [stderr]    Compiling ipnet v2.12.0
[INFO] [stderr]    Compiling base64 v0.22.1
[INFO] [stderr]    Compiling miniz_oxide v0.8.9
[INFO] [stderr]     Checking num-bigint v0.4.6
[INFO] [stderr]     Checking digest v0.10.7
[INFO] [stderr]    Compiling webpki-roots v1.0.6
[INFO] [stderr]    Compiling zstd-sys v2.0.16+zstd.1.5.7
[INFO] [stderr]    Compiling ryu v1.0.23
[INFO] [stderr]    Compiling zlib-rs v0.6.3
[INFO] [stderr]    Compiling hashbrown v0.16.1
[INFO] [stderr]    Compiling bumpalo v3.20.2
[INFO] [stderr]    Compiling iri-string v0.7.11
[INFO] [stderr]    Compiling http-body-util v0.1.3
[INFO] [stderr]    Compiling serde_json v1.0.149
[INFO] [stderr]     Checking lexical-parse-integer v1.0.6
[INFO] [stderr]    Compiling zopfli v0.8.3
[INFO] [stderr]     Checking lexical-write-integer v1.0.6
[INFO] [stderr]    Compiling zmij v1.0.21
[INFO] [stderr]    Compiling filetime v0.2.27
[INFO] [stderr]     Checking lexical-write-float v1.0.6
[INFO] [stderr]     Checking lexical-parse-float v1.0.6
[INFO] [stderr]     Checking unicode-segmentation v1.13.1
[INFO] [stderr]    Compiling zstd-safe v7.2.4
[INFO] [stderr]    Compiling getrandom v0.4.2
[INFO] [stderr]    Compiling indexmap v2.13.0
[INFO] [stderr]     Checking lexical-core v1.0.6
[INFO] [stderr]     Checking regex v1.12.3
[INFO] [stderr]     Checking atoi v2.0.0
[INFO] [stderr]     Checking comfy-table v7.2.2
[INFO] [stderr]     Checking inout v0.1.4
[INFO] [stderr]    Compiling multer v3.1.0
[INFO] [stderr]    Compiling rust_decimal v1.40.0
[INFO] [stderr]     Checking hashbrown v0.15.5
[INFO] [stderr]     Checking cipher v0.4.4
[INFO] [stderr]     Checking sha2 v0.10.9
[INFO] [stderr]     Checking hmac v0.12.1
[INFO] [stderr]     Checking arrayvec v0.7.6
[INFO] [stderr]     Checking spin v0.9.8
[INFO] [stderr]     Checking libbz2-rs-sys v0.2.2
[INFO] [stderr]     Checking flate2 v1.1.9
[INFO] [stderr]    Compiling synstructure v0.13.2
[INFO] [stderr]    Compiling xattr v1.6.1
[INFO] [stderr]    Compiling tar v0.4.45
[INFO] [stderr]     Checking bzip2 v0.6.1
[INFO] [stderr]     Checking lzma-rust2 v0.16.2
[INFO] [stderr]     Checking hashlink v0.10.0
[INFO] [stderr]     Checking time v0.3.47
[INFO] [stderr]     Checking pbkdf2 v0.12.2
[INFO] [stderr]     Checking aes v0.8.4
[INFO] [stderr]     Checking rayon-core v1.13.0
[INFO] [stderr]     Checking axum-core v0.5.6
[INFO] [stderr]     Checking sha1 v0.10.6
[INFO] [stderr]     Checking serde_path_to_error v0.1.20
[INFO] [stderr]     Checking csv-core v0.1.13
[INFO] [stderr]     Checking either v1.15.0
[INFO] [stderr]     Checking fallible-iterator v0.3.0
[INFO] [stderr]     Checking constant_time_eq v0.4.2
[INFO] [stderr]     Checking fallible-streaming-iterator v0.1.9
[INFO] [stderr]     Checking deflate64 v0.1.11
[INFO] [stderr]     Checking cast v0.3.0
[INFO] [stderr]     Checking ppmd-rust v1.4.0
[INFO] [stderr]     Checking rayon v1.11.0
[INFO] [stderr]     Checking csv v1.4.0
[INFO] [stderr]     Checking uuid v1.22.0
[INFO] [stderr]    Compiling zerofrom-derive v0.1.6
[INFO] [stderr]    Compiling yoke-derive v0.8.1
[INFO] [stderr]    Compiling zerovec-derive v0.11.2
[INFO] [stderr]    Compiling displaydoc v0.2.5
[INFO] [stderr]    Compiling zerocopy-derive v0.8.47
[INFO] [stderr]    Compiling serde_derive v1.0.228
[INFO] [stderr]    Compiling tokio-macros v2.6.1
[INFO] [stderr]    Compiling hyper v1.8.1
[INFO] [stderr]    Compiling tower v0.5.3
[INFO] [stderr]    Compiling strum_macros v0.27.2
[INFO] [stderr]    Compiling rustls-webpki v0.103.10
[INFO] [stderr]    Compiling zerofrom v0.1.6
[INFO] [stderr]    Compiling yoke v0.8.1
[INFO] [stderr]    Compiling clap_derive v4.6.0
[INFO] [stderr]    Compiling zerotrie v0.2.3
[INFO] [stderr]    Compiling zerovec v0.11.5
[INFO] [stderr]    Compiling hyper-util v0.1.20
[INFO] [stderr]    Compiling tower-http v0.6.8
[INFO] [stderr]    Compiling zip v6.0.0
[INFO] [stderr]     Checking tinystr v0.8.2
[INFO] [stderr]     Checking potential_utf v0.1.4
[INFO] [stderr]     Checking icu_locale_core v2.1.1
[INFO] [stderr]     Checking icu_collections v2.1.1
[INFO] [stderr]     Checking strum v0.27.2
[INFO] [stderr]     Checking icu_provider v2.1.1
[INFO] [stderr]     Checking icu_normalizer v2.1.1
[INFO] [stderr]     Checking icu_properties v2.1.2
[INFO] [stderr]     Checking clap v4.6.0
[INFO] [stderr]    Compiling serde v1.0.228
[INFO] [stderr]     Checking zstd v0.13.3
[INFO] [stderr]     Checking zip v8.3.0
[INFO] [stderr]     Checking idna_adapter v1.2.1
[INFO] [stderr]    Compiling serde_urlencoded v0.7.1
[INFO] [stderr]     Checking idna v1.1.0
[INFO] [stderr]     Checking url v2.5.8
[INFO] [stderr]    Compiling tokio-rustls v0.26.4
[INFO] [stderr]    Compiling hyper-rustls v0.27.7
[INFO] [stderr]    Compiling reqwest v0.12.28
[INFO] [stderr]     Checking tokio-util v0.7.18
[INFO] [stderr]     Checking h2 v0.4.13
[INFO] [stderr]     Checking half v2.7.1
[INFO] [stderr]     Checking ahash v0.8.12
[INFO] [stderr]     Checking arrow-buffer v58.1.0
[INFO] [stderr]    Compiling libduckdb-sys v1.10501.0
[INFO] [stderr]     Checking arrow-data v58.1.0
[INFO] [stderr]     Checking arrow-array v58.1.0
[INFO] [stderr] error: could not compile `h2` (lib)
[INFO] [stderr] 
[INFO] [stderr] Caused by:
[INFO] [stderr]   process didn't exit successfully: `/opt/rustwide/rustup-home/toolchains/a621e2b446eafb53c7a8569f225e0b8cc2429a68/bin/rustc --crate-name h2 --edition=2021 /opt/rustwide/cargo-home/registry/src/index.crates.io-1949cf8c6b5b557f/h2-0.4.13/src/lib.rs --error-format=json --json=diagnostic-rendered-ansi,artifacts,future-incompat,unused-externs-silent --crate-type lib --emit=dep-info,metadata -C embed-bitcode=no -C debuginfo=2 --check-cfg 'cfg(docsrs,test)' --check-cfg 'cfg(feature, values("stream", "unstable"))' -C metadata=8a8fa12e91db7c41 -C extra-filename=-e41e2ca99c20abdd --out-dir /opt/rustwide/target/debug/build/h2/e41e2ca99c20abdd/out -L dependency=/opt/rustwide/target/debug/build/bytes/c3c82aecfaa31497/out -L dependency=/opt/rustwide/target/debug/build/cfg-if/190c9021fd162845/out -L dependency=/opt/rustwide/target/debug/build/equivalent/d23b026399a51038/out -L dependency=/opt/rustwide/target/debug/build/errno/42724e475aaba02e/out -L dependency=/opt/rustwide/target/debug/build/futures-core/1cd512d543215c04/out -L dependency=/opt/rustwide/target/debug/build/futures-sink/80687936758fa695/out -L dependency=/opt/rustwide/target/debug/build/hashbrown/d6527847c19413e5/out -L dependency=/opt/rustwide/target/debug/build/itoa/488dcf4f13423b18/out -L dependency=/opt/rustwide/target/debug/build/libc/6f65a897ddedb32c/out -L dependency=/opt/rustwide/target/debug/build/lock_api/b47e4fe57039b3cf/out -L dependency=/opt/rustwide/target/debug/build/log/a469ce83c9b0fe3a/out -L dependency=/opt/rustwide/target/debug/build/mio/46f64652e77ffaca/out -L dependency=/opt/rustwide/target/debug/build/once_cell/6f8123b0c2eed634/out -L dependency=/opt/rustwide/target/debug/build/parking_lot/8f5941a23d020c9e/out -L dependency=/opt/rustwide/target/debug/build/parking_lot_core/3727ddaa4b004b3f/out -L dependency=/opt/rustwide/target/debug/build/pin-project-lite/7176d3be2b7ee2e1/out -L dependency=/opt/rustwide/target/debug/build/scopeguard/e7d227cb308b3799/out -L dependency=/opt/rustwide/target/debug/build/signal-hook-registry/580a44cfc0a51087/out -L dependency=/opt/rustwide/target/debug/build/smallvec/dd4339173f24a482/out -L dependency=/opt/rustwide/target/debug/build/socket2/c0ba1ba8b4b3a90a/out -L dependency=/opt/rustwide/target/debug/build/tokio-macros/b93b793e5c14c058/out -L dependency=/opt/rustwide/target/debug/build/tokio/d36bec0091ef3f6d/out -L dependency=/opt/rustwide/target/debug/build/tracing-core/3324456f4d23a949/out --extern atomic_waker=/opt/rustwide/target/debug/build/atomic-waker/d2edf130acb84086/out/libatomic_waker-d2edf130acb84086.rmeta --extern bytes=/opt/rustwide/target/debug/build/bytes/c3c82aecfaa31497/out/libbytes-c3c82aecfaa31497.rmeta --extern fnv=/opt/rustwide/target/debug/build/fnv/bf9ae889bab8acee/out/libfnv-bf9ae889bab8acee.rmeta --extern futures_core=/opt/rustwide/target/debug/build/futures-core/1cd512d543215c04/out/libfutures_core-1cd512d543215c04.rmeta --extern futures_sink=/opt/rustwide/target/debug/build/futures-sink/80687936758fa695/out/libfutures_sink-80687936758fa695.rmeta --extern http=/opt/rustwide/target/debug/build/http/9a59864e400893c6/out/libhttp-9a59864e400893c6.rmeta --extern indexmap=/opt/rustwide/target/debug/build/indexmap/bad0424019eef9ed/out/libindexmap-bad0424019eef9ed.rmeta --extern slab=/opt/rustwide/target/debug/build/slab/101f873bca723251/out/libslab-101f873bca723251.rmeta --extern tokio=/opt/rustwide/target/debug/build/tokio/d36bec0091ef3f6d/out/libtokio-d36bec0091ef3f6d.rmeta --extern tokio_util=/opt/rustwide/target/debug/build/tokio-util/aa815ec84344edab/out/libtokio_util-aa815ec84344edab.rmeta --extern tracing=/opt/rustwide/target/debug/build/tracing/5504bd998379ecd4/out/libtracing-5504bd998379ecd4.rmeta --cap-lints allow --cap-lints=forbid --force-warn=unused_crate_dependencies` (signal: 9, SIGKILL: kill)
[INFO] [stderr] warning: build failed, waiting for other jobs to finish...
[INFO] [stderr] error: could not compile `arrow-array` (lib)
[INFO] [stderr] 
[INFO] [stderr] Caused by:
[INFO] [stderr]   process didn't exit successfully: `/opt/rustwide/rustup-home/toolchains/a621e2b446eafb53c7a8569f225e0b8cc2429a68/bin/rustc --crate-name arrow_array --edition=2024 /opt/rustwide/cargo-home/registry/src/index.crates.io-1949cf8c6b5b557f/arrow-array-58.1.0/src/lib.rs --error-format=json --json=diagnostic-rendered-ansi,artifacts,future-incompat,unused-externs-silent --crate-type lib --emit=dep-info,metadata -C embed-bitcode=no -C debuginfo=2 --cfg 'feature="ffi"' --check-cfg 'cfg(docsrs,test)' --check-cfg 'cfg(feature, values("async", "chrono-tz", "ffi", "force_validate", "pool"))' -C metadata=cca25531c8889e71 -C extra-filename=-a499ede11398978c --out-dir /opt/rustwide/target/debug/build/arrow-array/a499ede11398978c/out -L dependency=/opt/rustwide/target/debug/build/arrow-buffer/62ebbdbed9610436/out -L dependency=/opt/rustwide/target/debug/build/arrow-schema/65cd6c1052d98b27/out -L dependency=/opt/rustwide/target/debug/build/bitflags/321b45f90a488b9f/out -L dependency=/opt/rustwide/target/debug/build/bytes/c3c82aecfaa31497/out -L dependency=/opt/rustwide/target/debug/build/cfg-if/190c9021fd162845/out -L dependency=/opt/rustwide/target/debug/build/getrandom/424c053762236b69/out -L dependency=/opt/rustwide/target/debug/build/half/fcf6d4489778778a/out -L dependency=/opt/rustwide/target/debug/build/iana-time-zone/4c741fc3ef3881f8/out -L dependency=/opt/rustwide/target/debug/build/libc/6f65a897ddedb32c/out -L dependency=/opt/rustwide/target/debug/build/libm/89e5b3015da8f563/out -L dependency=/opt/rustwide/target/debug/build/num-bigint/56b0b0ffb1e5cc3c/out -L dependency=/opt/rustwide/target/debug/build/num-integer/65fde4a31978394d/out -L dependency=/opt/rustwide/target/debug/build/num-traits/ac63be1fdfd7a840/out -L dependency=/opt/rustwide/target/debug/build/once_cell/6f8123b0c2eed634/out -L dependency=/opt/rustwide/target/debug/build/zerocopy-derive/22bdc442e533983a/out -L dependency=/opt/rustwide/target/debug/build/zerocopy/6bd566b863f7d52b/out --extern ahash=/opt/rustwide/target/debug/build/ahash/6718e6850657ad94/out/libahash-6718e6850657ad94.rmeta --extern arrow_buffer=/opt/rustwide/target/debug/build/arrow-buffer/62ebbdbed9610436/out/libarrow_buffer-62ebbdbed9610436.rmeta --extern arrow_data=/opt/rustwide/target/debug/build/arrow-data/97ea7dba25a1c209/out/libarrow_data-97ea7dba25a1c209.rmeta --extern arrow_schema=/opt/rustwide/target/debug/build/arrow-schema/65cd6c1052d98b27/out/libarrow_schema-65cd6c1052d98b27.rmeta --extern chrono=/opt/rustwide/target/debug/build/chrono/fb8f6ee3573a6751/out/libchrono-fb8f6ee3573a6751.rmeta --extern half=/opt/rustwide/target/debug/build/half/fcf6d4489778778a/out/libhalf-fcf6d4489778778a.rmeta --extern hashbrown=/opt/rustwide/target/debug/build/hashbrown/d6527847c19413e5/out/libhashbrown-d6527847c19413e5.rmeta --extern num_complex=/opt/rustwide/target/debug/build/num-complex/b0eb8206221a3b41/out/libnum_complex-b0eb8206221a3b41.rmeta --extern num_integer=/opt/rustwide/target/debug/build/num-integer/65fde4a31978394d/out/libnum_integer-65fde4a31978394d.rmeta --extern num_traits=/opt/rustwide/target/debug/build/num-traits/ac63be1fdfd7a840/out/libnum_traits-ac63be1fdfd7a840.rmeta --cap-lints allow --cap-lints=forbid --force-warn=unused_crate_dependencies` (signal: 9, SIGKILL: kill)
[INFO] [stderr] error: could not compile `aws-lc-rs` (lib)
[INFO] [stderr] 
[INFO] [stderr] Caused by:
[INFO] [stderr]   process didn't exit successfully: `/opt/rustwide/rustup-home/toolchains/a621e2b446eafb53c7a8569f225e0b8cc2429a68/bin/rustc --crate-name aws_lc_rs --edition=2021 /opt/rustwide/cargo-home/registry/src/index.crates.io-1949cf8c6b5b557f/aws-lc-rs-1.16.2/src/lib.rs --error-format=json --json=diagnostic-rendered-ansi,artifacts,future-incompat,unused-externs-silent --crate-type lib --emit=dep-info,metadata -C embed-bitcode=no -C debuginfo=2 --cfg 'feature="aws-lc-sys"' --cfg 'feature="prebuilt-nasm"' --check-cfg 'cfg(docsrs,test)' --check-cfg 'cfg(feature, values("alloc", "asan", "aws-lc-sys", "bindgen", "default", "dev-tests-only", "fips", "non-fips", "prebuilt-nasm", "ring-io", "ring-sig-verify", "test_logging", "unstable"))' -C metadata=401866fc188e6207 -C extra-filename=-9d68363cb59595ae --out-dir /opt/rustwide/target/debug/build/aws-lc-rs/9d68363cb59595ae/out --extern aws_lc_sys=/opt/rustwide/target/debug/build/aws-lc-sys/b59d0a4323859587/out/libaws_lc_sys-b59d0a4323859587.rmeta --extern zeroize=/opt/rustwide/target/debug/build/zeroize/a40156bb3ac2a890/out/libzeroize-a40156bb3ac2a890.rmeta --cap-lints allow --cap-lints=forbid --force-warn=unused_crate_dependencies -L native=/opt/rustwide/target/debug/build/aws-lc-sys/8004cec3e9f41674/out --check-cfg 'cfg(aws_lc_rs_docsrs)' --check-cfg 'cfg(disable_slow_tests)' --check-cfg 'cfg(dev_tests_only)'` (signal: 9, SIGKILL: kill)
[ERROR] error running command: no output for 300 seconds
[INFO] running `Command { std: "docker" "inspect" "8d0a47b8b21a3c33ae2acb12409e3ba99922c5e5d198c2c75d16b291d44ed2e6", kill_on_drop: false }`
[INFO] running `Command { std: "docker" "rm" "-f" "8d0a47b8b21a3c33ae2acb12409e3ba99922c5e5d198c2c75d16b291d44ed2e6", kill_on_drop: false }`
[INFO] [stdout] 8d0a47b8b21a3c33ae2acb12409e3ba99922c5e5d198c2c75d16b291d44ed2e6
