[INFO] cloning repository https://github.com/open-ic/identity
[INFO] running `Command { std: "git" "-c" "credential.helper=" "-c" "credential.helper=/workspace/cargo-home/bin/git-credential-null" "clone" "--bare" "https://github.com/open-ic/identity" "/workspace/cache/git-repos/https%3A%2F%2Fgithub.com%2Fopen-ic%2Fidentity", kill_on_drop: false }`
[INFO] [stderr] Cloning into bare repository '/workspace/cache/git-repos/https%3A%2F%2Fgithub.com%2Fopen-ic%2Fidentity'...
[INFO] running `Command { std: "git" "rev-parse" "HEAD", kill_on_drop: false }`
[INFO] [stdout] 67debd19bf4ada8943366a646040cd39d07d013a
[INFO] checking open-ic/identity against a621e2b446eafb53c7a8569f225e0b8cc2429a68 for pr-162600
[INFO] running `Command { std: "git" "clone" "/workspace/cache/git-repos/https%3A%2F%2Fgithub.com%2Fopen-ic%2Fidentity" "/workspace/builds/worker-3-tc2/source", kill_on_drop: false }`
[INFO] [stderr] Cloning into '/workspace/builds/worker-3-tc2/source'...
[INFO] [stderr] done.
[INFO] started tweaking git repo https://github.com/open-ic/identity
[INFO] finished tweaking git repo https://github.com/open-ic/identity
[INFO] tweaked toml for git repo https://github.com/open-ic/identity written to /workspace/builds/worker-3-tc2/source/Cargo.toml
[INFO] validating manifest of git repo https://github.com/open-ic/identity on toolchain a621e2b446eafb53c7a8569f225e0b8cc2429a68
[INFO] running `Command { std: CARGO_HOME="/workspace/cargo-home" RUSTUP_HOME="/workspace/rustup-home" "/workspace/cargo-home/bin/cargo" "+a621e2b446eafb53c7a8569f225e0b8cc2429a68" "metadata" "--manifest-path" "Cargo.toml" "--no-deps", kill_on_drop: false }`
[INFO] crate git repo https://github.com/open-ic/identity already has a lockfile, it will not be regenerated
[INFO] running `Command { std: CARGO_HOME="/workspace/cargo-home" RUSTUP_HOME="/workspace/rustup-home" "/workspace/cargo-home/bin/cargo" "+a621e2b446eafb53c7a8569f225e0b8cc2429a68" "fetch" "--manifest-path" "Cargo.toml", kill_on_drop: false }`
[INFO] [stderr] warning: binary `verification_code_sender_aws` should have a kebab-case name
[INFO] [stderr]    |
[INFO] [stderr]  1 | /workspace/builds/worker-3-tc2/source/target/.../verification_code_sender_aws
[INFO] [stderr]    |                                                  ^^^^^^^^^^^^^^^^^^^^^^^^^^^^
[INFO] [stderr]    |
[INFO] [stderr]    = note: `cargo::non_kebab_case_bins` is set to `warn` by default
[INFO] [stderr] help: to change the binary name to `verification-code-sender-aws`, convert `package.name`
[INFO] [stderr]   --> backend/external/verification_code_sender/aws/Cargo.toml:2:8
[INFO] [stderr]    |
[INFO] [stderr]  2 - name = "verification_code_sender_aws"
[INFO] [stderr]  2 + name = "verification-code-sender-aws"
[INFO] [stderr]    |
[INFO] [stderr] help: to change the binary name to `verification-code-sender-aws`, specify `bin.name`
[INFO] [stderr]   --> backend/external/verification_code_sender/aws/Cargo.toml:19:49
[INFO] [stderr]    |
[INFO] [stderr] 19 ~ verification_code_sender = { path = "../core" }
[INFO] [stderr] 20 + [[bin]]
[INFO] [stderr] 21 + name = "verification-code-sender-aws"
[INFO] [stderr] 22 + path = "src/main.rs"
[INFO] [stderr]    |
[INFO] [stderr] warning: `verification_code_sender_aws` (manifest) generated 1 warning
[INFO] [stderr] warning: binary `verification_code_sender_cli` should have a kebab-case name
[INFO] [stderr]    |
[INFO] [stderr]  1 | /workspace/builds/worker-3-tc2/source/target/.../verification_code_sender_cli
[INFO] [stderr]    |                                                  ^^^^^^^^^^^^^^^^^^^^^^^^^^^^
[INFO] [stderr]    |
[INFO] [stderr]    = note: `cargo::non_kebab_case_bins` is set to `warn` by default
[INFO] [stderr] help: to change the binary name to `verification-code-sender-cli`, convert `package.name`
[INFO] [stderr]   --> backend/external/verification_code_sender/cli/Cargo.toml:2:8
[INFO] [stderr]    |
[INFO] [stderr]  2 - name = "verification_code_sender_cli"
[INFO] [stderr]  2 + name = "verification-code-sender-cli"
[INFO] [stderr]    |
[INFO] [stderr] help: to change the binary name to `verification-code-sender-cli`, specify `bin.name`
[INFO] [stderr]   --> backend/external/verification_code_sender/cli/Cargo.toml:15:49
[INFO] [stderr]    |
[INFO] [stderr] 15 ~ verification_code_sender = { path = "../core" }
[INFO] [stderr] 16 + [[bin]]
[INFO] [stderr] 17 + name = "verification-code-sender-cli"
[INFO] [stderr] 18 + path = "src/main.rs"
[INFO] [stderr]    |
[INFO] [stderr] warning: `verification_code_sender_cli` (manifest) generated 1 warning
[INFO] [stderr]     Blocking waiting for file lock on package cache
[INFO] [stderr]     Updating crates.io index
[INFO] [stderr]     Updating git repository `https://github.com/hpeebles/cdk-rs`
[INFO] [stderr]     Updating git repository `https://github.com/awslabs/aws-sdk-rust`
[INFO] [stderr]     Blocking waiting for file lock on package cache
[INFO] [stderr]      Locking 1 package to highest compatible version
[INFO] [stderr]       Adding openssl-src v111.25.0+1.1.1t (available: v111.28.2+1.1.1w)
[INFO] [stderr]     Blocking waiting for file lock on package cache
[INFO] [stderr]  Downloading crates ...
[INFO] [stderr]   Downloaded regex-cache v0.2.1
[INFO] [stderr]   Downloaded oncemutex v0.1.1
[INFO] [stderr]   Downloaded quick-xml v0.18.1
[INFO] [stderr]   Downloaded siphasher v0.3.7
[INFO] [stderr]   Downloaded lalrpop-util v0.19.6
[INFO] [stderr]   Downloaded wasm-bindgen-shared v0.2.76
[INFO] [stderr]   Downloaded logos v0.12.0
[INFO] [stderr]   Downloaded wasm-bindgen-macro v0.2.76
[INFO] [stderr]   Downloaded typed-arena v2.0.1
[INFO] [stderr]   Downloaded num_enum v0.5.4
[INFO] [stderr]   Downloaded num_enum_derive v0.5.4
[INFO] [stderr]   Downloaded utf8-ranges v1.0.4
[INFO] [stderr]   Downloaded proc-macro-crate v1.0.0
[INFO] [stderr]   Downloaded base32 v0.4.0
[INFO] [stderr]   Downloaded string_cache v0.8.1
[INFO] [stderr]   Downloaded candid_derive v0.4.5
[INFO] [stderr]   Downloaded logos-derive v0.12.0
[INFO] [stderr]   Downloaded wasm-bindgen-macro-support v0.2.76
[INFO] [stderr]   Downloaded wasm-bindgen-backend v0.2.76
[INFO] [stderr]   Downloaded ic-types v0.2.2
[INFO] [stderr]   Downloaded tokio-macros v1.3.0
[INFO] [stderr]   Downloaded simple_asn1 v0.5.4
[INFO] [stderr]   Downloaded js-sys v0.3.53
[INFO] [stderr]   Downloaded wasm-bindgen-futures v0.4.26
[INFO] [stderr]   Downloaded candid v0.7.6
[INFO] [stderr]   Downloaded security-framework-sys v2.4.2
[INFO] [stderr]   Downloaded num-bigint v0.4.1
[INFO] [stderr]   Downloaded unicode-bidi v0.3.6
[INFO] [stderr]   Downloaded half v1.7.1
[INFO] [stderr]   Downloaded openssl-sys v0.9.66
[INFO] [stderr]   Downloaded cc v1.0.70
[INFO] [stderr]   Downloaded urlencoding v1.3.3
[INFO] [stderr]   Downloaded futures-macro v0.3.17
[INFO] [stderr]   Downloaded garcon v0.2.3
[INFO] [stderr]   Downloaded security-framework v2.4.2
[INFO] [stderr]   Downloaded serde_tokenstream v0.1.2
[INFO] [stderr]   Downloaded itertools v0.10.1
[INFO] [stderr]   Downloaded futures-executor v0.3.17
[INFO] [stderr]   Downloaded xmlparser v0.13.3
[INFO] [stderr]   Downloaded bytes-utils v0.1.1
[INFO] [stderr]   Downloaded tracing-core v0.1.19
[INFO] [stderr]   Downloaded futures v0.3.17
[INFO] [stderr]   Downloaded ic-agent v0.6.0
[INFO] [stderr]   Downloaded wasm-bindgen v0.2.76
[INFO] [stderr]   Downloaded lalrpop v0.19.6
[INFO] [stderr]   Downloaded h2 v0.3.4
[INFO] [stderr]   Downloaded hyper v0.14.12
[INFO] [stderr]   Downloaded openssl v0.10.36
[INFO] [stderr]   Downloaded webpki-roots v0.20.0
[INFO] [stderr]   Downloaded lexical-core v0.7.6
[INFO] [stderr]   Downloaded tokio v1.11.0
[INFO] [stderr]   Downloaded web-sys v0.3.53
[INFO] [stderr]   Downloaded phonenumber v0.3.1+8.12.9
[INFO] [stderr]   Downloaded openssl-src v111.25.0+1.1.1t
[INFO] running `Command { std: "docker" "create" "-v" "/var/lib/crater-agent-workspace/builds/worker-3-tc2/source:/opt/rustwide/workdir:ro,Z" "-v" "/var/lib/crater-agent-workspace/builds/worker-3-tc2/target:/opt/rustwide/target:rw,Z" "-v" "/var/lib/crater-agent-workspace/cargo-home:/opt/rustwide/cargo-home:ro,Z" "-v" "/var/lib/crater-agent-workspace/rustup-home:/opt/rustwide/rustup-home:ro,Z" "-m" "1610612736" "--network" "none" "ghcr.io/rust-lang/crates-build-env/linux@sha256:8683fc1fc2eb5c9ac98e0d076ab094b2ffac7f99da555d2b6a2e27f346de2ec7" "sleep" "infinity", kill_on_drop: false }`
[INFO] [stdout] 76fb0165fe51e592c0dc8f58a10ba30f7212f860a9ddb5a4897ba83a56302d3c
[INFO] running `Command { std: "docker" "start" "76fb0165fe51e592c0dc8f58a10ba30f7212f860a9ddb5a4897ba83a56302d3c", kill_on_drop: false }`
[INFO] running `Command { std: "docker" "inspect" "76fb0165fe51e592c0dc8f58a10ba30f7212f860a9ddb5a4897ba83a56302d3c", kill_on_drop: false }`
[INFO] running `Command { std: "docker" "exec" "-e" "SOURCE_DIR=/opt/rustwide/workdir" "-e" "CARGO_HOME=/opt/rustwide/cargo-home" "-e" "RUSTUP_HOME=/opt/rustwide/rustup-home" "-e" "CARGO_TARGET_DIR=/opt/rustwide/target" "-w" "/opt/rustwide/workdir" "--user" "0:0" "76fb0165fe51e592c0dc8f58a10ba30f7212f860a9ddb5a4897ba83a56302d3c" "/opt/rustwide/cargo-home/bin/cargo" "+a621e2b446eafb53c7a8569f225e0b8cc2429a68" "metadata" "--no-deps" "--format-version=1", kill_on_drop: false }`
[INFO] running `Command { std: "docker" "inspect" "76fb0165fe51e592c0dc8f58a10ba30f7212f860a9ddb5a4897ba83a56302d3c", kill_on_drop: false }`
[INFO] running `Command { std: "docker" "exec" "-e" "SOURCE_DIR=/opt/rustwide/workdir" "-e" "CARGO_HOME=/opt/rustwide/cargo-home" "-e" "RUSTUP_HOME=/opt/rustwide/rustup-home" "-e" "CARGO_TARGET_DIR=/opt/rustwide/target" "-e" "CARGO_INCREMENTAL=0" "-e" "RUST_BACKTRACE=full" "-e" "RUSTFLAGS=--cap-lints=forbid" "-e" "RUSTDOCFLAGS=--cap-lints=forbid" "-w" "/opt/rustwide/workdir" "--user" "0:0" "76fb0165fe51e592c0dc8f58a10ba30f7212f860a9ddb5a4897ba83a56302d3c" "/opt/rustwide/cargo-home/bin/cargo" "+a621e2b446eafb53c7a8569f225e0b8cc2429a68" "check" "--frozen" "--all" "--all-targets" "--message-format=json", kill_on_drop: false }`
[INFO] [stderr] warning: binary `verification_code_sender_cli` should have a kebab-case name
[INFO] [stderr]    |
[INFO] [stderr]  1 | /opt/rustwide/target/.../verification_code_sender_cli
[INFO] [stderr]    |                          ^^^^^^^^^^^^^^^^^^^^^^^^^^^^
[INFO] [stderr]    |
[INFO] [stderr]    = note: `cargo::non_kebab_case_bins` is set to `warn` by default
[INFO] [stderr] help: to change the binary name to `verification-code-sender-cli`, convert `package.name`
[INFO] [stderr]   --> backend/external/verification_code_sender/cli/Cargo.toml:2:8
[INFO] [stderr]    |
[INFO] [stderr]  2 - name = "verification_code_sender_cli"
[INFO] [stderr]  2 + name = "verification-code-sender-cli"
[INFO] [stderr]    |
[INFO] [stderr] help: to change the binary name to `verification-code-sender-cli`, specify `bin.name`
[INFO] [stderr]   --> backend/external/verification_code_sender/cli/Cargo.toml:15:49
[INFO] [stderr]    |
[INFO] [stderr] 15 ~ verification_code_sender = { path = "../core" }
[INFO] [stderr] 16 + [[bin]]
[INFO] [stderr] 17 + name = "verification-code-sender-cli"
[INFO] [stderr] 18 + path = "src/main.rs"
[INFO] [stderr]    |
[INFO] [stderr] warning: `verification_code_sender_cli` (manifest) generated 1 warning
[INFO] [stderr] warning: binary `verification_code_sender_aws` should have a kebab-case name
[INFO] [stderr]    |
[INFO] [stderr]  1 | /opt/rustwide/target/.../verification_code_sender_aws
[INFO] [stderr]    |                          ^^^^^^^^^^^^^^^^^^^^^^^^^^^^
[INFO] [stderr]    |
[INFO] [stderr]    = note: `cargo::non_kebab_case_bins` is set to `warn` by default
[INFO] [stderr] help: to change the binary name to `verification-code-sender-aws`, convert `package.name`
[INFO] [stderr]   --> backend/external/verification_code_sender/aws/Cargo.toml:2:8
[INFO] [stderr]    |
[INFO] [stderr]  2 - name = "verification_code_sender_aws"
[INFO] [stderr]  2 + name = "verification-code-sender-aws"
[INFO] [stderr]    |
[INFO] [stderr] help: to change the binary name to `verification-code-sender-aws`, specify `bin.name`
[INFO] [stderr]   --> backend/external/verification_code_sender/aws/Cargo.toml:19:49
[INFO] [stderr]    |
[INFO] [stderr] 19 ~ verification_code_sender = { path = "../core" }
[INFO] [stderr] 20 + [[bin]]
[INFO] [stderr] 21 + name = "verification-code-sender-aws"
[INFO] [stderr] 22 + path = "src/main.rs"
[INFO] [stderr]    |
[INFO] [stderr] warning: `verification_code_sender_aws` (manifest) generated 1 warning
[INFO] [stderr]    Compiling proc-macro2 v1.0.29
[INFO] [stderr]    Compiling syn v1.0.75
[INFO] [stderr]    Compiling libc v0.2.101
[INFO] [stderr]    Compiling memchr v2.4.1
[INFO] [stderr]    Compiling serde_derive v1.0.130
[INFO] [stderr]    Compiling serde v1.0.130
[INFO] [stderr]     Checking pin-project-lite v0.2.7
[INFO] [stderr]    Compiling cc v1.0.70
[INFO] [stderr]    Compiling version_check v0.9.3
[INFO] [stderr]    Compiling num-integer v0.1.44
[INFO] [stderr]    Compiling indexmap v1.7.0
[INFO] [stderr]    Compiling typenum v1.14.0
[INFO] [stderr]    Compiling futures-core v0.3.17
[INFO] [stderr]    Compiling tokio v1.11.0
[INFO] [stderr]    Compiling futures-macro v0.3.17
[INFO] [stderr]     Checking futures-sink v0.3.17
[INFO] [stderr]    Compiling futures-task v0.3.17
[INFO] [stderr]    Compiling futures-channel v0.3.17
[INFO] [stderr]     Checking once_cell v1.8.0
[INFO] [stderr]    Compiling proc-macro-nested v0.1.7
[INFO] [stderr]    Compiling futures-util v0.3.17
[INFO] [stderr]     Checking futures-io v0.3.17
[INFO] [stderr]     Checking slab v0.4.4
[INFO] [stderr]    Compiling either v1.6.1
[INFO] [stderr]    Compiling generic-array v0.14.4
[INFO] [stderr]     Checking tracing-core v0.1.19
[INFO] [stderr]     Checking http v0.2.4
[INFO] [stderr]    Compiling hashbrown v0.11.2
[INFO] [stderr]    Compiling siphasher v0.3.7
[INFO] [stderr]    Compiling num-bigint v0.4.1
[INFO] [stderr]    Compiling fixedbitset v0.2.0
[INFO] [stderr]    Compiling httparse v1.5.1
[INFO] [stderr]    Compiling rustversion v1.0.5
[INFO] [stderr]    Compiling bit-set v0.5.2
[INFO] [stderr]    Compiling ena v0.14.0
[INFO] [stderr]     Checking mio v0.7.13
[INFO] [stderr]     Checking num_cpus v1.13.0
[INFO] [stderr]     Checking chrono v0.4.19
[INFO] [stderr]    Compiling itertools v0.10.1
[INFO] [stderr]    Compiling phf_shared v0.8.0
[INFO] [stderr]    Compiling quote v1.0.9
[INFO] [stderr]    Compiling string_cache v0.8.1
[INFO] [stderr]    Compiling anyhow v1.0.43
[INFO] [stderr]    Compiling utf8-ranges v1.0.4
[INFO] [stderr]    Compiling diff v0.1.12
[INFO] [stderr]    Compiling beef v0.5.1
[INFO] [stderr]    Compiling pico-args v0.4.2
[INFO] [stderr]     Checking aho-corasick v0.7.18
[INFO] [stderr]    Compiling dirs-sys-next v0.1.2
[INFO] [stderr]    Compiling atty v0.2.14
[INFO] [stderr]     Checking socket2 v0.4.1
[INFO] [stderr]    Compiling dirs-next v2.0.0
[INFO] [stderr]     Checking httpdate v1.0.1
[INFO] [stderr]     Checking arrayvec v0.5.2
[INFO] [stderr]    Compiling term v0.7.0
[INFO] [stderr]    Compiling ring v0.16.20
[INFO] [stderr]     Checking openssl-probe v0.1.4
[INFO] [stderr]     Checking base32 v0.4.0
[INFO] [stderr]    Compiling lexical-core v0.7.6
[INFO] [stderr]     Checking typed-arena v2.0.1
[INFO] [stderr]     Checking codespan-reporting v0.11.1
[INFO] [stderr]    Compiling quick-xml v0.18.1
[INFO] [stderr]    Compiling openssl-src v111.25.0+1.1.1t
[INFO] [stderr]    Compiling nom v5.1.2
[INFO] [stderr]    Compiling petgraph v0.5.1
[INFO] [stderr]     Checking pretty v0.10.0
[INFO] [stderr]     Checking smithy-types v0.0.1 (https://github.com/awslabs/aws-sdk-rust?tag=v0.0.16-alpha#dab3b0a9)
[INFO] [stderr]     Checking regex v1.5.4
[INFO] [stderr]     Checking leb128 v0.2.4
[INFO] [stderr]    Compiling pkg-config v0.3.19
[INFO] [stderr]     Checking lru-cache v0.1.2
[INFO] [stderr]     Checking oncemutex v0.1.1
[INFO] [stderr]    Compiling getrandom v0.1.16
[INFO] [stdout] error[E0308]: mismatched types
[INFO] [stdout]   --> /opt/rustwide/cargo-home/registry/src/index.crates.io-1949cf8c6b5b557f/num-bigint-0.4.1/src/biguint/convert.rs:70:19
[INFO] [stdout]    |
[INFO] [stdout] 70 |         .div_ceil(&big_digit::BITS.into())
[INFO] [stdout]    |          -------- ^^^^^^^^^^^^^^^^^^^^^^^ expected `u64`, found `&_`
[INFO] [stdout]    |          |
[INFO] [stdout]    |          arguments to this method are incorrect
[INFO] [stdout]    |
[INFO] [stdout]    = note:   expected type `u64`
[INFO] [stdout]            found reference `&_`
[INFO] [stdout] note: method defined here
[INFO] [stdout]   --> /rustc/a621e2b446eafb53c7a8569f225e0b8cc2429a68/library/core/src/num/uint_macros.rs:3817:21
[INFO] [stdout]   --> /rustc/a621e2b446eafb53c7a8569f225e0b8cc2429a68/library/core/src/num/mod.rs:1324:4
[INFO] [stdout]   ::: /rustc/a621e2b446eafb53c7a8569f225e0b8cc2429a68/library/core/src/num/mod.rs:1348:5
[INFO] [stdout]    |
[INFO] [stdout]    = note: in this macro invocation
[INFO] [stdout]    = note: this error originates in the macro `uint_impl` (in Nightly builds, run with -Z macro-backtrace for more info)
[INFO] [stdout] help: consider removing the borrow
[INFO] [stdout]    |
[INFO] [stdout] 70 -         .div_ceil(&big_digit::BITS.into())
[INFO] [stdout] 70 +         .div_ceil(big_digit::BITS.into())
[INFO] [stdout]    |
[INFO] [stdout] 
[INFO] [stdout] 
[INFO] [stdout] error[E0308]: mismatched types
[INFO] [stdout]    --> /opt/rustwide/cargo-home/registry/src/index.crates.io-1949cf8c6b5b557f/num-bigint-0.4.1/src/biguint/convert.rs:585:19
[INFO] [stdout]     |
[INFO] [stdout] 585 |         .div_ceil(&u64::from(bits))
[INFO] [stdout]     |          -------- ^^^^^^^^^^^^^^^^ expected `u64`, found `&u64`
[INFO] [stdout]     |          |
[INFO] [stdout]     |          arguments to this method are incorrect
[INFO] [stdout]     |
[INFO] [stdout] note: method defined here
[INFO] [stdout]    --> /rustc/a621e2b446eafb53c7a8569f225e0b8cc2429a68/library/core/src/num/uint_macros.rs:3817:21
[INFO] [stdout]    --> /rustc/a621e2b446eafb53c7a8569f225e0b8cc2429a68/library/core/src/num/mod.rs:1324:4
[INFO] [stdout]    ::: /rustc/a621e2b446eafb53c7a8569f225e0b8cc2429a68/library/core/src/num/mod.rs:1348:5
[INFO] [stdout]     |
[INFO] [stdout]     = note: in this macro invocation
[INFO] [stdout]     = note: this error originates in the macro `uint_impl` (in Nightly builds, run with -Z macro-backtrace for more info)
[INFO] [stdout] help: consider removing the borrow
[INFO] [stdout]     |
[INFO] [stdout] 585 -         .div_ceil(&u64::from(bits))
[INFO] [stdout] 585 +         .div_ceil(u64::from(bits))
[INFO] [stdout]     |
[INFO] [stdout] 
[INFO] [stdout] 
[INFO] [stdout] error[E0308]: mismatched types
[INFO] [stdout]    --> /opt/rustwide/cargo-home/registry/src/index.crates.io-1949cf8c6b5b557f/num-bigint-0.4.1/src/biguint/convert.rs:613:19
[INFO] [stdout]     |
[INFO] [stdout] 613 |         .div_ceil(&u64::from(bits))
[INFO] [stdout]     |          -------- ^^^^^^^^^^^^^^^^ expected `u64`, found `&u64`
[INFO] [stdout]     |          |
[INFO] [stdout]     |          arguments to this method are incorrect
[INFO] [stdout]     |
[INFO] [stdout] note: method defined here
[INFO] [stdout]    --> /rustc/a621e2b446eafb53c7a8569f225e0b8cc2429a68/library/core/src/num/uint_macros.rs:3817:21
[INFO] [stdout]    --> /rustc/a621e2b446eafb53c7a8569f225e0b8cc2429a68/library/core/src/num/mod.rs:1324:4
[INFO] [stdout]    ::: /rustc/a621e2b446eafb53c7a8569f225e0b8cc2429a68/library/core/src/num/mod.rs:1348:5
[INFO] [stdout]     |
[INFO] [stdout]     = note: in this macro invocation
[INFO] [stdout]     = note: this error originates in the macro `uint_impl` (in Nightly builds, run with -Z macro-backtrace for more info)
[INFO] [stdout] help: consider removing the borrow
[INFO] [stdout]     |
[INFO] [stdout] 613 -         .div_ceil(&u64::from(bits))
[INFO] [stdout] 613 +         .div_ceil(u64::from(bits))
[INFO] [stdout]     |
[INFO] [stdout] 
[INFO] [stdout] 
[INFO] [stdout] error[E0308]: mismatched types
[INFO] [stdout]    --> /opt/rustwide/cargo-home/registry/src/index.crates.io-1949cf8c6b5b557f/num-bigint-0.4.1/src/biguint.rs:398:54
[INFO] [stdout]     |
[INFO] [stdout] 398 |                 let root_scale = extra_bits.div_ceil(&n64);
[INFO] [stdout]     |                                             -------- ^^^^ expected `u64`, found `&u64`
[INFO] [stdout]     |                                             |
[INFO] [stdout]     |                                             arguments to this method are incorrect
[INFO] [stdout]     |
[INFO] [stdout] note: method defined here
[INFO] [stdout]    --> /rustc/a621e2b446eafb53c7a8569f225e0b8cc2429a68/library/core/src/num/uint_macros.rs:3817:21
[INFO] [stdout]    --> /rustc/a621e2b446eafb53c7a8569f225e0b8cc2429a68/library/core/src/num/mod.rs:1324:4
[INFO] [stdout]    ::: /rustc/a621e2b446eafb53c7a8569f225e0b8cc2429a68/library/core/src/num/mod.rs:1348:5
[INFO] [stdout]     |
[INFO] [stdout]     = note: in this macro invocation
[INFO] [stdout]     = note: this error originates in the macro `uint_impl` (in Nightly builds, run with -Z macro-backtrace for more info)
[INFO] [stdout] help: consider removing the borrow
[INFO] [stdout]     |
[INFO] [stdout] 398 -                 let root_scale = extra_bits.div_ceil(&n64);
[INFO] [stdout] 398 +                 let root_scale = extra_bits.div_ceil(n64);
[INFO] [stdout]     |
[INFO] [stdout] 
[INFO] [stdout] 
[INFO] [stderr]    Compiling ascii-canvas v3.0.0
[INFO] [stderr]     Checking itertools v0.9.0
[INFO] [stderr]     Checking smithy-eventstream v0.1.0 (https://github.com/awslabs/aws-sdk-rust?tag=v0.0.16-alpha#dab3b0a9)
[INFO] [stderr]    Compiling openssl-sys v0.9.66
[INFO] [stderr]     Checking bytes-utils v0.1.1
[INFO] [stderr]     Checking ppv-lite86 v0.2.10
[INFO] [stderr]    Compiling openssl v0.10.36
[INFO] [stderr]     Checking rand_core v0.5.1
[INFO] [stderr]    Compiling aws-types v0.1.0 (https://github.com/awslabs/aws-sdk-rust?tag=v0.0.16-alpha#dab3b0a9)
[INFO] [stdout] For more information about this error, try `rustc --explain E0308`.
[INFO] [stdout] 
[INFO] [stderr] error: could not compile `num-bigint` (lib) due to 4 previous errors
[INFO] [stderr] warning: build failed, waiting for other jobs to finish...
[INFO] running `Command { std: "docker" "inspect" "76fb0165fe51e592c0dc8f58a10ba30f7212f860a9ddb5a4897ba83a56302d3c", kill_on_drop: false }`
[INFO] running `Command { std: "docker" "rm" "-f" "76fb0165fe51e592c0dc8f58a10ba30f7212f860a9ddb5a4897ba83a56302d3c", kill_on_drop: false }`
[INFO] [stdout] 76fb0165fe51e592c0dc8f58a10ba30f7212f860a9ddb5a4897ba83a56302d3c
