[INFO] cloning repository https://github.com/merely-made/knot-editor
[INFO] running `Command { std: "git" "-c" "credential.helper=" "-c" "credential.helper=/workspace/cargo-home/bin/git-credential-null" "clone" "--bare" "https://github.com/merely-made/knot-editor" "/workspace/cache/git-repos/https%3A%2F%2Fgithub.com%2Fmerely-made%2Fknot-editor", kill_on_drop: false }`
[INFO] [stderr] Cloning into bare repository '/workspace/cache/git-repos/https%3A%2F%2Fgithub.com%2Fmerely-made%2Fknot-editor'...
[INFO] running `Command { std: "git" "rev-parse" "HEAD", kill_on_drop: false }`
[INFO] [stdout] b4c4628d3038767e403f42902b43c6c8f8104838
[INFO] checking merely-made/knot-editor against a621e2b446eafb53c7a8569f225e0b8cc2429a68 for pr-162600
[INFO] running `Command { std: "git" "clone" "/workspace/cache/git-repos/https%3A%2F%2Fgithub.com%2Fmerely-made%2Fknot-editor" "/workspace/builds/worker-1-tc2/source", kill_on_drop: false }`
[INFO] [stderr] Cloning into '/workspace/builds/worker-1-tc2/source'...
[INFO] [stderr] done.
[INFO] removed /workspace/builds/worker-1-tc2/source/rust-toolchain.toml
[INFO] started tweaking git repo https://github.com/merely-made/knot-editor
[INFO] finished tweaking git repo https://github.com/merely-made/knot-editor
[INFO] tweaked toml for git repo https://github.com/merely-made/knot-editor written to /workspace/builds/worker-1-tc2/source/Cargo.toml
[INFO] validating manifest of git repo https://github.com/merely-made/knot-editor on toolchain a621e2b446eafb53c7a8569f225e0b8cc2429a68
[INFO] running `Command { std: CARGO_HOME="/workspace/cargo-home" RUSTUP_HOME="/workspace/rustup-home" "/workspace/cargo-home/bin/cargo" "+a621e2b446eafb53c7a8569f225e0b8cc2429a68" "metadata" "--manifest-path" "Cargo.toml" "--no-deps", kill_on_drop: false }`
[INFO] crate git repo https://github.com/merely-made/knot-editor already has a lockfile, it will not be regenerated
[INFO] running `Command { std: CARGO_HOME="/workspace/cargo-home" RUSTUP_HOME="/workspace/rustup-home" "/workspace/cargo-home/bin/cargo" "+a621e2b446eafb53c7a8569f225e0b8cc2429a68" "fetch" "--manifest-path" "Cargo.toml", kill_on_drop: false }`
[INFO] [stderr] warning: unused workspace dependency `genet-host-api`
[INFO] [stderr]    --> Cargo.toml:126:25
[INFO] [stderr]     |
[INFO] [stderr] 126 | [workspace.dependencies.genet-host-api]
[INFO] [stderr]     |                         ^^^^^^^^^^^^^^
[INFO] [stderr]     |
[INFO] [stderr]     = note: `cargo::unused_workspace_dependencies` is set to `warn` by default
[INFO] [stderr] help: consider removing the workspace dependency `genet-host-api`
[INFO] [stderr] warning: unused workspace dependency `illume`
[INFO] [stderr]    --> Cargo.toml:153:25
[INFO] [stderr]     |
[INFO] [stderr] 153 | [workspace.dependencies.illume]
[INFO] [stderr]     |                         ^^^^^^
[INFO] [stderr]     |
[INFO] [stderr] help: consider removing the workspace dependency `illume`
[INFO] [stderr] warning: unused workspace dependency `knot-editor-host`
[INFO] [stderr]    --> Cargo.toml:170:25
[INFO] [stderr]     |
[INFO] [stderr] 170 | [workspace.dependencies.knot-editor-host]
[INFO] [stderr]     |                         ^^^^^^^^^^^^^^^^
[INFO] [stderr]     |
[INFO] [stderr] help: consider removing the workspace dependency `knot-editor-host`
[INFO] [stderr] warning: workspace (manifest) generated 3 warnings
[INFO] [stderr] warning: binary `knot_endpoint` should have a kebab-case name
[INFO] [stderr]    |
[INFO] [stderr]  1 | /workspace/builds/worker-1-tc2/source/target/.../knot_endpoint
[INFO] [stderr]    |                                                  ^^^^^^^^^^^^^
[INFO] [stderr]    |
[INFO] [stderr]    = note: `cargo::non_kebab_case_bins` is set to `warn` by default
[INFO] [stderr] help: to change the binary name to `knot-endpoint`, convert `bin.name`
[INFO] [stderr]   --> crates/knot-editor/Cargo.toml:11:8
[INFO] [stderr]    |
[INFO] [stderr] 11 - name = "knot_endpoint"
[INFO] [stderr] 11 + name = "knot-endpoint"
[INFO] [stderr]    |
[INFO] [stderr] warning: binary `knot_sync_host` should have a kebab-case name
[INFO] [stderr]    |
[INFO] [stderr]  1 | /workspace/builds/worker-1-tc2/source/target/.../knot_sync_host
[INFO] [stderr]    |                                                  ^^^^^^^^^^^^^^
[INFO] [stderr]    |
[INFO] [stderr] help: to change the binary name to `knot-sync-host`, convert `bin.name`
[INFO] [stderr]   --> crates/knot-editor/Cargo.toml:15:8
[INFO] [stderr]    |
[INFO] [stderr] 15 - name = "knot_sync_host"
[INFO] [stderr] 15 + name = "knot-sync-host"
[INFO] [stderr]    |
[INFO] [stderr] warning: `knot-editor` (manifest) generated 2 warnings
[INFO] [stderr] warning: missing `[lints]` to inherit `[workspace.lints]`
[INFO] [stderr]   --> crates/knot-capture/Cargo.toml
[INFO] [stderr]    = note: `cargo::missing_lints_inheritance` is set to `warn` by default
[INFO] [stderr] help: to inherit `workspace.lints, add:
[INFO] [stderr]    |
[INFO] [stderr]  9 ~ knot-file-catalog.workspace = true
[INFO] [stderr] 10 + [lints]
[INFO] [stderr] 11 + workspace = true
[INFO] [stderr]    |
[INFO] [stderr] help: to clarify your intent to not inherit, add:
[INFO] [stderr]    |
[INFO] [stderr]  9 ~ knot-file-catalog.workspace = true
[INFO] [stderr] 10 + [lints]
[INFO] [stderr]    |
[INFO] [stderr] warning: `knot-capture` (manifest) generated 1 warning
[INFO] [stderr]     Blocking waiting for file lock on package cache
[INFO] [stderr]     Updating git repository `https://github.com/mark-ik/p2panda.git`
[INFO] [stderr]     Updating git repository `https://github.com/mark-ik/swarm-discovery.git`
[INFO] [stderr]     Updating git repository `https://github.com/mark-ik/vello.git`
[INFO] [stderr]     Updating git repository `https://github.com/merely-made/mere.git`
[INFO] [stderr]     Updating crates.io index
[INFO] [stderr]     Updating git repository `https://github.com/merely-made/netrender.git`
[INFO] [stderr]     Updating git repository `https://github.com/merely-made/retinue.git`
[INFO] [stderr] warning: patch `p2panda-stream v0.7.1 (https://github.com/mark-ik/p2panda.git?tag=mere-p2panda-net-0.7.4#0a54ab82)` was not used in the crate graph
[INFO] [stderr] help: Check that the patched package version and available features are compatible
[INFO] [stderr]       with the dependency requirements. If the patch has a different version from
[INFO] [stderr]       what is locked in the Cargo.lock file, run `cargo update` to use the new
[INFO] [stderr]       version. This may also occur with an optional dependency that is not enabled.
[INFO] [stderr]     Blocking waiting for file lock on package cache
[INFO] [stderr]  Downloading crates ...
[INFO] [stderr]   Downloaded thin-vec v0.2.19
[INFO] [stderr]   Downloaded rhai_codegen v3.2.0
[INFO] [stderr]   Downloaded jotdown v0.10.0
[INFO] [stderr]   Downloaded uuid-rng-internal v1.26.0
[INFO] [stderr]   Downloaded smallbitvec v2.6.1
[INFO] [stderr]   Downloaded anymore v1.0.0
[INFO] [stderr]   Downloaded stylo_malloc_size_of v0.19.0
[INFO] [stderr]   Downloaded finger-protocol v0.1.1
[INFO] [stderr]   Downloaded tikv-jemallocator v0.6.1
[INFO] [stderr]   Downloaded logos-derive v0.16.1
[INFO] [stderr]   Downloaded cssparser-macros v0.7.0
[INFO] [stderr]   Downloaded nex-protocol v0.1.1
[INFO] [stderr]   Downloaded app_units v0.7.8
[INFO] [stderr]   Downloaded gopher-protocol v0.1.1
[INFO] [stderr]   Downloaded font-types v0.12.4
[INFO] [stderr]   Downloaded postcard-derive v0.2.2
[INFO] [stderr]   Downloaded spartan-protocol v0.1.1
[INFO] [stderr]   Downloaded guppy-protocol v0.1.1
[INFO] [stderr]   Downloaded malloc_size_of_derive v0.1.3
[INFO] [stderr]   Downloaded atomic_refcell v0.1.14
[INFO] [stderr]   Downloaded logos v0.16.1
[INFO] [stderr]   Downloaded scroll-protocol v0.1.0
[INFO] [stderr]   Downloaded misfin v0.0.4
[INFO] [stderr]   Downloaded xml5ever v0.39.0
[INFO] [stderr]   Downloaded psm v0.1.32
[INFO] [stderr]   Downloaded content-security-policy v0.8.2
[INFO] [stderr]   Downloaded logos-codegen v0.16.1
[INFO] [stderr]   Downloaded selectors v0.39.0
[INFO] [stderr]   Downloaded resvg v0.47.0
[INFO] [stderr]   Downloaded ssh-cipher v0.2.0
[INFO] [stderr]   Downloaded ssh-encoding v0.2.0
[INFO] [stderr]   Downloaded parley_data v0.10.0
[INFO] [stderr]   Downloaded fontsan-woff2 v0.1.1
[INFO] [stderr]   Downloaded service-binding v3.0.0
[INFO] [stderr]   Downloaded raunch v1.0.1
[INFO] [stderr]   Downloaded ar_archive_writer v0.5.3
[INFO] [stderr]   Downloaded hax-lib-macros-types v0.3.7
[INFO] [stderr]   Downloaded bcrypt-pbkdf v0.10.0
[INFO] [stderr]   Downloaded hpke-rs-crypto v0.7.0
[INFO] [stderr]   Downloaded libcrux-platform v0.0.3
[INFO] [stderr]   Downloaded libcrux-intrinsics v0.0.8
[INFO] [stderr]   Downloaded tokio_with_wasm_proc v0.9.0
[INFO] [stderr]   Downloaded smol_str v0.1.24
[INFO] [stderr]   Downloaded n0-error-macros v1.0.0
[INFO] [stderr]   Downloaded data-encoding-macro v0.1.21
[INFO] [stderr]   Downloaded hpke-rs-rust-crypto v0.7.0
[INFO] [stderr]   Downloaded rand_chacha v0.10.0
[INFO] [stderr]   Downloaded libcrux-traits v0.0.8
[INFO] [stderr]   Downloaded libcrux-secrets v0.0.6
[INFO] [stderr]   Downloaded hax-lib-macros v0.3.7
[INFO] [stderr]   Downloaded spez v0.1.2
[INFO] [stderr]   Downloaded ssh-agent-lib v0.6.0
[INFO] [stderr]   Downloaded tokio_with_wasm v0.9.0
[INFO] [stderr]   Downloaded data-encoding-macro-internal v0.1.19
[INFO] [stderr]   Downloaded crabgrind v0.2.6
[INFO] [stderr]   Downloaded mac-addr v0.3.0
[INFO] [stderr]   Downloaded objc2-security-foundation v0.3.2
[INFO] [stderr]   Downloaded iroh-metrics-derive v1.0.1
[INFO] [stderr]   Downloaded identity-hash v0.1.0
[INFO] [stderr]   Downloaded sorted-index-buffer v0.2.1
[INFO] [stderr]   Downloaded enum-assoc v1.4.1
[INFO] [stderr]   Downloaded async_io_stream v0.3.3
[INFO] [stderr]   Downloaded rancor v0.1.3
[INFO] [stderr]   Downloaded bytecheck v0.8.3
[INFO] [stderr]   Downloaded bytecheck_derive v0.8.3
[INFO] [stderr]   Downloaded poly1305 v0.9.1
[INFO] [stderr]   Downloaded hpke-rs v0.7.0
[INFO] [stderr]   Downloaded acto v0.8.2
[INFO] [stderr]   Downloaded diatomic-waker v0.2.3
[INFO] [stderr]   Downloaded iroh-base v1.1.0
[INFO] [stderr]   Downloaded irpc-derive v0.17.0
[INFO] [stderr]   Downloaded rend v0.5.4
[INFO] [stderr]   Downloaded ptr_meta v0.3.2
[INFO] [stderr]   Downloaded ptr_meta_derive v0.3.2
[INFO] [stderr]   Downloaded rayon-cond v0.3.0
[INFO] [stderr]   Downloaded safetensors v0.4.5
[INFO] [stderr]   Downloaded binary-merge v0.1.2
[INFO] [stderr]   Downloaded core-models v0.0.7
[INFO] [stderr]   Downloaded igd-next v0.17.1
[INFO] [stderr]   Downloaded inplace-vec-builder v0.1.1
[INFO] [stderr]   Downloaded h3-quinn v0.0.10
[INFO] [stderr]   Downloaded iroh-mdns-address-lookup v0.5.0
[INFO] [stderr]   Downloaded netlink-proto v0.12.2
[INFO] [stderr]   Downloaded netlink-packet-core v0.8.2
[INFO] [stderr]   Downloaded objc2-core-wlan v0.3.2
[INFO] [stderr]   Downloaded ws_stream_wasm v0.7.5
[INFO] [stderr]   Downloaded burn v0.22.0-pre.3
[INFO] [stderr]   Downloaded recasting v0.2.3
[INFO] [stderr]   Downloaded fastbloom v0.17.0
[INFO] [stderr]   Downloaded pharos v0.5.3
[INFO] [stderr]   Downloaded lru v0.18.2
[INFO] [stderr]   Downloaded md5 v0.8.1
[INFO] [stderr]   Downloaded genawaiter-proc-macro v0.99.1
[INFO] [stderr]   Downloaded nested_enum_utils v0.2.3
[INFO] [stderr]   Downloaded libcrux-sha3 v0.0.10
[INFO] [stderr]   Downloaded n0-watcher v1.0.0
[INFO] [stderr]   Downloaded n0-future v0.3.2
[INFO] [stderr]   Downloaded futures-buffered v0.2.13
[INFO] [stderr]   Downloaded spin v0.10.1
[INFO] [stderr]   Downloaded n0-error v1.0.0
[INFO] [stderr]   Downloaded rkyv_derive v0.8.18
[INFO] [stderr]   Downloaded usvg v0.47.0
[INFO] [stderr]   Downloaded iso8601 v0.6.5
[INFO] [stderr]   Downloaded embassy-time-driver v0.2.2
[INFO] [stderr]   Downloaded embassy-futures v0.1.2
[INFO] [stderr]   Downloaded syn-mid v0.5.4
[INFO] [stderr]   Downloaded portmapper v0.19.3
[INFO] [stderr]   Downloaded noq-udp v1.2.0
[INFO] [stderr]   Downloaded seize v0.5.1
[INFO] [stderr]   Downloaded inotify v0.11.5
[INFO] [stderr]   Downloaded mora v0.1.0
[INFO] [stderr]   Downloaded iroh-tickets v1.0.0
[INFO] [stderr]   Downloaded reflink-copy v0.1.30
[INFO] [stderr]   Downloaded range-collections v0.4.6
[INFO] [stderr]   Downloaded iroh-io v0.6.2
[INFO] [stderr]   Downloaded genawaiter v0.99.1
[INFO] [stderr]   Downloaded genawaiter-macro v0.99.1
[INFO] [stderr]   Downloaded sanitize-filename v0.6.0
[INFO] [stderr]   Downloaded constcat v0.6.1
[INFO] [stderr]   Downloaded cubecl-macros-internal v0.11.0-pre.3
[INFO] [stderr]   Downloaded once_vec v0.4.0
[INFO] [stderr]   Downloaded taffy v0.10.1
[INFO] [stderr]   Downloaded chacha20poly1305 v0.11.0
[INFO] [stderr]   Downloaded embassy-time v0.5.1
[INFO] [stderr]   Downloaded gemm-c32 v0.19.0
[INFO] [stderr]   Downloaded netwatch v0.19.3
[INFO] [stderr]   Downloaded plist v1.10.0
[INFO] [stderr]   Downloaded iroh-dns v1.1.0
[INFO] [stderr]   Downloaded moddef v0.3.0
[INFO] [stderr]   Downloaded derive-new v0.7.0
[INFO] [stderr]   Downloaded const_fn v0.4.12
[INFO] [stderr]   Downloaded tracel-llvm-bundler v22.1.4-6
[INFO] [stderr]   Downloaded gemm-f32 v0.19.0
[INFO] [stderr]   Downloaded gemm-f16 v0.19.0
[INFO] [stderr]   Downloaded gemm-c64 v0.19.0
[INFO] [stderr]   Downloaded proc-macro-error-attr v0.4.12
[INFO] [stderr]   Downloaded text_placeholder v0.5.1
[INFO] [stderr]   Downloaded bon v3.10.0
[INFO] [stderr]   Downloaded variadics_please v2.0.0
[INFO] [stderr]   Downloaded simple-dns v0.12.0
[INFO] [stderr]   Downloaded iroh-util v0.6.0
[INFO] [stderr]   Downloaded cubek v0.3.0-pre.3
[INFO] [stderr]   Downloaded atomic_float v1.1.0
[INFO] [stderr]   Downloaded safetensors v0.3.3
[INFO] [stderr]   Downloaded gemm v0.19.0
[INFO] [stderr]   Downloaded macerator-macros v0.2.0
[INFO] [stderr]   Downloaded burn-rocm v0.22.0-pre.3
[INFO] [stderr]   Downloaded x25519-dalek v3.0.0
[INFO] [stderr]   Downloaded ssh-key v0.6.7
[INFO] [stderr]   Downloaded burn-derive v0.22.0-pre.3
[INFO] [stderr]   Downloaded oneshot v0.2.1
[INFO] [stderr]   Downloaded buildid v1.0.5
[INFO] [stderr]   Downloaded wmi v0.18.4
[INFO] [stderr]   Downloaded utf8-chars v3.0.7
[INFO] [stderr]   Downloaded awint_macros v0.19.0
[INFO] [stderr]   Downloaded liblzma v0.4.8
[INFO] [stderr]   Downloaded burn-backend-extension v0.22.0-pre.3
[INFO] [stderr]   Downloaded iroh-metrics v1.0.1
[INFO] [stderr]   Downloaded papaya v0.2.5
[INFO] [stderr]   Downloaded ed25519-dalek v3.0.0
[INFO] [stderr]   Downloaded cordyceps v0.3.5
[INFO] [stderr]   Downloaded irpc v0.17.0
[INFO] [stderr]   Downloaded textdistance v1.1.1
[INFO] [stderr]   Downloaded safetensors v0.7.0
[INFO] [stderr]   Downloaded proc-macro-error v0.4.12
[INFO] [stderr]   Downloaded cubecl-zspace v0.11.0-pre.3
[INFO] [stderr]   Downloaded gemm-f64 v0.19.0
[INFO] [stderr]   Downloaded burn-pack v0.22.0-pre.3
[INFO] [stderr]   Downloaded bon-macros v3.10.0
[INFO] [stderr]   Downloaded netdev v0.46.1
[INFO] [stderr]   Downloaded xxhash-rust v0.8.18
[INFO] [stderr]   Downloaded cubek-std v0.3.0-pre.3
[INFO] [stderr]   Downloaded dyn-stack-macros v0.1.3
[INFO] [stderr]   Downloaded p521 v0.13.3
[INFO] [stderr]   Downloaded netdev v0.45.0
[INFO] [stderr]   Downloaded fancy-regex v0.13.0
[INFO] [stderr]   Downloaded linkme v0.3.37
[INFO] [stderr]   Downloaded linkme-impl v0.3.37
[INFO] [stderr]   Downloaded awint v0.19.0
[INFO] [stderr]   Downloaded awint_internals v0.19.0
[INFO] [stderr]   Downloaded enumset v1.1.14
[INFO] [stderr]   Downloaded enumset_derive v0.15.0
[INFO] [stderr]   Downloaded rsqlite-vfs v0.1.1
[INFO] [stderr]   Downloaded tynm v0.2.0
[INFO] [stderr]   Downloaded float4 v0.2.0
[INFO] [stderr]   Downloaded cubecl-opt v0.11.0-pre.3
[INFO] [stderr]   Downloaded burn-ir v0.22.0-pre.3
[INFO] [stderr]   Downloaded cubecl-llvm v0.11.0-pre.3
[INFO] [stderr]   Downloaded accesskit_atspi_common v0.18.1
[INFO] [stderr]   Downloaded accesskit_macos v0.26.3
[INFO] [stderr]   Downloaded awint_ext v0.19.0
[INFO] [stderr]   Downloaded spin v0.12.3
[INFO] [stderr]   Downloaded gemm-common v0.19.0
[INFO] [stderr]   Downloaded sysctl v0.6.0
[INFO] [stderr]   Downloaded dyn-stack v0.13.2
[INFO] [stderr]   Downloaded accesskit_unix v0.21.1
[INFO] [stderr]   Downloaded noq v1.2.0
[INFO] [stderr]   Downloaded hashlink v0.12.2
[INFO] [stderr]   Downloaded cubecl-common v0.11.0-pre.3
[INFO] [stderr]   Downloaded float8 v0.7.0
[INFO] [stderr]   Downloaded spin v0.11.1
[INFO] [stderr]   Downloaded cubek-quant v0.3.0-pre.3
[INFO] [stderr]   Downloaded cubek-pool v0.3.0-pre.3
[INFO] [stderr]   Downloaded burn-wgpu v0.22.0-pre.3
[INFO] [stderr]   Downloaded burn-cuda v0.22.0-pre.3
[INFO] [stderr]   Downloaded burn-cpu v0.22.0-pre.3
[INFO] [stderr]   Downloaded zbus_xml v5.2.1
[INFO] [stderr]   Downloaded accesskit_consumer v0.36.0
[INFO] [stderr]   Downloaded accesskit_consumer v0.38.0
[INFO] [stderr]   Downloaded macerator v0.3.4
[INFO] [stderr]   Downloaded cubecl v0.11.0-pre.3
[INFO] [stderr]   Downloaded internment v0.8.6
[INFO] [stderr]   Downloaded netrender-vello v0.10.0
[INFO] [stderr]   Downloaded cubek-random v0.3.0-pre.3
[INFO] [stderr]   Downloaded awint_dag v0.19.0
[INFO] [stderr]   Downloaded stable-vec v0.4.3
[INFO] [stderr]   Downloaded iroh-gossip v0.101.0
[INFO] [stderr]   Downloaded pliron-derive v0.17.0
[INFO] [stderr]   Downloaded awint_core v0.19.0
[INFO] [stderr]   Downloaded cubecl-hip v0.11.0-pre.3
[INFO] [stderr]   Downloaded burn-tch v0.22.0-pre.3
[INFO] [stderr]   Downloaded cbor-core v0.10.1
[INFO] [stderr]   Downloaded iroh-relay v1.1.0
[INFO] [stderr]   Downloaded jsonschema v0.18.3
[INFO] [stderr]   Downloaded light-file-dialog v3.21.3
[INFO] [stderr]   Downloaded awint_macro_internals v0.19.0
[INFO] [stderr]   Downloaded cubek-interpolate v0.3.0-pre.3
[INFO] [stderr]   Downloaded cubek-fft v0.3.0-pre.3
[INFO] [stderr]   Downloaded burn-optim v0.22.0-pre.3
[INFO] [stderr]   Downloaded tokenizers v0.20.4
[INFO] [stderr]   Downloaded hi_sparse_bitset v0.9.0
[INFO] [stderr]   Downloaded cubecl-cuda v0.11.0-pre.3
[INFO] [stderr]   Downloaded redb v2.6.3
[INFO] [stderr]   Downloaded ractor v0.16.5
[INFO] [stderr]   Downloaded cubecl-cpu v0.11.0-pre.3
[INFO] [stderr]   Downloaded llvm-sys v221.1.0
[INFO] [stderr]   Downloaded cubek-convolution v0.3.0-pre.3
[INFO] [stderr]   Downloaded burn-dispatch v0.22.0-pre.3
[INFO] [stderr]   Downloaded fontsan v0.7.0
[INFO] [stderr]   Downloaded rkyv v0.8.18
[INFO] [stderr]   Downloaded taffy v0.11.0-experimental-cache-fix.3
[INFO] [stderr]   Downloaded cubecl-wgpu v0.11.0-pre.3
[INFO] [stderr]   Downloaded rustc_apfloat v0.2.3+llvm-462a31f5a5ab
[INFO] [stderr]   Downloaded cubecl-ir v0.11.0-pre.3
[INFO] [stderr]   Downloaded cubecl-macros v0.11.0-pre.3
[INFO] [stderr]   Downloaded cubecl-cpp v0.11.0-pre.3
[INFO] [stderr]   Downloaded cubecl-std v0.11.0-pre.3
[INFO] [stderr]   Downloaded burn-std v0.22.0-pre.3
[INFO] [stderr]   Downloaded burn-backend v0.22.0-pre.3
[INFO] [stderr]   Downloaded cubek-reduce v0.3.0-pre.3
[INFO] [stderr]   Downloaded cubek-attention v0.3.0-pre.3
[INFO] [stderr]   Downloaded burn-autodiff v0.22.0-pre.3
[INFO] [stderr]   Downloaded h3 v0.0.8
[INFO] [stderr]   Downloaded unsynn v0.3.0
[INFO] [stderr]   Downloaded async-compression v0.4.43
[INFO] [stderr]   Downloaded burn-nn v0.22.0-pre.3
[INFO] [stderr]   Downloaded harfrust v0.8.4
[INFO] [stderr]   Downloaded burn-vision v0.22.0-pre.3
[INFO] [stderr]   Downloaded cubecl-environment v0.11.0-pre.3
[INFO] [stderr]   Downloaded pliron-llvm v0.17.0
[INFO] [stderr]   Downloaded burn-cubecl v0.22.0-pre.3
[INFO] [stderr]   Downloaded burn-fusion v0.22.0-pre.3
[INFO] [stderr]   Downloaded burn-cubecl-fusion v0.22.0-pre.3
[INFO] [stderr]   Downloaded burn-ndarray v0.22.0-pre.3
[INFO] [stderr]   Downloaded psl v2.1.226
[INFO] [stderr]   Downloaded triple_arena v0.15.1
[INFO] [stderr]   Downloaded burn-core v0.22.0-pre.3
[INFO] [stderr]   Downloaded rusqlite v0.40.2
[INFO] [stderr]   Downloaded burn-tensor v0.22.0-pre.3
[INFO] [stderr]   Downloaded cubecl-core v0.11.0-pre.3
[INFO] [stderr]   Downloaded wide v1.7.1
[INFO] [stderr]   Downloaded torch-sys v0.22.0
[INFO] [stderr]   Downloaded cubek-matmul v0.3.0-pre.3
[INFO] [stderr]   Downloaded hax-lib v0.3.7
[INFO] [stderr]   Downloaded netlink-packet-route v0.31.0
[INFO] [stderr]   Downloaded moka v0.12.16
[INFO] [stderr]   Downloaded cubecl-runtime v0.11.0-pre.3
[INFO] [stderr]   Downloaded burn-store v0.22.0-pre.3
[INFO] [stderr]   Downloaded bao-tree v0.16.0
[INFO] [stderr]   Downloaded cubek-tile v0.3.0-pre.3
[INFO] [stderr]   Downloaded iroh-blobs v0.103.0
[INFO] [stderr]   Downloaded burn-flex v0.22.0-pre.3
[INFO] [stderr]   Downloaded curve25519-dalek v5.0.0
[INFO] [stderr]   Downloaded pliron v0.17.0
[INFO] [stderr]   Downloaded cudarc v0.19.9
[INFO] [stderr]   Downloaded rhai v1.26.0
[INFO] [stderr]   Downloaded iroh v1.1.0
[INFO] [stderr]   Downloaded tokio-websockets v0.13.3
[INFO] [stderr]   Downloaded redb v4.2.0
[INFO] [stderr]   Downloaded cubecl-hip-sys v7.14.6085000
[INFO] [stderr]   Downloaded noq-proto v1.2.0
[INFO] [stderr]   Downloaded positioned-io v0.3.5
[INFO] [stderr]   Downloaded tikv-jemalloc-sys v0.6.1+5.3.0-1-ge13ca993e8ccb9ba9847cc330696e02839f328f7
[INFO] [stderr]   Downloaded libz-sys v1.1.29
[INFO] [stderr]   Downloaded liblzma-sys v0.4.9
[INFO] [stderr]   Downloaded libsqlite3-sys v0.38.2
[INFO] [stderr]   Downloaded sqlite-wasm-rs v0.5.5
[INFO] [stderr]   Downloaded tch v0.22.0
[INFO] running `Command { std: "docker" "create" "-v" "/var/lib/crater-agent-workspace/builds/worker-1-tc2/source:/opt/rustwide/workdir:ro,Z" "-v" "/var/lib/crater-agent-workspace/builds/worker-1-tc2/target:/opt/rustwide/target:rw,Z" "-v" "/var/lib/crater-agent-workspace/cargo-home:/opt/rustwide/cargo-home:ro,Z" "-v" "/var/lib/crater-agent-workspace/rustup-home:/opt/rustwide/rustup-home:ro,Z" "-m" "1610612736" "--network" "none" "ghcr.io/rust-lang/crates-build-env/linux@sha256:8683fc1fc2eb5c9ac98e0d076ab094b2ffac7f99da555d2b6a2e27f346de2ec7" "sleep" "infinity", kill_on_drop: false }`
[INFO] [stdout] fe8eeaca18afc375c015a459b0842b1cb99023c9cbb0f1c62bbdbfc926499940
[INFO] running `Command { std: "docker" "start" "fe8eeaca18afc375c015a459b0842b1cb99023c9cbb0f1c62bbdbfc926499940", kill_on_drop: false }`
[INFO] running `Command { std: "docker" "inspect" "fe8eeaca18afc375c015a459b0842b1cb99023c9cbb0f1c62bbdbfc926499940", kill_on_drop: false }`
[INFO] running `Command { std: "docker" "exec" "-e" "SOURCE_DIR=/opt/rustwide/workdir" "-e" "CARGO_HOME=/opt/rustwide/cargo-home" "-e" "RUSTUP_HOME=/opt/rustwide/rustup-home" "-e" "CARGO_TARGET_DIR=/opt/rustwide/target" "-w" "/opt/rustwide/workdir" "--user" "0:0" "fe8eeaca18afc375c015a459b0842b1cb99023c9cbb0f1c62bbdbfc926499940" "/opt/rustwide/cargo-home/bin/cargo" "+a621e2b446eafb53c7a8569f225e0b8cc2429a68" "metadata" "--no-deps" "--format-version=1", kill_on_drop: false }`
[INFO] running `Command { std: "docker" "inspect" "fe8eeaca18afc375c015a459b0842b1cb99023c9cbb0f1c62bbdbfc926499940", kill_on_drop: false }`
[INFO] running `Command { std: "docker" "exec" "-e" "SOURCE_DIR=/opt/rustwide/workdir" "-e" "CARGO_HOME=/opt/rustwide/cargo-home" "-e" "RUSTUP_HOME=/opt/rustwide/rustup-home" "-e" "CARGO_TARGET_DIR=/opt/rustwide/target" "-e" "CARGO_INCREMENTAL=0" "-e" "RUST_BACKTRACE=full" "-e" "RUSTFLAGS=--cap-lints=forbid" "-e" "RUSTDOCFLAGS=--cap-lints=forbid" "-w" "/opt/rustwide/workdir" "--user" "0:0" "fe8eeaca18afc375c015a459b0842b1cb99023c9cbb0f1c62bbdbfc926499940" "/opt/rustwide/cargo-home/bin/cargo" "+a621e2b446eafb53c7a8569f225e0b8cc2429a68" "check" "--frozen" "--all" "--all-targets" "--message-format=json", kill_on_drop: false }`
[INFO] [stderr] warning: unused workspace dependency `genet-host-api`
[INFO] [stderr]    --> Cargo.toml:126:25
[INFO] [stderr]     |
[INFO] [stderr] 126 | [workspace.dependencies.genet-host-api]
[INFO] [stderr]     |                         ^^^^^^^^^^^^^^
[INFO] [stderr]     |
[INFO] [stderr]     = note: `cargo::unused_workspace_dependencies` is set to `warn` by default
[INFO] [stderr] help: consider removing the workspace dependency `genet-host-api`
[INFO] [stderr] warning: unused workspace dependency `illume`
[INFO] [stderr]    --> Cargo.toml:153:25
[INFO] [stderr]     |
[INFO] [stderr] 153 | [workspace.dependencies.illume]
[INFO] [stderr]     |                         ^^^^^^
[INFO] [stderr]     |
[INFO] [stderr] help: consider removing the workspace dependency `illume`
[INFO] [stderr] warning: unused workspace dependency `knot-editor-host`
[INFO] [stderr]    --> Cargo.toml:170:25
[INFO] [stderr]     |
[INFO] [stderr] 170 | [workspace.dependencies.knot-editor-host]
[INFO] [stderr]     |                         ^^^^^^^^^^^^^^^^
[INFO] [stderr]     |
[INFO] [stderr] help: consider removing the workspace dependency `knot-editor-host`
[INFO] [stderr] warning: workspace (manifest) generated 3 warnings
[INFO] [stderr] warning: missing `[lints]` to inherit `[workspace.lints]`
[INFO] [stderr]   --> crates/knot-capture/Cargo.toml
[INFO] [stderr]    = note: `cargo::missing_lints_inheritance` is set to `warn` by default
[INFO] [stderr] help: to inherit `workspace.lints, add:
[INFO] [stderr]    |
[INFO] [stderr]  9 ~ knot-file-catalog.workspace = true
[INFO] [stderr] 10 + [lints]
[INFO] [stderr] 11 + workspace = true
[INFO] [stderr]    |
[INFO] [stderr] help: to clarify your intent to not inherit, add:
[INFO] [stderr]    |
[INFO] [stderr]  9 ~ knot-file-catalog.workspace = true
[INFO] [stderr] 10 + [lints]
[INFO] [stderr]    |
[INFO] [stderr] warning: `knot-capture` (manifest) generated 1 warning
[INFO] [stderr] warning: binary `knot_endpoint` should have a kebab-case name
[INFO] [stderr]    |
[INFO] [stderr]  1 | /opt/rustwide/target/.../knot_endpoint
[INFO] [stderr]    |                          ^^^^^^^^^^^^^
[INFO] [stderr]    |
[INFO] [stderr]    = note: `cargo::non_kebab_case_bins` is set to `warn` by default
[INFO] [stderr] help: to change the binary name to `knot-endpoint`, convert `bin.name`
[INFO] [stderr]   --> crates/knot-editor/Cargo.toml:11:8
[INFO] [stderr]    |
[INFO] [stderr] 11 - name = "knot_endpoint"
[INFO] [stderr] 11 + name = "knot-endpoint"
[INFO] [stderr]    |
[INFO] [stderr] warning: binary `knot_sync_host` should have a kebab-case name
[INFO] [stderr]    |
[INFO] [stderr]  1 | /opt/rustwide/target/.../knot_sync_host
[INFO] [stderr]    |                          ^^^^^^^^^^^^^^
[INFO] [stderr]    |
[INFO] [stderr] help: to change the binary name to `knot-sync-host`, convert `bin.name`
[INFO] [stderr]   --> crates/knot-editor/Cargo.toml:15:8
[INFO] [stderr]    |
[INFO] [stderr] 15 - name = "knot_sync_host"
[INFO] [stderr] 15 + name = "knot-sync-host"
[INFO] [stderr]    |
[INFO] [stderr] warning: `knot-editor` (manifest) generated 2 warnings
[INFO] [stderr] warning: patch `p2panda-stream v0.7.1 (https://github.com/mark-ik/p2panda.git?tag=mere-p2panda-net-0.7.4#0a54ab82)` was not used in the crate graph
[INFO] [stderr] help: Check that the patched package version and available features are compatible
[INFO] [stderr]       with the dependency requirements. If the patch has a different version from
[INFO] [stderr]       what is locked in the Cargo.lock file, run `cargo update` to use the new
[INFO] [stderr]       version. This may also occur with an optional dependency that is not enabled.
[INFO] [stderr]    Compiling proc-macro2 v1.0.107
[INFO] [stderr]    Compiling quote v1.0.47
[INFO] [stderr]    Compiling libc v0.2.189
[INFO] [stderr]    Compiling serde_core v1.0.229
[INFO] [stderr]    Compiling serde v1.0.229
[INFO] [stderr]     Checking log v0.4.34
[INFO] [stderr]    Compiling find-msvc-tools v0.1.11
[INFO] [stderr]    Compiling portable-atomic v1.15.0
[INFO] [stderr]     Checking critical-section v1.2.0
[INFO] [stderr]     Checking subtle v2.6.1
[INFO] [stderr]     Checking arrayvec v0.7.8
[INFO] [stderr]     Checking stable_deref_trait v1.2.1
[INFO] [stderr]    Compiling num-traits v0.2.19
[INFO] [stderr]     Checking futures-core v0.3.34
[INFO] [stderr]    Compiling thiserror v2.0.20
[INFO] [stderr]    Compiling cfg_aliases v0.2.2
[INFO] [stderr]     Checking hybrid-array v0.4.14
[INFO] [stderr]     Checking writeable v0.6.4
[INFO] [stderr]     Checking litemap v0.8.3
[INFO] [stderr]     Checking futures-io v0.3.34
[INFO] [stderr]    Compiling syn v3.0.4
[INFO] [stderr]    Compiling syn v2.0.119
[INFO] [stderr]    Compiling semver v1.0.28
[INFO] [stderr]    Compiling icu_properties_data v2.3.0
[INFO] [stderr]    Compiling rustc_version v0.4.1
[INFO] [stderr]     Checking hashbrown v0.17.1
[INFO] [stderr]    Compiling icu_normalizer_data v2.3.0
[INFO] [stderr]     Checking block-buffer v0.12.1
[INFO] [stderr]     Checking getrandom v0.4.3
[INFO] [stderr]    Compiling jobserver v0.1.35
[INFO] [stderr]     Checking socket2 v0.6.5
[INFO] [stderr]     Checking mio v1.2.2
[INFO] [stderr]     Checking getrandom v0.2.17
[INFO] [stderr]     Checking crypto-common v0.2.2
[INFO] [stderr]    Compiling cc v1.4.4
[INFO] [stderr]    Compiling zerocopy v0.8.56
[INFO] [stderr]     Checking sha1_smol v1.0.1
[INFO] [stderr]    Compiling crossbeam-utils v0.8.22
[INFO] [stderr]     Checking indexmap v2.14.0
[INFO] [stderr]     Checking futures-sink v0.3.34
[INFO] [stderr]     Checking futures-channel v0.3.34
[INFO] [stderr]     Checking futures-task v0.3.34
[INFO] [stderr]    Compiling pkg-config v0.3.34
[INFO] [stderr]     Checking block-padding v0.4.2
[INFO] [stderr]    Compiling zmij v1.0.23
[INFO] [stderr]     Checking inout v0.2.2
[INFO] [stderr]    Compiling time-core v0.1.9
[INFO] [stderr]    Compiling serde_json v1.0.151
[INFO] [stderr]     Checking bitflags v2.13.1
[INFO] [stderr]     Checking uuid v1.25.0
[INFO] [stderr]    Compiling time-macros v0.2.32
[INFO] [stderr]     Checking deranged v0.5.8
[INFO] [stderr]    Compiling ring v0.17.14
[INFO] [stderr]    Compiling blake3 v1.8.7
[INFO] [stderr]    Compiling rustix v1.1.4
[INFO] [stderr]     Checking ctutils v0.4.2
[INFO] [stderr]     Checking cipher v0.5.2
[INFO] [stderr]     Checking linux-raw-sys v0.12.1
[INFO] [stderr]     Checking constant_time_eq v0.4.2
[INFO] [stderr]     Checking time v0.3.55
[INFO] [stderr]     Checking fastrand v2.5.0
[INFO] [stderr]    Compiling winnow v1.0.4
[INFO] [stderr]    Compiling synstructure v0.13.2
[INFO] [stderr]    Compiling toml_datetime v1.1.1+spec-1.1.0
[INFO] [stderr]     Checking digest v0.11.3
[INFO] [stderr]    Compiling unicode-xid v0.2.6
[INFO] [stderr]    Compiling rustls v0.23.43
[INFO] [stderr]     Checking base64ct v1.8.3
[INFO] [stderr]    Compiling phf_generator v0.13.1
[INFO] [stderr]     Checking rustc-hash v2.1.3
[INFO] [stderr]    Compiling memchr v2.8.3
[INFO] [stderr]     Checking sha2 v0.11.0
[INFO] [stderr]    Compiling toml_parser v1.1.3+spec-1.1.0
[INFO] [stderr]    Compiling serde_derive v1.0.229
[INFO] [stderr]    Compiling zeroize_derive v1.5.0
[INFO] [stderr]    Compiling thiserror-impl v2.0.20
[INFO] [stderr]    Compiling tokio-macros v2.7.2
[INFO] [stderr]    Compiling zerofrom-derive v0.1.7
[INFO] [stderr]     Checking zeroize v1.9.0
[INFO] [stderr]    Compiling yoke-derive v0.8.2
[INFO] [stderr]     Checking generic-array v0.14.7
[INFO] [stderr]    Compiling zerovec-derive v0.11.6
[INFO] [stderr]     Checking crypto-common v0.1.7
[INFO] [stderr]    Compiling displaydoc v0.2.7
[INFO] [stderr]    Compiling tracing-attributes v0.1.31
[INFO] [stderr]    Compiling zerocopy-derive v0.8.56
[INFO] [stderr]     Checking block-buffer v0.10.4
[INFO] [stderr]     Checking digest v0.10.7
[INFO] [stderr]     Checking zerofrom v0.1.8
[INFO] [stderr]    Compiling futures-macro v0.3.34
[INFO] [stderr]     Checking yoke v0.8.3
[INFO] [stderr]    Compiling bytemuck_derive v1.12.0
[INFO] [stderr]     Checking rustls-pki-types v1.15.1
[INFO] [stderr]     Checking zerovec v0.11.8
[INFO] [stderr]     Checking zerotrie v0.2.5
[INFO] [stderr]     Checking futures-util v0.3.34
[INFO] [stderr]     Checking sha2 v0.10.9
[INFO] [stderr]    Compiling derive_more-impl v2.1.1
[INFO] [stderr]     Checking rustls-webpki v0.103.15
[INFO] [stderr]     Checking bytemuck v1.25.2
[INFO] [stderr]    Compiling curve25519-dalek-derive v0.1.1
[INFO] [stderr]    Compiling async-trait v0.1.92
[INFO] [stderr]     Checking tinystr v0.8.4
[INFO] [stderr]     Checking potential_utf v0.1.6
[INFO] [stderr]     Checking icu_collections v2.3.0
[INFO] [stderr]     Checking icu_locale_core v2.3.0
[INFO] [stderr]    Compiling heapless v0.7.17
[INFO] [stderr]    Compiling anyhow v1.0.104
[INFO] [stderr]     Checking hash32 v0.2.1
[INFO] [stderr]     Checking smallvec v1.15.2
[INFO] [stderr]     Checking bytes v1.12.1
[INFO] [stderr]     Checking lock_api v0.4.14
[INFO] [stderr]     Checking parking_lot_core v0.9.12
[INFO] [stderr]     Checking spin v0.9.9
[INFO] [stderr]     Checking parking_lot v0.12.5
[INFO] [stderr]     Checking tokio v1.53.1
[INFO] [stderr]     Checking http v1.5.0
[INFO] [stderr]     Checking once_cell v1.21.4
[INFO] [stderr]     Checking icu_provider v2.3.1
[INFO] [stderr]     Checking tracing-core v0.1.36
[INFO] [stderr]     Checking tracing v0.1.44
[INFO] [stderr]     Checking icu_properties v2.3.0
[INFO] [stderr]     Checking icu_normalizer v2.3.0
[INFO] [stderr]    Compiling crc32fast v1.5.1
[INFO] [stderr]     Checking simd-adler32 v0.3.10
[INFO] [stderr]     Checking euclid v0.22.14
[INFO] [stderr]     Checking cobs v0.3.0
[INFO] [stderr]    Compiling toml_edit v0.25.13+spec-1.1.0
[INFO] [stderr]    Compiling postcard-derive v0.2.2
[INFO] [stderr]     Checking idna_adapter v1.2.2
[INFO] [stderr]     Checking idna v1.1.0
[INFO] [stderr]     Checking chacha20 v0.10.1
[INFO] [stderr]     Checking url v2.5.8
[INFO] [stderr]     Checking crossbeam-channel v0.5.16
[INFO] [stderr]     Checking phf_shared v0.13.1
[INFO] [stderr]     Checking aho-corasick v1.1.5
[INFO] [stderr]     Checking miniz_oxide v0.8.9
[INFO] [stderr]    Compiling proc-macro-crate v3.5.0
[INFO] [stderr]     Checking derive_more v2.1.1
[INFO] [stderr]     Checking postcard v1.1.3
[INFO] [stderr]    Compiling phf_macros v0.13.1
[INFO] [stderr]     Checking pem-rfc7468 v1.0.0
[INFO] [stderr]     Checking futures-lite v2.6.1
[INFO] [stderr]    Compiling phf_codegen v0.13.1
[INFO] [stderr]     Checking flate2 v1.1.9
[INFO] [stderr]     Checking rand_core v0.6.4
[INFO] [stderr]     Checking der v0.8.1
[INFO] [stderr]     Checking getrandom v0.3.4
[INFO] [stderr]     Checking phf v0.13.1
[INFO] [stderr]    Compiling curve25519-dalek v5.0.0
[INFO] [stderr]     Checking num-integer v0.1.47
[INFO] [stderr]     Checking polycool v0.4.0
[INFO] [stderr]     Checking regex-automata v0.4.18
[INFO] [stderr]    Compiling slotmap v1.1.1
[INFO] [stderr]     Checking serdect v0.4.3
[INFO] [stderr]     Checking signature v3.0.0
[INFO] [stderr]     Checking kurbo v0.13.1
[INFO] [stderr]     Checking dlib v0.5.3
[INFO] [stderr]     Checking either v1.18.0
[INFO] [stderr]     Checking tokio-rustls v0.26.4
[INFO] [stderr]     Checking tokio-util v0.7.19
[INFO] [stderr]    Compiling crossbeam-epoch v0.9.20
[INFO] [stderr]     Checking rand v0.10.2
[INFO] [stderr]     Checking fdeflate v0.3.7
[INFO] [stderr]     Checking spki v0.8.0
[INFO] [stderr]     Checking block-padding v0.3.3
[INFO] [stderr]    Compiling string_cache_codegen v0.6.1
[INFO] [stderr]     Checking pkcs8 v0.11.0
[INFO] [stderr]     Checking ed25519 v3.0.0
[INFO] [stderr]     Checking inout v0.1.4
[INFO] [stderr]     Checking png v0.18.1
[INFO] [stderr]     Checking cipher v0.4.4
[INFO] [stderr]     Checking string_cache v0.9.0
[INFO] [stderr]     Checking memmap2 v0.9.11
[INFO] [stderr]     Checking core_maths v0.1.1
[INFO] [stderr]     Checking ed25519-dalek v3.0.0
[INFO] [stderr]     Checking linebender_resource_handle v0.1.1
[INFO] [stderr]     Checking float-cmp v0.9.0
[INFO] [stderr]     Checking ttf-parser v0.25.1
[INFO] [stderr]    Compiling web_atoms v0.2.6
[INFO] [stderr]     Checking tendril v0.5.1
[INFO] [stderr]     Checking strict-num v0.1.1
[INFO] [stderr]     Checking hex v0.4.3
[INFO] [stderr]    Compiling thiserror-impl v1.0.69
[INFO] [stderr]     Checking grid v1.0.1
[INFO] [stderr]     Checking ppv-lite86 v0.2.21
[INFO] [stderr]     Checking font-types v0.12.4
[INFO] [stderr]     Checking universal-hash v0.5.1
[INFO] [stderr]    Compiling crunchy v0.2.4
[INFO] [stderr]    Compiling enumn v0.1.14
[INFO] [stderr]     Checking svg_fmt v0.4.5
[INFO] [stderr]     Checking dtoa v1.0.11
[INFO] [stderr]     Checking color v0.3.3
[INFO] [stderr]    Compiling tiny-keccak v2.0.2
[INFO] [stderr]     Checking dtoa-short v0.3.5
[INFO] [stderr]     Checking guillotiere v0.7.0
[INFO] [stderr]     Checking read-fonts v0.41.0
[INFO] [stderr]     Checking accesskit v0.24.1
[INFO] [stderr]    Compiling selectors v0.39.0
[INFO] [stderr]     Checking peniko v0.6.1
[INFO] [stderr]     Checking markup5ever v0.39.0
[INFO] [stderr]    Compiling cssparser-macros v0.7.0
[INFO] [stderr]     Checking thiserror v1.0.69
[INFO] [stderr]     Checking quick-error v2.0.1
[INFO] [stderr]     Checking polyval v0.6.2
[INFO] [stderr]     Checking regex v1.13.1
[INFO] [stderr]     Checking sceno v0.0.4 (https://github.com/merely-made/mere.git?rev=ca798151c74158d706ee825d8e2475934533eda7#ca798151)
[INFO] [stderr]     Checking cssparser v0.37.0
[INFO] [stderr]     Checking servo_arc v0.4.3
[INFO] [stderr]     Checking rgb v0.8.53
[INFO] [stderr]     Checking aead v0.5.2
[INFO] [stderr]    Compiling tikv-jemalloc-sys v0.6.1+5.3.0-1-ge13ca993e8ccb9ba9847cc330696e02839f328f7
[INFO] [stderr]     Checking roxmltree v0.20.0
[INFO] [stderr]     Checking color_quant v1.1.0
[INFO] [stderr]     Checking zune-core v0.5.3
[INFO] [stderr]     Checking weezl v0.1.12
[INFO] [stderr]     Checking zune-jpeg v0.5.15
[INFO] [stderr]     Checking fontconfig-parser v0.5.8
[INFO] [stderr]     Checking gif v0.14.2
[INFO] [stderr]     Checking image-webp v0.2.4
[INFO] [stderr]    Compiling const-random-macro v0.1.16
[INFO] [stderr]     Checking ghash v0.5.1
[INFO] [stderr]     Checking tiny-skia-path v0.12.0
[INFO] [stderr]     Checking ctr v0.9.2
[INFO] [stderr]     Checking aes v0.8.4
[INFO] [stderr]     Checking num-bigint v0.4.8
[INFO] [stderr]    Compiling ahash v0.8.12
[INFO] [stderr]     Checking unicode-properties v0.1.4
[INFO] [stderr]     Checking data-url v0.3.2
[INFO] [stderr]     Checking unicode-script v0.5.8
[INFO] [stderr]     Checking thin-vec v0.2.19
[INFO] [stderr]     Checking unicode-bidi v0.3.18
[INFO] [stderr]     Checking unicode-bidi-mirroring v0.4.0
[INFO] [stderr]     Checking unicode-ccc v0.4.0
[INFO] [stderr]     Checking aes-gcm v0.10.3
[INFO] [stderr]     Checking rustybuzz v0.20.1
[INFO] [stderr]     Checking const-random v0.1.18
[INFO] [stderr]     Checking fontdb v0.23.0
[INFO] [stderr]     Checking layout-dom-api v0.1.1 (https://github.com/merely-made/genet.git?rev=5ae30cad0ea421085a52dc9f86ead53028f0592d#5ae30cad)
[INFO] [stderr]     Checking svgtypes v0.16.1
[INFO] [stderr]     Checking ipnet v2.12.1
[INFO] [stderr]     Checking der v0.7.10
[INFO] [stderr]     Checking roxmltree v0.21.1
[INFO] [stderr]     Checking simplecss v0.2.2
[INFO] [stderr]     Checking imagesize v0.14.0
[INFO] [stderr]     Checking unicode-vo v0.1.0
[INFO] [stderr]     Checking xmlwriter v0.1.0
[INFO] [stderr]     Checking pico-args v0.5.0
[INFO] [stderr]     Checking num-rational v0.4.2
[INFO] [stderr]     Checking petgraph v0.8.3
[INFO] [stderr]     Checking tiny-skia v0.12.0
[INFO] [stderr]     Checking app_units v0.7.8
[INFO] [stderr]     Checking smallbitvec v2.6.1
[INFO] [stderr]    Compiling redb v2.6.3
[INFO] [stderr]     Checking stylo_malloc_size_of v0.19.0
[INFO] [stderr]     Checking urlpattern v0.3.0
[INFO] [stderr]     Checking keyboard-types v0.8.3
[INFO] [stderr]     Checking content-security-policy v0.8.2
[INFO] [stderr]     Checking taffy v0.10.1
[INFO] [stderr]     Checking ipc-channel v0.22.0 (https://github.com/merely-made/genet.git?rev=5ae30cad0ea421085a52dc9f86ead53028f0592d#5ae30cad)
[INFO] [stderr]     Checking gethostname v1.1.0
[INFO] [stderr]    Compiling profiling-procmacros v1.0.18
[INFO] [stderr]     Checking nom v8.0.0
[INFO] [stderr]     Checking usvg v0.47.0
[INFO] [stderr]     Checking atomic_refcell v0.1.14
[INFO] [stderr]     Checking profiling v1.0.18
[INFO] [stderr]     Checking xml5ever v0.39.0
[INFO] [stderr]     Checking html5ever v0.39.0
[INFO] [stderr]     Checking rand_chacha v0.3.1
[INFO] [stderr]     Checking paint_list_api v0.1.2 (https://github.com/merely-made/netrender.git?rev=3961aca919f707ab09a786379eb4ce8bb121258e#3961aca9)
[INFO] [stderr]     Checking futures-executor v0.3.34
[INFO] [stderr]     Checking hmac v0.12.1
[INFO] [stderr]     Checking skrifa v0.44.0
[INFO] [stderr]    Compiling malloc_size_of_derive v0.1.3
[INFO] [stderr]    Compiling regex-syntax v0.8.11
[INFO] [stderr]     Checking resvg v0.47.0
[INFO] [stderr]     Checking data-encoding v2.11.1
[INFO] [stderr]     Checking futures v0.3.34
[INFO] [stderr]     Checking genet-static-dom v0.1.1 (https://github.com/merely-made/genet.git?rev=5ae30cad0ea421085a52dc9f86ead53028f0592d#5ae30cad)
[INFO] [stderr]     Checking rand v0.8.8
[INFO] [stderr]     Checking h2 v0.4.19
[INFO] [stderr]     Checking muniment v0.1.2 (https://github.com/merely-made/mere.git?rev=ca798151c74158d706ee825d8e2475934533eda7#ca798151)
[INFO] [stderr]     Checking ff v0.13.1
[INFO] [stderr]     Checking rustls-native-certs v0.8.4
[INFO] [stderr]     Checking alloc-stdlib v0.2.4
[INFO] [stderr]     Checking group v0.13.0
[INFO] [stderr]     Checking sec1 v0.7.3
[INFO] [stderr]     Checking hkdf v0.12.4
[INFO] [stderr]     Checking spki v0.7.3
[INFO] [stderr]     Checking signature v2.2.0
[INFO] [stderr]     Checking crypto-bigint v0.5.5
[INFO] [stderr]     Checking http-body v1.1.0
[INFO] [stderr]     Checking document-session-api v0.1.0 (https://github.com/merely-made/genet.git?rev=5ae30cad0ea421085a52dc9f86ead53028f0592d#5ae30cad)
[INFO] [stderr]    Compiling pin-project-internal v1.1.13
[INFO] [stderr]     Checking serde_bytes v0.11.19
[INFO] [stderr]     Checking simdutf8 v0.1.5
[INFO] [stderr]     Checking pollster v0.4.0
[INFO] [stderr]     Checking pin-project v1.1.13
[INFO] [stderr]     Checking vello_encoding v0.10.0 (https://github.com/mark-ik/vello.git?tag=vello-0.10.0#4354955e)
[INFO] [stderr]     Checking brotli-decompressor v5.0.3
[INFO] [stderr]     Checking rustls-platform-verifier v0.7.0
[INFO] [stderr]    Compiling spez v0.1.2
[INFO] [stderr]    Compiling n0-error-macros v1.0.0
[INFO] [stderr]     Checking jotdown v0.10.0
[INFO] [stderr]     Checking workbench v0.1.0 (https://github.com/merely-made/mere.git?rev=ca798151c74158d706ee825d8e2475934533eda7#ca798151)
[INFO] [stderr]     Checking elliptic-curve v0.13.8
[INFO] [stderr]     Checking vello v0.10.0 (https://github.com/mark-ik/vello.git?tag=vello-0.10.0#4354955e)
[INFO] [stderr]    Compiling strum_macros v0.28.0
[INFO] [stderr]     Checking fastbloom v0.17.0
[INFO] [stderr]     Checking lazy_static v1.5.0
[INFO] [stderr]     Checking n0-error v1.0.0
[INFO] [stderr]     Checking yasna v0.5.2
[INFO] [stderr]    Compiling curve25519-dalek v4.1.3
[INFO] [stderr]     Checking rand_pcg v0.10.2
[INFO] [stderr]     Checking lru-slab v0.1.2
[INFO] [stderr]    Compiling crossbeam-deque v0.8.7
[INFO] [stderr]     Checking anymore v1.0.0
[INFO] [stderr]     Checking meristem v0.2.0 (https://github.com/merely-made/mere.git?rev=ca798151c74158d706ee825d8e2475934533eda7#ca798151)
[INFO] [stderr]     Checking sprigging v0.2.1 (https://github.com/merely-made/mere.git?rev=ca798151c74158d706ee825d8e2475934533eda7#ca798151)
[INFO] [stderr]     Checking mere-surface-api v0.1.0 (https://github.com/merely-made/mere.git?rev=ca798151c74158d706ee825d8e2475934533eda7#ca798151)
[INFO] [stderr]     Checking rfc6979 v0.4.0
[INFO] [stderr]     Checking gemini-protocol v0.1.7 (https://github.com/merely-made/smolweb.git?rev=882baeb1b59bbdbb305e475f6675f69af997c4f4#882baeb1)
[INFO] [stderr]     Checking num-iter v0.1.46
[INFO] [stderr]     Checking tinct v0.1.2 (https://github.com/merely-made/mere.git?rev=ca798151c74158d706ee825d8e2475934533eda7#ca798151)
[INFO] [stderr]     Checking rcgen v0.13.2
[INFO] [stderr]    Compiling equator-macro v0.4.2
[INFO] [stderr]    Compiling n0-future v0.3.2
[INFO] [stderr]     Checking cordyceps v0.3.5
[INFO] [stderr]    Compiling object v0.39.1
[INFO] [stderr]     Checking spin v0.10.1
[INFO] [stderr]     Checking diatomic-waker v0.2.3
[INFO] [stderr]     Checking scroll-protocol v0.1.0
[INFO] [stderr]     Checking futures-buffered v0.2.13
[INFO] [stderr]     Checking equator v0.4.2
[INFO] [stderr]     Checking ecdsa v0.16.9
[INFO] [stderr]     Checking hyper v1.11.0
[INFO] [stderr]     Checking primeorder v0.13.6
[INFO] [stderr]     Checking poly1305 v0.8.0
[INFO] [stderr]     Checking chacha20 v0.9.1
[INFO] [stderr]     Checking strum v0.28.0
[INFO] [stderr]     Checking spartan-protocol v0.1.1
[INFO] [stderr]     Checking webpki-roots v1.0.9
[INFO] [stderr]     Checking hmac v0.13.0
[INFO] [stderr]    Compiling noq-udp v1.2.0
[INFO] [stderr]    Compiling rustversion v1.0.23
[INFO] [stderr]     Checking rayon-core v1.13.0
[INFO] [stderr]     Checking aligned-vec v0.6.4
[INFO] [stderr]     Checking misfin v0.0.4
[INFO] [stderr]    Compiling logos-codegen v0.16.1
[INFO] [stderr]     Checking inker v0.1.1 (https://github.com/merely-made/mere.git?rev=ca798151c74158d706ee825d8e2475934533eda7#ca798151)
[INFO] [stderr]     Checking http-body-util v0.1.5
[INFO] [stderr]     Checking prefix-trie v0.8.4
[INFO] [stderr]     Checking finger-protocol v0.1.1
[INFO] [stderr]     Checking hyper-util v0.1.20
[INFO] [stderr]     Checking gopher-protocol v0.1.1
[INFO] [stderr]     Checking nex-protocol v0.1.1
[INFO] [stderr]     Checking guppy-protocol v0.1.1
[INFO] [stderr]     Checking sync_wrapper v1.0.2
[INFO] [stderr]     Checking quick-xml v0.39.4
[INFO] [stderr]    Compiling pulldown-cmark v0.13.4
[INFO] [stderr]     Checking hickory-proto v0.26.1
[INFO] [stderr]     Checking errand v0.3.4 (https://github.com/merely-made/mere.git?rev=ca798151c74158d706ee825d8e2475934533eda7#ca798151)
[INFO] [stderr]    Compiling logos-derive v0.16.1
[INFO] [stderr]     Checking logos v0.16.1
[INFO] [stderr]     Checking illume v0.0.2 (https://github.com/merely-made/mere.git?rev=ca798151c74158d706ee825d8e2475934533eda7#ca798151)
[INFO] [stderr]     Checking rayon v1.12.0
[INFO] [stderr]     Checking v_frame v0.3.9
[INFO] [stderr]    Compiling data-encoding-macro-internal v0.1.19
[INFO] [stderr]     Checking hkdf v0.13.0
[INFO] [stderr]     Checking netlink-packet-core v0.8.2
[INFO] [stderr]     Checking cbor-core v0.10.1
[INFO] [stderr]     Checking font-types v0.11.3
[INFO] [stderr]     Checking as-slice v0.2.1
[INFO] [stderr]    Compiling smartstring v1.0.1
[INFO] [stderr]    Compiling icu_locale_fallback_data v2.3.0
[INFO] [stderr]    Compiling num-bigint-dig v0.8.6
[INFO] [stderr]    Compiling av-scenechange v0.14.1
[INFO] [stderr]    Compiling built v0.8.1
[INFO] [stderr]     Checking read-fonts v0.39.2
[INFO] [stderr]    Compiling libz-sys v1.1.29
[INFO] [stderr]     Checking aligned v0.4.3
[INFO] [stderr]     Checking data-encoding-macro v0.1.21
[INFO] [stderr]     Checking hyper-rustls v0.27.9
[INFO] [stderr]    Compiling rav1e v0.8.1
[INFO] [stderr]     Checking p384 v0.13.1
[INFO] [stderr]     Checking p256 v0.13.2
[INFO] [stderr]     Checking p2panda-core v0.7.1 (https://github.com/mark-ik/p2panda.git?tag=mere-p2panda-net-0.7.4#0a54ab82)
[INFO] [stderr]     Checking pkcs8 v0.10.2
[INFO] [stderr]     Checking x25519-dalek v3.0.0
[INFO] [stderr]     Checking tokio-stream v0.1.19
[INFO] [stderr]     Checking netlink-sys v0.8.8
[INFO] [stderr]    Compiling arg_enum_proc_macro v0.3.4
[INFO] [stderr]    Compiling ar_archive_writer v0.5.3
[INFO] [stderr]    Compiling enum-assoc v1.4.1
[INFO] [stderr]     Checking pem-rfc7468 v0.7.0
[INFO] [stderr]    Compiling serde_spanned v1.1.1
[INFO] [stderr]    Compiling fontsan-woff2 v0.1.1
[INFO] [stderr]    Compiling yeslogic-fontconfig-sys v6.0.1
[INFO] [stderr]    Compiling noq v1.2.0
[INFO] [stderr]     Checking no_std_io2 v0.9.4
[INFO] [stderr]     Checking sorted-index-buffer v0.2.1
[INFO] [stderr]    Compiling netdev v0.46.1
[INFO] [stderr]    Compiling icu_segmenter_data v2.3.0
[INFO] [stderr]     Checking tagptr v0.2.0
[INFO] [stderr]    Compiling toml_writer v1.1.2+spec-1.1.0
[INFO] [stderr]     Checking identity-hash v0.1.0
[INFO] [stderr]    Compiling pastey v0.1.1
[INFO] [stderr]     Checking y4m v0.8.0
[INFO] [stderr]     Checking moka v0.12.16
[INFO] [stderr]     Checking maybe-rayon v0.1.1
[INFO] [stderr]     Checking noq-proto v1.2.0
[INFO] [stderr]     Checking bitstream-io v4.10.0
[INFO] [stderr]    Compiling toml v1.1.4+spec-1.1.0
[INFO] [stderr]    Compiling psm v0.1.32
[INFO] [stderr]     Checking ssh-encoding v0.2.0
[INFO] [stderr]     Checking nematic v0.1.1 (https://github.com/merely-made/mere.git?rev=ca798151c74158d706ee825d8e2475934533eda7#ca798151)
[INFO] [stderr]     Checking pkcs1 v0.7.5
[INFO] [stderr]     Checking iroh-base v1.1.0
[INFO] [stderr]     Checking tower v0.5.3
[INFO] [stderr]     Checking hickory-net v0.26.1
[INFO] [stderr]     Checking netlink-packet-route v0.31.0
[INFO] [stderr]     Checking av1-grain v0.2.5
[INFO] [stderr]     Checking ed25519 v2.2.3
[INFO] [stderr]    Compiling iroh-metrics-derive v1.0.1
[INFO] [stderr]     Checking blowfish v0.9.1
[INFO] [stderr] error: failed to run custom build command for `tikv-jemalloc-sys v0.6.1+5.3.0-1-ge13ca993e8ccb9ba9847cc330696e02839f328f7`
[INFO] [stderr] note: To improve backtraces for build dependencies, set the CARGO_PROFILE_DEV_BUILD_OVERRIDE_DEBUG=true environment variable to enable debug information generation.
[INFO] [stderr] 
[INFO] [stderr] Caused by:
[INFO] [stderr]   process didn't exit successfully: `/opt/rustwide/target/debug/build/tikv-jemalloc-sys/2eed16372e279fb5/out/build_script_build` (exit status: 101)
[INFO] [stderr]   --- stdout
[INFO] [stderr]   TARGET=x86_64-unknown-linux-gnu
[INFO] [stderr]   HOST=x86_64-unknown-linux-gnu
[INFO] [stderr]   NUM_JOBS=8
[INFO] [stderr]   OUT_DIR="/opt/rustwide/target/debug/build/tikv-jemalloc-sys/59e1ebf37260f54d/out"
[INFO] [stderr]   BUILD_DIR="/opt/rustwide/target/debug/build/tikv-jemalloc-sys/59e1ebf37260f54d/out/build"
[INFO] [stderr]   SRC_DIR="/opt/rustwide/cargo-home/registry/src/index.crates.io-1949cf8c6b5b557f/tikv-jemalloc-sys-0.6.1+5.3.0-1-ge13ca993e8ccb9ba9847cc330696e02839f328f7"
[INFO] [stderr]   cargo:rustc-cfg=prefixed
[INFO] [stderr]   cargo:rerun-if-env-changed=X86_64_UNKNOWN_LINUX_GNU_JEMALLOC_OVERRIDE
[INFO] [stderr]   cargo:rerun-if-env-changed=JEMALLOC_OVERRIDE
[INFO] [stderr]   cargo:rerun-if-env-changed=CC_x86_64-unknown-linux-gnu
[INFO] [stderr]   CC_x86_64-unknown-linux-gnu = None
[INFO] [stderr]   cargo:rerun-if-env-changed=CC_x86_64_unknown_linux_gnu
[INFO] [stderr]   CC_x86_64_unknown_linux_gnu = None
[INFO] [stderr]   cargo:rerun-if-env-changed=HOST_CC
[INFO] [stderr]   HOST_CC = None
[INFO] [stderr]   cargo:rerun-if-env-changed=CC
[INFO] [stderr]   CC = None
[INFO] [stderr]   cargo:rerun-if-env-changed=CC_ENABLE_DEBUG_OUTPUT
[INFO] [stderr]   cargo:rerun-if-env-changed=CRATE_CC_NO_DEFAULTS
[INFO] [stderr]   CRATE_CC_NO_DEFAULTS = None
[INFO] [stderr]   cargo:rerun-if-env-changed=CRATE_CC_NO_DEFAULTS
[INFO] [stderr]   CRATE_CC_NO_DEFAULTS = None
[INFO] [stderr]   cargo:rerun-if-env-changed=CFLAGS
[INFO] [stderr]   CFLAGS = None
[INFO] [stderr]   cargo:rerun-if-env-changed=HOST_CFLAGS
[INFO] [stderr]   HOST_CFLAGS = None
[INFO] [stderr]   cargo:rerun-if-env-changed=CFLAGS_x86_64_unknown_linux_gnu
[INFO] [stderr]   CFLAGS_x86_64_unknown_linux_gnu = None
[INFO] [stderr]   cargo:rerun-if-env-changed=CFLAGS_x86_64-unknown-linux-gnu
[INFO] [stderr]   CFLAGS_x86_64-unknown-linux-gnu = None
[INFO] [stderr]   cargo:rerun-if-env-changed=CFLAGS
[INFO] [stderr]   CFLAGS = None
[INFO] [stderr]   cargo:rerun-if-env-changed=HOST_CFLAGS
[INFO] [stderr]   HOST_CFLAGS = None
[INFO] [stderr]   cargo:rerun-if-env-changed=CFLAGS_x86_64_unknown_linux_gnu
[INFO] [stderr]   CFLAGS_x86_64_unknown_linux_gnu = None
[INFO] [stderr]   cargo:rerun-if-env-changed=CFLAGS_x86_64-unknown-linux-gnu
[INFO] [stderr]   CFLAGS_x86_64-unknown-linux-gnu = None
[INFO] [stderr]   CC="cc"
[INFO] [stderr]   CFLAGS="-O0 -ffunction-sections -fdata-sections -fPIC -g -gdwarf-4 -fno-omit-frame-pointer -mno-omit-leaf-frame-pointer -m64 -Wall"
[INFO] [stderr]   JEMALLOC_REPO_DIR="jemalloc"
[INFO] [stderr]   cargo:rerun-if-env-changed=X86_64_UNKNOWN_LINUX_GNU_JEMALLOC_SYS_WITH_MALLOC_CONF
[INFO] [stderr]   cargo:rerun-if-env-changed=JEMALLOC_SYS_WITH_MALLOC_CONF
[INFO] [stderr]   cargo:rerun-if-env-changed=X86_64_UNKNOWN_LINUX_GNU_JEMALLOC_SYS_WITH_LG_PAGE
[INFO] [stderr]   cargo:rerun-if-env-changed=JEMALLOC_SYS_WITH_LG_PAGE
[INFO] [stderr]   cargo:rerun-if-env-changed=X86_64_UNKNOWN_LINUX_GNU_JEMALLOC_SYS_WITH_LG_HUGEPAGE
[INFO] [stderr]   cargo:rerun-if-env-changed=JEMALLOC_SYS_WITH_LG_HUGEPAGE
[INFO] [stderr]   cargo:rerun-if-env-changed=X86_64_UNKNOWN_LINUX_GNU_JEMALLOC_SYS_WITH_LG_QUANTUM
[INFO] [stderr]   cargo:rerun-if-env-changed=JEMALLOC_SYS_WITH_LG_QUANTUM
[INFO] [stderr]   cargo:rerun-if-env-changed=X86_64_UNKNOWN_LINUX_GNU_JEMALLOC_SYS_WITH_LG_VADDR
[INFO] [stderr]   cargo:rerun-if-env-changed=JEMALLOC_SYS_WITH_LG_VADDR
[INFO] [stderr]   --with-jemalloc-prefix=_rjem_
[INFO] [stderr]   CARGO_FEATURE_STATS not set
[INFO] [stderr]   running: cd "/opt/rustwide/target/debug/build/tikv-jemalloc-sys/59e1ebf37260f54d/out/build" && CC="cc" CFLAGS="-O0 -ffunction-sections -fdata-sections -fPIC -g -gdwarf-4 -fno-omit-frame-pointer -mno-omit-leaf-frame-pointer -m64 -Wall" CPPFLAGS="-O0 -ffunction-sections -fdata-sections -fPIC -g -gdwarf-4 -fno-omit-frame-pointer -mno-omit-leaf-frame-pointer -m64 -Wall" LDFLAGS="-O0 -ffunction-sections -fdata-sections -fPIC -g -gdwarf-4 -fno-omit-frame-pointer -mno-omit-leaf-frame-pointer -m64 -Wall" "sh" "/opt/rustwide/target/debug/build/tikv-jemalloc-sys/59e1ebf37260f54d/out/build/configure" "--with-version=5.3.0-1-ge13ca993e8ccb9ba9847cc330696e02839f328f7" "--disable-cxx" "--enable-doc=no" "--enable-shared=no" "--with-jemalloc-prefix=_rjem_" "--with-private-namespace=_rjem_" "--disable-stats" "--host=x86_64-unknown-linux-gnu" "--build=x86_64-unknown-linux-gnu" "--prefix=/opt/rustwide/target/debug/build/tikv-jemalloc-sys/59e1ebf37260f54d/out"
[INFO] [stderr]   checking for xsltproc... false
[INFO] [stderr]   checking for x86_64-unknown-linux-gnu-gcc... cc
[INFO] [stderr]   checking whether the C compiler works... yes
[INFO] [stderr]   checking for C compiler default output file name... a.out
[INFO] [stderr]   checking for suffix of executables... 
[INFO] [stderr]   checking whether we are cross compiling... no
[INFO] [stderr]   checking for suffix of object files... o
[INFO] [stderr]   checking whether we are using the GNU C compiler... yes
[INFO] [stderr]   checking whether cc accepts -g... yes
[INFO] [stderr]   checking for cc option to accept ISO C89... none needed
[INFO] [stderr]   checking whether compiler is cray... no
[INFO] [stderr]   checking whether compiler supports -std=gnu11... yes
[INFO] [stderr]   checking whether compiler supports -Werror=unknown-warning-option... no
[INFO] [stderr]   checking whether compiler supports -Wall... yes
[INFO] [stderr]   checking whether compiler supports -Wextra... yes
[INFO] [stderr]   checking whether compiler supports -Wshorten-64-to-32... no
[INFO] [stderr]   checking whether compiler supports -Wsign-compare... yes
[INFO] [stderr]   checking whether compiler supports -Wundef... yes
[INFO] [stderr]   checking whether compiler supports -Wno-format-zero-length... yes
[INFO] [stderr]   checking whether compiler supports -Wpointer-arith... yes
[INFO] [stderr]   checking whether compiler supports -Wno-missing-braces... yes
[INFO] [stderr]   checking whether compiler supports -Wno-missing-field-initializers... yes
[INFO] [stderr]   checking whether compiler supports -Wno-missing-attributes... yes
[INFO] [stderr]   checking whether compiler supports -pipe... yes
[INFO] [stderr]   checking whether compiler supports -g3... yes
[INFO] [stderr]   checking how to run the C preprocessor... cc -E
[INFO] [stderr]   checking for grep that handles long lines and -e... /usr/bin/grep
[INFO] [stderr]   checking for egrep... /usr/bin/grep -E
[INFO] [stderr]   checking for ANSI C header files... yes
[INFO] [stderr]   checking for sys/types.h... yes
[INFO] [stderr]   checking for sys/stat.h... yes
[INFO] [stderr]   checking for stdlib.h... yes
[INFO] [stderr]   checking for string.h... yes
[INFO] [stderr]   checking for memory.h... yes
[INFO] [stderr]   checking for strings.h... yes
[INFO] [stderr]   checking for inttypes.h... yes
[INFO] [stderr]   checking for stdint.h... yes
[INFO] [stderr]   checking for unistd.h... yes
[INFO] [stderr]   checking whether byte ordering is bigendian... no
[INFO] [stderr]   checking size of void *... 8
[INFO] [stderr]   checking size of int... 4
[INFO] [stderr]   checking size of long... 8
[INFO] [stderr]   checking size of long long... 8
[INFO] [stderr]   checking size of intmax_t... 8
[INFO] [stderr]   checking build system type... x86_64-unknown-linux-gnu
[INFO] [stderr]   checking host system type... x86_64-unknown-linux-gnu
[INFO] [stderr]   checking whether pause instruction is compilable... yes
[INFO] [stderr]   checking number of significant virtual address bits... 48
[INFO] [stderr]   checking for x86_64-unknown-linux-gnu-ar... no
[INFO] [stderr]   checking for ar... ar
[INFO] [stderr]   checking for x86_64-unknown-linux-gnu-nm... no
[INFO] [stderr]   checking for nm... nm
[INFO] [stderr]   checking for gawk... no
[INFO] [stderr]   checking for mawk... mawk
[INFO] [stderr]   checking malloc.h usability... yes
[INFO] [stderr]   checking malloc.h presence... yes
[INFO] [stderr]   checking for malloc.h... yes
[INFO] [stderr]   checking whether malloc_usable_size definition can use const argument... no
[INFO] [stderr]   checking for library containing log... -lm
[INFO] [stderr]   checking whether __attribute__ syntax is compilable... yes
[INFO] [stderr]   checking whether compiler supports -fvisibility=hidden... yes
[INFO] [stderr]   checking whether compiler supports -fvisibility=hidden... no
[INFO] [stderr]   checking whether compiler supports -Werror... yes
[INFO] [stderr]   checking whether compiler supports -herror_on_warning... no
[INFO] [stderr]   checking whether tls_model attribute is compilable... yes
[INFO] [stderr]   checking whether compiler supports -Werror... yes
[INFO] [stderr]   checking whether compiler supports -herror_on_warning... no
[INFO] [stderr]   checking whether alloc_size attribute is compilable... yes
[INFO] [stderr]   checking whether compiler supports -Werror... yes
[INFO] [stderr]   checking whether compiler supports -herror_on_warning... no
[INFO] [stderr]   checking whether format(gnu_printf, ...) attribute is compilable... yes
[INFO] [stderr]   checking whether compiler supports -Werror... yes
[INFO] [stderr]   checking whether compiler supports -herror_on_warning... no
[INFO] [stderr]   checking whether format(printf, ...) attribute is compilable... yes
[INFO] [stderr]   checking whether compiler supports -Werror... yes
[INFO] [stderr]   checking whether compiler supports -herror_on_warning... no
[INFO] [stderr]   checking whether format(printf, ...) attribute is compilable... yes
[INFO] [stderr]   checking whether compiler supports -Wimplicit-fallthrough... yes
[INFO] [stderr]   checking whether fallthrough attribute is compilable... yes
[INFO] [stderr]   checking whether compiler supports -Wimplicit-fallthrough... yes
[INFO] [stderr]   checking whether compiler supports -Wimplicit-fallthrough... no
[INFO] [stderr]   checking whether compiler supports -Werror... yes
[INFO] [stderr]   checking whether compiler supports -herror_on_warning... no
[INFO] [stderr]   checking whether cold attribute is compilable... yes
[INFO] [stderr]   checking whether vm_make_tag is compilable... no
[INFO] [stderr]   checking for a BSD-compatible install... /usr/bin/install -c
[INFO] [stderr]   checking for x86_64-unknown-linux-gnu-ranlib... no
[INFO] [stderr]   checking for ranlib... ranlib
[INFO] [stderr]   checking for ld... /usr/bin/ld
[INFO] [stderr]   checking for autoconf... /usr/bin/autoconf
[INFO] [stderr]   checking for memalign... yes
[INFO] [stderr]   checking for valloc... yes
[INFO] [stderr]   checking for malloc_size... no
[INFO] [stderr]   checking whether compiler supports -O3... yes
[INFO] [stderr]   checking whether compiler supports -O3... no
[INFO] [stderr]   checking whether compiler supports -funroll-loops... yes
[INFO] [stderr]   checking configured backtracing method... N/A
[INFO] [stderr]   checking for sbrk... yes
[INFO] [stderr]   checking whether utrace(2) is compilable... no
[INFO] [stderr]   checking whether utrace(2) with label is compilable... no
[INFO] [stderr]   checking whether a program using __builtin_unreachable is compilable... yes
[INFO] [stderr]   checking whether a program using __builtin_ffsl is compilable... yes
[INFO] [stderr]   checking whether a program using __builtin_popcountl is compilable... yes
[INFO] [stderr]   checking LG_PAGE... 12
[INFO] [stderr]   checking pthread.h usability... yes
[INFO] [stderr]   checking pthread.h presence... yes
[INFO] [stderr]   checking for pthread.h... yes
[INFO] [stderr]   checking for pthread_create in -lpthread... yes
[INFO] [stderr]   checking dlfcn.h usability... yes
[INFO] [stderr]   checking dlfcn.h presence... yes
[INFO] [stderr]   checking for dlfcn.h... yes
[INFO] [stderr]   checking for dlsym... yes
[INFO] [stderr]   checking whether pthread_atfork(3) is compilable... yes
[INFO] [stderr]   checking whether pthread_setname_np(3) is compilable... yes
[INFO] [stderr]   checking whether pthread_getname_np(3) is compilable... yes
[INFO] [stderr]   checking whether pthread_get_name_np(3) is compilable... no
[INFO] [stderr]   checking for library containing clock_gettime... none required
[INFO] [stderr]   checking whether clock_gettime(CLOCK_MONOTONIC_COARSE, ...) is compilable... yes
[INFO] [stderr]   checking whether clock_gettime(CLOCK_MONOTONIC, ...) is compilable... yes
[INFO] [stderr]   checking whether mach_absolute_time() is compilable... no
[INFO] [stderr]   checking whether clock_gettime(CLOCK_REALTIME, ...) is compilable... yes
[INFO] [stderr]   checking whether compiler supports -Werror... yes
[INFO] [stderr]   checking whether syscall(2) is compilable... yes
[INFO] [stderr]   checking for secure_getenv... yes
[INFO] [stderr]   checking for sched_getcpu... yes
[INFO] [stderr]   checking for sched_setaffinity... yes
[INFO] [stderr]   checking for issetugid... no
[INFO] [stderr]   checking for _malloc_thread_cleanup... no
[INFO] [stderr]   checking for _pthread_mutex_init_calloc_cb... no
[INFO] [stderr]   checking for memcntl... no
[INFO] [stderr]   checking for TLS... yes
[INFO] [stderr]   checking whether C11 atomics is compilable... yes
[INFO] [stderr]   checking whether GCC __atomic atomics is compilable... yes
[INFO] [stderr]   checking whether GCC 8-bit __atomic atomics is compilable... yes
[INFO] [stderr]   checking whether GCC __sync atomics is compilable... yes
[INFO] [stderr]   checking whether GCC 8-bit __sync atomics is compilable... yes
[INFO] [stderr]   checking whether Darwin OSAtomic*() is compilable... no
[INFO] [stderr]   checking whether madvise(2) is compilable... yes
[INFO] [stderr]   checking whether madvise(..., MADV_FREE) is compilable... yes
[INFO] [stderr]   checking whether madvise(..., MADV_DONTNEED) is compilable... yes
[INFO] [stderr]   checking whether madvise(..., MADV_DO[NT]DUMP) is compilable... yes
[INFO] [stderr]   checking whether madvise(..., MADV_[NO]HUGEPAGE) is compilable... yes
[INFO] [stderr]   checking whether madvise(..., MADV_[NO]CORE) is compilable... no
[INFO] [stderr]   checking whether mprotect(2) is compilable... yes
[INFO] [stderr]   checking for __builtin_clz... yes
[INFO] [stderr]   checking whether Darwin os_unfair_lock_*() is compilable... no
[INFO] [stderr]   checking whether glibc malloc hook is compilable... no
[INFO] [stderr]   checking whether glibc memalign hook is compilable... no
[INFO] [stderr]   checking whether pthreads adaptive mutexes is compilable... yes
[INFO] [stderr]   checking whether compiler supports -D_GNU_SOURCE... yes
[INFO] [stderr]   checking whether compiler supports -Werror... yes
[INFO] [stderr]   checking whether compiler supports -herror_on_warning... no
[INFO] [stderr]   checking whether strerror_r returns char with gnu source is compilable... yes
[INFO] [stderr]   checking for stdbool.h that conforms to C99... yes
[INFO] [stderr]   checking for _Bool... yes
[INFO] [stderr]   configure: creating ./config.status
[INFO] [stderr]   config.status: creating Makefile
[INFO] [stderr]   config.status: creating jemalloc.pc
[INFO] [stderr]   config.status: creating doc/html.xsl
[INFO] [stderr]   config.status: creating doc/manpages.xsl
[INFO] [stderr]   config.status: creating doc/jemalloc.xml
[INFO] [stderr]   config.status: creating include/jemalloc/jemalloc_macros.h
[INFO] [stderr]   config.status: creating include/jemalloc/jemalloc_protos.h
[INFO] [stderr]   config.status: creating include/jemalloc/jemalloc_typedefs.h
[INFO] [stderr]   config.status: creating include/jemalloc/internal/jemalloc_preamble.h
[INFO] [stderr]   config.status: creating test/test.sh
[INFO] [stderr]   config.status: creating test/include/test/jemalloc_test.h
[INFO] [stderr]   config.status: creating config.stamp
[INFO] [stderr]   config.status: creating bin/jemalloc-config
[INFO] [stderr]   config.status: creating bin/jemalloc.sh
[INFO] [stderr]   config.status: creating bin/jeprof
[INFO] [stderr]   config.status: creating include/jemalloc/jemalloc_defs.h
[INFO] [stderr]   config.status: creating include/jemalloc/internal/jemalloc_internal_defs.h
[INFO] [stderr]   config.status: creating test/include/test/jemalloc_test_defs.h
[INFO] [stderr]   config.status: executing include/jemalloc/internal/public_symbols.txt commands
[INFO] [stderr]   config.status: executing include/jemalloc/internal/private_symbols.awk commands
[INFO] [stderr]   config.status: executing include/jemalloc/internal/private_symbols_jet.awk commands
[INFO] [stderr]   config.status: executing include/jemalloc/internal/public_namespace.h commands
[INFO] [stderr]   config.status: executing include/jemalloc/internal/public_unnamespace.h commands
[INFO] [stderr]   config.status: executing include/jemalloc/jemalloc_protos_jet.h commands
[INFO] [stderr]   config.status: executing include/jemalloc/jemalloc_rename.h commands
[INFO] [stderr]   config.status: executing include/jemalloc/jemalloc_mangle.h commands
[INFO] [stderr]   config.status: executing include/jemalloc/jemalloc_mangle_jet.h commands
[INFO] [stderr]   config.status: executing include/jemalloc/jemalloc.h commands
[INFO] [stderr]   ===============================================================================
[INFO] [stderr]   jemalloc version   : 5.3.0-1-ge13ca993e8ccb9ba9847cc330696e02839f328f7
[INFO] [stderr]   library revision   : 2
[INFO] [stderr] 
[INFO] [stderr]   CONFIG             : --with-version=5.3.0-1-ge13ca993e8ccb9ba9847cc330696e02839f328f7 --disable-cxx --enable-doc=no --enable-shared=no --with-jemalloc-prefix=_rjem_ --with-private-namespace=_rjem_ --disable-stats --host=x86_64-unknown-linux-gnu --build=x86_64-unknown-linux-gnu --prefix=/opt/rustwide/target/debug/build/tikv-jemalloc-sys/59e1ebf37260f54d/out build_alias=x86_64-unknown-linux-gnu host_alias=x86_64-unknown-linux-gnu CC=cc 'CFLAGS=-O0 -ffunction-sections -fdata-sections -fPIC -g -gdwarf-4 -fno-omit-frame-pointer -mno-omit-leaf-frame-pointer -m64 -Wall' 'LDFLAGS=-O0 -ffunction-sections -fdata-sections -fPIC -g -gdwarf-4 -fno-omit-frame-pointer -mno-omit-leaf-frame-pointer -m64 -Wall' 'CPPFLAGS=-O0 -ffunction-sections -fdata-sections -fPIC -g -gdwarf-4 -fno-omit-frame-pointer -mno-omit-leaf-frame-pointer -m64 -Wall'
[INFO] [stderr]   CC                 : cc
[INFO] [stderr]   CONFIGURE_CFLAGS   : -std=gnu11 -Wall -Wextra -Wsign-compare -Wundef -Wno-format-zero-length -Wpointer-arith -Wno-missing-braces -Wno-missing-field-initializers -Wno-missing-attributes -pipe -g3 -fvisibility=hidden -Wimplicit-fallthrough -O3 -funroll-loops
[INFO] [stderr]   SPECIFIED_CFLAGS   : -O0 -ffunction-sections -fdata-sections -fPIC -g -gdwarf-4 -fno-omit-frame-pointer -mno-omit-leaf-frame-pointer -m64 -Wall
[INFO] [stderr]   EXTRA_CFLAGS       : 
[INFO] [stderr]   CPPFLAGS           : -O0 -ffunction-sections -fdata-sections -fPIC -g -gdwarf-4 -fno-omit-frame-pointer -mno-omit-leaf-frame-pointer -m64 -Wall -D_GNU_SOURCE -D_REENTRANT
[INFO] [stderr]   CXX                : 
[INFO] [stderr]   CONFIGURE_CXXFLAGS : 
[INFO] [stderr]   SPECIFIED_CXXFLAGS : 
[INFO] [stderr]   EXTRA_CXXFLAGS     : 
[INFO] [stderr]   LDFLAGS            : -O0 -ffunction-sections -fdata-sections -fPIC -g -gdwarf-4 -fno-omit-frame-pointer -mno-omit-leaf-frame-pointer -m64 -Wall
[INFO] [stderr]   EXTRA_LDFLAGS      : 
[INFO] [stderr]   DSO_LDFLAGS        : -shared -Wl,-soname,$(@F)
[INFO] [stderr]   LIBS               : -lm  -pthread
[INFO] [stderr]   RPATH_EXTRA        : 
[INFO] [stderr] 
[INFO] [stderr]   XSLTPROC           : false
[INFO] [stderr]   XSLROOT            : 
[INFO] [stderr] 
[INFO] [stderr]   PREFIX             : /opt/rustwide/target/debug/build/tikv-jemalloc-sys/59e1ebf37260f54d/out
[INFO] [stderr]   BINDIR             : /opt/rustwide/target/debug/build/tikv-jemalloc-sys/59e1ebf37260f54d/out/bin
[INFO] [stderr]   DATADIR            : /opt/rustwide/target/debug/build/tikv-jemalloc-sys/59e1ebf37260f54d/out/share
[INFO] [stderr]   INCLUDEDIR         : /opt/rustwide/target/debug/build/tikv-jemalloc-sys/59e1ebf37260f54d/out/include
[INFO] [stderr]   LIBDIR             : /opt/rustwide/target/debug/build/tikv-jemalloc-sys/59e1ebf37260f54d/out/lib
[INFO] [stderr]   MANDIR             : /opt/rustwide/target/debug/build/tikv-jemalloc-sys/59e1ebf37260f54d/out/share/man
[INFO] [stderr] 
[INFO] [stderr]   srcroot            : 
[INFO] [stderr]   abs_srcroot        : /opt/rustwide/target/debug/build/tikv-jemalloc-sys/59e1ebf37260f54d/out/build/
[INFO] [stderr]   objroot            : 
[INFO] [stderr]   abs_objroot        : /opt/rustwide/target/debug/build/tikv-jemalloc-sys/59e1ebf37260f54d/out/build/
[INFO] [stderr] 
[INFO] [stderr]   JEMALLOC_PREFIX    : _rjem_
[INFO] [stderr]   JEMALLOC_PRIVATE_NAMESPACE
[INFO] [stderr]                      : _rjem_je_
[INFO] [stderr]   install_suffix     : 
[INFO] [stderr]   malloc_conf        : 
[INFO] [stderr]   documentation      : 0
[INFO] [stderr]   shared libs        : 0
[INFO] [stderr]   static libs        : 1
[INFO] [stderr]   autogen            : 0
[INFO] [stderr]   debug              : 0
[INFO] [stderr]   stats              : 0
[INFO] [stderr]   experimental_smallocx : 0
[INFO] [stderr]   prof               : 0
[INFO] [stderr]   prof-libunwind     : 0
[INFO] [stderr]   prof-libgcc        : 0
[INFO] [stderr]   prof-gcc           : 0
[INFO] [stderr]   fill               : 1
[INFO] [stderr]   utrace             : 0
[INFO] [stderr]   xmalloc            : 0
[INFO] [stderr]   log                : 0
[INFO] [stderr]   lazy_lock          : 0
[INFO] [stderr]   cache-oblivious    : 1
[INFO] [stderr]   cxx                : 0
[INFO] [stderr]   ===============================================================================
[INFO] [stderr]   running: cd "/opt/rustwide/target/debug/build/tikv-jemalloc-sys/59e1ebf37260f54d/out/build" && MAKEFLAGS="-j --jobserver-fds=4,5 --jobserver-auth=4,5" "make"
[INFO] [stderr]   cc -std=gnu11 -Wall -Wextra -Wsign-compare -Wundef -Wno-format-zero-length -Wpointer-arith -Wno-missing-braces -Wno-missing-field-initializers -Wno-missing-attributes -pipe -g3 -fvisibility=hidden -Wimplicit-fallthrough -O3 -funroll-loops -O0 -ffunction-sections -fdata-sections -fPIC -g -gdwarf-4 -fno-omit-frame-pointer -mno-omit-leaf-frame-pointer -m64 -Wall -c -O0 -ffunction-sections -fdata-sections -fPIC -g -gdwarf-4 -fno-omit-frame-pointer -mno-omit-leaf-frame-pointer -m64 -Wall -D_GNU_SOURCE -D_REENTRANT -Iinclude -Iinclude -DJEMALLOC_NO_PRIVATE_NAMESPACE -o src/jemalloc.sym.o src/jemalloc.c
[INFO] [stderr] 
[INFO] [stderr]   --- stderr
[INFO] [stderr]   Assembler messages:
[INFO] [stderr]   {standard input}:550395: Warning: end of file not at end of a line; newline inserted
[INFO] [stderr]   cc: fatal error: Killed signal terminated program cc1
[INFO] [stderr]   compilation terminated.
[INFO] [stderr]   make: *** [Makefile:479: src/jemalloc.sym.o] Error 1
[INFO] [stderr] 
[INFO] [stderr]   thread 'main' (2405) panicked at /opt/rustwide/cargo-home/registry/src/index.crates.io-1949cf8c6b5b557f/tikv-jemalloc-sys-0.6.1+5.3.0-1-ge13ca993e8ccb9ba9847cc330696e02839f328f7/build.rs:411:9:
[INFO] [stderr]   command did not execute successfully: cd "/opt/rustwide/target/debug/build/tikv-jemalloc-sys/59e1ebf37260f54d/out/build" && MAKEFLAGS="-j --jobserver-fds=4,5 --jobserver-auth=4,5" "make"
[INFO] [stderr]   expected success, got: exit status: 2
[INFO] [stderr]   stack backtrace:
[INFO] [stderr]      0:     0x58caa2eec1d1 - std[12f6d9377d23c6af]::backtrace_rs::backtrace::libunwind::trace
[INFO] [stderr]                                  at /rustc/a621e2b446eafb53c7a8569f225e0b8cc2429a68/library/std/src/../../backtrace/src/backtrace/libunwind.rs:117:9
[INFO] [stderr]      1:     0x58caa2eec1d1 - std[12f6d9377d23c6af]::backtrace_rs::backtrace::trace_unsynchronized::<std[12f6d9377d23c6af]::sys::backtrace::_print_fmt::{closure#1}>
[INFO] [stderr]                                  at /rustc/a621e2b446eafb53c7a8569f225e0b8cc2429a68/library/std/src/../../backtrace/src/backtrace/mod.rs:66:14
[INFO] [stderr]      2:     0x58caa2eec1d1 - std[12f6d9377d23c6af]::sys::backtrace::_print_fmt
[INFO] [stderr]                                  at /rustc/a621e2b446eafb53c7a8569f225e0b8cc2429a68/library/std/src/sys/backtrace.rs:74:9
[INFO] [stderr]      3:     0x58caa2eec1d1 - <<std[12f6d9377d23c6af]::sys::backtrace::BacktraceLock>::print::DisplayBacktrace as core[b3bb6d7bd55257e3]::fmt::Display>::fmt
[INFO] [stderr]                                  at /rustc/a621e2b446eafb53c7a8569f225e0b8cc2429a68/library/std/src/sys/backtrace.rs:44:26
[INFO] [stderr]      4:     0x58caa2f01b1a - <core[b3bb6d7bd55257e3]::fmt::rt::Argument>::fmt
[INFO] [stderr]                                  at /rustc/a621e2b446eafb53c7a8569f225e0b8cc2429a68/library/core/src/fmt/rt.rs:152:76
[INFO] [stderr]      5:     0x58caa2f01b1a - core[b3bb6d7bd55257e3]::fmt::write
[INFO] [stderr]      6:     0x58caa2ef261c - core[b3bb6d7bd55257e3]::io::write::default_write_fmt::<std[12f6d9377d23c6af]::sys::stdio::unix::Stderr>
[INFO] [stderr]                                  at /rustc/a621e2b446eafb53c7a8569f225e0b8cc2429a68/library/core/src/io/write.rs:402:11
[INFO] [stderr]      7:     0x58caa2ef261c - <std[12f6d9377d23c6af]::sys::stdio::unix::Stderr as core[b3bb6d7bd55257e3]::io::write::Write>::write_fmt
[INFO] [stderr]                                  at /rustc/a621e2b446eafb53c7a8569f225e0b8cc2429a68/library/core/src/io/write.rs:335:13
[INFO] [stderr]      8:     0x58caa2ec4876 - <std[12f6d9377d23c6af]::sys::backtrace::BacktraceLock>::print
[INFO] [stderr]                                  at /rustc/a621e2b446eafb53c7a8569f225e0b8cc2429a68/library/std/src/sys/backtrace.rs:47:9
[INFO] [stderr]      9:     0x58caa2ec4876 - std[12f6d9377d23c6af]::panicking::default_hook::{closure#0}
[INFO] [stderr]                                  at /rustc/a621e2b446eafb53c7a8569f225e0b8cc2429a68/library/std/src/panicking.rs:289:27
[INFO] [stderr]     10:     0x58caa2ee3101 - std[12f6d9377d23c6af]::panicking::default_hook
[INFO] [stderr]                                  at /rustc/a621e2b446eafb53c7a8569f225e0b8cc2429a68/library/std/src/panicking.rs:316:9
[INFO] [stderr]     11:     0x58caa2ee32bb - std[12f6d9377d23c6af]::panicking::panic_with_hook
[INFO] [stderr]                                  at /rustc/a621e2b446eafb53c7a8569f225e0b8cc2429a68/library/std/src/panicking.rs:811:13
[INFO] [stderr]     12:     0x58caa2ec4922 - std[12f6d9377d23c6af]::panicking::panic_handler::{closure#0}
[INFO] [stderr]                                  at /rustc/a621e2b446eafb53c7a8569f225e0b8cc2429a68/library/std/src/panicking.rs:685:13
[INFO] [stderr]     13:     0x58caa2ebcff9 - std[12f6d9377d23c6af]::sys::backtrace::__rust_end_short_backtrace::<std[12f6d9377d23c6af]::panicking::panic_handler::{closure#0}, !>
[INFO] [stderr]                                  at /rustc/a621e2b446eafb53c7a8569f225e0b8cc2429a68/library/std/src/sys/backtrace.rs:182:18
[INFO] [stderr]     14:     0x58caa2ec560d - __rustc[3d28b5266d1192b2]::rust_begin_unwind
[INFO] [stderr]                                  at /rustc/a621e2b446eafb53c7a8569f225e0b8cc2429a68/library/std/src/panicking.rs:676:5
[INFO] [stderr]     15:     0x58caa2f0230c - core[b3bb6d7bd55257e3]::panicking::panic_fmt
[INFO] [stderr]                                  at /rustc/a621e2b446eafb53c7a8569f225e0b8cc2429a68/library/core/src/panicking.rs:80:14
[INFO] [stderr]     16:     0x58caa2e1612f - build_script_build[4b2262e089353e27]::execute::<build_script_build[4b2262e089353e27]::run::{closure#0}>
[INFO] [stderr]     17:     0x58caa2e19fee - build_script_build[4b2262e089353e27]::run
[INFO] [stderr]     18:     0x58caa2e1d713 - build_script_build[4b2262e089353e27]::main
[INFO] [stderr]     19:     0x58caa2e205a3 - <fn() as core[b3bb6d7bd55257e3]::ops::function::FnOnce<()>>::call_once
[INFO] [stderr]     20:     0x58caa2e1855e - std[12f6d9377d23c6af]::sys::backtrace::__rust_begin_short_backtrace::<fn(), ()>
[INFO] [stderr]     21:     0x58caa2e18b59 - std[12f6d9377d23c6af]::rt::lang_start::<()>::{closure#0}
[INFO] [stderr]     22:     0x58caa2ee2408 - <&dyn core[b3bb6d7bd55257e3]::ops::function::Fn<(), Output = i32> + core[b3bb6d7bd55257e3]::marker::Sync + core[b3bb6d7bd55257e3]::panic::unwind_safe::RefUnwindSafe as core[b3bb6d7bd55257e3]::ops::function::FnOnce<()>>::call_once
[INFO] [stderr]                                  at /rustc/a621e2b446eafb53c7a8569f225e0b8cc2429a68/library/core/src/ops/function.rs:287:21
[INFO] [stderr]     23:     0x58caa2ee2408 - std[12f6d9377d23c6af]::panicking::catch_unwind::do_call::<&dyn core[b3bb6d7bd55257e3]::ops::function::Fn<(), Output = i32> + core[b3bb6d7bd55257e3]::marker::Sync + core[b3bb6d7bd55257e3]::panic::unwind_safe::RefUnwindSafe, i32>
[INFO] [stderr]                                  at /rustc/a621e2b446eafb53c7a8569f225e0b8cc2429a68/library/std/src/panicking.rs:573:43
[INFO] [stderr]     24:     0x58caa2ee2408 - std[12f6d9377d23c6af]::panicking::catch_unwind::<i32, &dyn core[b3bb6d7bd55257e3]::ops::function::Fn<(), Output = i32> + core[b3bb6d7bd55257e3]::marker::Sync + core[b3bb6d7bd55257e3]::panic::unwind_safe::RefUnwindSafe>
[INFO] [stderr]                                  at /rustc/a621e2b446eafb53c7a8569f225e0b8cc2429a68/library/std/src/panicking.rs:541:19
[INFO] [stderr]     25:     0x58caa2ee2408 - std[12f6d9377d23c6af]::panic::catch_unwind::<&dyn core[b3bb6d7bd55257e3]::ops::function::Fn<(), Output = i32> + core[b3bb6d7bd55257e3]::marker::Sync + core[b3bb6d7bd55257e3]::panic::unwind_safe::RefUnwindSafe, i32>
[INFO] [stderr]                                  at /rustc/a621e2b446eafb53c7a8569f225e0b8cc2429a68/library/std/src/panic.rs:359:14
[INFO] [stderr]     26:     0x58caa2ee2408 - std[12f6d9377d23c6af]::rt::lang_start_internal::{closure#0}
[INFO] [stderr]                                  at /rustc/a621e2b446eafb53c7a8569f225e0b8cc2429a68/library/std/src/rt.rs:175:24
[INFO] [stderr]     27:     0x58caa2ee2408 - std[12f6d9377d23c6af]::panicking::catch_unwind::do_call::<std[12f6d9377d23c6af]::rt::lang_start_internal::{closure#0}, isize>
[INFO] [stderr]                                  at /rustc/a621e2b446eafb53c7a8569f225e0b8cc2429a68/library/std/src/panicking.rs:573:43
[INFO] [stderr]     28:     0x58caa2ee2408 - std[12f6d9377d23c6af]::panicking::catch_unwind::<isize, std[12f6d9377d23c6af]::rt::lang_start_internal::{closure#0}>
[INFO] [stderr]                                  at /rustc/a621e2b446eafb53c7a8569f225e0b8cc2429a68/library/std/src/panicking.rs:541:19
[INFO] [stderr]     29:     0x58caa2ee2408 - std[12f6d9377d23c6af]::panic::catch_unwind::<std[12f6d9377d23c6af]::rt::lang_start_internal::{closure#0}, isize>
[INFO] [stderr]                                  at /rustc/a621e2b446eafb53c7a8569f225e0b8cc2429a68/library/std/src/panic.rs:359:14
[INFO] [stderr]     30:     0x58caa2ee2408 - std[12f6d9377d23c6af]::rt::lang_start_internal
[INFO] [stderr]                                  at /rustc/a621e2b446eafb53c7a8569f225e0b8cc2429a68/library/std/src/rt.rs:171:5
[INFO] [stderr]     31:     0x58caa2e171f1 - std[12f6d9377d23c6af]::rt::lang_start::<()>
[INFO] [stderr]     32:     0x58caa2e20615 - main
[INFO] [stderr]     33:     0x742c50bdb601 - <unknown>
[INFO] [stderr]     34:     0x742c50bdb718 - __libc_start_main
[INFO] [stderr]     35:     0x58caa2e15235 - _start
[INFO] [stderr]     36:                0x0 - <unknown>
[INFO] [stderr] warning: build failed, waiting for other jobs to finish...
[INFO] running `Command { std: "docker" "inspect" "fe8eeaca18afc375c015a459b0842b1cb99023c9cbb0f1c62bbdbfc926499940", kill_on_drop: false }`
[INFO] running `Command { std: "docker" "rm" "-f" "fe8eeaca18afc375c015a459b0842b1cb99023c9cbb0f1c62bbdbfc926499940", kill_on_drop: false }`
[INFO] [stdout] fe8eeaca18afc375c015a459b0842b1cb99023c9cbb0f1c62bbdbfc926499940
