[INFO] cloning repository https://github.com/fluxxu/casc-extract
[INFO] running `Command { std: "git" "-c" "credential.helper=" "-c" "credential.helper=/workspace/cargo-home/bin/git-credential-null" "clone" "--bare" "https://github.com/fluxxu/casc-extract" "/workspace/cache/git-repos/https%3A%2F%2Fgithub.com%2Ffluxxu%2Fcasc-extract", kill_on_drop: false }`
[INFO] [stderr] Cloning into bare repository '/workspace/cache/git-repos/https%3A%2F%2Fgithub.com%2Ffluxxu%2Fcasc-extract'...
[INFO] running `Command { std: "git" "rev-parse" "HEAD", kill_on_drop: false }`
[INFO] [stdout] d874315689211f0448e43532a9b260ca7a31e167
[INFO] checking fluxxu/casc-extract against a621e2b446eafb53c7a8569f225e0b8cc2429a68 for pr-162600
[INFO] running `Command { std: "git" "clone" "/workspace/cache/git-repos/https%3A%2F%2Fgithub.com%2Ffluxxu%2Fcasc-extract" "/workspace/builds/worker-0-tc2/source", kill_on_drop: false }`
[INFO] [stderr] Cloning into '/workspace/builds/worker-0-tc2/source'...
[INFO] [stderr] done.
[INFO] started tweaking git repo https://github.com/fluxxu/casc-extract
[INFO] finished tweaking git repo https://github.com/fluxxu/casc-extract
[INFO] tweaked toml for git repo https://github.com/fluxxu/casc-extract written to /workspace/builds/worker-0-tc2/source/Cargo.toml
[INFO] validating manifest of git repo https://github.com/fluxxu/casc-extract on toolchain a621e2b446eafb53c7a8569f225e0b8cc2429a68
[INFO] running `Command { std: CARGO_HOME="/workspace/cargo-home" RUSTUP_HOME="/workspace/rustup-home" "/workspace/cargo-home/bin/cargo" "+a621e2b446eafb53c7a8569f225e0b8cc2429a68" "metadata" "--manifest-path" "Cargo.toml" "--no-deps", kill_on_drop: false }`
[INFO] crate git repo https://github.com/fluxxu/casc-extract already has a lockfile, it will not be regenerated
[INFO] running `Command { std: CARGO_HOME="/workspace/cargo-home" RUSTUP_HOME="/workspace/rustup-home" "/workspace/cargo-home/bin/cargo" "+a621e2b446eafb53c7a8569f225e0b8cc2429a68" "fetch" "--manifest-path" "Cargo.toml", kill_on_drop: false }`
[INFO] [stderr] warning: Cargo.toml: `package.edition` is unspecified, defaulting to `2015` while the latest is `2024`
[INFO] [stderr] warning: `casc-extract` (manifest) generated 1 warning
[INFO] [stderr]     Blocking waiting for file lock on package cache
[INFO] [stderr]     Updating git repository `https://github.com/wc3tools/casclib-rs.git`
[INFO] [stderr]     Updating git submodule `https://github.com/fluxxu/CascLib.git`
[INFO] [stderr]     Updating crates.io index
[INFO] [stderr]     Blocking waiting for file lock on package cache
[ERROR] error running command: no output for 300 seconds
[INFO] checking fluxxu/casc-extract against a621e2b446eafb53c7a8569f225e0b8cc2429a68 for pr-162600
[INFO] running `Command { std: "git" "clone" "/workspace/cache/git-repos/https%3A%2F%2Fgithub.com%2Ffluxxu%2Fcasc-extract" "/workspace/builds/worker-0-tc2/source", kill_on_drop: false }`
[INFO] [stderr] Cloning into '/workspace/builds/worker-0-tc2/source'...
[INFO] [stderr] done.
[INFO] started tweaking git repo https://github.com/fluxxu/casc-extract
[INFO] finished tweaking git repo https://github.com/fluxxu/casc-extract
[INFO] tweaked toml for git repo https://github.com/fluxxu/casc-extract written to /workspace/builds/worker-0-tc2/source/Cargo.toml
[INFO] validating manifest of git repo https://github.com/fluxxu/casc-extract on toolchain a621e2b446eafb53c7a8569f225e0b8cc2429a68
[INFO] running `Command { std: CARGO_HOME="/workspace/cargo-home" RUSTUP_HOME="/workspace/rustup-home" "/workspace/cargo-home/bin/cargo" "+a621e2b446eafb53c7a8569f225e0b8cc2429a68" "metadata" "--manifest-path" "Cargo.toml" "--no-deps", kill_on_drop: false }`
[INFO] crate git repo https://github.com/fluxxu/casc-extract already has a lockfile, it will not be regenerated
[INFO] running `Command { std: CARGO_HOME="/workspace/cargo-home" RUSTUP_HOME="/workspace/rustup-home" "/workspace/cargo-home/bin/cargo" "+a621e2b446eafb53c7a8569f225e0b8cc2429a68" "fetch" "--manifest-path" "Cargo.toml", kill_on_drop: false }`
[INFO] [stderr] warning: Cargo.toml: `package.edition` is unspecified, defaulting to `2015` while the latest is `2024`
[INFO] [stderr] warning: `casc-extract` (manifest) generated 1 warning
[INFO] [stderr]     Blocking waiting for file lock on package cache
[INFO] [stderr]     Blocking waiting for file lock on package cache
[INFO] [stderr]  Downloading crates ...
[INFO] [stderr]   Downloaded toml v0.2.1
[INFO] [stderr]   Downloaded time v0.1.42
[INFO] [stderr]   Downloaded termion v1.5.5
[INFO] [stderr]   Downloaded log v0.4.8
[INFO] [stderr]   Downloaded redox_syscall v0.1.56
[INFO] [stderr]   Downloaded glob v0.2.11
[INFO] [stderr]   Downloaded cc v1.0.50
[INFO] [stderr]   Downloaded pbr v1.0.2
[INFO] [stderr]   Downloaded cmake v0.1.42
[INFO] [stderr]   Downloaded winapi v0.3.8
[INFO] running `Command { std: "docker" "create" "-v" "/var/lib/crater-agent-workspace/builds/worker-0-tc2/source:/opt/rustwide/workdir:ro,Z" "-v" "/var/lib/crater-agent-workspace/builds/worker-0-tc2/target:/opt/rustwide/target:rw,Z" "-v" "/var/lib/crater-agent-workspace/cargo-home:/opt/rustwide/cargo-home:ro,Z" "-v" "/var/lib/crater-agent-workspace/rustup-home:/opt/rustwide/rustup-home:ro,Z" "-m" "1610612736" "--network" "none" "ghcr.io/rust-lang/crates-build-env/linux@sha256:8683fc1fc2eb5c9ac98e0d076ab094b2ffac7f99da555d2b6a2e27f346de2ec7" "sleep" "infinity", kill_on_drop: false }`
[INFO] [stdout] 1e4da7c93028045da851b9bb536d97664c62984fc48da208585ed453e4598479
[INFO] running `Command { std: "docker" "start" "1e4da7c93028045da851b9bb536d97664c62984fc48da208585ed453e4598479", kill_on_drop: false }`
[INFO] running `Command { std: "docker" "inspect" "1e4da7c93028045da851b9bb536d97664c62984fc48da208585ed453e4598479", kill_on_drop: false }`
[INFO] running `Command { std: "docker" "exec" "-e" "SOURCE_DIR=/opt/rustwide/workdir" "-e" "CARGO_HOME=/opt/rustwide/cargo-home" "-e" "RUSTUP_HOME=/opt/rustwide/rustup-home" "-e" "CARGO_TARGET_DIR=/opt/rustwide/target" "-w" "/opt/rustwide/workdir" "--user" "0:0" "1e4da7c93028045da851b9bb536d97664c62984fc48da208585ed453e4598479" "/opt/rustwide/cargo-home/bin/cargo" "+a621e2b446eafb53c7a8569f225e0b8cc2429a68" "metadata" "--no-deps" "--format-version=1", kill_on_drop: false }`
[INFO] running `Command { std: "docker" "inspect" "1e4da7c93028045da851b9bb536d97664c62984fc48da208585ed453e4598479", kill_on_drop: false }`
[INFO] running `Command { std: "docker" "exec" "-e" "SOURCE_DIR=/opt/rustwide/workdir" "-e" "CARGO_HOME=/opt/rustwide/cargo-home" "-e" "RUSTUP_HOME=/opt/rustwide/rustup-home" "-e" "CARGO_TARGET_DIR=/opt/rustwide/target" "-e" "CARGO_INCREMENTAL=0" "-e" "RUST_BACKTRACE=full" "-e" "RUSTFLAGS=--cap-lints=forbid" "-e" "RUSTDOCFLAGS=--cap-lints=forbid" "-w" "/opt/rustwide/workdir" "--user" "0:0" "1e4da7c93028045da851b9bb536d97664c62984fc48da208585ed453e4598479" "/opt/rustwide/cargo-home/bin/cargo" "+a621e2b446eafb53c7a8569f225e0b8cc2429a68" "check" "--frozen" "--all" "--all-targets" "--message-format=json", kill_on_drop: false }`
[INFO] [stderr] warning: Cargo.toml: `package.edition` is unspecified, defaulting to `2015` while the latest is `2024`
[INFO] [stderr] warning: `casc-extract` (manifest) generated 1 warning
[INFO] [stderr]    Compiling libc v0.2.68
[INFO] [stderr]    Compiling cc v1.0.50
[INFO] [stderr]    Compiling log v0.4.8
[INFO] [stderr]     Checking rustc-serialize v0.3.24
[INFO] [stderr]     Checking glob v0.2.11
[INFO] [stdout] error[E0310]: the parameter type `T` may not live long enough
[INFO] [stdout]     --> /opt/rustwide/cargo-home/registry/src/index.crates.io-1949cf8c6b5b557f/rustc-serialize-0.3.24/src/serialize.rs:1155:5
[INFO] [stdout]      |
[INFO] [stdout] 1155 |     fn decode<D: Decoder>(d: &mut D) -> Result<Cow<'static, T>, D::Error> {
[INFO] [stdout]      |     ^^^^^^^^^^^^^^^^^^^^^^^^^^^^^^^^^^^^^^^^^^^^^^^^^^^^^^^^^^^^^^^^^^^^^
[INFO] [stdout]      |     |
[INFO] [stdout]      |     the parameter type `T` must be valid for the static lifetime...
[INFO] [stdout]      |     ...so that the type `T` will meet its required lifetime bounds
[INFO] [stdout]      |
[INFO] [stdout] help: consider adding an explicit lifetime bound
[INFO] [stdout]      |
[INFO] [stdout] 1151 | impl<'a, T: ?Sized + 'static> Decodable for Cow<'a, T>
[INFO] [stdout]      |                    +++++++++
[INFO] [stdout] 
[INFO] [stdout] 
[INFO] [stderr]     Checking log v0.3.9
[INFO] [stderr]    Compiling cmake v0.1.42
[INFO] [stderr]     Checking time v0.1.42
[INFO] [stderr]    Compiling casclib-sys v0.1.0 (https://github.com/wc3tools/casclib-rs.git#76d2e80a)
[INFO] [stderr]     Checking pbr v1.0.2
[INFO] [stderr] error: failed to run custom build command for `casclib-sys v0.1.0 (https://github.com/wc3tools/casclib-rs.git#76d2e80a)`
[INFO] [stderr] note: To improve backtraces for build dependencies, set the CARGO_PROFILE_DEV_BUILD_OVERRIDE_DEBUG=true environment variable to enable debug information generation.
[INFO] [stderr] 
[INFO] [stderr] Caused by:
[INFO] [stderr]   process didn't exit successfully: `/opt/rustwide/target/debug/build/casclib-sys/a2097e48d48d7e78/out/build_script_build` (exit status: 101)
[INFO] [stderr]   --- stdout
[INFO] [stderr]   cargo:rerun-if-changed=CascLib
[INFO] [stderr]   running: cd "/opt/rustwide/target/debug/build/casclib-sys/ff63db4ba439a512/out/build" && CMAKE_PREFIX_PATH="" "cmake" "/opt/rustwide/cargo-home/git/checkouts/casclib-rs-50620b5734cc89f6/76d2e80/casclib-sys/CascLib" "-DCASC_BUILD_SHARED_LIB=OFF" "-DCASC_BUILD_STATIC_LIB=ON" "-DCMAKE_INSTALL_PREFIX=/opt/rustwide/target/debug/build/casclib-sys/ff63db4ba439a512/out" "-DCMAKE_C_FLAGS= -ffunction-sections -fdata-sections -fPIC -m64" "-DCMAKE_C_COMPILER=/usr/bin/cc" "-DCMAKE_CXX_FLAGS= -ffunction-sections -fdata-sections -fPIC -m64" "-DCMAKE_CXX_COMPILER=/usr/bin/c++" "-DCMAKE_BUILD_TYPE=Debug"
[INFO] [stderr]   -- Configuring incomplete, errors occurred!
[INFO] [stderr] 
[INFO] [stderr]   --- stderr
[INFO] [stderr]   CMake Error at CMakeLists.txt:1 (cmake_minimum_required):
[INFO] [stderr]     Compatibility with CMake < 3.5 has been removed from CMake.
[INFO] [stderr] 
[INFO] [stderr]     Update the VERSION argument <min> value.  Or, use the <min>...<max> syntax
[INFO] [stderr]     to tell CMake that the project requires at least <min> but has been updated
[INFO] [stderr]     to work with policies introduced by <max> or earlier.
[INFO] [stderr] 
[INFO] [stderr]     Or, add -DCMAKE_POLICY_VERSION_MINIMUM=3.5 to try configuring anyway.
[INFO] [stderr] 
[INFO] [stderr] 
[INFO] [stderr] 
[INFO] [stderr]   thread 'main' (166) panicked at /opt/rustwide/cargo-home/registry/src/index.crates.io-1949cf8c6b5b557f/cmake-0.1.42/src/lib.rs:861:5:
[INFO] [stderr] 
[INFO] [stderr]   command did not execute successfully, got: exit status: 1
[INFO] [stderr] 
[INFO] [stderr]   build script failed, must exit now
[INFO] [stderr]   stack backtrace:
[INFO] [stderr]      0:     0x584ce9c5bd51 - std[12f6d9377d23c6af]::backtrace_rs::backtrace::libunwind::trace
[INFO] [stderr]                                  at /rustc/a621e2b446eafb53c7a8569f225e0b8cc2429a68/library/std/src/../../backtrace/src/backtrace/libunwind.rs:117:9
[INFO] [stderr]      1:     0x584ce9c5bd51 - std[12f6d9377d23c6af]::backtrace_rs::backtrace::trace_unsynchronized::<std[12f6d9377d23c6af]::sys::backtrace::_print_fmt::{closure#1}>
[INFO] [stderr]                                  at /rustc/a621e2b446eafb53c7a8569f225e0b8cc2429a68/library/std/src/../../backtrace/src/backtrace/mod.rs:66:14
[INFO] [stderr]      2:     0x584ce9c5bd51 - std[12f6d9377d23c6af]::sys::backtrace::_print_fmt
[INFO] [stderr]                                  at /rustc/a621e2b446eafb53c7a8569f225e0b8cc2429a68/library/std/src/sys/backtrace.rs:74:9
[INFO] [stderr]      3:     0x584ce9c5bd51 - <<std[12f6d9377d23c6af]::sys::backtrace::BacktraceLock>::print::DisplayBacktrace as core[b3bb6d7bd55257e3]::fmt::Display>::fmt
[INFO] [stderr]                                  at /rustc/a621e2b446eafb53c7a8569f225e0b8cc2429a68/library/std/src/sys/backtrace.rs:44:26
[INFO] [stderr]      4:     0x584ce9c6fa6a - <core[b3bb6d7bd55257e3]::fmt::rt::Argument>::fmt
[INFO] [stderr]                                  at /rustc/a621e2b446eafb53c7a8569f225e0b8cc2429a68/library/core/src/fmt/rt.rs:152:76
[INFO] [stderr]      5:     0x584ce9c6fa6a - core[b3bb6d7bd55257e3]::fmt::write
[INFO] [stderr]      6:     0x584ce9c614cc - core[b3bb6d7bd55257e3]::io::write::default_write_fmt::<std[12f6d9377d23c6af]::sys::stdio::unix::Stderr>
[INFO] [stderr]                                  at /rustc/a621e2b446eafb53c7a8569f225e0b8cc2429a68/library/core/src/io/write.rs:402:11
[INFO] [stderr]      7:     0x584ce9c614cc - <std[12f6d9377d23c6af]::sys::stdio::unix::Stderr as core[b3bb6d7bd55257e3]::io::write::Write>::write_fmt
[INFO] [stderr]                                  at /rustc/a621e2b446eafb53c7a8569f225e0b8cc2429a68/library/core/src/io/write.rs:335:13
[INFO] [stderr]      8:     0x584ce9c3bc26 - <std[12f6d9377d23c6af]::sys::backtrace::BacktraceLock>::print
[INFO] [stderr]                                  at /rustc/a621e2b446eafb53c7a8569f225e0b8cc2429a68/library/std/src/sys/backtrace.rs:47:9
[INFO] [stderr]      9:     0x584ce9c3bc26 - std[12f6d9377d23c6af]::panicking::default_hook::{closure#0}
[INFO] [stderr]                                  at /rustc/a621e2b446eafb53c7a8569f225e0b8cc2429a68/library/std/src/panicking.rs:289:27
[INFO] [stderr]     10:     0x584ce9c56b41 - std[12f6d9377d23c6af]::panicking::default_hook
[INFO] [stderr]                                  at /rustc/a621e2b446eafb53c7a8569f225e0b8cc2429a68/library/std/src/panicking.rs:316:9
[INFO] [stderr]     11:     0x584ce9c56cfb - std[12f6d9377d23c6af]::panicking::panic_with_hook
[INFO] [stderr]                                  at /rustc/a621e2b446eafb53c7a8569f225e0b8cc2429a68/library/std/src/panicking.rs:811:13
[INFO] [stderr]     12:     0x584ce9c3bcd2 - std[12f6d9377d23c6af]::panicking::panic_handler::{closure#0}
[INFO] [stderr]                                  at /rustc/a621e2b446eafb53c7a8569f225e0b8cc2429a68/library/std/src/panicking.rs:685:13
[INFO] [stderr]     13:     0x584ce9c34569 - std[12f6d9377d23c6af]::sys::backtrace::__rust_end_short_backtrace::<std[12f6d9377d23c6af]::panicking::panic_handler::{closure#0}, !>
[INFO] [stderr]                                  at /rustc/a621e2b446eafb53c7a8569f225e0b8cc2429a68/library/std/src/sys/backtrace.rs:182:18
[INFO] [stderr]     14:     0x584ce9c3c4bd - __rustc[3d28b5266d1192b2]::rust_begin_unwind
[INFO] [stderr]                                  at /rustc/a621e2b446eafb53c7a8569f225e0b8cc2429a68/library/std/src/panicking.rs:676:5
[INFO] [stderr]     15:     0x584ce9c7019c - core[b3bb6d7bd55257e3]::panicking::panic_fmt
[INFO] [stderr]                                  at /rustc/a621e2b446eafb53c7a8569f225e0b8cc2429a68/library/core/src/panicking.rs:80:14
[INFO] [stderr]     16:     0x584ce9bf5377 - cmake[2beb2aeb75f0d881]::fail
[INFO] [stderr]     17:     0x584ce9bf5031 - cmake[2beb2aeb75f0d881]::run
[INFO] [stderr]     18:     0x584ce9bf88f6 - <cmake[2beb2aeb75f0d881]::Config>::build
[INFO] [stderr]     19:     0x584ce9bf1103 - build_script_build[14c10cce69fb96be]::main
[INFO] [stderr]     20:     0x584ce9bf1783 - <fn() as core[b3bb6d7bd55257e3]::ops::function::FnOnce<()>>::call_once
[INFO] [stderr]     21:     0x584ce9bf0ece - std[12f6d9377d23c6af]::sys::backtrace::__rust_begin_short_backtrace::<fn(), ()>
[INFO] [stderr]     22:     0x584ce9bf0ed9 - std[12f6d9377d23c6af]::rt::lang_start::<()>::{closure#0}
[INFO] [stderr]     23:     0x584ce9c55f48 - <&dyn core[b3bb6d7bd55257e3]::ops::function::Fn<(), Output = i32> + core[b3bb6d7bd55257e3]::marker::Sync + core[b3bb6d7bd55257e3]::panic::unwind_safe::RefUnwindSafe as core[b3bb6d7bd55257e3]::ops::function::FnOnce<()>>::call_once
[INFO] [stderr]                                  at /rustc/a621e2b446eafb53c7a8569f225e0b8cc2429a68/library/core/src/ops/function.rs:287:21
[INFO] [stderr]     24:     0x584ce9c55f48 - std[12f6d9377d23c6af]::panicking::catch_unwind::do_call::<&dyn core[b3bb6d7bd55257e3]::ops::function::Fn<(), Output = i32> + core[b3bb6d7bd55257e3]::marker::Sync + core[b3bb6d7bd55257e3]::panic::unwind_safe::RefUnwindSafe, i32>
[INFO] [stderr]                                  at /rustc/a621e2b446eafb53c7a8569f225e0b8cc2429a68/library/std/src/panicking.rs:573:43
[INFO] [stderr]     25:     0x584ce9c55f48 - std[12f6d9377d23c6af]::panicking::catch_unwind::<i32, &dyn core[b3bb6d7bd55257e3]::ops::function::Fn<(), Output = i32> + core[b3bb6d7bd55257e3]::marker::Sync + core[b3bb6d7bd55257e3]::panic::unwind_safe::RefUnwindSafe>
[INFO] [stderr]                                  at /rustc/a621e2b446eafb53c7a8569f225e0b8cc2429a68/library/std/src/panicking.rs:541:19
[INFO] [stderr]     26:     0x584ce9c55f48 - std[12f6d9377d23c6af]::panic::catch_unwind::<&dyn core[b3bb6d7bd55257e3]::ops::function::Fn<(), Output = i32> + core[b3bb6d7bd55257e3]::marker::Sync + core[b3bb6d7bd55257e3]::panic::unwind_safe::RefUnwindSafe, i32>
[INFO] [stderr]                                  at /rustc/a621e2b446eafb53c7a8569f225e0b8cc2429a68/library/std/src/panic.rs:359:14
[INFO] [stderr]     27:     0x584ce9c55f48 - std[12f6d9377d23c6af]::rt::lang_start_internal::{closure#0}
[INFO] [stderr]                                  at /rustc/a621e2b446eafb53c7a8569f225e0b8cc2429a68/library/std/src/rt.rs:175:24
[INFO] [stderr]     28:     0x584ce9c55f48 - std[12f6d9377d23c6af]::panicking::catch_unwind::do_call::<std[12f6d9377d23c6af]::rt::lang_start_internal::{closure#0}, isize>
[INFO] [stderr]                                  at /rustc/a621e2b446eafb53c7a8569f225e0b8cc2429a68/library/std/src/panicking.rs:573:43
[INFO] [stderr]     29:     0x584ce9c55f48 - std[12f6d9377d23c6af]::panicking::catch_unwind::<isize, std[12f6d9377d23c6af]::rt::lang_start_internal::{closure#0}>
[INFO] [stderr]                                  at /rustc/a621e2b446eafb53c7a8569f225e0b8cc2429a68/library/std/src/panicking.rs:541:19
[INFO] [stderr]     30:     0x584ce9c55f48 - std[12f6d9377d23c6af]::panic::catch_unwind::<std[12f6d9377d23c6af]::rt::lang_start_internal::{closure#0}, isize>
[INFO] [stderr]                                  at /rustc/a621e2b446eafb53c7a8569f225e0b8cc2429a68/library/std/src/panic.rs:359:14
[INFO] [stderr]     31:     0x584ce9c55f48 - std[12f6d9377d23c6af]::rt::lang_start_internal
[INFO] [stderr]                                  at /rustc/a621e2b446eafb53c7a8569f225e0b8cc2429a68/library/std/src/rt.rs:171:5
[INFO] [stderr]     32:     0x584ce9bf0be1 - std[12f6d9377d23c6af]::rt::lang_start::<()>
[INFO] [stderr]     33:     0x584ce9bf17c5 - main
[INFO] [stderr]     34:     0x7c73b5f35601 - <unknown>
[INFO] [stderr]     35:     0x7c73b5f35718 - __libc_start_main
[INFO] [stderr]     36:     0x584ce9bf0365 - _start
[INFO] [stderr]     37:                0x0 - <unknown>
[INFO] [stderr] warning: build failed, waiting for other jobs to finish...
[INFO] [stdout] For more information about this error, try `rustc --explain E0310`.
[INFO] [stdout] 
[INFO] [stderr] error: could not compile `rustc-serialize` (lib) due to 1 previous error
[INFO] running `Command { std: "docker" "inspect" "1e4da7c93028045da851b9bb536d97664c62984fc48da208585ed453e4598479", kill_on_drop: false }`
[INFO] running `Command { std: "docker" "rm" "-f" "1e4da7c93028045da851b9bb536d97664c62984fc48da208585ed453e4598479", kill_on_drop: false }`
[INFO] [stdout] 1e4da7c93028045da851b9bb536d97664c62984fc48da208585ed453e4598479
