[INFO] cloning repository https://github.com/bvolpato/ivygrep
[INFO] running `Command { std: "git" "-c" "credential.helper=" "-c" "credential.helper=/workspace/cargo-home/bin/git-credential-null" "clone" "--bare" "https://github.com/bvolpato/ivygrep" "/workspace/cache/git-repos/https%3A%2F%2Fgithub.com%2Fbvolpato%2Fivygrep", kill_on_drop: false }`
[INFO] [stderr] Cloning into bare repository '/workspace/cache/git-repos/https%3A%2F%2Fgithub.com%2Fbvolpato%2Fivygrep'...
[INFO] running `Command { std: "git" "rev-parse" "HEAD", kill_on_drop: false }`
[INFO] [stdout] b3184f670524e7f5ddb72009f7b49ca7e0cd8c4a
[INFO] checking bvolpato/ivygrep against a621e2b446eafb53c7a8569f225e0b8cc2429a68 for pr-162600
[INFO] running `Command { std: "git" "clone" "/workspace/cache/git-repos/https%3A%2F%2Fgithub.com%2Fbvolpato%2Fivygrep" "/workspace/builds/worker-1-tc2/source", kill_on_drop: false }`
[INFO] [stderr] Cloning into '/workspace/builds/worker-1-tc2/source'...
[INFO] [stderr] done.
[INFO] removed /workspace/builds/worker-1-tc2/source/.cargo/config.toml
[INFO] removed /workspace/builds/worker-1-tc2/source/rust-toolchain.toml
[INFO] started tweaking git repo https://github.com/bvolpato/ivygrep
[INFO] finished tweaking git repo https://github.com/bvolpato/ivygrep
[INFO] tweaked toml for git repo https://github.com/bvolpato/ivygrep written to /workspace/builds/worker-1-tc2/source/Cargo.toml
[INFO] validating manifest of git repo https://github.com/bvolpato/ivygrep on toolchain a621e2b446eafb53c7a8569f225e0b8cc2429a68
[INFO] running `Command { std: CARGO_HOME="/workspace/cargo-home" RUSTUP_HOME="/workspace/rustup-home" "/workspace/cargo-home/bin/cargo" "+a621e2b446eafb53c7a8569f225e0b8cc2429a68" "metadata" "--manifest-path" "Cargo.toml" "--no-deps", kill_on_drop: false }`
[INFO] crate git repo https://github.com/bvolpato/ivygrep already has a lockfile, it will not be regenerated
[INFO] running `Command { std: CARGO_HOME="/workspace/cargo-home" RUSTUP_HOME="/workspace/rustup-home" "/workspace/cargo-home/bin/cargo" "+a621e2b446eafb53c7a8569f225e0b8cc2429a68" "fetch" "--manifest-path" "Cargo.toml", kill_on_drop: false }`
[INFO] [stderr] warning: explicit `package.readme` can be inferred
[INFO] [stderr]    --> Cargo.toml:168:1
[INFO] [stderr]     |
[INFO] [stderr] 168 | readme = "README.md"
[INFO] [stderr]     | ^^^^^^^^^^^^^^^^^^^^
[INFO] [stderr]     |
[INFO] [stderr]     = note: `cargo::manual_readme` is set to `warn` by default
[INFO] [stderr] help: consider removing `package.readme`
[INFO] [stderr] warning: `ivygrep` (manifest) generated 1 warning
[INFO] [stderr]     Blocking waiting for file lock on package cache
[INFO] [stderr]     Updating crates.io index
[INFO] [stderr]     Updating git repository `https://github.com/quickwit-oss/tantivy`
[INFO] [stderr]     Blocking waiting for file lock on package cache
[ERROR] error running command: no output for 300 seconds
[INFO] checking bvolpato/ivygrep against a621e2b446eafb53c7a8569f225e0b8cc2429a68 for pr-162600
[INFO] running `Command { std: "git" "clone" "/workspace/cache/git-repos/https%3A%2F%2Fgithub.com%2Fbvolpato%2Fivygrep" "/workspace/builds/worker-1-tc2/source", kill_on_drop: false }`
[INFO] [stderr] Cloning into '/workspace/builds/worker-1-tc2/source'...
[INFO] [stderr] done.
[INFO] removed /workspace/builds/worker-1-tc2/source/.cargo/config.toml
[INFO] removed /workspace/builds/worker-1-tc2/source/rust-toolchain.toml
[INFO] started tweaking git repo https://github.com/bvolpato/ivygrep
[INFO] finished tweaking git repo https://github.com/bvolpato/ivygrep
[INFO] tweaked toml for git repo https://github.com/bvolpato/ivygrep written to /workspace/builds/worker-1-tc2/source/Cargo.toml
[INFO] validating manifest of git repo https://github.com/bvolpato/ivygrep on toolchain a621e2b446eafb53c7a8569f225e0b8cc2429a68
[INFO] running `Command { std: CARGO_HOME="/workspace/cargo-home" RUSTUP_HOME="/workspace/rustup-home" "/workspace/cargo-home/bin/cargo" "+a621e2b446eafb53c7a8569f225e0b8cc2429a68" "metadata" "--manifest-path" "Cargo.toml" "--no-deps", kill_on_drop: false }`
[INFO] crate git repo https://github.com/bvolpato/ivygrep already has a lockfile, it will not be regenerated
[INFO] running `Command { std: CARGO_HOME="/workspace/cargo-home" RUSTUP_HOME="/workspace/rustup-home" "/workspace/cargo-home/bin/cargo" "+a621e2b446eafb53c7a8569f225e0b8cc2429a68" "fetch" "--manifest-path" "Cargo.toml", kill_on_drop: false }`
[INFO] [stderr] warning: explicit `package.readme` can be inferred
[INFO] [stderr]    --> Cargo.toml:168:1
[INFO] [stderr]     |
[INFO] [stderr] 168 | readme = "README.md"
[INFO] [stderr]     | ^^^^^^^^^^^^^^^^^^^^
[INFO] [stderr]     |
[INFO] [stderr]     = note: `cargo::manual_readme` is set to `warn` by default
[INFO] [stderr] help: consider removing `package.readme`
[INFO] [stderr] warning: `ivygrep` (manifest) generated 1 warning
[INFO] [stderr]     Blocking waiting for file lock on package cache
[INFO] [stderr]     Blocking waiting for file lock on package cache
[INFO] [stderr]  Downloading crates ...
[INFO] [stderr]   Downloaded zstd-safe v8.0.0
[INFO] [stderr]   Downloaded tui-input v0.15.4
[INFO] [stderr]   Downloaded zstd v0.14.0
[INFO] [stderr]   Downloaded tree-sitter-zig v1.1.2
[INFO] [stderr]   Downloaded tree-sitter-starlark v1.3.0
[INFO] [stderr]   Downloaded typetag-impl v0.2.21
[INFO] [stderr]   Downloaded murmurhash32 v0.4.0
[INFO] [stderr]   Downloaded unwrap-infallible v1.0.0
[INFO] [stderr]   Downloaded typetag v0.2.21
[INFO] [stderr]   Downloaded lz4_flex v0.14.0
[INFO] [stderr]   Downloaded tree-sitter-lua v0.5.0
[INFO] [stderr]   Downloaded daachorse v3.0.3
[INFO] [stderr]   Downloaded cxxbridge-flags v1.0.196
[INFO] [stderr]   Downloaded inotify v0.11.1
[INFO] [stderr]   Downloaded tree-sitter-java v0.23.5
[INFO] [stderr]   Downloaded cxxbridge-macro v1.0.196
[INFO] [stderr]   Downloaded cxxbridge-cmd v1.0.196
[INFO] [stderr]   Downloaded tree-sitter v0.26.13
[INFO] [stderr]   Downloaded cxx-build v1.0.196
[INFO] [stderr]   Downloaded tokenizers v0.23.2
[INFO] [stderr]   Downloaded tree-sitter-c v0.24.2
[INFO] [stderr]   Downloaded tree-sitter-dart v0.2.0
[INFO] [stderr]   Downloaded datasketches v0.3.0
[INFO] [stderr]   Downloaded cxx v1.0.196
[INFO] [stderr]   Downloaded tree-sitter-ruby v0.23.1
[INFO] [stderr]   Downloaded tree-sitter-bash v0.25.1
[INFO] [stderr]   Downloaded tree-sitter-elixir v0.3.5
[INFO] [stderr]   Downloaded tree-sitter-php v0.24.2
[INFO] [stderr]   Downloaded rayon-cond v0.3.0
[INFO] [stderr]   Downloaded tree-sitter-perl v1.1.2
[INFO] [stderr]   Downloaded tree-sitter-swift v0.7.3
[INFO] [stderr]   Downloaded tree-sitter-cpp v0.23.4
[INFO] [stderr]   Downloaded tree-sitter-scala v0.26.2
[INFO] [stderr]   Downloaded tree-sitter-c-sharp v0.23.5
[INFO] [stderr]   Downloaded candle-nn v0.10.2
[INFO] [stderr]   Downloaded ug-metal v0.5.0
[INFO] [stderr]   Downloaded gemm v0.19.0
[INFO] [stderr]   Downloaded fancy-regex v0.17.0
[INFO] [stderr]   Downloaded zip v7.2.0
[INFO] [stderr]   Downloaded pulp-wasm-simd-flag v0.1.0
[INFO] [stderr]   Downloaded ug v0.5.0
[INFO] [stderr]   Downloaded grep-matcher v0.1.9
[INFO] [stderr]   Downloaded tree-sitter-objc v3.0.2
[INFO] [stderr]   Downloaded tree-sitter-kotlin-ng v1.1.0
[INFO] [stderr]   Downloaded gemm-f64 v0.19.0
[INFO] [stderr]   Downloaded gemm-f32 v0.19.0
[INFO] [stderr]   Downloaded candle-ug v0.10.2
[INFO] [stderr]   Downloaded candle-core v0.10.2
[INFO] [stderr]   Downloaded gemm-c32 v0.19.0
[INFO] [stderr]   Downloaded float8 v0.7.0
[INFO] [stderr]   Downloaded candle-kernels v0.10.2
[INFO] [stderr]   Downloaded insta v1.48.0
[INFO] [stderr]   Downloaded grep-searcher v0.1.17
[INFO] [stderr]   Downloaded candle-ug v0.11.0
[INFO] [stderr]   Downloaded gemm-f16 v0.19.0
[INFO] [stderr]   Downloaded tokenizers v0.19.1
[INFO] [stderr]   Downloaded candle-metal-kernels v0.10.2
[INFO] [stderr]   Downloaded gemm-common v0.19.0
[INFO] [stderr]   Downloaded ug-cuda v0.5.0
[INFO] [stderr]   Downloaded candle-metal-kernels v0.11.0
[INFO] [stderr]   Downloaded tree-sitter-ocaml v0.25.0
[INFO] [stderr]   Downloaded candle-transformers v0.10.2
[INFO] [stderr]   Downloaded cudaforge v0.1.5
[INFO] [stderr]   Downloaded grep-regex v0.1.14
[INFO] [stderr]   Downloaded safetensors v0.8.0
[INFO] [stderr]   Downloaded pulp v0.22.2
[INFO] [stderr]   Downloaded candle-core v0.11.0
[INFO] [stderr]   Downloaded cudarc v0.17.8
[INFO] [stderr]   Downloaded gemm-c64 v0.19.0
[INFO] [stderr]   Downloaded accelerate-src v0.3.2
[INFO] [stderr]   Downloaded cudarc v0.19.8
[INFO] [stderr]   Downloaded candle-kernels v0.11.0
[INFO] running `Command { std: "docker" "create" "-v" "/var/lib/crater-agent-workspace/builds/worker-1-tc2/source:/opt/rustwide/workdir:ro,Z" "-v" "/var/lib/crater-agent-workspace/builds/worker-1-tc2/target:/opt/rustwide/target:rw,Z" "-v" "/var/lib/crater-agent-workspace/cargo-home:/opt/rustwide/cargo-home:ro,Z" "-v" "/var/lib/crater-agent-workspace/rustup-home:/opt/rustwide/rustup-home:ro,Z" "-m" "1610612736" "--network" "none" "ghcr.io/rust-lang/crates-build-env/linux@sha256:8683fc1fc2eb5c9ac98e0d076ab094b2ffac7f99da555d2b6a2e27f346de2ec7" "sleep" "infinity", kill_on_drop: false }`
[INFO] [stdout] 984a3fc4eeb8c734c455e2e0464b853ab025c6cda43d355befce53e8552cc0bd
[INFO] running `Command { std: "docker" "start" "984a3fc4eeb8c734c455e2e0464b853ab025c6cda43d355befce53e8552cc0bd", kill_on_drop: false }`
[INFO] running `Command { std: "docker" "inspect" "984a3fc4eeb8c734c455e2e0464b853ab025c6cda43d355befce53e8552cc0bd", kill_on_drop: false }`
[INFO] running `Command { std: "docker" "exec" "-e" "SOURCE_DIR=/opt/rustwide/workdir" "-e" "CARGO_HOME=/opt/rustwide/cargo-home" "-e" "RUSTUP_HOME=/opt/rustwide/rustup-home" "-e" "CARGO_TARGET_DIR=/opt/rustwide/target" "-w" "/opt/rustwide/workdir" "--user" "0:0" "984a3fc4eeb8c734c455e2e0464b853ab025c6cda43d355befce53e8552cc0bd" "/opt/rustwide/cargo-home/bin/cargo" "+a621e2b446eafb53c7a8569f225e0b8cc2429a68" "metadata" "--no-deps" "--format-version=1", kill_on_drop: false }`
[INFO] running `Command { std: "docker" "inspect" "984a3fc4eeb8c734c455e2e0464b853ab025c6cda43d355befce53e8552cc0bd", kill_on_drop: false }`
[INFO] running `Command { std: "docker" "exec" "-e" "SOURCE_DIR=/opt/rustwide/workdir" "-e" "CARGO_HOME=/opt/rustwide/cargo-home" "-e" "RUSTUP_HOME=/opt/rustwide/rustup-home" "-e" "CARGO_TARGET_DIR=/opt/rustwide/target" "-e" "CARGO_INCREMENTAL=0" "-e" "RUST_BACKTRACE=full" "-e" "RUSTFLAGS=--cap-lints=forbid" "-e" "RUSTDOCFLAGS=--cap-lints=forbid" "-w" "/opt/rustwide/workdir" "--user" "0:0" "984a3fc4eeb8c734c455e2e0464b853ab025c6cda43d355befce53e8552cc0bd" "/opt/rustwide/cargo-home/bin/cargo" "+a621e2b446eafb53c7a8569f225e0b8cc2429a68" "check" "--frozen" "--all" "--all-targets" "--message-format=json", kill_on_drop: false }`
[INFO] [stderr] warning: explicit `package.readme` can be inferred
[INFO] [stderr]    --> Cargo.toml:168:1
[INFO] [stderr]     |
[INFO] [stderr] 168 | readme = "README.md"
[INFO] [stderr]     | ^^^^^^^^^^^^^^^^^^^^
[INFO] [stderr]     |
[INFO] [stderr]     = note: `cargo::manual_readme` is set to `warn` by default
[INFO] [stderr] help: consider removing `package.readme`
[INFO] [stderr] warning: `ivygrep` (manifest) generated 1 warning
[INFO] [stderr]    Compiling quote v1.0.45
[INFO] [stderr]    Compiling jobserver v0.1.34
[INFO] [stderr]    Compiling serde_core v1.0.229
[INFO] [stderr]    Compiling serde v1.0.229
[INFO] [stderr]     Checking foldhash v0.2.0
[INFO] [stderr]    Compiling num-traits v0.2.19
[INFO] [stderr]     Checking regex-automata v0.4.18
[INFO] [stderr]    Compiling serde_json v1.0.151
[INFO] [stderr]     Checking itertools v0.14.0
[INFO] [stderr]     Checking mio v1.2.0
[INFO] [stderr]    Compiling rustix v1.1.4
[INFO] [stderr]     Checking linux-raw-sys v0.12.1
[INFO] [stderr]     Checking unicode-segmentation v1.13.2
[INFO] [stderr]     Checking rayon v1.12.0
[INFO] [stderr]    Compiling pulp v0.22.2
[INFO] [stderr]    Compiling indexmap v2.13.1
[INFO] [stderr]     Checking raw-cpuid v11.6.0
[INFO] [stderr]     Checking pulp-wasm-simd-flag v0.1.0
[INFO] [stderr]    Compiling cc v1.2.59
[INFO] [stderr]    Compiling syn v2.0.117
[INFO] [stderr]    Compiling syn v3.0.0
[INFO] [stderr]    Compiling dyn-stack-macros v0.1.3
[INFO] [stderr]     Checking socket2 v0.6.3
[INFO] [stderr]    Compiling seq-macro v0.3.6
[INFO] [stderr]     Checking nom v7.1.3
[INFO] [stderr]     Checking http v1.5.0
[INFO] [stderr]     Checking hashbrown v0.17.1
[INFO] [stderr]     Checking getrandom v0.2.17
[INFO] [stderr]     Checking simd-adler32 v0.3.9
[INFO] [stderr]    Compiling ahash v0.8.12
[INFO] [stderr]    Compiling openssl v0.10.81
[INFO] [stderr]    Compiling openssl-src v300.6.0+3.6.2
[INFO] [stderr]    Compiling macro_rules_attribute-proc_macro v0.2.2
[INFO] [stderr]     Checking miniz_oxide v0.8.9
[INFO] [stderr]     Checking rustls-pki-types v1.14.0
[INFO] [stderr]     Checking getrandom v0.4.2
[INFO] [stderr]     Checking macro_rules_attribute v0.2.2
[INFO] [stderr]     Checking unicode-normalization-alignments v0.1.12
[INFO] [stderr]    Compiling portable-atomic v1.13.1
[INFO] [stderr]     Checking lru v0.18.4
[INFO] [stderr]     Checking flate2 v1.1.9
[INFO] [stderr]     Checking http-body v1.1.0
[INFO] [stderr]     Checking memmap2 v0.9.11
[INFO] [stderr]     Checking typed-path v0.12.3
[INFO] [stderr]    Compiling crunchy v0.2.4
[INFO] [stderr]    Compiling openssl-sys v0.9.117
[INFO] [stderr]    Compiling onig_sys v69.9.1
[INFO] [stderr]    Compiling zstd-sys v2.1.0+zstd.1.5.7
[INFO] [stderr]    Compiling esaxx-rs v0.1.10
[INFO] [stderr]    Compiling ring v0.17.14
[INFO] [stderr]     Checking unicode-truncate v2.0.1
[INFO] [stderr]     Checking rayon-cond v0.4.0
[INFO] [stderr]     Checking regex v1.13.1
[INFO] [stderr]    Compiling convert_case v0.10.0
[INFO] [stderr]    Compiling link-cplusplus v1.0.12
[INFO] [stderr]     Checking num_cpus v1.17.0
[INFO] [stderr]    Compiling scratch v1.0.9
[INFO] [stderr]     Checking bstr v1.12.1
[INFO] [stderr]     Checking rand_core v0.6.4
[INFO] [stderr]     Checking ownedbytes v0.9.0 (https://github.com/quickwit-oss/tantivy?rev=5ca39332002c2c87fb5d2abc707cf527b3319d42#5ca39332)
[INFO] [stderr]    Compiling cxxbridge-flags v1.0.196
[INFO] [stderr]    Compiling rustls v0.23.45
[INFO] [stderr]    Compiling unicode-width v0.2.2
[INFO] [stderr]     Checking hashbrown v0.16.1
[INFO] [stderr]     Checking deranged v0.5.8
[INFO] [stderr]    Compiling tree-sitter v0.26.13
[INFO] [stderr]     Checking hybrid-array v0.4.14
[INFO] [stderr]    Compiling cxx v1.0.196
[INFO] [stderr]    Compiling codespan-reporting v0.13.1
[INFO] [stderr]     Checking bitpacking v0.9.3
[INFO] [stderr]     Checking signal-hook-mio v0.2.5
[INFO] [stderr]     Checking http-body-util v0.1.5
[INFO] [stderr]     Checking webpki-roots v1.0.6
[INFO] [stderr]     Checking console v0.15.11
[INFO] [stderr]     Checking line-clipping v0.3.7
[INFO] [stderr]     Checking number_prefix v0.4.0
[INFO] [stderr]    Compiling erased-serde v0.4.10
[INFO] [stderr]     Checking tantivy-fst v0.5.0
[INFO] [stderr]     Checking indicatif v0.17.11
[INFO] [stderr]     Checking tempfile v3.27.0
[INFO] [stderr]     Checking webpki-roots v0.26.11
[INFO] [stderr]     Checking tantivy-bitpacker v0.10.0 (https://github.com/quickwit-oss/tantivy?rev=5ca39332002c2c87fb5d2abc707cf527b3319d42#5ca39332)
[INFO] [stderr]    Compiling libsqlite3-sys v0.38.2
[INFO] [stderr]     Checking fdeflate v0.3.7
[INFO] [stderr]     Checking console v0.16.3
[INFO] [stderr]     Checking itertools v0.11.0
[INFO] [stderr]     Checking murmurhash32 v0.4.0
[INFO] [stderr]    Compiling typetag v0.2.21
[INFO] [stderr]    Compiling zstd-safe v8.0.0
[INFO] [stderr]     Checking png v0.17.16
[INFO] [stderr]    Compiling pest v2.8.6
[INFO] [stderr]     Checking dirs v5.0.1
[INFO] [stderr]     Checking time v0.3.47
[INFO] [stderr]     Checking gethostname v1.1.0
[INFO] [stderr]     Checking zip v7.2.0
[INFO] [stderr]     Checking crypto-common v0.2.2
[INFO] [stderr]     Checking block-buffer v0.12.1
[INFO] [stderr]     Checking fancy-regex v0.17.0
[INFO] [stderr]    Compiling ivygrep-tree-sitter-haskell v0.23.1-ivygrep.1 (/opt/rustwide/workdir/vendor/tree-sitter-haskell)
[INFO] [stderr]    Compiling tree-sitter-bash v0.25.1
[INFO] [stderr]    Compiling synstructure v0.13.2
[INFO] [stderr]    Compiling darling_core v0.20.11
[INFO] [stderr]    Compiling serde_derive v1.0.229
[INFO] [stderr]    Compiling darling_core v0.23.0
[INFO] [stderr]    Compiling cxx-build v1.0.196
[INFO] [stderr]    Compiling prettyplease v0.2.37
[INFO] [stderr]     Checking rayon-cond v0.3.0
[INFO] [stderr]    Compiling tree-sitter-c v0.24.2
[INFO] [stderr]    Compiling tree-sitter-c-sharp v0.23.5
[INFO] [stderr]    Compiling tree-sitter-cpp v0.23.4
[INFO] [stderr]    Compiling tree-sitter-dart v0.2.0
[INFO] [stderr]    Compiling tree-sitter-elixir v0.3.5
[INFO] [stderr]    Compiling tree-sitter-go v0.25.0
[INFO] [stderr]    Compiling tree-sitter-java v0.23.5
[INFO] [stderr]    Compiling tree-sitter-javascript v0.25.0
[INFO] [stderr]    Compiling tree-sitter-kotlin-ng v1.1.0
[INFO] [stderr]    Compiling tree-sitter-lua v0.5.0
[INFO] [stderr]    Compiling tree-sitter-objc v3.0.2
[INFO] [stderr]    Compiling tree-sitter-ocaml v0.25.0
[INFO] [stderr]    Compiling tree-sitter-perl v1.1.2
[INFO] [stderr]    Compiling tree-sitter-php v0.24.2
[INFO] [stderr]    Compiling tree-sitter-python v0.25.0
[INFO] [stderr]    Compiling tree-sitter-ruby v0.23.1
[INFO] [stderr]    Compiling tree-sitter-rust v0.24.2
[INFO] [stderr]    Compiling tree-sitter-scala v0.26.2
[INFO] [stderr]    Compiling tree-sitter-starlark v1.3.0
[INFO] [stderr]    Compiling tree-sitter-swift v0.7.3
[INFO] [stderr]    Compiling tree-sitter-typescript v0.23.2
[INFO] [stderr]    Compiling tree-sitter-zig v1.1.2
[INFO] [stderr]    Compiling zerocopy-derive v0.8.48
[INFO] [stderr]    Compiling bytemuck_derive v1.10.2
[INFO] [stderr]    Compiling zerofrom-derive v0.1.7
[INFO] [stderr]    Compiling yoke-derive v0.8.2
[INFO] [stderr]    Compiling thiserror-impl v2.0.18
[INFO] [stderr]    Compiling zerovec-derive v0.11.3
[INFO] [stderr]    Compiling displaydoc v0.2.5
[INFO] [stderr]    Compiling futures-macro v0.3.32
[INFO] [stderr]    Compiling darling_macro v0.20.11
[INFO] [stderr]    Compiling tokio-macros v2.7.0
[INFO] [stderr]    Compiling darling v0.20.11
[INFO] [stderr]    Compiling derive_builder_core v0.20.2
[INFO] [stderr]    Compiling darling_macro v0.23.0
[INFO] [stderr]     Checking compact_str v0.9.1
[INFO] [stderr]    Compiling tracing-attributes v0.1.31
[INFO] [stderr]    Compiling darling v0.23.0
[INFO] [stderr]     Checking futures-util v0.3.32
[INFO] [stderr]    Compiling monostate-impl v0.1.18
[INFO] [stderr]     Checking tokio v1.53.1
[INFO] [stderr]     Checking spm_precompiled v0.1.4
[INFO] [stderr]    Compiling openssl-macros v0.1.1
[INFO] [stderr]     Checking monostate v0.1.18
[INFO] [stderr]     Checking dary_heap v0.3.9
[INFO] [stderr]    Compiling strum_macros v0.28.0
[INFO] [stderr]     Checking onig v6.5.1
[INFO] [stderr]     Checking bytemuck v1.25.0
[INFO] [stderr]    Compiling instability v0.3.12
[INFO] [stderr]     Checking zerofrom v0.1.7
[INFO] [stderr]     Checking thiserror v2.0.18
[INFO] [stderr]    Compiling derive_more-impl v2.1.1
[INFO] [stderr]     Checking yoke v0.8.2
[INFO] [stderr]     Checking kasuari v0.4.12
[INFO] [stderr]     Checking num-complex v0.4.6
[INFO] [stderr]     Checking dyn-stack v0.13.2
[INFO] [stderr]     Checking zerocopy v0.8.48
[INFO] [stderr]     Checking zerovec v0.11.6
[INFO] [stderr]     Checking zerotrie v0.2.4
[INFO] [stderr]    Compiling derive_builder_macro v0.20.2
[INFO] [stderr]    Compiling async-trait v0.1.89
[INFO] [stderr]     Checking safetensors v0.7.0
[INFO] [stderr]    Compiling thiserror-impl v1.0.69
[INFO] [stderr]     Checking serde_urlencoded v0.7.1
[INFO] [stderr]     Checking tinystr v0.8.3
[INFO] [stderr]     Checking potential_utf v0.1.5
[INFO] [stderr] warning: libsqlite3-sys@0.38.2: cc: fatal error: Killed signal terminated program cc1
[INFO] [stderr] warning: libsqlite3-sys@0.38.2: compilation terminated.
[INFO] [stderr] error: failed to run custom build command for `libsqlite3-sys v0.38.2`
[INFO] [stderr] note: To improve backtraces for build dependencies, set the CARGO_PROFILE_DEV_BUILD_OVERRIDE_DEBUG=true environment variable to enable debug information generation.
[INFO] [stderr] 
[INFO] [stderr] Caused by:
[INFO] [stderr]   process didn't exit successfully: `/opt/rustwide/target/debug/build/libsqlite3-sys/b16d6a47916721ed/out/build_script_build` (exit status: 1)
[INFO] [stderr]   --- stdout
[INFO] [stderr]   cargo:rerun-if-env-changed=LIBSQLITE3_SYS_USE_PKG_CONFIG
[INFO] [stderr]   cargo:include=/opt/rustwide/cargo-home/registry/src/index.crates.io-1949cf8c6b5b557f/libsqlite3-sys-0.38.2/sqlite3
[INFO] [stderr]   cargo:rerun-if-changed=sqlite3/sqlite3.c
[INFO] [stderr]   cargo:rerun-if-changed=sqlite3/wasm32-wasi-vfs.c
[INFO] [stderr]   cargo:rerun-if-env-changed=SQLITE_MAX_VARIABLE_NUMBER
[INFO] [stderr]   cargo:rerun-if-env-changed=SQLITE_MAX_EXPR_DEPTH
[INFO] [stderr]   cargo:rerun-if-env-changed=SQLITE_MAX_COLUMN
[INFO] [stderr]   cargo:rerun-if-env-changed=LIBSQLITE3_FLAGS
[INFO] [stderr]   cargo:rerun-if-env-changed=CC_FORCE_DISABLE
[INFO] [stderr]   CC_FORCE_DISABLE = None
[INFO] [stderr]   cargo:rerun-if-env-changed=CC_x86_64-unknown-linux-gnu
[INFO] [stderr]   CC_x86_64-unknown-linux-gnu = None
[INFO] [stderr]   cargo:rerun-if-env-changed=CC_x86_64_unknown_linux_gnu
[INFO] [stderr]   CC_x86_64_unknown_linux_gnu = None
[INFO] [stderr]   cargo:rerun-if-env-changed=HOST_CC
[INFO] [stderr]   HOST_CC = None
[INFO] [stderr]   cargo:rerun-if-env-changed=CC
[INFO] [stderr]   CC = None
[INFO] [stderr]   cargo:rerun-if-env-changed=CC_ENABLE_DEBUG_OUTPUT
[INFO] [stderr]   cargo:rerun-if-env-changed=CRATE_CC_NO_DEFAULTS
[INFO] [stderr]   CRATE_CC_NO_DEFAULTS = None
[INFO] [stderr]   cargo:rerun-if-env-changed=CFLAGS
[INFO] [stderr]   CFLAGS = None
[INFO] [stderr]   cargo:rerun-if-env-changed=HOST_CFLAGS
[INFO] [stderr]   HOST_CFLAGS = None
[INFO] [stderr]   cargo:rerun-if-env-changed=CFLAGS_x86_64_unknown_linux_gnu
[INFO] [stderr]   CFLAGS_x86_64_unknown_linux_gnu = None
[INFO] [stderr]   cargo:rerun-if-env-changed=CFLAGS_x86_64-unknown-linux-gnu
[INFO] [stderr]   CFLAGS_x86_64-unknown-linux-gnu = None
[INFO] [stderr]   cargo:warning=cc: fatal error: Killed signal terminated program cc1
[INFO] [stderr]   cargo:warning=compilation terminated.
[INFO] [stderr] 
[INFO] [stderr]   --- stderr
[INFO] [stderr] 
[INFO] [stderr] 
[INFO] [stderr]   error occurred in cc-rs: command did not execute successfully (status code exit status: 1): LC_ALL="C" "cc" "-O0" "-ffunction-sections" "-fdata-sections" "-fPIC" "-g" "-gdwarf-4" "-fno-omit-frame-pointer" "-m64" "-w" "-DSQLITE_CORE" "-DSQLITE_DEFAULT_FOREIGN_KEYS=1" "-DSQLITE_ENABLE_API_ARMOR" "-DSQLITE_ENABLE_COLUMN_METADATA" "-DSQLITE_ENABLE_DBSTAT_VTAB" "-DSQLITE_ENABLE_FTS3" "-DSQLITE_ENABLE_FTS3_PARENTHESIS" "-DSQLITE_ENABLE_FTS5" "-DSQLITE_ENABLE_JSON1" "-DSQLITE_ENABLE_LOAD_EXTENSION=1" "-DSQLITE_ENABLE_MEMORY_MANAGEMENT" "-DSQLITE_ENABLE_RTREE" "-DSQLITE_ENABLE_STAT4" "-DSQLITE_SOUNDEX" "-DSQLITE_THREADSAFE=1" "-DSQLITE_USE_URI" "-DHAVE_USLEEP=1" "-DHAVE_ISNAN" "-D_POSIX_THREAD_SAFE_FUNCTIONS" "-DHAVE_LOCALTIME_R" "-o" "/opt/rustwide/target/debug/build/libsqlite3-sys/80bc993683962ac2/out/c877a2978823c39d-sqlite3.o" "-c" "sqlite3/sqlite3.c"
[INFO] [stderr] 
[INFO] [stderr] 
[INFO] [stderr] warning: build failed, waiting for other jobs to finish...
[INFO] running `Command { std: "docker" "inspect" "984a3fc4eeb8c734c455e2e0464b853ab025c6cda43d355befce53e8552cc0bd", kill_on_drop: false }`
[INFO] running `Command { std: "docker" "rm" "-f" "984a3fc4eeb8c734c455e2e0464b853ab025c6cda43d355befce53e8552cc0bd", kill_on_drop: false }`
[INFO] [stdout] 984a3fc4eeb8c734c455e2e0464b853ab025c6cda43d355befce53e8552cc0bd
