[INFO] cloning repository https://github.com/apmaros/data-sync
[INFO] running `Command { std: "git" "-c" "credential.helper=" "-c" "credential.helper=/workspace/cargo-home/bin/git-credential-null" "clone" "--bare" "https://github.com/apmaros/data-sync" "/workspace/cache/git-repos/https%3A%2F%2Fgithub.com%2Fapmaros%2Fdata-sync", kill_on_drop: false }`
[INFO] [stderr] Cloning into bare repository '/workspace/cache/git-repos/https%3A%2F%2Fgithub.com%2Fapmaros%2Fdata-sync'...
[INFO] running `Command { std: "git" "rev-parse" "HEAD", kill_on_drop: false }`
[INFO] [stdout] e676aaf2022142b9a417d76595decae2b89604a4
[INFO] checking apmaros/data-sync against a621e2b446eafb53c7a8569f225e0b8cc2429a68 for pr-162600
[INFO] running `Command { std: "git" "clone" "/workspace/cache/git-repos/https%3A%2F%2Fgithub.com%2Fapmaros%2Fdata-sync" "/workspace/builds/worker-3-tc2/source", kill_on_drop: false }`
[INFO] [stderr] Cloning into '/workspace/builds/worker-3-tc2/source'...
[INFO] [stderr] done.
[INFO] started tweaking git repo https://github.com/apmaros/data-sync
[INFO] finished tweaking git repo https://github.com/apmaros/data-sync
[INFO] tweaked toml for git repo https://github.com/apmaros/data-sync written to /workspace/builds/worker-3-tc2/source/Cargo.toml
[INFO] validating manifest of git repo https://github.com/apmaros/data-sync on toolchain a621e2b446eafb53c7a8569f225e0b8cc2429a68
[INFO] running `Command { std: CARGO_HOME="/workspace/cargo-home" RUSTUP_HOME="/workspace/rustup-home" "/workspace/cargo-home/bin/cargo" "+a621e2b446eafb53c7a8569f225e0b8cc2429a68" "metadata" "--manifest-path" "Cargo.toml" "--no-deps", kill_on_drop: false }`
[INFO] crate git repo https://github.com/apmaros/data-sync already has a lockfile, it will not be regenerated
[INFO] running `Command { std: CARGO_HOME="/workspace/cargo-home" RUSTUP_HOME="/workspace/rustup-home" "/workspace/cargo-home/bin/cargo" "+a621e2b446eafb53c7a8569f225e0b8cc2429a68" "fetch" "--manifest-path" "Cargo.toml", kill_on_drop: false }`
[INFO] [stderr]     Blocking waiting for file lock on package cache
[INFO] [stderr]     Blocking waiting for file lock on package cache
[ERROR] error running command: no output for 300 seconds
[INFO] checking apmaros/data-sync against a621e2b446eafb53c7a8569f225e0b8cc2429a68 for pr-162600
[INFO] running `Command { std: "git" "clone" "/workspace/cache/git-repos/https%3A%2F%2Fgithub.com%2Fapmaros%2Fdata-sync" "/workspace/builds/worker-3-tc2/source", kill_on_drop: false }`
[INFO] [stderr] Cloning into '/workspace/builds/worker-3-tc2/source'...
[INFO] [stderr] done.
[INFO] started tweaking git repo https://github.com/apmaros/data-sync
[INFO] finished tweaking git repo https://github.com/apmaros/data-sync
[INFO] tweaked toml for git repo https://github.com/apmaros/data-sync written to /workspace/builds/worker-3-tc2/source/Cargo.toml
[INFO] validating manifest of git repo https://github.com/apmaros/data-sync on toolchain a621e2b446eafb53c7a8569f225e0b8cc2429a68
[INFO] running `Command { std: CARGO_HOME="/workspace/cargo-home" RUSTUP_HOME="/workspace/rustup-home" "/workspace/cargo-home/bin/cargo" "+a621e2b446eafb53c7a8569f225e0b8cc2429a68" "metadata" "--manifest-path" "Cargo.toml" "--no-deps", kill_on_drop: false }`
[INFO] crate git repo https://github.com/apmaros/data-sync already has a lockfile, it will not be regenerated
[INFO] running `Command { std: CARGO_HOME="/workspace/cargo-home" RUSTUP_HOME="/workspace/rustup-home" "/workspace/cargo-home/bin/cargo" "+a621e2b446eafb53c7a8569f225e0b8cc2429a68" "fetch" "--manifest-path" "Cargo.toml", kill_on_drop: false }`
[INFO] [stderr]     Blocking waiting for file lock on package cache
[INFO] [stderr]     Blocking waiting for file lock on package cache
[INFO] [stderr]  Downloading crates ...
[INFO] [stderr]   Downloaded serde_derive v1.0.126
[INFO] [stderr]   Downloaded futures-core v0.3.15
[INFO] [stderr]   Downloaded futures-sink v0.3.15
[INFO] [stderr]   Downloaded ghash v0.3.1
[INFO] [stderr]   Downloaded slab v0.4.3
[INFO] [stderr]   Downloaded serde_path_to_error v0.1.4
[INFO] [stderr]   Downloaded cpufeatures v0.1.4
[INFO] [stderr]   Downloaded bytestring v1.0.0
[INFO] [stderr]   Downloaded serde v1.0.126
[INFO] [stderr]   Downloaded wasm-bindgen-futures v0.4.24
[INFO] [stderr]   Downloaded http-body v0.4.2
[INFO] [stderr]   Downloaded security-framework-sys v2.2.0
[INFO] [stderr]   Downloaded futures-macro v0.3.15
[INFO] [stderr]   Downloaded httpdate v1.0.0
[INFO] [stderr]   Downloaded futures-io v0.3.15
[INFO] [stderr]   Downloaded instant v0.1.9
[INFO] [stderr]   Downloaded futures-task v0.3.15
[INFO] [stderr]   Downloaded hmac v0.10.1
[INFO] [stderr]   Downloaded subtle v2.4.0
[INFO] [stderr]   Downloaded actix-session v0.4.1
[INFO] [stderr]   Downloaded universal-hash v0.4.0
[INFO] [stderr]   Downloaded sha-1 v0.9.6
[INFO] [stderr]   Downloaded brotli2 v0.3.2
[INFO] [stderr]   Downloaded crypto-mac v0.10.0
[INFO] [stderr]   Downloaded hkdf v0.10.0
[INFO] [stderr]   Downloaded cpuid-bool v0.2.0
[INFO] [stderr]   Downloaded vcpkg v0.2.12
[INFO] [stderr]   Downloaded polyval v0.4.5
[INFO] [stderr]   Downloaded openssl-sys v0.9.63
[INFO] [stderr]   Downloaded env_logger v0.8.3
[INFO] [stderr]   Downloaded security-framework v2.2.0
[INFO] [stderr]   Downloaded signal-hook-registry v1.3.0
[INFO] [stderr]   Downloaded parking_lot_core v0.8.3
[INFO] [stderr]   Downloaded redox_syscall v0.2.8
[INFO] [stderr]   Downloaded ctr v0.6.0
[INFO] [stderr]   Downloaded pin-project-internal v1.0.7
[INFO] [stderr]   Downloaded httparse v1.4.1
[INFO] [stderr]   Downloaded cookie v0.15.0
[INFO] [stderr]   Downloaded lock_api v0.4.4
[INFO] [stderr]   Downloaded async-trait v0.1.50
[INFO] [stderr]   Downloaded sha2 v0.9.5
[INFO] [stderr]   Downloaded tracing v0.1.26
[INFO] [stderr]   Downloaded tracing-core v0.1.18
[INFO] [stderr]   Downloaded tokio-util v0.6.7
[INFO] [stderr]   Downloaded socket2 v0.4.0
[INFO] [stderr]   Downloaded redis v0.8.0
[INFO] [stderr]   Downloaded parking_lot v0.11.1
[INFO] [stderr]   Downloaded futures-channel v0.3.15
[INFO] [stderr]   Downloaded tinyvec v1.2.0
[INFO] [stderr]   Downloaded unicode-bidi v0.3.5
[INFO] [stderr]   Downloaded typenum v1.13.0
[INFO] [stderr]   Downloaded futures v0.3.15
[INFO] [stderr]   Downloaded derive_more v0.99.14
[INFO] [stderr]   Downloaded pin-project v1.0.7
[INFO] [stderr]   Downloaded reqwest v0.11.3
[INFO] [stderr]   Downloaded http v0.2.4
[INFO] [stderr]   Downloaded flate2 v1.0.20
[INFO] [stderr]   Downloaded memchr v2.4.0
[INFO] [stderr]   Downloaded oauth2 v4.0.0
[INFO] [stderr]   Downloaded mio v0.7.11
[INFO] [stderr]   Downloaded h2 v0.3.3
[INFO] [stderr]   Downloaded futures-util v0.3.15
[INFO] [stderr]   Downloaded actix-web v3.3.2
[INFO] [stderr]   Downloaded hyper v0.14.7
[INFO] [stderr]   Downloaded actix-http v2.2.0
[INFO] [stderr]   Downloaded aes-gcm v0.8.0
[INFO] [stderr]   Downloaded syn v1.0.72
[INFO] [stderr]   Downloaded openssl v0.10.34
[INFO] [stderr]   Downloaded brotli-sys v0.3.2
[INFO] [stderr]   Downloaded libc v0.2.94
[INFO] [stderr]   Downloaded tokio v1.6.0
[INFO] running `Command { std: "docker" "create" "-v" "/var/lib/crater-agent-workspace/builds/worker-3-tc2/source:/opt/rustwide/workdir:ro,Z" "-v" "/var/lib/crater-agent-workspace/builds/worker-3-tc2/target:/opt/rustwide/target:rw,Z" "-v" "/var/lib/crater-agent-workspace/cargo-home:/opt/rustwide/cargo-home:ro,Z" "-v" "/var/lib/crater-agent-workspace/rustup-home:/opt/rustwide/rustup-home:ro,Z" "-m" "1610612736" "--network" "none" "ghcr.io/rust-lang/crates-build-env/linux@sha256:8683fc1fc2eb5c9ac98e0d076ab094b2ffac7f99da555d2b6a2e27f346de2ec7" "sleep" "infinity", kill_on_drop: false }`
[INFO] [stdout] 78fe7a4e328b18c81ab3351d20ae125ca5b84feaab57f43e40f7745780182aaf
[INFO] running `Command { std: "docker" "start" "78fe7a4e328b18c81ab3351d20ae125ca5b84feaab57f43e40f7745780182aaf", kill_on_drop: false }`
[INFO] running `Command { std: "docker" "inspect" "78fe7a4e328b18c81ab3351d20ae125ca5b84feaab57f43e40f7745780182aaf", kill_on_drop: false }`
[INFO] running `Command { std: "docker" "exec" "-e" "SOURCE_DIR=/opt/rustwide/workdir" "-e" "CARGO_HOME=/opt/rustwide/cargo-home" "-e" "RUSTUP_HOME=/opt/rustwide/rustup-home" "-e" "CARGO_TARGET_DIR=/opt/rustwide/target" "-w" "/opt/rustwide/workdir" "--user" "0:0" "78fe7a4e328b18c81ab3351d20ae125ca5b84feaab57f43e40f7745780182aaf" "/opt/rustwide/cargo-home/bin/cargo" "+a621e2b446eafb53c7a8569f225e0b8cc2429a68" "metadata" "--no-deps" "--format-version=1", kill_on_drop: false }`
[INFO] running `Command { std: "docker" "inspect" "78fe7a4e328b18c81ab3351d20ae125ca5b84feaab57f43e40f7745780182aaf", kill_on_drop: false }`
[INFO] running `Command { std: "docker" "exec" "-e" "SOURCE_DIR=/opt/rustwide/workdir" "-e" "CARGO_HOME=/opt/rustwide/cargo-home" "-e" "RUSTUP_HOME=/opt/rustwide/rustup-home" "-e" "CARGO_TARGET_DIR=/opt/rustwide/target" "-e" "CARGO_INCREMENTAL=0" "-e" "RUST_BACKTRACE=full" "-e" "RUSTFLAGS=--cap-lints=forbid" "-e" "RUSTDOCFLAGS=--cap-lints=forbid" "-w" "/opt/rustwide/workdir" "--user" "0:0" "78fe7a4e328b18c81ab3351d20ae125ca5b84feaab57f43e40f7745780182aaf" "/opt/rustwide/cargo-home/bin/cargo" "+a621e2b446eafb53c7a8569f225e0b8cc2429a68" "check" "--frozen" "--all" "--all-targets" "--message-format=json", kill_on_drop: false }`
[INFO] [stderr]    Compiling libc v0.2.94
[INFO] [stderr]    Compiling proc-macro2 v1.0.26
[INFO] [stderr]    Compiling syn v1.0.72
[INFO] [stderr]    Compiling log v0.4.14
[INFO] [stderr]    Compiling memchr v2.4.0
[INFO] [stderr]    Compiling proc-macro-hack v0.5.19
[INFO] [stderr]    Compiling futures-core v0.3.15
[INFO] [stderr]     Checking pin-project-lite v0.2.6
[INFO] [stderr]    Compiling cc v1.0.67
[INFO] [stderr]     Checking slab v0.4.3
[INFO] [stderr]     Checking futures-sink v0.3.15
[INFO] [stderr]    Compiling typenum v1.13.0
[INFO] [stderr]    Compiling futures-channel v0.3.15
[INFO] [stderr]    Compiling generic-array v0.14.4
[INFO] [stderr]    Compiling futures-macro v0.3.15
[INFO] [stderr]    Compiling futures-task v0.3.15
[INFO] [stderr]    Compiling proc-macro-nested v0.1.7
[INFO] [stderr]    Compiling futures-util v0.3.15
[INFO] [stderr]     Checking futures-io v0.3.15
[INFO] [stderr]     Checking bytes v1.0.1
[INFO] [stderr]    Compiling serde_derive v1.0.126
[INFO] [stderr]    Compiling bitflags v1.2.1
[INFO] [stderr]    Compiling serde v1.0.126
[INFO] [stderr]     Checking itoa v0.4.7
[INFO] [stderr]     Checking matches v0.1.8
[INFO] [stderr]     Checking pin-project-lite v0.1.12
[INFO] [stderr]     Checking bytes v0.5.6
[INFO] [stderr]     Checking tinyvec v1.2.0
[INFO] [stderr]     Checking smallvec v1.6.1
[INFO] [stderr]     Checking unicode-bidi v0.3.5
[INFO] [stderr]    Compiling pin-project-internal v0.4.28
[INFO] [stderr]     Checking instant v0.1.9
[INFO] [stderr]     Checking tracing-core v0.1.18
[INFO] [stderr]    Compiling indexmap v1.6.2
[INFO] [stderr]     Checking opaque-debug v0.3.0
[INFO] [stderr]     Checking ppv-lite86 v0.2.10
[INFO] [stderr]    Compiling getrandom v0.1.16
[INFO] [stderr]     Checking http v0.2.4
[INFO] [stderr]     Checking once_cell v1.7.2
[INFO] [stderr]     Checking lock_api v0.4.4
[INFO] [stderr]    Compiling standback v0.2.17
[INFO] [stderr]     Checking num_cpus v1.13.0
[INFO] [stderr]     Checking iovec v0.1.4
[INFO] [stderr]     Checking net2 v0.2.37
[INFO] [stderr]    Compiling quote v1.0.9
[INFO] [stderr]     Checking signal-hook-registry v1.3.0
[INFO] [stderr]     Checking parking_lot_core v0.8.3
[INFO] [stderr]     Checking tracing v0.1.26
[INFO] [stderr]     Checking hashbrown v0.9.1
[INFO] [stderr]     Checking subtle v2.4.0
[INFO] [stderr]     Checking threadpool v1.8.1
[INFO] [stderr]     Checking mio v0.6.23
[INFO] [stderr]     Checking form_urlencoded v1.0.1
[INFO] [stderr]    Compiling tokio v1.6.0
[INFO] [stderr]    Compiling httparse v1.4.1
[INFO] [stderr]    Compiling getrandom v0.2.2
[INFO] [stderr]    Compiling pkg-config v0.3.19
[INFO] [stderr]     Checking rand_core v0.5.1
[INFO] [stderr]     Checking mio v0.7.11
[INFO] [stderr]     Checking unicode-normalization v0.1.17
[INFO] [stderr]     Checking parking_lot v0.11.1
[INFO] [stderr]     Checking copyless v0.1.5
[INFO] [stderr]    Compiling ryu v1.0.5
[INFO] [stderr]    Compiling ring v0.16.20
[INFO] [stderr]     Checking rand_chacha v0.2.2
[INFO] [stderr]    Compiling unicode-segmentation v1.7.1
[INFO] [stderr]    Compiling async-trait v0.1.50
[INFO] [stderr]     Checking either v1.6.1
[INFO] [stderr]    Compiling const_fn v0.4.8
[INFO] [stderr]     Checking rand v0.7.3
[INFO] [stderr]    Compiling time v0.2.26
[INFO] [stderr]    Compiling encoding_rs v0.8.28
[INFO] [stderr]    Compiling openssl-sys v0.9.63
[INFO] [stderr]    Compiling serde_json v1.0.64
[INFO] [stderr]     Checking mio-uds v0.6.8
[INFO] [stderr]    Compiling heck v0.3.2
[INFO] [stderr]     Checking cpufeatures v0.1.4
[INFO] [stderr]     Checking cpuid-bool v0.2.0
[INFO] [stderr]     Checking hostname v0.3.1
[INFO] [stderr]     Checking tokio v0.2.25
[INFO] [stderr]     Checking rand_core v0.6.2
[INFO] [stderr]    Compiling brotli-sys v0.3.2
[INFO] [stderr]     Checking idna v0.2.3
[INFO] [stderr]     Checking aho-corasick v0.7.18
[INFO] [stderr]    Compiling openssl v0.10.34
[INFO] [stderr]     Checking linked-hash-map v0.5.4
[INFO] [stderr]     Checking regex-syntax v0.6.25
[INFO] [stderr]     Checking quick-error v1.2.3
[INFO] [stderr]    Compiling crc32fast v1.2.1
[INFO] [stderr]     Checking resolv-conf v0.7.0
[INFO] [stderr]     Checking lru-cache v0.1.2
[INFO] [stderr] warning: openssl-sys@0.9.63: build/expando.c:4:24: error: pasting "RUST_VERSION_OPENSSL_" and "(" does not give a valid preprocessing token
[INFO] [stderr] warning: openssl-sys@0.9.63:     4 | #define VERSION2(n, v) RUST_VERSION_##n##_##v
[INFO] [stderr] warning: openssl-sys@0.9.63:       |                        ^~~~~~~~~~~~~
[INFO] [stderr] warning: openssl-sys@0.9.63: build/expando.c:5:23: note: in expansion of macro 'VERSION2'
[INFO] [stderr] warning: openssl-sys@0.9.63:     5 | #define VERSION(n, v) VERSION2(n, v)
[INFO] [stderr] warning: openssl-sys@0.9.63:       |                       ^~~~~~~~
[INFO] [stderr] warning: openssl-sys@0.9.63: build/expando.c:10:1: note: in expansion of macro 'VERSION'
[INFO] [stderr] warning: openssl-sys@0.9.63:    10 | VERSION(OPENSSL, OPENSSL_VERSION_NUMBER)
[INFO] [stderr] warning: openssl-sys@0.9.63:       | ^~~~~~~
[INFO] [stderr] error: failed to run custom build command for `openssl-sys v0.9.63`
[INFO] [stderr] note: To improve backtraces for build dependencies, set the CARGO_PROFILE_DEV_BUILD_OVERRIDE_DEBUG=true environment variable to enable debug information generation.
[INFO] [stderr] 
[INFO] [stderr] Caused by:
[INFO] [stderr]   process didn't exit successfully: `/opt/rustwide/target/debug/build/openssl-sys/eae3f893b699e7fe/out/build_script_main` (exit status: 101)
[INFO] [stderr]   --- stdout
[INFO] [stderr]   cargo:rustc-cfg=const_fn
[INFO] [stderr]   cargo:rerun-if-env-changed=X86_64_UNKNOWN_LINUX_GNU_OPENSSL_LIB_DIR
[INFO] [stderr]   X86_64_UNKNOWN_LINUX_GNU_OPENSSL_LIB_DIR unset
[INFO] [stderr]   cargo:rerun-if-env-changed=OPENSSL_LIB_DIR
[INFO] [stderr]   OPENSSL_LIB_DIR unset
[INFO] [stderr]   cargo:rerun-if-env-changed=X86_64_UNKNOWN_LINUX_GNU_OPENSSL_INCLUDE_DIR
[INFO] [stderr]   X86_64_UNKNOWN_LINUX_GNU_OPENSSL_INCLUDE_DIR unset
[INFO] [stderr]   cargo:rerun-if-env-changed=OPENSSL_INCLUDE_DIR
[INFO] [stderr]   OPENSSL_INCLUDE_DIR unset
[INFO] [stderr]   cargo:rerun-if-env-changed=X86_64_UNKNOWN_LINUX_GNU_OPENSSL_DIR
[INFO] [stderr]   X86_64_UNKNOWN_LINUX_GNU_OPENSSL_DIR unset
[INFO] [stderr]   cargo:rerun-if-env-changed=OPENSSL_DIR
[INFO] [stderr]   OPENSSL_DIR unset
[INFO] [stderr]   cargo:rerun-if-env-changed=OPENSSL_NO_PKG_CONFIG
[INFO] [stderr]   cargo:rerun-if-env-changed=PKG_CONFIG
[INFO] [stderr]   cargo:rerun-if-env-changed=OPENSSL_STATIC
[INFO] [stderr]   cargo:rerun-if-env-changed=OPENSSL_DYNAMIC
[INFO] [stderr]   cargo:rerun-if-env-changed=PKG_CONFIG_ALL_STATIC
[INFO] [stderr]   cargo:rerun-if-env-changed=PKG_CONFIG_ALL_DYNAMIC
[INFO] [stderr]   cargo:rerun-if-env-changed=PKG_CONFIG_PATH_x86_64-unknown-linux-gnu
[INFO] [stderr]   cargo:rerun-if-env-changed=PKG_CONFIG_PATH_x86_64_unknown_linux_gnu
[INFO] [stderr]   cargo:rerun-if-env-changed=HOST_PKG_CONFIG_PATH
[INFO] [stderr]   cargo:rerun-if-env-changed=PKG_CONFIG_PATH
[INFO] [stderr]   cargo:rerun-if-env-changed=PKG_CONFIG_LIBDIR_x86_64-unknown-linux-gnu
[INFO] [stderr]   cargo:rerun-if-env-changed=PKG_CONFIG_LIBDIR_x86_64_unknown_linux_gnu
[INFO] [stderr]   cargo:rerun-if-env-changed=HOST_PKG_CONFIG_LIBDIR
[INFO] [stderr]   cargo:rerun-if-env-changed=PKG_CONFIG_LIBDIR
[INFO] [stderr]   cargo:rerun-if-env-changed=PKG_CONFIG_SYSROOT_DIR_x86_64-unknown-linux-gnu
[INFO] [stderr]   cargo:rerun-if-env-changed=PKG_CONFIG_SYSROOT_DIR_x86_64_unknown_linux_gnu
[INFO] [stderr]   cargo:rerun-if-env-changed=HOST_PKG_CONFIG_SYSROOT_DIR
[INFO] [stderr]   cargo:rerun-if-env-changed=PKG_CONFIG_SYSROOT_DIR
[INFO] [stderr]   cargo:rerun-if-env-changed=PKG_CONFIG_SYSROOT_DIR
[INFO] [stderr]   cargo:rerun-if-env-changed=SYSROOT
[INFO] [stderr]   cargo:rerun-if-env-changed=OPENSSL_STATIC
[INFO] [stderr]   cargo:rerun-if-env-changed=OPENSSL_DYNAMIC
[INFO] [stderr]   cargo:rerun-if-env-changed=PKG_CONFIG_ALL_STATIC
[INFO] [stderr]   cargo:rerun-if-env-changed=PKG_CONFIG_ALL_DYNAMIC
[INFO] [stderr]   cargo:rustc-link-lib=ssl
[INFO] [stderr]   cargo:rustc-link-lib=crypto
[INFO] [stderr]   cargo:rerun-if-env-changed=PKG_CONFIG
[INFO] [stderr]   cargo:rerun-if-env-changed=OPENSSL_STATIC
[INFO] [stderr]   cargo:rerun-if-env-changed=OPENSSL_DYNAMIC
[INFO] [stderr]   cargo:rerun-if-env-changed=PKG_CONFIG_ALL_STATIC
[INFO] [stderr]   cargo:rerun-if-env-changed=PKG_CONFIG_ALL_DYNAMIC
[INFO] [stderr]   cargo:rerun-if-env-changed=PKG_CONFIG_PATH_x86_64-unknown-linux-gnu
[INFO] [stderr]   cargo:rerun-if-env-changed=PKG_CONFIG_PATH_x86_64_unknown_linux_gnu
[INFO] [stderr]   cargo:rerun-if-env-changed=HOST_PKG_CONFIG_PATH
[INFO] [stderr]   cargo:rerun-if-env-changed=PKG_CONFIG_PATH
[INFO] [stderr]   cargo:rerun-if-env-changed=PKG_CONFIG_LIBDIR_x86_64-unknown-linux-gnu
[INFO] [stderr]   cargo:rerun-if-env-changed=PKG_CONFIG_LIBDIR_x86_64_unknown_linux_gnu
[INFO] [stderr]   cargo:rerun-if-env-changed=HOST_PKG_CONFIG_LIBDIR
[INFO] [stderr]   cargo:rerun-if-env-changed=PKG_CONFIG_LIBDIR
[INFO] [stderr]   cargo:rerun-if-env-changed=PKG_CONFIG_SYSROOT_DIR_x86_64-unknown-linux-gnu
[INFO] [stderr]   cargo:rerun-if-env-changed=PKG_CONFIG_SYSROOT_DIR_x86_64_unknown_linux_gnu
[INFO] [stderr]   cargo:rerun-if-env-changed=HOST_PKG_CONFIG_SYSROOT_DIR
[INFO] [stderr]   cargo:rerun-if-env-changed=PKG_CONFIG_SYSROOT_DIR
[INFO] [stderr]   OPT_LEVEL = Some("0")
[INFO] [stderr]   TARGET = Some("x86_64-unknown-linux-gnu")
[INFO] [stderr]   HOST = Some("x86_64-unknown-linux-gnu")
[INFO] [stderr]   CC_x86_64-unknown-linux-gnu = None
[INFO] [stderr]   CC_x86_64_unknown_linux_gnu = None
[INFO] [stderr]   HOST_CC = None
[INFO] [stderr]   CC = None
[INFO] [stderr]   CFLAGS_x86_64-unknown-linux-gnu = None
[INFO] [stderr]   CFLAGS_x86_64_unknown_linux_gnu = None
[INFO] [stderr]   HOST_CFLAGS = None
[INFO] [stderr]   CFLAGS = None
[INFO] [stderr]   CRATE_CC_NO_DEFAULTS = None
[INFO] [stderr]   DEBUG = Some("true")
[INFO] [stderr]   CARGO_CFG_TARGET_FEATURE = Some("fxsr,sse,sse2,x87")
[INFO] [stderr]   running: "cc" "-O0" "-ffunction-sections" "-fdata-sections" "-fPIC" "-g" "-fno-omit-frame-pointer" "-m64" "-I" "/usr/include" "-Wall" "-Wextra" "-E" "build/expando.c"
[INFO] [stderr]   cargo:warning=build/expando.c:4:24: error: pasting "RUST_VERSION_OPENSSL_" and "(" does not give a valid preprocessing token
[INFO] [stderr]   cargo:warning=    4 | #define VERSION2(n, v) RUST_VERSION_##n##_##v
[INFO] [stderr]   cargo:warning=      |                        ^~~~~~~~~~~~~
[INFO] [stderr]   cargo:warning=build/expando.c:5:23: note: in expansion of macro 'VERSION2'
[INFO] [stderr]   cargo:warning=    5 | #define VERSION(n, v) VERSION2(n, v)
[INFO] [stderr]   cargo:warning=      |                       ^~~~~~~~
[INFO] [stderr]   cargo:warning=build/expando.c:10:1: note: in expansion of macro 'VERSION'
[INFO] [stderr]   cargo:warning=   10 | VERSION(OPENSSL, OPENSSL_VERSION_NUMBER)
[INFO] [stderr]   cargo:warning=      | ^~~~~~~
[INFO] [stderr]   exit status: 1
[INFO] [stderr] 
[INFO] [stderr]   --- stderr
[INFO] [stderr] 
[INFO] [stderr]   thread 'main' (1451) panicked at /opt/rustwide/cargo-home/registry/src/index.crates.io-1949cf8c6b5b557f/openssl-sys-0.9.63/build/main.rs:147:13:
[INFO] [stderr] 
[INFO] [stderr]   Header expansion error:
[INFO] [stderr]   Error { kind: ToolExecError, message: "Command \"cc\" \"-O0\" \"-ffunction-sections\" \"-fdata-sections\" \"-fPIC\" \"-g\" \"-fno-omit-frame-pointer\" \"-m64\" \"-I\" \"/usr/include\" \"-Wall\" \"-Wextra\" \"-E\" \"build/expando.c\" with args \"cc\" did not execute successfully (status code exit status: 1)." }
[INFO] [stderr] 
[INFO] [stderr]   Failed to find OpenSSL development headers.
[INFO] [stderr] 
[INFO] [stderr]   You can try fixing this setting the `OPENSSL_DIR` environment variable
[INFO] [stderr]   pointing to your OpenSSL installation or installing OpenSSL headers package
[INFO] [stderr]   specific to your distribution:
[INFO] [stderr] 
[INFO] [stderr]       # On Ubuntu
[INFO] [stderr]       sudo apt-get install libssl-dev
[INFO] [stderr]       # On Arch Linux
[INFO] [stderr]       sudo pacman -S openssl
[INFO] [stderr]       # On Fedora
[INFO] [stderr]       sudo dnf install openssl-devel
[INFO] [stderr] 
[INFO] [stderr]   See rust-openssl README for more information:
[INFO] [stderr] 
[INFO] [stderr]       https://github.com/sfackler/rust-openssl#linux
[INFO] [stderr] 
[INFO] [stderr]   stack backtrace:
[INFO] [stderr]      0:     0x5558ad772901 - std[12f6d9377d23c6af]::backtrace_rs::backtrace::libunwind::trace
[INFO] [stderr]                                  at /rustc/a621e2b446eafb53c7a8569f225e0b8cc2429a68/library/std/src/../../backtrace/src/backtrace/libunwind.rs:117:9
[INFO] [stderr]      1:     0x5558ad772901 - std[12f6d9377d23c6af]::backtrace_rs::backtrace::trace_unsynchronized::<std[12f6d9377d23c6af]::sys::backtrace::_print_fmt::{closure#1}>
[INFO] [stderr]                                  at /rustc/a621e2b446eafb53c7a8569f225e0b8cc2429a68/library/std/src/../../backtrace/src/backtrace/mod.rs:66:14
[INFO] [stderr]      2:     0x5558ad772901 - std[12f6d9377d23c6af]::sys::backtrace::_print_fmt
[INFO] [stderr]                                  at /rustc/a621e2b446eafb53c7a8569f225e0b8cc2429a68/library/std/src/sys/backtrace.rs:74:9
[INFO] [stderr]      3:     0x5558ad772901 - <<std[12f6d9377d23c6af]::sys::backtrace::BacktraceLock>::print::DisplayBacktrace as core[b3bb6d7bd55257e3]::fmt::Display>::fmt
[INFO] [stderr]                                  at /rustc/a621e2b446eafb53c7a8569f225e0b8cc2429a68/library/std/src/sys/backtrace.rs:44:26
[INFO] [stderr]      4:     0x5558ad786f6a - <core[b3bb6d7bd55257e3]::fmt::rt::Argument>::fmt
[INFO] [stderr]                                  at /rustc/a621e2b446eafb53c7a8569f225e0b8cc2429a68/library/core/src/fmt/rt.rs:152:76
[INFO] [stderr]      5:     0x5558ad786f6a - core[b3bb6d7bd55257e3]::fmt::write
[INFO] [stderr]      6:     0x5558ad7786fc - core[b3bb6d7bd55257e3]::io::write::default_write_fmt::<std[12f6d9377d23c6af]::sys::stdio::unix::Stderr>
[INFO] [stderr]                                  at /rustc/a621e2b446eafb53c7a8569f225e0b8cc2429a68/library/core/src/io/write.rs:402:11
[INFO] [stderr]      7:     0x5558ad7786fc - <std[12f6d9377d23c6af]::sys::stdio::unix::Stderr as core[b3bb6d7bd55257e3]::io::write::Write>::write_fmt
[INFO] [stderr]                                  at /rustc/a621e2b446eafb53c7a8569f225e0b8cc2429a68/library/core/src/io/write.rs:335:13
[INFO] [stderr]      8:     0x5558ad751ad6 - <std[12f6d9377d23c6af]::sys::backtrace::BacktraceLock>::print
[INFO] [stderr]                                  at /rustc/a621e2b446eafb53c7a8569f225e0b8cc2429a68/library/std/src/sys/backtrace.rs:47:9
[INFO] [stderr]      9:     0x5558ad751ad6 - std[12f6d9377d23c6af]::panicking::default_hook::{closure#0}
[INFO] [stderr]                                  at /rustc/a621e2b446eafb53c7a8569f225e0b8cc2429a68/library/std/src/panicking.rs:289:27
[INFO] [stderr]     10:     0x5558ad76d431 - std[12f6d9377d23c6af]::panicking::default_hook
[INFO] [stderr]                                  at /rustc/a621e2b446eafb53c7a8569f225e0b8cc2429a68/library/std/src/panicking.rs:316:9
[INFO] [stderr]     11:     0x5558ad76d5eb - std[12f6d9377d23c6af]::panicking::panic_with_hook
[INFO] [stderr]                                  at /rustc/a621e2b446eafb53c7a8569f225e0b8cc2429a68/library/std/src/panicking.rs:811:13
[INFO] [stderr]     12:     0x5558ad751b82 - std[12f6d9377d23c6af]::panicking::panic_handler::{closure#0}
[INFO] [stderr]                                  at /rustc/a621e2b446eafb53c7a8569f225e0b8cc2429a68/library/std/src/panicking.rs:685:13
[INFO] [stderr]     13:     0x5558ad74a1a9 - std[12f6d9377d23c6af]::sys::backtrace::__rust_end_short_backtrace::<std[12f6d9377d23c6af]::panicking::panic_handler::{closure#0}, !>
[INFO] [stderr]                                  at /rustc/a621e2b446eafb53c7a8569f225e0b8cc2429a68/library/std/src/sys/backtrace.rs:182:18
[INFO] [stderr]     14:     0x5558ad75245d - __rustc[3d28b5266d1192b2]::rust_begin_unwind
[INFO] [stderr]                                  at /rustc/a621e2b446eafb53c7a8569f225e0b8cc2429a68/library/std/src/panicking.rs:676:5
[INFO] [stderr]     15:     0x5558ad78773c - core[b3bb6d7bd55257e3]::panicking::panic_fmt
[INFO] [stderr]                                  at /rustc/a621e2b446eafb53c7a8569f225e0b8cc2429a68/library/core/src/panicking.rs:80:14
[INFO] [stderr]     16:     0x5558ad6e144f - build_script_main[98c87da763180b71]::validate_headers
[INFO] [stderr]     17:     0x5558ad6dab93 - build_script_main[98c87da763180b71]::find_normal::try_pkg_config
[INFO] [stderr]     18:     0x5558ad6daf50 - build_script_main[98c87da763180b71]::find_normal::find_openssl_dir
[INFO] [stderr]     19:     0x5558ad6d8dc7 - build_script_main[98c87da763180b71]::find_normal::get_openssl::{closure#0}
[INFO] [stderr]     20:     0x5558ad6d6810 - <core[b3bb6d7bd55257e3]::option::Option<std[12f6d9377d23c6af]::ffi::os_str::OsString>>::unwrap_or_else::<build_script_main[98c87da763180b71]::find_normal::get_openssl::{closure#0}>
[INFO] [stderr]     21:     0x5558ad6da45c - build_script_main[98c87da763180b71]::find_normal::get_openssl
[INFO] [stderr]     22:     0x5558ad6df76d - build_script_main[98c87da763180b71]::find_openssl
[INFO] [stderr]     23:     0x5558ad6e1a71 - build_script_main[98c87da763180b71]::main
[INFO] [stderr]     24:     0x5558ad6ddcc3 - <fn() as core[b3bb6d7bd55257e3]::ops::function::FnOnce<()>>::call_once
[INFO] [stderr]     25:     0x5558ad6d821e - std[12f6d9377d23c6af]::sys::backtrace::__rust_begin_short_backtrace::<fn(), ()>
[INFO] [stderr]     26:     0x5558ad6d8929 - std[12f6d9377d23c6af]::rt::lang_start::<()>::{closure#0}
[INFO] [stderr]     27:     0x5558ad76c838 - <&dyn core[b3bb6d7bd55257e3]::ops::function::Fn<(), Output = i32> + core[b3bb6d7bd55257e3]::marker::Sync + core[b3bb6d7bd55257e3]::panic::unwind_safe::RefUnwindSafe as core[b3bb6d7bd55257e3]::ops::function::FnOnce<()>>::call_once
[INFO] [stderr]                                  at /rustc/a621e2b446eafb53c7a8569f225e0b8cc2429a68/library/core/src/ops/function.rs:287:21
[INFO] [stderr]     28:     0x5558ad76c838 - std[12f6d9377d23c6af]::panicking::catch_unwind::do_call::<&dyn core[b3bb6d7bd55257e3]::ops::function::Fn<(), Output = i32> + core[b3bb6d7bd55257e3]::marker::Sync + core[b3bb6d7bd55257e3]::panic::unwind_safe::RefUnwindSafe, i32>
[INFO] [stderr]                                  at /rustc/a621e2b446eafb53c7a8569f225e0b8cc2429a68/library/std/src/panicking.rs:573:43
[INFO] [stderr]     29:     0x5558ad76c838 - std[12f6d9377d23c6af]::panicking::catch_unwind::<i32, &dyn core[b3bb6d7bd55257e3]::ops::function::Fn<(), Output = i32> + core[b3bb6d7bd55257e3]::marker::Sync + core[b3bb6d7bd55257e3]::panic::unwind_safe::RefUnwindSafe>
[INFO] [stderr]                                  at /rustc/a621e2b446eafb53c7a8569f225e0b8cc2429a68/library/std/src/panicking.rs:541:19
[INFO] [stderr]     30:     0x5558ad76c838 - std[12f6d9377d23c6af]::panic::catch_unwind::<&dyn core[b3bb6d7bd55257e3]::ops::function::Fn<(), Output = i32> + core[b3bb6d7bd55257e3]::marker::Sync + core[b3bb6d7bd55257e3]::panic::unwind_safe::RefUnwindSafe, i32>
[INFO] [stderr]                                  at /rustc/a621e2b446eafb53c7a8569f225e0b8cc2429a68/library/std/src/panic.rs:359:14
[INFO] [stderr]     31:     0x5558ad76c838 - std[12f6d9377d23c6af]::rt::lang_start_internal::{closure#0}
[INFO] [stderr]                                  at /rustc/a621e2b446eafb53c7a8569f225e0b8cc2429a68/library/std/src/rt.rs:175:24
[INFO] [stderr]     32:     0x5558ad76c838 - std[12f6d9377d23c6af]::panicking::catch_unwind::do_call::<std[12f6d9377d23c6af]::rt::lang_start_internal::{closure#0}, isize>
[INFO] [stderr]                                  at /rustc/a621e2b446eafb53c7a8569f225e0b8cc2429a68/library/std/src/panicking.rs:573:43
[INFO] [stderr]     33:     0x5558ad76c838 - std[12f6d9377d23c6af]::panicking::catch_unwind::<isize, std[12f6d9377d23c6af]::rt::lang_start_internal::{closure#0}>
[INFO] [stderr]                                  at /rustc/a621e2b446eafb53c7a8569f225e0b8cc2429a68/library/std/src/panicking.rs:541:19
[INFO] [stderr]     34:     0x5558ad76c838 - std[12f6d9377d23c6af]::panic::catch_unwind::<std[12f6d9377d23c6af]::rt::lang_start_internal::{closure#0}, isize>
[INFO] [stderr]                                  at /rustc/a621e2b446eafb53c7a8569f225e0b8cc2429a68/library/std/src/panic.rs:359:14
[INFO] [stderr]     35:     0x5558ad76c838 - std[12f6d9377d23c6af]::rt::lang_start_internal
[INFO] [stderr]                                  at /rustc/a621e2b446eafb53c7a8569f225e0b8cc2429a68/library/std/src/rt.rs:171:5
[INFO] [stderr]     36:     0x5558ad6d6d11 - std[12f6d9377d23c6af]::rt::lang_start::<()>
[INFO] [stderr]     37:     0x5558ad6e3a25 - main
[INFO] [stderr]     38:     0x7b0e949fd601 - <unknown>
[INFO] [stderr]     39:     0x7b0e949fd718 - __libc_start_main
[INFO] [stderr]     40:     0x5558ad6d6565 - _start
[INFO] [stderr]     41:                0x0 - <unknown>
[INFO] [stderr] warning: build failed, waiting for other jobs to finish...
[INFO] running `Command { std: "docker" "inspect" "78fe7a4e328b18c81ab3351d20ae125ca5b84feaab57f43e40f7745780182aaf", kill_on_drop: false }`
[INFO] running `Command { std: "docker" "rm" "-f" "78fe7a4e328b18c81ab3351d20ae125ca5b84feaab57f43e40f7745780182aaf", kill_on_drop: false }`
[INFO] [stdout] 78fe7a4e328b18c81ab3351d20ae125ca5b84feaab57f43e40f7745780182aaf
