[INFO] cloning repository https://github.com/airt-ai/deno_runtime_demo
[INFO] running `Command { std: "git" "-c" "credential.helper=" "-c" "credential.helper=/workspace/cargo-home/bin/git-credential-null" "clone" "--bare" "https://github.com/airt-ai/deno_runtime_demo" "/workspace/cache/git-repos/https%3A%2F%2Fgithub.com%2Fairt-ai%2Fdeno_runtime_demo", kill_on_drop: false }`
[INFO] [stderr] Cloning into bare repository '/workspace/cache/git-repos/https%3A%2F%2Fgithub.com%2Fairt-ai%2Fdeno_runtime_demo'...
[INFO] running `Command { std: "git" "rev-parse" "HEAD", kill_on_drop: false }`
[INFO] [stdout] 4718f86329a395f728ce467910d20e2534f7d3b1
[INFO] checking airt-ai/deno_runtime_demo against a621e2b446eafb53c7a8569f225e0b8cc2429a68 for pr-162600
[INFO] running `Command { std: "git" "clone" "/workspace/cache/git-repos/https%3A%2F%2Fgithub.com%2Fairt-ai%2Fdeno_runtime_demo" "/workspace/builds/worker-3-tc2/source", kill_on_drop: false }`
[INFO] [stderr] Cloning into '/workspace/builds/worker-3-tc2/source'...
[INFO] [stderr] done.
[INFO] started tweaking git repo https://github.com/airt-ai/deno_runtime_demo
[INFO] finished tweaking git repo https://github.com/airt-ai/deno_runtime_demo
[INFO] tweaked toml for git repo https://github.com/airt-ai/deno_runtime_demo written to /workspace/builds/worker-3-tc2/source/Cargo.toml
[INFO] validating manifest of git repo https://github.com/airt-ai/deno_runtime_demo on toolchain a621e2b446eafb53c7a8569f225e0b8cc2429a68
[INFO] running `Command { std: CARGO_HOME="/workspace/cargo-home" RUSTUP_HOME="/workspace/rustup-home" "/workspace/cargo-home/bin/cargo" "+a621e2b446eafb53c7a8569f225e0b8cc2429a68" "metadata" "--manifest-path" "Cargo.toml" "--no-deps", kill_on_drop: false }`
[INFO] crate git repo https://github.com/airt-ai/deno_runtime_demo already has a lockfile, it will not be regenerated
[INFO] running `Command { std: CARGO_HOME="/workspace/cargo-home" RUSTUP_HOME="/workspace/rustup-home" "/workspace/cargo-home/bin/cargo" "+a621e2b446eafb53c7a8569f225e0b8cc2429a68" "fetch" "--manifest-path" "Cargo.toml", kill_on_drop: false }`
[INFO] [stderr] warning: binary `deno_runtime_demo` should have a kebab-case name
[INFO] [stderr]    |
[INFO] [stderr]  1 | /workspace/builds/worker-3-tc2/source/target/.../deno_runtime_demo
[INFO] [stderr]    |                                                  ^^^^^^^^^^^^^^^^^
[INFO] [stderr]    |
[INFO] [stderr]    = note: `cargo::non_kebab_case_bins` is set to `warn` by default
[INFO] [stderr] help: to change the binary name to `deno-runtime-demo`, convert `package.name`
[INFO] [stderr]   --> Cargo.toml:11:8
[INFO] [stderr]    |
[INFO] [stderr] 11 - name = "deno_runtime_demo"
[INFO] [stderr] 11 + name = "deno-runtime-demo"
[INFO] [stderr]    |
[INFO] [stderr] help: to change the binary name to `deno-runtime-demo`, specify `bin.name`
[INFO] [stderr]   --> Cargo.toml:18:14
[INFO] [stderr]    |
[INFO] [stderr] 18 ~ strip = true
[INFO] [stderr] 19 + [[bin]]
[INFO] [stderr] 20 + name = "deno-runtime-demo"
[INFO] [stderr] 21 + path = "src/main.rs"
[INFO] [stderr]    |
[INFO] [stderr] warning: `deno_runtime_demo` (manifest) generated 1 warning
[INFO] [stderr]     Blocking waiting for file lock on package cache
[INFO] [stderr]     Updating crates.io index
[INFO] [stderr]     Blocking waiting for file lock on package cache
[ERROR] error running command: no output for 300 seconds
[INFO] checking airt-ai/deno_runtime_demo against a621e2b446eafb53c7a8569f225e0b8cc2429a68 for pr-162600
[INFO] running `Command { std: "git" "clone" "/workspace/cache/git-repos/https%3A%2F%2Fgithub.com%2Fairt-ai%2Fdeno_runtime_demo" "/workspace/builds/worker-3-tc2/source", kill_on_drop: false }`
[INFO] [stderr] Cloning into '/workspace/builds/worker-3-tc2/source'...
[INFO] [stderr] done.
[INFO] started tweaking git repo https://github.com/airt-ai/deno_runtime_demo
[INFO] finished tweaking git repo https://github.com/airt-ai/deno_runtime_demo
[INFO] tweaked toml for git repo https://github.com/airt-ai/deno_runtime_demo written to /workspace/builds/worker-3-tc2/source/Cargo.toml
[INFO] validating manifest of git repo https://github.com/airt-ai/deno_runtime_demo on toolchain a621e2b446eafb53c7a8569f225e0b8cc2429a68
[INFO] running `Command { std: CARGO_HOME="/workspace/cargo-home" RUSTUP_HOME="/workspace/rustup-home" "/workspace/cargo-home/bin/cargo" "+a621e2b446eafb53c7a8569f225e0b8cc2429a68" "metadata" "--manifest-path" "Cargo.toml" "--no-deps", kill_on_drop: false }`
[INFO] crate git repo https://github.com/airt-ai/deno_runtime_demo already has a lockfile, it will not be regenerated
[INFO] running `Command { std: CARGO_HOME="/workspace/cargo-home" RUSTUP_HOME="/workspace/rustup-home" "/workspace/cargo-home/bin/cargo" "+a621e2b446eafb53c7a8569f225e0b8cc2429a68" "fetch" "--manifest-path" "Cargo.toml", kill_on_drop: false }`
[INFO] [stderr] warning: binary `deno_runtime_demo` should have a kebab-case name
[INFO] [stderr]    |
[INFO] [stderr]  1 | /workspace/builds/worker-3-tc2/source/target/.../deno_runtime_demo
[INFO] [stderr]    |                                                  ^^^^^^^^^^^^^^^^^
[INFO] [stderr]    |
[INFO] [stderr]    = note: `cargo::non_kebab_case_bins` is set to `warn` by default
[INFO] [stderr] help: to change the binary name to `deno-runtime-demo`, convert `package.name`
[INFO] [stderr]   --> Cargo.toml:11:8
[INFO] [stderr]    |
[INFO] [stderr] 11 - name = "deno_runtime_demo"
[INFO] [stderr] 11 + name = "deno-runtime-demo"
[INFO] [stderr]    |
[INFO] [stderr] help: to change the binary name to `deno-runtime-demo`, specify `bin.name`
[INFO] [stderr]   --> Cargo.toml:18:14
[INFO] [stderr]    |
[INFO] [stderr] 18 ~ strip = true
[INFO] [stderr] 19 + [[bin]]
[INFO] [stderr] 20 + name = "deno-runtime-demo"
[INFO] [stderr] 21 + path = "src/main.rs"
[INFO] [stderr]    |
[INFO] [stderr] warning: `deno_runtime_demo` (manifest) generated 1 warning
[INFO] [stderr]     Blocking waiting for file lock on package cache
[INFO] [stderr]     Blocking waiting for file lock on package cache
[ERROR] error running command: no output for 300 seconds
[INFO] checking airt-ai/deno_runtime_demo against a621e2b446eafb53c7a8569f225e0b8cc2429a68 for pr-162600
[INFO] running `Command { std: "git" "clone" "/workspace/cache/git-repos/https%3A%2F%2Fgithub.com%2Fairt-ai%2Fdeno_runtime_demo" "/workspace/builds/worker-3-tc2/source", kill_on_drop: false }`
[INFO] [stderr] Cloning into '/workspace/builds/worker-3-tc2/source'...
[INFO] [stderr] done.
[INFO] started tweaking git repo https://github.com/airt-ai/deno_runtime_demo
[INFO] finished tweaking git repo https://github.com/airt-ai/deno_runtime_demo
[INFO] tweaked toml for git repo https://github.com/airt-ai/deno_runtime_demo written to /workspace/builds/worker-3-tc2/source/Cargo.toml
[INFO] validating manifest of git repo https://github.com/airt-ai/deno_runtime_demo on toolchain a621e2b446eafb53c7a8569f225e0b8cc2429a68
[INFO] running `Command { std: CARGO_HOME="/workspace/cargo-home" RUSTUP_HOME="/workspace/rustup-home" "/workspace/cargo-home/bin/cargo" "+a621e2b446eafb53c7a8569f225e0b8cc2429a68" "metadata" "--manifest-path" "Cargo.toml" "--no-deps", kill_on_drop: false }`
[INFO] crate git repo https://github.com/airt-ai/deno_runtime_demo already has a lockfile, it will not be regenerated
[INFO] running `Command { std: CARGO_HOME="/workspace/cargo-home" RUSTUP_HOME="/workspace/rustup-home" "/workspace/cargo-home/bin/cargo" "+a621e2b446eafb53c7a8569f225e0b8cc2429a68" "fetch" "--manifest-path" "Cargo.toml", kill_on_drop: false }`
[INFO] [stderr] warning: binary `deno_runtime_demo` should have a kebab-case name
[INFO] [stderr]    |
[INFO] [stderr]  1 | /workspace/builds/worker-3-tc2/source/target/.../deno_runtime_demo
[INFO] [stderr]    |                                                  ^^^^^^^^^^^^^^^^^
[INFO] [stderr]    |
[INFO] [stderr]    = note: `cargo::non_kebab_case_bins` is set to `warn` by default
[INFO] [stderr] help: to change the binary name to `deno-runtime-demo`, convert `package.name`
[INFO] [stderr]   --> Cargo.toml:11:8
[INFO] [stderr]    |
[INFO] [stderr] 11 - name = "deno_runtime_demo"
[INFO] [stderr] 11 + name = "deno-runtime-demo"
[INFO] [stderr]    |
[INFO] [stderr] help: to change the binary name to `deno-runtime-demo`, specify `bin.name`
[INFO] [stderr]   --> Cargo.toml:18:14
[INFO] [stderr]    |
[INFO] [stderr] 18 ~ strip = true
[INFO] [stderr] 19 + [[bin]]
[INFO] [stderr] 20 + name = "deno-runtime-demo"
[INFO] [stderr] 21 + path = "src/main.rs"
[INFO] [stderr]    |
[INFO] [stderr] warning: `deno_runtime_demo` (manifest) generated 1 warning
[INFO] [stderr]     Blocking waiting for file lock on package cache
[INFO] [stderr]     Blocking waiting for file lock on package cache
[INFO] [stderr]  Downloading crates ...
[INFO] [stderr]   Downloaded once_cell v1.13.1
[INFO] [stderr]   Downloaded uuid v1.1.2
[INFO] [stderr]   Downloaded socket2 v0.4.6
[INFO] [stderr]   Downloaded netif v0.1.3
[INFO] [stderr]   Downloaded kqueue v1.0.6
[INFO] [stderr]   Downloaded lzzzz v1.0.3
[INFO] [stderr]   Downloaded fs3 v0.5.0
[INFO] [stderr]   Downloaded futures-sink v0.3.23
[INFO] [stderr]   Downloaded futures-task v0.3.23
[INFO] [stderr]   Downloaded futures-core v0.3.23
[INFO] [stderr]   Downloaded futures-macro v0.3.23
[INFO] [stderr]   Downloaded futures-io v0.3.23
[INFO] [stderr]   Downloaded futures-channel v0.3.23
[INFO] [stderr]   Downloaded fwdansi v1.1.0
[INFO] [stderr]   Downloaded deno_webstorage v0.60.0
[INFO] [stderr]   Downloaded hashlink v0.7.0
[INFO] [stderr]   Downloaded fslock v0.1.8
[INFO] [stderr]   Downloaded deno_web v0.96.0
[INFO] [stderr]   Downloaded if_chain v1.0.2
[INFO] [stderr]   Downloaded futures-util v0.3.23
[INFO] [stderr]   Downloaded rusqlite v0.27.0
[INFO] [stderr]   Downloaded sourcemap v6.0.1
[INFO] [stderr]   Downloaded tokio v1.20.1
[INFO] [stderr]   Downloaded serde_v8 v0.58.0
[INFO] [stderr]   Downloaded semver v1.0.13
[INFO] [stderr]   Downloaded deno_ops v0.25.0
[INFO] [stderr]   Downloaded futures-executor v0.3.23
[INFO] [stderr]   Downloaded simd-abstraction v0.6.2
[INFO] [stderr]   Downloaded futures v0.3.23
[INFO] [stderr]   Downloaded web-sys v0.3.59
[INFO] [stderr]   Downloaded anyhow v1.0.62
[INFO] [stderr]   Downloaded base64-simd v0.6.2
[INFO] [stderr]   Downloaded tokio-tungstenite v0.16.1
[INFO] [stderr]   Downloaded cpufeatures v0.2.4
[INFO] [stderr]   Downloaded tungstenite v0.16.0
[INFO] [stderr]   Downloaded webpki-roots v0.22.4
[INFO] [stderr]   Downloaded deno_tls v0.52.0
[INFO] [stderr]   Downloaded rustls-pemfile v1.0.1
[INFO] [stderr]   Downloaded bitflags_serde_shim v0.2.2
[INFO] [stderr]   Downloaded deno_webidl v0.65.0
[INFO] [stderr]   Downloaded rustls v0.20.6
[INFO] [stderr]   Downloaded deno_webgpu v0.66.0
[INFO] [stderr]   Downloaded unicode-xid v0.2.3
[INFO] [stderr]   Downloaded libm v0.2.5
[INFO] [stderr]   Downloaded inplace_it v0.3.4
[INFO] [stderr]   Downloaded android_system_properties v0.1.4
[INFO] [stderr]   Downloaded deno_url v0.65.0
[INFO] [stderr]   Downloaded urlpattern v0.2.0
[INFO] [stderr]   Downloaded serde_repr v0.1.9
[INFO] [stderr]   Downloaded enum-as-inner v0.4.0
[INFO] [stderr]   Downloaded profiling v1.0.6
[INFO] [stderr]   Downloaded deno_node v0.2.0
[INFO] [stderr]   Downloaded deno_net v0.57.0
[INFO] [stderr]   Downloaded trust-dns-resolver v0.21.2
[INFO] [stderr]   Downloaded ipconfig v0.3.0
[INFO] [stderr]   Downloaded widestring v0.5.1
[INFO] [stderr]   Downloaded deno_http v0.59.0
[INFO] [stderr]   Downloaded trust-dns-proto v0.21.2
[INFO] [stderr]   Downloaded data-encoding v2.3.2
[INFO] [stderr]   Downloaded fly-accept-encoding v0.2.0
[INFO] [stderr]   Downloaded cache_control v0.2.0
[INFO] [stderr]   Downloaded alloc-stdlib v0.2.1
[INFO] [stderr]   Downloaded alloc-no-stdlib v2.0.3
[INFO] [stderr]   Downloaded abort_on_panic v2.0.0
[INFO] [stderr]   Downloaded deno_fetch v0.88.0
[INFO] [stderr]   Downloaded wasm-bindgen-futures v0.4.32
[INFO] [stderr]   Downloaded hyper-rustls v0.23.0
[INFO] [stderr]   Downloaded dyn-clone v1.0.9
[INFO] [stderr]   Downloaded deno_crypto v0.79.0
[INFO] [stderr]   Downloaded const-oid v0.9.0
[INFO] [stderr]   Downloaded sha-1 v0.10.0
[INFO] [stderr]   Downloaded brotli-decompressor v2.3.2
[INFO] [stderr]   Downloaded async-compression v0.3.14
[INFO] [stderr]   Downloaded libffi v3.0.0
[INFO] [stderr]   Downloaded data-url v0.1.1
[INFO] [stderr]   Downloaded der v0.6.0
[INFO] [stderr]   Downloaded zeroize v1.5.7
[INFO] [stderr]   Downloaded pem-rfc7468 v0.6.0
[INFO] [stderr]   Downloaded base64ct v1.5.2
[INFO] [stderr]   Downloaded libsqlite3-sys v0.24.2
[INFO] [stderr]   Downloaded pkcs1 v0.4.0
[INFO] [stderr]   Downloaded deno_runtime v0.73.0
[INFO] [stderr]   Downloaded deno_core v0.147.0
[INFO] [stderr]   Downloaded deno_ffi v0.52.0
[INFO] [stderr]   Downloaded rsa v0.7.0-pre
[INFO] [stderr]   Downloaded p384 v0.11.2
[INFO] [stderr]   Downloaded group v0.12.0
[INFO] [stderr]   Downloaded ecdsa v0.14.4
[INFO] [stderr]   Downloaded block-padding v0.3.2
[INFO] [stderr]   Downloaded aes-kw v0.2.1
[INFO] [stderr]   Downloaded deno_broadcast_channel v0.59.0
[INFO] [stderr]   Downloaded swc_macros_common v0.3.6
[INFO] [stderr]   Downloaded crypto-bigint v0.4.8
[INFO] [stderr]   Downloaded signature v1.6.0
[INFO] [stderr]   Downloaded ctr v0.9.1
[INFO] [stderr]   Downloaded block-modes v0.9.1
[INFO] [stderr]   Downloaded ghash v0.4.4
[INFO] [stderr]   Downloaded deno_console v0.65.0
[INFO] [stderr]   Downloaded deno-bundler v0.6.0
[INFO] [stderr]   Downloaded unicode-id v0.3.2
[INFO] [stderr]   Downloaded swc_visit v0.4.0
[INFO] [stderr]   Downloaded pmutil v0.5.3
[INFO] [stderr]   Downloaded swc_eq_ignore_macros v0.1.1
[INFO] [stderr]   Downloaded better_scoped_tls v0.1.0
[INFO] [stderr]   Downloaded ff v0.12.0
[INFO] [stderr]   Downloaded rfc6979 v0.3.0
[INFO] [stderr]   Downloaded debug_unreachable v0.1.1
[INFO] [stderr]   Downloaded swc_ecma_minifier v0.136.1
[INFO] [stderr]   Downloaded libffi-sys v2.0.0
[INFO] [stderr]   Downloaded lexical-parse-integer v0.8.6
[INFO] [stderr]   Downloaded num-bigint-dig v0.8.1
[INFO] [stderr]   Downloaded swc_common v0.23.0
[INFO] [stderr]   Downloaded swc_timer v0.11.0
[INFO] [stderr]   Downloaded from_variant v0.1.4
[INFO] [stderr]   Downloaded lexical-parse-float v0.8.5
[INFO] [stderr]   Downloaded aes-gcm v0.10.0-pre
[INFO] [stderr]   Downloaded ast_node v0.8.3
[INFO] [stderr]   Downloaded swc_ecma_transforms_macros v0.5.0
[INFO] [stderr]   Downloaded derive_builder_core v0.11.2
[INFO] [stderr]   Downloaded darling v0.14.1
[INFO] [stderr]   Downloaded swc_ecma_codegen_macros v0.7.1
[INFO] [stderr]   Downloaded swc_cached v0.1.1
[INFO] [stderr]   Downloaded is-macro v0.2.1
[INFO] [stderr]   Downloaded lexical v6.1.1
[INFO] [stderr]   Downloaded lexical-util v0.8.5
[INFO] [stderr]   Downloaded lexical-write-float v0.8.5
[INFO] [stderr]   Downloaded deno_ast v0.17.0
[INFO] [stderr]   Downloaded swc_visit_macros v0.4.0
[INFO] [stderr]   Downloaded swc_ecma_ast v0.84.0
[INFO] [stderr]   Downloaded swc_ecma_codegen v0.115.0
[INFO] [stderr]   Downloaded string_enum v0.3.1
[INFO] [stderr]   Downloaded swc_ecma_transforms_classes v0.85.0
[INFO] [stderr]   Downloaded swc_atoms v0.2.13
[INFO] [stderr]   Downloaded swc_config_macro v0.1.0
[INFO] [stderr]   Downloaded darling_macro v0.14.1
[INFO] [stderr]   Downloaded text_lines v0.4.1
[INFO] [stderr]   Downloaded derive_builder_macro v0.11.2
[INFO] [stderr]   Downloaded radix_fmt v1.0.0
[INFO] [stderr]   Downloaded crc v2.1.0
[INFO] [stderr]   Downloaded askama_derive v0.11.2
[INFO] [stderr]   Downloaded swc_ecma_visit v0.70.0
[INFO] [stderr]   Downloaded swc_ecma_transforms_typescript v0.137.0
[INFO] [stderr]   Downloaded swc_ecma_transforms_react v0.133.0
[INFO] [stderr]   Downloaded swc_ecma_transforms_proposal v0.122.0
[INFO] [stderr]   Downloaded swc_graph_analyzer v0.12.0
[INFO] [stderr]   Downloaded lexical-write-integer v0.8.5
[INFO] [stderr]   Downloaded derive_builder v0.11.2
[INFO] [stderr]   Downloaded deno-utils v0.7.0
[INFO] [stderr]   Downloaded swc_config v0.1.2
[INFO] [stderr]   Downloaded swc_ecma_loader v0.35.0
[INFO] [stderr]   Downloaded auto_impl v0.5.0
[INFO] [stderr]   Downloaded crc-catalog v1.1.1
[INFO] [stderr]   Downloaded phf_shared v0.11.1
[INFO] [stderr]   Downloaded phf_macros v0.11.1
[INFO] [stderr]   Downloaded deno-transpiler v0.4.0
[INFO] [stderr]   Downloaded lexical-core v0.8.5
[INFO] [stderr]   Downloaded swc_ecma_dep_graph v0.83.0
[INFO] [stderr]   Downloaded enum_kind v0.2.1
[INFO] [stderr]   Downloaded dashmap v5.3.4
[INFO] [stderr]   Downloaded relative-path v1.7.2
[INFO] [stderr]   Downloaded dprint-swc-ext v0.3.0
[INFO] [stderr]   Downloaded phf v0.11.1
[INFO] [stderr]   Downloaded phf_generator v0.11.1
[INFO] [stderr]   Downloaded askama v0.11.1
[INFO] [stderr]   Downloaded humansize v1.1.1
[INFO] [stderr]   Downloaded swc_ecma_utils v0.93.0
[INFO] [stderr]   Downloaded swc_ecma_transforms_base v0.97.0
[INFO] [stderr]   Downloaded darling_core v0.14.1
[INFO] [stderr]   Downloaded swc_bundler v0.169.0
[INFO] [stderr]   Downloaded askama_shared v0.12.2
[INFO] [stderr]   Downloaded swc_ecma_parser v0.111.0
[INFO] [stderr]   Downloaded deno_graph v0.30.0
[INFO] [stderr]   Downloaded v8 v0.47.1
[INFO] [stderr]   Downloaded deno_websocket v0.70.0
[INFO] [stderr]   Downloaded swc_fast_graph v0.11.0
[INFO] [stderr]   Downloaded swc_ecma_transforms_optimization v0.144.0
[INFO] running `Command { std: "docker" "create" "-v" "/var/lib/crater-agent-workspace/builds/worker-3-tc2/source:/opt/rustwide/workdir:ro,Z" "-v" "/var/lib/crater-agent-workspace/builds/worker-3-tc2/target:/opt/rustwide/target:rw,Z" "-v" "/var/lib/crater-agent-workspace/cargo-home:/opt/rustwide/cargo-home:ro,Z" "-v" "/var/lib/crater-agent-workspace/rustup-home:/opt/rustwide/rustup-home:ro,Z" "-m" "1610612736" "--network" "none" "ghcr.io/rust-lang/crates-build-env/linux@sha256:8683fc1fc2eb5c9ac98e0d076ab094b2ffac7f99da555d2b6a2e27f346de2ec7" "sleep" "infinity", kill_on_drop: false }`
[INFO] [stdout] a85a6f07a5130997fb2778377cf4f2b4792ac67c1f29a9a17debf597217d6c92
[INFO] running `Command { std: "docker" "start" "a85a6f07a5130997fb2778377cf4f2b4792ac67c1f29a9a17debf597217d6c92", kill_on_drop: false }`
[INFO] running `Command { std: "docker" "inspect" "a85a6f07a5130997fb2778377cf4f2b4792ac67c1f29a9a17debf597217d6c92", kill_on_drop: false }`
[INFO] running `Command { std: "docker" "exec" "-e" "SOURCE_DIR=/opt/rustwide/workdir" "-e" "CARGO_HOME=/opt/rustwide/cargo-home" "-e" "RUSTUP_HOME=/opt/rustwide/rustup-home" "-e" "CARGO_TARGET_DIR=/opt/rustwide/target" "-w" "/opt/rustwide/workdir" "--user" "0:0" "a85a6f07a5130997fb2778377cf4f2b4792ac67c1f29a9a17debf597217d6c92" "/opt/rustwide/cargo-home/bin/cargo" "+a621e2b446eafb53c7a8569f225e0b8cc2429a68" "metadata" "--no-deps" "--format-version=1", kill_on_drop: false }`
[INFO] running `Command { std: "docker" "inspect" "a85a6f07a5130997fb2778377cf4f2b4792ac67c1f29a9a17debf597217d6c92", kill_on_drop: false }`
[INFO] running `Command { std: "docker" "exec" "-e" "SOURCE_DIR=/opt/rustwide/workdir" "-e" "CARGO_HOME=/opt/rustwide/cargo-home" "-e" "RUSTUP_HOME=/opt/rustwide/rustup-home" "-e" "CARGO_TARGET_DIR=/opt/rustwide/target" "-e" "CARGO_INCREMENTAL=0" "-e" "RUST_BACKTRACE=full" "-e" "RUSTFLAGS=--cap-lints=forbid" "-e" "RUSTDOCFLAGS=--cap-lints=forbid" "-w" "/opt/rustwide/workdir" "--user" "0:0" "a85a6f07a5130997fb2778377cf4f2b4792ac67c1f29a9a17debf597217d6c92" "/opt/rustwide/cargo-home/bin/cargo" "+a621e2b446eafb53c7a8569f225e0b8cc2429a68" "check" "--frozen" "--all" "--all-targets" "--message-format=json", kill_on_drop: false }`
[INFO] [stderr] warning: binary `deno_runtime_demo` should have a kebab-case name
[INFO] [stderr]    |
[INFO] [stderr]  1 | /opt/rustwide/target/.../deno_runtime_demo
[INFO] [stderr]    |                          ^^^^^^^^^^^^^^^^^
[INFO] [stderr]    |
[INFO] [stderr]    = note: `cargo::non_kebab_case_bins` is set to `warn` by default
[INFO] [stderr] help: to change the binary name to `deno-runtime-demo`, convert `package.name`
[INFO] [stderr]   --> Cargo.toml:11:8
[INFO] [stderr]    |
[INFO] [stderr] 11 - name = "deno_runtime_demo"
[INFO] [stderr] 11 + name = "deno-runtime-demo"
[INFO] [stderr]    |
[INFO] [stderr] help: to change the binary name to `deno-runtime-demo`, specify `bin.name`
[INFO] [stderr]   --> Cargo.toml:18:14
[INFO] [stderr]    |
[INFO] [stderr] 18 ~ strip = true
[INFO] [stderr] 19 + [[bin]]
[INFO] [stderr] 20 + name = "deno-runtime-demo"
[INFO] [stderr] 21 + path = "src/main.rs"
[INFO] [stderr]    |
[INFO] [stderr] warning: `deno_runtime_demo` (manifest) generated 1 warning
[INFO] [stderr]    Compiling proc-macro2 v1.0.43
[INFO] [stderr]    Compiling quote v1.0.21
[INFO] [stderr]    Compiling unicode-ident v1.0.3
[INFO] [stderr]    Compiling syn v1.0.99
[INFO] [stderr]    Compiling libc v0.2.132
[INFO] [stderr]    Compiling serde_derive v1.0.144
[INFO] [stderr]    Compiling parking_lot_core v0.9.3
[INFO] [stderr]     Checking once_cell v1.13.1
[INFO] [stderr]    Compiling lock_api v0.4.7
[INFO] [stderr]    Compiling indexmap v1.9.1
[INFO] [stderr]    Compiling serde v1.0.144
[INFO] [stderr]    Compiling memchr v2.5.0
[INFO] [stderr]    Compiling futures-core v0.3.23
[INFO] [stderr]    Compiling regex-syntax v0.6.27
[INFO] [stderr]    Compiling spin v0.5.2
[INFO] [stderr]     Checking smallvec v1.9.0
[INFO] [stderr]    Compiling serde_json v1.0.85
[INFO] [stderr]    Compiling slab v0.4.7
[INFO] [stderr]    Compiling futures-channel v0.3.23
[INFO] [stderr]    Compiling futures-task v0.3.23
[INFO] [stderr]    Compiling ahash v0.7.6
[INFO] [stderr]    Compiling futures-util v0.3.23
[INFO] [stderr]    Compiling lazy_static v1.4.0
[INFO] [stderr]    Compiling libm v0.2.5
[INFO] [stderr]     Checking itoa v1.0.3
[INFO] [stderr]    Compiling num-traits v0.2.15
[INFO] [stderr]     Checking matches v0.1.9
[INFO] [stderr]    Compiling aho-corasick v0.7.18
[INFO] [stderr]    Compiling tokio v1.20.1
[INFO] [stderr]    Compiling ppv-lite86 v0.2.16
[INFO] [stderr]     Checking tinyvec_macros v0.1.0
[INFO] [stderr]     Checking form_urlencoded v1.0.1
[INFO] [stderr]    Compiling anyhow v1.0.62
[INFO] [stderr]     Checking unicode-bidi v0.3.8
[INFO] [stderr]    Compiling either v1.8.0
[INFO] [stderr]     Checking tinyvec v1.6.0
[INFO] [stderr]     Checking ryu v1.0.11
[INFO] [stderr]    Compiling getrandom v0.2.7
[INFO] [stderr]    Compiling jobserver v0.1.24
[INFO] [stderr]     Checking generic-array v0.14.6
[INFO] [stderr]    Compiling rand_core v0.6.3
[INFO] [stderr]    Compiling which v4.2.5
[INFO] [stderr]    Compiling fslock v0.1.8
[INFO] [stderr]    Compiling siphasher v0.3.10
[INFO] [stderr]     Checking base64 v0.11.0
[INFO] [stderr]     Checking if_chain v1.0.2
[INFO] [stderr]    Compiling cc v1.0.73
[INFO] [stderr]    Compiling rand_chacha v0.3.1
[INFO] [stderr]    Compiling typenum v1.15.0
[INFO] [stderr]    Compiling v8 v0.47.1
[INFO] [stderr]    Compiling phf_shared v0.10.0
[INFO] [stderr]     Checking bytes v1.2.1
[INFO] [stderr]    Compiling pin-project-lite v0.2.9
[INFO] [stderr]    Compiling rand v0.8.5
[INFO] [stderr]     Checking unicode-normalization v0.1.21
[INFO] [stderr]     Checking num_cpus v1.13.1
[INFO] [stderr]    Compiling scopeguard v1.1.0
[INFO] [stderr]     Checking parking_lot v0.12.1
[INFO] [stdout] error[E0635]: unknown feature `stdsimd`
[INFO] [stdout]   --> /opt/rustwide/cargo-home/registry/src/index.crates.io-1949cf8c6b5b557f/ahash-0.7.6/src/lib.rs:33:42
[INFO] [stdout]    |
[INFO] [stdout] 33 | #![cfg_attr(feature = "stdsimd", feature(stdsimd))]
[INFO] [stdout]    |                                          ^^^^^^^
[INFO] [stdout] 
[INFO] [stdout] 
[INFO] [stderr]     Checking tracing-core v0.1.29
[INFO] [stdout] For more information about this error, try `rustc --explain E0635`.
[INFO] [stdout] 
[INFO] [stderr] error: could not compile `ahash` (lib) due to 1 previous error
[INFO] [stderr] warning: build failed, waiting for other jobs to finish...
[INFO] [stdout] error[E0635]: unknown feature `stdsimd`
[INFO] [stdout]   --> /opt/rustwide/cargo-home/registry/src/index.crates.io-1949cf8c6b5b557f/ahash-0.7.6/src/lib.rs:33:42
[INFO] [stdout]    |
[INFO] [stdout] 33 | #![cfg_attr(feature = "stdsimd", feature(stdsimd))]
[INFO] [stdout]    |                                          ^^^^^^^
[INFO] [stdout] 
[INFO] [stdout] 
[INFO] [stderr] error: failed to run custom build command for `v8 v0.47.1`
[INFO] [stderr] note: To improve backtraces for build dependencies, set the CARGO_PROFILE_DEV_BUILD_OVERRIDE_DEBUG=true environment variable to enable debug information generation.
[INFO] [stderr] 
[INFO] [stderr] Caused by:
[INFO] [stderr]   process didn't exit successfully: `/opt/rustwide/target/debug/build/v8/819e73daa468b789/out/build_script_build` (exit status: 101)
[INFO] [stderr]   --- stdout
[INFO] [stderr]   cargo:rerun-if-changed=.gn
[INFO] [stderr]   cargo:rerun-if-changed=BUILD.gn
[INFO] [stderr]   cargo:rerun-if-changed=src/binding.cc
[INFO] [stderr]   cargo:rerun-if-env-changed=CCACHE
[INFO] [stderr]   cargo:rerun-if-env-changed=CLANG_BASE_PATH
[INFO] [stderr]   cargo:rerun-if-env-changed=DENO_TRYBUILD
[INFO] [stderr]   cargo:rerun-if-env-changed=DOCS_RS
[INFO] [stderr]   cargo:rerun-if-env-changed=GENERATE_COMPDB
[INFO] [stderr]   cargo:rerun-if-env-changed=GN
[INFO] [stderr]   cargo:rerun-if-env-changed=GN_ARGS
[INFO] [stderr]   cargo:rerun-if-env-changed=HOST
[INFO] [stderr]   cargo:rerun-if-env-changed=NINJA
[INFO] [stderr]   cargo:rerun-if-env-changed=OUT_DIR
[INFO] [stderr]   cargo:rerun-if-env-changed=RUSTY_V8_ARCHIVE
[INFO] [stderr]   cargo:rerun-if-env-changed=RUSTY_V8_MIRROR
[INFO] [stderr]   cargo:rerun-if-env-changed=SCCACHE
[INFO] [stderr]   cargo:rerun-if-env-changed=V8_FORCE_DEBUG
[INFO] [stderr]   cargo:rerun-if-env-changed=V8_FROM_SOURCE
[INFO] [stderr]   cargo:rustc-link-lib=static=rusty_v8
[INFO] [stderr]   download lockfile: "/opt/rustwide/target/debug/build/v8/lib_download.fslock"
[INFO] [stderr]   static lib URL: https://github.com/denoland/rusty_v8/releases/download/v0.47.1/librusty_v8_release_x86_64-unknown-linux-gnu.a
[INFO] [stderr]   cargo:rustc-link-search=/opt/rustwide/target/debug/build/gn_out/obj
[INFO] [stderr]   Downloading https://github.com/denoland/rusty_v8/releases/download/v0.47.1/librusty_v8_release_x86_64-unknown-linux-gnu.a
[INFO] [stderr]   Python downloader failed, trying with curl.
[INFO] [stderr] 
[INFO] [stderr]   --- stderr
[INFO] [stderr] 
[INFO] [stderr]   thread 'main' (1141) panicked at /opt/rustwide/cargo-home/registry/src/index.crates.io-1949cf8c6b5b557f/v8-0.47.1/build.rs:411:3:
[INFO] [stderr]   assertion failed: status.success()
[INFO] [stderr]   stack backtrace:
[INFO] [stderr]      0:     0x632fd61921f1 - std[12f6d9377d23c6af]::backtrace_rs::backtrace::libunwind::trace
[INFO] [stderr]                                  at /rustc/a621e2b446eafb53c7a8569f225e0b8cc2429a68/library/std/src/../../backtrace/src/backtrace/libunwind.rs:117:9
[INFO] [stderr]      1:     0x632fd61921f1 - std[12f6d9377d23c6af]::backtrace_rs::backtrace::trace_unsynchronized::<std[12f6d9377d23c6af]::sys::backtrace::_print_fmt::{closure#1}>
[INFO] [stderr]                                  at /rustc/a621e2b446eafb53c7a8569f225e0b8cc2429a68/library/std/src/../../backtrace/src/backtrace/mod.rs:66:14
[INFO] [stderr]      2:     0x632fd61921f1 - std[12f6d9377d23c6af]::sys::backtrace::_print_fmt
[INFO] [stderr]                                  at /rustc/a621e2b446eafb53c7a8569f225e0b8cc2429a68/library/std/src/sys/backtrace.rs:74:9
[INFO] [stderr]      3:     0x632fd61921f1 - <<std[12f6d9377d23c6af]::sys::backtrace::BacktraceLock>::print::DisplayBacktrace as core[b3bb6d7bd55257e3]::fmt::Display>::fmt
[INFO] [stderr]                                  at /rustc/a621e2b446eafb53c7a8569f225e0b8cc2429a68/library/std/src/sys/backtrace.rs:44:26
[INFO] [stderr]      4:     0x632fd61a54da - <core[b3bb6d7bd55257e3]::fmt::rt::Argument>::fmt
[INFO] [stderr]                                  at /rustc/a621e2b446eafb53c7a8569f225e0b8cc2429a68/library/core/src/fmt/rt.rs:152:76
[INFO] [stderr]      5:     0x632fd61a54da - core[b3bb6d7bd55257e3]::fmt::write
[INFO] [stderr]      6:     0x632fd619778c - core[b3bb6d7bd55257e3]::io::write::default_write_fmt::<std[12f6d9377d23c6af]::sys::stdio::unix::Stderr>
[INFO] [stderr]                                  at /rustc/a621e2b446eafb53c7a8569f225e0b8cc2429a68/library/core/src/io/write.rs:402:11
[INFO] [stderr]      7:     0x632fd619778c - <std[12f6d9377d23c6af]::sys::stdio::unix::Stderr as core[b3bb6d7bd55257e3]::io::write::Write>::write_fmt
[INFO] [stderr]                                  at /rustc/a621e2b446eafb53c7a8569f225e0b8cc2429a68/library/core/src/io/write.rs:335:13
[INFO] [stderr]      8:     0x632fd61713d6 - <std[12f6d9377d23c6af]::sys::backtrace::BacktraceLock>::print
[INFO] [stderr]                                  at /rustc/a621e2b446eafb53c7a8569f225e0b8cc2429a68/library/std/src/sys/backtrace.rs:47:9
[INFO] [stderr]      9:     0x632fd61713d6 - std[12f6d9377d23c6af]::panicking::default_hook::{closure#0}
[INFO] [stderr]                                  at /rustc/a621e2b446eafb53c7a8569f225e0b8cc2429a68/library/std/src/panicking.rs:289:27
[INFO] [stderr]     10:     0x632fd618c201 - std[12f6d9377d23c6af]::panicking::default_hook
[INFO] [stderr]                                  at /rustc/a621e2b446eafb53c7a8569f225e0b8cc2429a68/library/std/src/panicking.rs:316:9
[INFO] [stderr]     11:     0x632fd618c3bb - std[12f6d9377d23c6af]::panicking::panic_with_hook
[INFO] [stderr]                                  at /rustc/a621e2b446eafb53c7a8569f225e0b8cc2429a68/library/std/src/panicking.rs:811:13
[INFO] [stderr]     12:     0x632fd61714b4 - std[12f6d9377d23c6af]::panicking::panic_handler::{closure#0}
[INFO] [stderr]                                  at /rustc/a621e2b446eafb53c7a8569f225e0b8cc2429a68/library/std/src/panicking.rs:678:13
[INFO] [stderr]     13:     0x632fd61695d9 - std[12f6d9377d23c6af]::sys::backtrace::__rust_end_short_backtrace::<std[12f6d9377d23c6af]::panicking::panic_handler::{closure#0}, !>
[INFO] [stderr]                                  at /rustc/a621e2b446eafb53c7a8569f225e0b8cc2429a68/library/std/src/sys/backtrace.rs:182:18
[INFO] [stderr]     14:     0x632fd6171dfd - __rustc[3d28b5266d1192b2]::rust_begin_unwind
[INFO] [stderr]                                  at /rustc/a621e2b446eafb53c7a8569f225e0b8cc2429a68/library/std/src/panicking.rs:676:5
[INFO] [stderr]     15:     0x632fd61a5c6c - core[b3bb6d7bd55257e3]::panicking::panic_fmt
[INFO] [stderr]                                  at /rustc/a621e2b446eafb53c7a8569f225e0b8cc2429a68/library/core/src/panicking.rs:80:14
[INFO] [stderr]     16:     0x632fd61a5c32 - core[b3bb6d7bd55257e3]::panicking::panic
[INFO] [stderr]                                  at /rustc/a621e2b446eafb53c7a8569f225e0b8cc2429a68/library/core/src/panicking.rs:150:5
[INFO] [stderr]     17:     0x632fd614ad9e - build_script_build[9396e85823cb1f11]::download_file
[INFO] [stderr]     18:     0x632fd614ecc6 - build_script_build[9396e85823cb1f11]::download_static_lib_binaries
[INFO] [stderr]     19:     0x632fd61500a4 - build_script_build[9396e85823cb1f11]::main
[INFO] [stderr]     20:     0x632fd614012b - <fn() as core[b3bb6d7bd55257e3]::ops::function::FnOnce<()>>::call_once
[INFO] [stderr]     21:     0x632fd614198e - std[12f6d9377d23c6af]::sys::backtrace::__rust_begin_short_backtrace::<fn(), ()>
[INFO] [stderr]     22:     0x632fd6147149 - std[12f6d9377d23c6af]::rt::lang_start::<()>::{closure#0}
[INFO] [stderr]     23:     0x632fd618b608 - <&dyn core[b3bb6d7bd55257e3]::ops::function::Fn<(), Output = i32> + core[b3bb6d7bd55257e3]::marker::Sync + core[b3bb6d7bd55257e3]::panic::unwind_safe::RefUnwindSafe as core[b3bb6d7bd55257e3]::ops::function::FnOnce<()>>::call_once
[INFO] [stderr]                                  at /rustc/a621e2b446eafb53c7a8569f225e0b8cc2429a68/library/core/src/ops/function.rs:287:21
[INFO] [stderr]     24:     0x632fd618b608 - std[12f6d9377d23c6af]::panicking::catch_unwind::do_call::<&dyn core[b3bb6d7bd55257e3]::ops::function::Fn<(), Output = i32> + core[b3bb6d7bd55257e3]::marker::Sync + core[b3bb6d7bd55257e3]::panic::unwind_safe::RefUnwindSafe, i32>
[INFO] [stderr]                                  at /rustc/a621e2b446eafb53c7a8569f225e0b8cc2429a68/library/std/src/panicking.rs:573:43
[INFO] [stderr]     25:     0x632fd618b608 - std[12f6d9377d23c6af]::panicking::catch_unwind::<i32, &dyn core[b3bb6d7bd55257e3]::ops::function::Fn<(), Output = i32> + core[b3bb6d7bd55257e3]::marker::Sync + core[b3bb6d7bd55257e3]::panic::unwind_safe::RefUnwindSafe>
[INFO] [stderr]                                  at /rustc/a621e2b446eafb53c7a8569f225e0b8cc2429a68/library/std/src/panicking.rs:541:19
[INFO] [stderr]     26:     0x632fd618b608 - std[12f6d9377d23c6af]::panic::catch_unwind::<&dyn core[b3bb6d7bd55257e3]::ops::function::Fn<(), Output = i32> + core[b3bb6d7bd55257e3]::marker::Sync + core[b3bb6d7bd55257e3]::panic::unwind_safe::RefUnwindSafe, i32>
[INFO] [stderr]                                  at /rustc/a621e2b446eafb53c7a8569f225e0b8cc2429a68/library/std/src/panic.rs:359:14
[INFO] [stderr]     27:     0x632fd618b608 - std[12f6d9377d23c6af]::rt::lang_start_internal::{closure#0}
[INFO] [stderr]                                  at /rustc/a621e2b446eafb53c7a8569f225e0b8cc2429a68/library/std/src/rt.rs:175:24
[INFO] [stderr]     28:     0x632fd618b608 - std[12f6d9377d23c6af]::panicking::catch_unwind::do_call::<std[12f6d9377d23c6af]::rt::lang_start_internal::{closure#0}, isize>
[INFO] [stderr]                                  at /rustc/a621e2b446eafb53c7a8569f225e0b8cc2429a68/library/std/src/panicking.rs:573:43
[INFO] [stderr]     29:     0x632fd618b608 - std[12f6d9377d23c6af]::panicking::catch_unwind::<isize, std[12f6d9377d23c6af]::rt::lang_start_internal::{closure#0}>
[INFO] [stderr]                                  at /rustc/a621e2b446eafb53c7a8569f225e0b8cc2429a68/library/std/src/panicking.rs:541:19
[INFO] [stderr]     30:     0x632fd618b608 - std[12f6d9377d23c6af]::panic::catch_unwind::<std[12f6d9377d23c6af]::rt::lang_start_internal::{closure#0}, isize>
[INFO] [stderr]                                  at /rustc/a621e2b446eafb53c7a8569f225e0b8cc2429a68/library/std/src/panic.rs:359:14
[INFO] [stderr]     31:     0x632fd618b608 - std[12f6d9377d23c6af]::rt::lang_start_internal
[INFO] [stderr]                                  at /rustc/a621e2b446eafb53c7a8569f225e0b8cc2429a68/library/std/src/rt.rs:171:5
[INFO] [stderr]     32:     0x632fd61463b1 - std[12f6d9377d23c6af]::rt::lang_start::<()>
[INFO] [stderr]     33:     0x632fd6153b95 - main
[INFO] [stderr]     34:     0x763a573ec601 - <unknown>
[INFO] [stderr]     35:     0x763a573ec718 - __libc_start_main
[INFO] [stderr]     36:     0x632fd613a5a5 - _start
[INFO] [stderr]     37:                0x0 - <unknown>
[INFO] [stdout] For more information about this error, try `rustc --explain E0635`.
[INFO] [stdout] 
[INFO] [stderr] error: could not compile `ahash` (lib) due to 1 previous error
[INFO] running `Command { std: "docker" "inspect" "a85a6f07a5130997fb2778377cf4f2b4792ac67c1f29a9a17debf597217d6c92", kill_on_drop: false }`
[INFO] running `Command { std: "docker" "rm" "-f" "a85a6f07a5130997fb2778377cf4f2b4792ac67c1f29a9a17debf597217d6c92", kill_on_drop: false }`
[INFO] [stdout] a85a6f07a5130997fb2778377cf4f2b4792ac67c1f29a9a17debf597217d6c92
