[INFO] cloning repository https://github.com/UltralightFamily/Condor
[INFO] running `Command { std: "git" "-c" "credential.helper=" "-c" "credential.helper=/workspace/cargo-home/bin/git-credential-null" "clone" "--bare" "https://github.com/UltralightFamily/Condor" "/workspace/cache/git-repos/https%3A%2F%2Fgithub.com%2FUltralightFamily%2FCondor", kill_on_drop: false }`
[INFO] [stderr] Cloning into bare repository '/workspace/cache/git-repos/https%3A%2F%2Fgithub.com%2FUltralightFamily%2FCondor'...
[INFO] running `Command { std: "git" "rev-parse" "HEAD", kill_on_drop: false }`
[INFO] [stdout] 4bbda4560c12fa88b1439fd2294bbea14d485cd9
[INFO] checking UltralightFamily/Condor/4bbda4560c12fa88b1439fd2294bbea14d485cd9 against 018018e881e2db0956f229dbb543e21f058d1ce7 for pr-162600
[INFO] running `Command { std: "git" "clone" "/workspace/cache/git-repos/https%3A%2F%2Fgithub.com%2FUltralightFamily%2FCondor" "/workspace/builds/worker-4-tc1/source", kill_on_drop: false }`
[INFO] [stderr] Cloning into '/workspace/builds/worker-4-tc1/source'...
[INFO] [stderr] done.
[INFO] [stderr] Updating files:   0% (3923/496470)
Updating files:   1% (4965/496470)
Updating files:   1% (8992/496470)
Updating files:   2% (9930/496470)
Updating files:   3% (14895/496470)
Updating files:   3% (16377/496470)
Updating files:   4% (19859/496470)
Updating files:   5% (24824/496470)
Updating files:   5% (26435/496470)
Updating files:   6% (29789/496470)
Updating files:   6% (34627/496470)
Updating files:   7% (34753/496470)
Updating files:   8% (39718/496470)
Updating files:   8% (43209/496470)
Updating files:   9% (44683/496470)
Updating files:  10% (49647/496470)
Updating files:  10% (53854/496470)
Updating files:  11% (54612/496470)
Updating files:  12% (59577/496470)
Updating files:  12% (63905/496470)
Updating files:  13% (64542/496470)
Updating files:  14% (69506/496470)
Updating files:  14% (72915/496470)
Updating files:  15% (74471/496470)
Updating files:  16% (79436/496470)
Updating files:  16% (79533/496470)
Updating files:  17% (84400/496470)
Updating files:  17% (87405/496470)
Updating files:  18% (89365/496470)
Updating files:  18% (93077/496470)
Updating files:  19% (94330/496470)
Updating files:  20% (99294/496470)
Updating files:  20% (102426/496470)
Updating files:  21% (104259/496470)
Updating files:  22% (109224/496470)
Updating files:  22% (112127/496470)
Updating files:  23% (114189/496470)
Updating files:  24% (119153/496470)
Updating files:  25% (124118/496470)
Updating files:  25% (125767/496470)
Updating files:  26% (129083/496470)
Updating files:  27% (134047/496470)
Updating files:  28% (139012/496470)
Updating files:  28% (139668/496470)
Updating files:  29% (143977/496470)
Updating files:  30% (148941/496470)
Updating files:  30% (152418/496470)
Updating files:  31% (153906/496470)
Updating files:  32% (158871/496470)
Updating files:  33% (163836/496470)
Updating files:  33% (164402/496470)
Updating files:  34% (168800/496470)
Updating files:  35% (173765/496470)
Updating files:  35% (175109/496470)
Updating files:  36% (178730/496470)
Updating files:  37% (183694/496470)
Updating files:  37% (186308/496470)
Updating files:  38% (188659/496470)
Updating files:  39% (193624/496470)
Updating files:  39% (195636/496470)
Updating files:  40% (198588/496470)
Updating files:  40% (201892/496470)
Updating files:  41% (203553/496470)
Updating files:  42% (208518/496470)
Updating files:  42% (208747/496470)
Updating files:  43% (213483/496470)
Updating files:  43% (213931/496470)
Updating files:  44% (218447/496470)
Updating files:  44% (220420/496470)
Updating files:  45% (223412/496470)
Updating files:  45% (224928/496470)
Updating files:  45% (226076/496470)
Updating files:  46% (228377/496470)
Updating files:  46% (228804/496470)
Updating files:  46% (231703/496470)
Updating files:  47% (233341/496470)
Updating files:  47% (236406/496470)
Updating files:  48% (238306/496470)
Updating files:  49% (243271/496470)
Updating files:  50% (248235/496470)
Updating files:  50% (249123/496470)
Updating files:  51% (253200/496470)
Updating files:  52% (258165/496470)
Updating files:  52% (261639/496470)
Updating files:  53% (263130/496470)
Updating files:  54% (268094/496470)
Updating files:  54% (269496/496470)
Updating files:  55% (273059/496470)
Updating files:  56% (278024/496470)
Updating files:  56% (278603/496470)
Updating files:  57% (282988/496470)
Updating files:  58% (287953/496470)
Updating files:  58% (290297/496470)
Updating files:  59% (292918/496470)
Updating files:  60% (297882/496470)
Updating files:  60% (299575/496470)
Updating files:  61% (302847/496470)
Updating files:  62% (307812/496470)
Updating files:  62% (309927/496470)
Updating files:  63% (312777/496470)
Updating files:  64% (317741/496470)
Updating files:  64% (320412/496470)
Updating files:  65% (322706/496470)
Updating files:  66% (327671/496470)
Updating files:  66% (332517/496470)
Updating files:  67% (332635/496470)
Updating files:  68% (337600/496470)
Updating files:  69% (342565/496470)
Updating files:  69% (343628/496470)
Updating files:  70% (347529/496470)
Updating files:  71% (352494/496470)
Updating files:  71% (353194/496470)
Updating files:  72% (357459/496470)
Updating files:  73% (362424/496470)
Updating files:  73% (363481/496470)
Updating files:  74% (367388/496470)
Updating files:  75% (372353/496470)
Updating files:  75% (375949/496470)
Updating files:  76% (377318/496470)
Updating files:  77% (382282/496470)
Updating files:  78% (387247/496470)
Updating files:  78% (388675/496470)
Updating files:  79% (392212/496470)
Updating files:  80% (397176/496470)
Updating files:  80% (401196/496470)
Updating files:  81% (402141/496470)
Updating files:  82% (407106/496470)
Updating files:  83% (412071/496470)
Updating files:  83% (414156/496470)
Updating files:  84% (417035/496470)
Updating files:  84% (421911/496470)
Updating files:  85% (422000/496470)
Updating files:  86% (426965/496470)
Updating files:  86% (430152/496470)
Updating files:  87% (431929/496470)
Updating files:  87% (434918/496470)
Updating files:  88% (436894/496470)
Updating files:  88% (439840/496470)
Updating files:  89% (441859/496470)
Updating files:  89% (446539/496470)
Updating files:  90% (446823/496470)
Updating files:  91% (451788/496470)
Updating files:  91% (453653/496470)
Updating files:  92% (456753/496470)
Updating files:  92% (459125/496470)
Updating files:  93% (461718/496470)
Updating files:  93% (462032/496470)
Updating files:  93% (464916/496470)
Updating files:  94% (466682/496470)
Updating files:  95% (471647/496470)
Updating files:  95% (471780/496470)
Updating files:  96% (476612/496470)
Updating files:  96% (476939/496470)
Updating files:  97% (481576/496470)
Updating files:  97% (481977/496470)
Updating files:  98% (486541/496470)
Updating files:  98% (487410/496470)
Updating files:  99% (491506/496470)
Updating files:  99% (495561/496470)
Updating files: 100% (496470/496470)
Updating files: 100% (496470/496470), done.
[INFO] started tweaking git repo https://github.com/UltralightFamily/Condor
[INFO] finished tweaking git repo https://github.com/UltralightFamily/Condor
[INFO] tweaked toml for git repo https://github.com/UltralightFamily/Condor written to /workspace/builds/worker-4-tc1/source/Cargo.toml
[INFO] validating manifest of git repo https://github.com/UltralightFamily/Condor on toolchain 018018e881e2db0956f229dbb543e21f058d1ce7
[INFO] running `Command { std: CARGO_HOME="/workspace/cargo-home" RUSTUP_HOME="/workspace/rustup-home" "/workspace/cargo-home/bin/cargo" "+018018e881e2db0956f229dbb543e21f058d1ce7" "metadata" "--manifest-path" "Cargo.toml" "--no-deps", kill_on_drop: false }`
[INFO] crate git repo https://github.com/UltralightFamily/Condor already has a lockfile, it will not be regenerated
[INFO] running `Command { std: CARGO_HOME="/workspace/cargo-home" RUSTUP_HOME="/workspace/rustup-home" "/workspace/cargo-home/bin/cargo" "+018018e881e2db0956f229dbb543e21f058d1ce7" "fetch" "--manifest-path" "Cargo.toml", kill_on_drop: false }`
[INFO] [stderr] warning: unused build dependency `uniffi`
[INFO] [stderr]  --> third_party/application-services/components/context_id/Cargo.toml:8:1
[INFO] [stderr]   |
[INFO] [stderr] 8 | uniffi = { version = "0.31", features=["build"]}
[INFO] [stderr]   | ^^^^^^^^^^^^^^^^^^^^^^^^^^^^^^^^^^^^^^^^^^^^^^^^
[INFO] [stderr]   |
[INFO] [stderr]   = note: `cargo::unused_dependencies` is set to `warn` by default
[INFO] [stderr] help: consider removing the dependency on `uniffi`
[INFO] [stderr] warning: `context_id` (manifest) generated 1 warning
[INFO] [stderr] warning: explicit `package.readme` can be inferred
[INFO] [stderr]   --> testing/geckodriver/Cargo.toml:12:1
[INFO] [stderr]    |
[INFO] [stderr] 12 | readme = "README.md"
[INFO] [stderr]    | ^^^^^^^^^^^^^^^^^^^^
[INFO] [stderr]    |
[INFO] [stderr]    = note: `cargo::manual_readme` is set to `warn` by default
[INFO] [stderr] help: consider removing `package.readme`
[INFO] [stderr] warning: `geckodriver` (manifest) generated 1 warning
[INFO] [stderr] warning: unused build dependency `uniffi`
[INFO] [stderr]   --> third_party/application-services/components/relevancy/Cargo.toml:30:1
[INFO] [stderr]    |
[INFO] [stderr] 30 | uniffi = { version = "0.31", features = ["build"] }
[INFO] [stderr]    | ^^^^^^^^^^^^^^^^^^^^^^^^^^^^^^^^^^^^^^^^^^^^^^^^^^^
[INFO] [stderr]    |
[INFO] [stderr]    = note: `cargo::unused_dependencies` is set to `warn` by default
[INFO] [stderr] help: consider removing the dependency on `uniffi`
[INFO] [stderr] warning: `relevancy` (manifest) generated 1 warning
[INFO] [stderr] warning: explicit `package.readme` can be inferred
[INFO] [stderr]  --> third_party/application-services/components/search/Cargo.toml:6:1
[INFO] [stderr]   |
[INFO] [stderr] 6 | readme = "README.md"
[INFO] [stderr]   | ^^^^^^^^^^^^^^^^^^^^
[INFO] [stderr]   |
[INFO] [stderr]   = note: `cargo::manual_readme` is set to `warn` by default
[INFO] [stderr] help: consider removing `package.readme`
[INFO] [stderr] warning: unused build dependency `uniffi`
[INFO] [stderr]   --> third_party/application-services/components/search/Cargo.toml:21:1
[INFO] [stderr]    |
[INFO] [stderr] 21 | uniffi = { version = "0.31", features = ["build"] }
[INFO] [stderr]    | ^^^^^^^^^^^^^^^^^^^^^^^^^^^^^^^^^^^^^^^^^^^^^^^^^^^
[INFO] [stderr]    |
[INFO] [stderr]    = note: `cargo::unused_dependencies` is set to `warn` by default
[INFO] [stderr] help: consider removing the dependency on `uniffi`
[INFO] [stderr] warning: `search` (manifest) generated 2 warnings
[INFO] [stderr] warning: explicit `package.readme` can be inferred
[INFO] [stderr]  --> testing/webdriver/Cargo.toml:9:1
[INFO] [stderr]   |
[INFO] [stderr] 9 | readme = "README.md"
[INFO] [stderr]   | ^^^^^^^^^^^^^^^^^^^^
[INFO] [stderr]   |
[INFO] [stderr]   = note: `cargo::manual_readme` is set to `warn` by default
[INFO] [stderr] help: consider removing `package.readme`
[INFO] [stderr] warning: `webdriver` (manifest) generated 1 warning
[INFO] [stderr] warning: unused build dependency `uniffi`
[INFO] [stderr]   --> third_party/application-services/components/remote_settings/Cargo.toml:40:1
[INFO] [stderr]    |
[INFO] [stderr] 40 | uniffi = { version = "0.31", features = ["build"] }
[INFO] [stderr]    | ^^^^^^^^^^^^^^^^^^^^^^^^^^^^^^^^^^^^^^^^^^^^^^^^^^^
[INFO] [stderr]    |
[INFO] [stderr]    = note: `cargo::unused_dependencies` is set to `warn` by default
[INFO] [stderr] help: consider removing the dependency on `uniffi`
[INFO] [stderr] warning: `remote_settings` (manifest) generated 1 warning
[INFO] [stderr] warning: unused build dependency `uniffi`
[INFO] [stderr]   --> third_party/application-services/components/support/tracing/Cargo.toml:19:1
[INFO] [stderr]    |
[INFO] [stderr] 19 | uniffi = { version = "0.31", features = ["build"] }
[INFO] [stderr]    | ^^^^^^^^^^^^^^^^^^^^^^^^^^^^^^^^^^^^^^^^^^^^^^^^^^^
[INFO] [stderr]    |
[INFO] [stderr]    = note: `cargo::unused_dependencies` is set to `warn` by default
[INFO] [stderr] help: consider removing the dependency on `uniffi`
[INFO] [stderr] warning: `tracing-support` (manifest) generated 1 warning
[INFO] [stderr] warning: unused build dependency `uniffi`
[INFO] [stderr]   --> third_party/application-services/components/relay/Cargo.toml:24:1
[INFO] [stderr]    |
[INFO] [stderr] 24 | uniffi = { version = "0.31", features=["build"]}
[INFO] [stderr]    | ^^^^^^^^^^^^^^^^^^^^^^^^^^^^^^^^^^^^^^^^^^^^^^^^
[INFO] [stderr]    |
[INFO] [stderr]    = note: `cargo::unused_dependencies` is set to `warn` by default
[INFO] [stderr] help: consider removing the dependency on `uniffi`
[INFO] [stderr] warning: `relay` (manifest) generated 1 warning
[INFO] [stderr] warning: unused build dependency `uniffi`
[INFO] [stderr]   --> third_party/application-services/components/ads-client/Cargo.toml:40:1
[INFO] [stderr]    |
[INFO] [stderr] 40 | uniffi = { version = "0.31", features = ["build"] }
[INFO] [stderr]    | ^^^^^^^^^^^^^^^^^^^^^^^^^^^^^^^^^^^^^^^^^^^^^^^^^^^
[INFO] [stderr]    |
[INFO] [stderr]    = note: `cargo::unused_dependencies` is set to `warn` by default
[INFO] [stderr] help: consider removing the dependency on `uniffi`
[INFO] [stderr] warning: `ads-client` (manifest) generated 1 warning
[INFO] [stderr] warning: unused build dependency `bindgen`
[INFO] [stderr]   --> netwerk/test/http3server/Cargo.toml:33:1
[INFO] [stderr]    |
[INFO] [stderr] 33 | bindgen = {version = "0.69", default-features = false, features = ["runtime"] }
[INFO] [stderr]    | ^^^^^^^^^^^^^^^^^^^^^^^^^^^^^^^^^^^^^^^^^^^^^^^^^^^^^^^^^^^^^^^^^^^^^^^^^^^^^^^
[INFO] [stderr]    |
[INFO] [stderr]    = note: `cargo::unused_dependencies` is set to `warn` by default
[INFO] [stderr] help: consider removing the dependency on `bindgen`
[INFO] [stderr] warning: `http3server` (manifest) generated 1 warning
[INFO] [stderr] warning: unused build dependency `uniffi`
[INFO] [stderr]   --> third_party/application-services/components/support/error/Cargo.toml:21:1
[INFO] [stderr]    |
[INFO] [stderr] 21 | uniffi = { version = "0.31", features=["build"]}
[INFO] [stderr]    | ^^^^^^^^^^^^^^^^^^^^^^^^^^^^^^^^^^^^^^^^^^^^^^^^
[INFO] [stderr]    |
[INFO] [stderr]    = note: `cargo::unused_dependencies` is set to `warn` by default
[INFO] [stderr] help: consider removing the dependency on `uniffi`
[INFO] [stderr] warning: `error-support` (manifest) generated 1 warning
[INFO] [stderr] warning: unused build dependency `uniffi`
[INFO] [stderr]   --> third_party/application-services/components/fxa-client/Cargo.toml:33:1
[INFO] [stderr]    |
[INFO] [stderr] 33 | uniffi = { version = "0.31", features = ["build"] }
[INFO] [stderr]    | ^^^^^^^^^^^^^^^^^^^^^^^^^^^^^^^^^^^^^^^^^^^^^^^^^^^
[INFO] [stderr]    |
[INFO] [stderr]    = note: `cargo::unused_dependencies` is set to `warn` by default
[INFO] [stderr] help: consider removing the dependency on `uniffi`
[INFO] [stderr] warning: `fxa-client` (manifest) generated 1 warning
[INFO] [stderr] warning: unused build dependency `uniffi`
[INFO] [stderr]   --> third_party/application-services/components/merino/Cargo.toml:17:1
[INFO] [stderr]    |
[INFO] [stderr] 17 | uniffi = { version = "0.31", features = ["build"] }
[INFO] [stderr]    | ^^^^^^^^^^^^^^^^^^^^^^^^^^^^^^^^^^^^^^^^^^^^^^^^^^^
[INFO] [stderr]    |
[INFO] [stderr]    = note: `cargo::unused_dependencies` is set to `warn` by default
[INFO] [stderr] help: consider removing the dependency on `uniffi`
[INFO] [stderr] warning: `merino` (manifest) generated 1 warning
[INFO] [stderr] warning: unused build dependency `cc`
[INFO] [stderr]   --> toolkit/crashreporter/crash_helper_server/Cargo.toml:48:1
[INFO] [stderr]    |
[INFO] [stderr] 48 | cc = "1"
[INFO] [stderr]    | ^^^^^^^^
[INFO] [stderr]    |
[INFO] [stderr]    = note: `cargo::unused_dependencies` is set to `warn` by default
[INFO] [stderr] help: consider removing the dependency on `cc`
[INFO] [stderr] warning: `crash_helper_server` (manifest) generated 1 warning
[INFO] [stderr] warning: unused build dependency `uniffi`
[INFO] [stderr]   --> third_party/application-services/components/support/rust-log-forwarder/Cargo.toml:19:1
[INFO] [stderr]    |
[INFO] [stderr] 19 | uniffi = { version = "0.31", features=["build"]}
[INFO] [stderr]    | ^^^^^^^^^^^^^^^^^^^^^^^^^^^^^^^^^^^^^^^^^^^^^^^^
[INFO] [stderr]    |
[INFO] [stderr]    = note: `cargo::unused_dependencies` is set to `warn` by default
[INFO] [stderr] help: consider removing the dependency on `uniffi`
[INFO] [stderr] warning: `rust-log-forwarder` (manifest) generated 1 warning
[INFO] [stderr] warning: explicit `package.readme` can be inferred
[INFO] [stderr]  --> third_party/application-services/components/suggest/Cargo.toml:6:1
[INFO] [stderr]   |
[INFO] [stderr] 6 | readme = "README.md"
[INFO] [stderr]   | ^^^^^^^^^^^^^^^^^^^^
[INFO] [stderr]   |
[INFO] [stderr]   = note: `cargo::manual_readme` is set to `warn` by default
[INFO] [stderr] help: consider removing `package.readme`
[INFO] [stderr] warning: unused build dependency `uniffi`
[INFO] [stderr]   --> third_party/application-services/components/suggest/Cargo.toml:42:1
[INFO] [stderr]    |
[INFO] [stderr] 42 | uniffi = { version = "0.31", features = ["build"] }
[INFO] [stderr]    | ^^^^^^^^^^^^^^^^^^^^^^^^^^^^^^^^^^^^^^^^^^^^^^^^^^^
[INFO] [stderr]    |
[INFO] [stderr]    = note: `cargo::unused_dependencies` is set to `warn` by default
[INFO] [stderr] help: consider removing the dependency on `uniffi`
[INFO] [stderr] warning: `suggest` (manifest) generated 2 warnings
[INFO] [stderr]     Updating git repository `https://github.com/glandium/allocator-api2`
[INFO] [stderr]     Updating git repository `https://github.com/hsivonen/any_all_workaround`
[INFO] [stderr]     Updating git repository `https://github.com/glandium/rust-bindgen`
[INFO] [stderr]     Updating git repository `https://github.com/franziskuskiefer/cose-rust`
[INFO] [stderr]     Updating git repository `https://github.com/servo/rust-cssparser`
[INFO] [stderr]     Updating git repository `https://github.com/hsivonen/encoding_rs`
[INFO] [stderr]     Updating git repository `https://github.com/jamienicol/gl-rs`
[INFO] [stderr]     Updating git submodule `https://github.com/KhronosGroup/OpenGL-Registry.git`
[INFO] [stderr]     Updating git submodule `https://github.com/google/angle.git`
[INFO] [stderr]     Updating git submodule `https://github.com/KhronosGroup/EGL-Registry.git`
[INFO] [stderr]     Updating git submodule `https://github.com/KhronosGroup/WebGL.git`
[INFO] [stderr]     Updating git submodule `https://github.com/KhronosGroup/WebGLDeveloperTools.git`
[INFO] [stderr]     Updating git repository `https://github.com/jamienicol/gleam`
[INFO] [stderr]     Updating git repository `https://github.com/hsivonen/rust-harfbuzz`
[INFO] [stderr]     Updating git repository `https://github.com/mozilla/midir.git`
[INFO] [stderr]     Updating git repository `https://github.com/glandium/rust-objc`
[INFO] [stderr]     Updating git repository `https://github.com/martinthomson/ohttp`
[INFO] [stderr]     Updating git repository `https://github.com/servo/unicode-bidi`
[INFO] [stderr]     Updating crates.io index
[INFO] [stderr]     Updating git repository `https://github.com/mozilla/neqo`
[INFO] [stderr]     Updating git repository `https://github.com/mozilla/nss-rs`
[INFO] [stderr]     Updating git repository `https://github.com/mozilla/glean`
[INFO] [stderr]     Updating git repository `https://github.com/mozilla/memtest`
[INFO] [stderr]     Updating git repository `https://github.com/rust-minidump/minidump-writer.git`
[INFO] [stderr]     Updating git repository `https://github.com/FirefoxGraphics/aa-stroke`
[INFO] [stderr]     Updating git repository `https://github.com/mozilla/audioipc`
[INFO] [stderr]     Updating git repository `https://github.com/mozilla/cubeb-coreaudio-rs`
[INFO] [stderr]     Updating git repository `https://github.com/mozilla/cubeb-pulse-rs`
[INFO] [stderr]     Updating git repository `https://github.com/jfkthame/mapped_hyph.git`
[INFO] [stderr]     Updating git repository `https://github.com/mozilla/mp4parse-rust`
[INFO] [stderr]     Updating git submodule `https://github.com/AOMediaCodec/av1-avif.git`
[INFO] [stderr]     Updating git submodule `https://github.com/link-u/avif-sample-images`
[INFO] [stderr]     Updating git repository `https://github.com/FirefoxGraphics/wpf-gpu-raster`
[INFO] [stderr]     Updating git repository `https://github.com/mozilla/authenticator-rs`
[INFO] [stderr]     Updating git repository `https://github.com/mozilla/happy-eyeballs`
[INFO] [stderr]     Updating git repository `https://github.com/mozilla/mls-platform-api`
[INFO] [stderr]     Updating git repository `https://github.com/gfx-rs/wgpu`
[INFO] [stderr]     Blocking waiting for file lock on package cache
[INFO] [stderr]  Downloading crates ...
[INFO] [stderr]   Downloaded flate2 v1.1.4
[INFO] [stderr]   Downloaded xml-rs v0.8.4
[INFO] [stderr]   Downloaded zerofrom-derive v0.1.3
[INFO] [stderr]   Downloaded uniffi_build v0.31.0
[INFO] [stderr]   Downloaded uniffi_internal_macros v0.31.0
[INFO] [stderr]   Downloaded uniffi_pipeline v0.31.0
[INFO] [stderr]   Downloaded scroll_derive v0.12.0
[INFO] [stderr]   Downloaded uniffi_testing v0.31.0
[INFO] [stderr]   Downloaded scroll v0.12.0
[INFO] [stderr]   Downloaded id-arena v2.2.1
[INFO] [stderr]   Downloaded uniffi v0.31.0
[INFO] [stderr]   Downloaded weedle2 v5.0.0
[INFO] [stderr]   Downloaded uniffi_meta v0.31.0
[INFO] [stderr]   Downloaded clap_derive v4.5.13
[INFO] [stderr]   Downloaded camino v1.1.2
[INFO] [stderr]   Downloaded uniffi_udl v0.31.0
[INFO] [stderr]   Downloaded app_units v0.7.8
[INFO] [stderr]   Downloaded ordered-float v3.4.0
[INFO] [stderr]   Downloaded askama v0.14.0
[INFO] [stderr]   Downloaded uniffi_macros v0.31.0
[INFO] [stderr]   Downloaded phf_macros v0.14.0
[INFO] [stderr]   Downloaded indexmap v2.11.4
[INFO] [stderr]   Downloaded phf_generator v0.14.0
[INFO] [stderr]   Downloaded fluent-langneg v0.13.0
[INFO] [stderr]   Downloaded clap v4.5.16
[INFO] [stderr]   Downloaded fluent-pseudo v0.3.3
[INFO] [stderr]   Downloaded self_cell v1.2.0
[INFO] [stderr]   Downloaded uniffi_core v0.31.0
[INFO] [stderr]   Downloaded askama_derive v0.14.0
[INFO] [stderr]   Downloaded rkv v0.20.0
[INFO] [stderr]   Downloaded uluru v3.0.0
[INFO] [stderr]   Downloaded smallbitvec v2.5.1
[INFO] [stderr]   Downloaded dtoa-short v0.3.3
[INFO] [stderr]   Downloaded zerovec v0.11.4
[INFO] [stderr]   Downloaded askama_parser v0.14.0
[INFO] [stderr]   Downloaded core_maths v0.1.0
[INFO] [stderr]   Downloaded thin-vec v0.2.16
[INFO] [stderr]   Downloaded crossbeam-deque v0.8.2
[INFO] [stderr]   Downloaded atomic_refcell v0.1.9
[INFO] [stderr]   Downloaded clang-sys v1.7.0
[INFO] [stderr]   Downloaded glsl v6.0.2
[INFO] [stderr]   Downloaded bit-vec v0.10.1
[INFO] [stderr]   Downloaded threadbound v0.1.5
[INFO] [stderr]   Downloaded typed-arena-nomut v0.1.0
[INFO] [stderr]   Downloaded icu_locale v2.1.1
[INFO] [stderr]   Downloaded cstr v0.2.11
[INFO] [stderr]   Downloaded async-task v4.3.0
[INFO] [stderr]   Downloaded bit-set v0.11.1
[INFO] [stderr]   Downloaded paste v1.0.11
[INFO] [stderr]   Downloaded clap_builder v4.5.15
[INFO] [stderr]   Downloaded half v2.5.0
[INFO] [stderr]   Downloaded whatsys v0.3.2
[INFO] [stderr]   Downloaded tracy-rs v0.1.2
[INFO] [stderr]   Downloaded aho-corasick v1.1.0
[INFO] [stderr]   Downloaded itertools v0.15.0
[INFO] [stderr]   Downloaded cc v1.2.30
[INFO] [stderr]   Downloaded profiling v1.0.7
[INFO] [stderr]   Downloaded uniffi_bindgen v0.31.0
[INFO] [stderr]   Downloaded icu_locale_data v2.1.1
[INFO] [stderr]   Downloaded zeitstempel v0.2.1
[INFO] [stderr]   Downloaded goblin v0.9.2
[INFO] [stderr]   Downloaded dbus v0.9.12
[INFO] [stderr]   Downloaded inherent v1.0.7
[INFO] [stderr]   Downloaded android_logger v0.12.0
[INFO] [stderr]   Downloaded serde_bytes v0.11.9
[INFO] [stderr]   Downloaded freetype v0.7.0
[INFO] [stderr]   Downloaded topological-sort v0.1.0
[INFO] [stderr]   Downloaded glean v68.0.1
[INFO] [stderr]   Downloaded core-graphics v0.23.1
[INFO] [stderr]   Downloaded plane-split v0.18.0
[INFO] [stderr]   Downloaded glean-core v68.0.1
[INFO] [stderr]   Downloaded etagere v0.2.13
[INFO] [stderr]   Downloaded build-parallel v0.1.2
[INFO] [stderr]   Downloaded base16 v0.2.1
[INFO] [stderr]   Downloaded failspot v0.2.0
[INFO] [stderr]   Downloaded rusqlite v0.37.0
[INFO] [stderr]   Downloaded ffi-support v0.4.4
[INFO] [stderr]   Downloaded bhttp v0.7.2
[INFO] [stderr]   Downloaded serde_path_to_error v0.1.11
[INFO] [stderr]   Downloaded ece v2.3.1
[INFO] [stderr]   Downloaded error-graph v0.1.1
[INFO] [stderr]   Downloaded webrtc-sdp v0.3.14
[INFO] [stderr]   Downloaded origin-trial-token v0.1.1
[INFO] [stderr]   Downloaded enumset_derive v0.8.1
[INFO] [stderr]   Downloaded hashlink v0.11.0
[INFO] [stderr]   Downloaded hawk v5.0.1
[INFO] [stderr]   Downloaded urlpattern v0.6.0
[INFO] [stderr]   Downloaded uritemplate-next v0.2.0
[INFO] [stderr]   Downloaded pkcs11-bindings v0.1.8
[INFO] [stderr]   Downloaded procfs-core v0.18.0
[INFO] [stderr]   Downloaded minidump-common v0.26.1
[INFO] [stderr]   Downloaded range-map v0.2.0
[INFO] [stderr]   Downloaded crash-context v0.6.1
[INFO] [stderr]   Downloaded yaml-rust2 v0.10.3
[INFO] [stderr]   Downloaded oxilangtag v0.1.3
[INFO] [stderr]   Downloaded qlog v0.16.0
[INFO] [stderr]   Downloaded enumset v1.1.2
[INFO] [stderr]   Downloaded bitreader v0.3.6
[INFO] [stderr]   Downloaded mls-rs-core v0.26.0
[INFO] [stderr]   Downloaded mls-rs-crypto-traits v0.21.0
[INFO] [stderr]   Downloaded mls-rs-identity-x509 v0.20.0
[INFO] [stderr]   Downloaded coremidi v0.8.0
[INFO] [stderr]   Downloaded icu_casemap_data v2.1.1
[INFO] [stderr]   Downloaded mls-rs-codec-derive v0.2.0
[INFO] [stderr]   Downloaded icu_calendar_data v2.1.1
[INFO] [stderr]   Downloaded diplomat v0.14.0
[INFO] [stderr]   Downloaded quinn-udp v0.6.0
[INFO] [stderr]   Downloaded sfv v0.14.0
[INFO] [stderr]   Downloaded fallible_collections v0.5.1
[INFO] [stderr]   Downloaded mls-rs-codec v0.7.0
[INFO] [stderr]   Downloaded mls-rs-crypto-hpke v0.20.0
[INFO] [stderr]   Downloaded debug_tree v0.4.0
[INFO] [stderr]   Downloaded icu_calendar v2.1.1
[INFO] [stderr]   Downloaded calendrical_calculations v0.2.3
[INFO] [stderr]   Downloaded diplomat-runtime v0.14.0
[INFO] [stderr]   Downloaded jexl-eval v0.4.0
[INFO] [stderr]   Downloaded icu_segmenter v2.1.2
[INFO] [stderr]   Downloaded replace_with v0.1.8
[INFO] [stderr]   Downloaded fluent-fallback v0.7.2
[INFO] [stderr]   Downloaded pin-cell v0.2.0
[INFO] [stderr]   Downloaded array-init v2.1.0
[INFO] [stderr]   Downloaded icu_time v2.1.1
[INFO] [stderr]   Downloaded strck v1.0.0
[INFO] [stderr]   Downloaded encoding_c_mem v0.2.6
[INFO] [stderr]   Downloaded mockall v0.12.1
[INFO] [stderr]   Downloaded mockall_derive v0.12.1
[INFO] [stderr]   Downloaded fragile v2.0.1
[INFO] [stderr]   Downloaded jexl-parser v0.4.0
[INFO] [stderr]   Downloaded expect-test v1.5.1
[INFO] [stderr]   Downloaded canonical_json v0.5.0
[INFO] [stderr]   Downloaded extend v1.2.0
[INFO] [stderr]   Downloaded font-types v0.12.1
[INFO] [stderr]   Downloaded cubeb-core v0.34.1
[INFO] [stderr]   Downloaded triple_buffer v5.0.6
[INFO] [stderr]   Downloaded chunky-vec v0.1.0
[INFO] [stderr]   Downloaded jxl_macros v0.6.0
[INFO] [stderr]   Downloaded ixdtf v0.6.4
[INFO] [stderr]   Downloaded icu_provider_adapters v2.1.1
[INFO] [stderr]   Downloaded wasm-smith v0.244.0
[INFO] [stderr]   Downloaded encoding_c v0.9.8
[INFO] [stderr]   Downloaded minreq v2.14.1
[INFO] [stderr]   Downloaded mockito v0.31.1
[INFO] [stderr]   Downloaded dissimilar v1.0.11
[INFO] [stderr]   Downloaded xmldecl v0.2.0
[INFO] [stderr]   Downloaded data-encoding v2.3.3
[INFO] [stderr]   Downloaded ringbuf v0.2.8
[INFO] [stderr]   Downloaded atomic v0.4.6
[INFO] [stderr]   Downloaded cose-c v0.1.5
[INFO] [stderr]   Downloaded chardetng_c v1.0.0
[INFO] [stderr]   Downloaded jxl_transforms v0.6.0
[INFO] [stderr]   Downloaded oneshot v0.1.13
[INFO] [stderr]   Downloaded libz-rs-sys v0.6.3
[INFO] [stderr]   Downloaded icu_casemap v2.1.1
[INFO] [stderr]   Downloaded arraystring v0.3.0
[INFO] [stderr]   Downloaded chardetng v1.0.0
[INFO] [stderr]   Downloaded clubcard v0.3.3
[INFO] [stderr]   Downloaded rust_cascade v1.5.0
[INFO] [stderr]   Downloaded plist v1.10.0
[INFO] [stderr]   Downloaded mls-rs v0.54.0
[INFO] [stderr]   Downloaded diplomat_core v0.14.0
[INFO] [stderr]   Downloaded cache-padded v1.2.0
[INFO] [stderr]   Downloaded coreaudio-sys v0.2.18
[INFO] [stderr]   Downloaded audio-mixer v0.2.1
[INFO] [stderr]   Downloaded moz_cbor v0.1.2
[INFO] [stderr]   Downloaded murmurhash3 v0.0.5
[INFO] [stderr]   Downloaded comedy v0.2.0
[INFO] [stderr]   Downloaded prio v0.16.2
[INFO] [stderr]   Downloaded cubeb-backend v0.34.1
[INFO] [stderr]   Downloaded adblock v0.12.1
[INFO] [stderr]   Downloaded clubcard-crlite v0.4.0
[INFO] [stderr]   Downloaded dogear v0.5.0
[INFO] [stderr]   Downloaded jxl v0.6.0
[INFO] [stderr]   Downloaded glslopt v0.1.14
[INFO] [stderr]   Downloaded cubeb-sys v0.34.1
[INFO] [stderr]   Downloaded minidump v0.26.1
[INFO] [stderr]   Downloaded pe-unwind-info v0.6.0
[INFO] [stderr]   Downloaded audio_thread_priority v0.37.0
[INFO] [stderr]   Downloaded phf_codegen v0.14.0
[INFO] [stderr]   Downloaded macho-unwind-info v0.5.0
[INFO] [stderr]   Downloaded cachemap2 v0.3.0
[INFO] [stderr]   Downloaded framehop v0.15.0
[INFO] [stderr]   Downloaded cubeb v0.34.1
[INFO] [stderr]   Downloaded breakpad-symbols v0.26.1
[INFO] [stderr]   Downloaded serde_repr v0.1.12
[INFO] [stderr]   Downloaded headers v0.4.1
[INFO] [stderr]   Downloaded minidump-unwind v0.26.1
[INFO] [stderr]   Downloaded libcrux-macros v0.0.3
[INFO] [stderr]   Downloaded libcrux-p256 v0.0.3
[INFO] [stderr]   Downloaded libsqlite3-sys v0.35.0
[INFO] [stderr]   Downloaded libcrux-sha2 v0.0.3
[INFO] [stderr]   Downloaded clap-verbosity-flag v3.0.1
[INFO] [stderr]   Downloaded runloop v0.1.0
[INFO] [stderr]   Downloaded ashmem v0.1.2
[INFO] [stderr]   Downloaded ioctl-sys v0.7.1
[INFO] [stderr]   Downloaded rust-ini v0.10.3
[INFO] [stderr]   Downloaded xshell-venv v1.4.0
[INFO] [stderr]   Downloaded xshell-macros v0.2.7
[INFO] [stderr]   Downloaded guid_win v0.2.0
[INFO] [stderr]   Downloaded libudev v0.2.0
[INFO] [stderr]   Downloaded circular v0.3.0
[INFO] [stderr]   Downloaded filetime_win v0.2.0
[INFO] [stderr]   Downloaded devd-rs v0.3.6
[INFO] [stderr]   Downloaded xshell v0.2.7
[INFO] [stderr]   Downloaded embed-manifest v1.4.0
[INFO] [stderr]   Downloaded libcrux-hacl-rs v0.0.3
[INFO] [stderr]   Downloaded warp v0.4.2
[INFO] [stderr]   Downloaded bumpalo v3.15.4
[INFO] [stderr]   Downloaded quick-xml v0.41.0
[INFO] [stderr]   Downloaded wast v244.0.0
[INFO] running `Command { std: "docker" "create" "-v" "/var/lib/crater-agent-workspace/builds/worker-4-tc1/source:/opt/rustwide/workdir:ro,Z" "-v" "/var/lib/crater-agent-workspace/builds/worker-4-tc1/target:/opt/rustwide/target:rw,Z" "-v" "/var/lib/crater-agent-workspace/cargo-home:/opt/rustwide/cargo-home:ro,Z" "-v" "/var/lib/crater-agent-workspace/rustup-home:/opt/rustwide/rustup-home:ro,Z" "-m" "1610612736" "--network" "none" "ghcr.io/rust-lang/crates-build-env/linux@sha256:8683fc1fc2eb5c9ac98e0d076ab094b2ffac7f99da555d2b6a2e27f346de2ec7" "sleep" "infinity", kill_on_drop: false }`
[INFO] [stdout] 1b8c89153aad3b6b70bf3695aab626851b9c8c5685af5495d727de3799f45b62
[INFO] running `Command { std: "docker" "start" "1b8c89153aad3b6b70bf3695aab626851b9c8c5685af5495d727de3799f45b62", kill_on_drop: false }`
[INFO] running `Command { std: "docker" "inspect" "1b8c89153aad3b6b70bf3695aab626851b9c8c5685af5495d727de3799f45b62", kill_on_drop: false }`
[INFO] running `Command { std: "docker" "exec" "-e" "SOURCE_DIR=/opt/rustwide/workdir" "-e" "CARGO_HOME=/opt/rustwide/cargo-home" "-e" "RUSTUP_HOME=/opt/rustwide/rustup-home" "-e" "CARGO_TARGET_DIR=/opt/rustwide/target" "-w" "/opt/rustwide/workdir" "--user" "0:0" "1b8c89153aad3b6b70bf3695aab626851b9c8c5685af5495d727de3799f45b62" "/opt/rustwide/cargo-home/bin/cargo" "+018018e881e2db0956f229dbb543e21f058d1ce7" "metadata" "--no-deps" "--format-version=1", kill_on_drop: false }`
[INFO] running `Command { std: "docker" "inspect" "1b8c89153aad3b6b70bf3695aab626851b9c8c5685af5495d727de3799f45b62", kill_on_drop: false }`
[INFO] running `Command { std: "docker" "exec" "-e" "SOURCE_DIR=/opt/rustwide/workdir" "-e" "CARGO_HOME=/opt/rustwide/cargo-home" "-e" "RUSTUP_HOME=/opt/rustwide/rustup-home" "-e" "CARGO_TARGET_DIR=/opt/rustwide/target" "-e" "CARGO_INCREMENTAL=0" "-e" "RUST_BACKTRACE=full" "-e" "RUSTFLAGS=--cap-lints=forbid" "-e" "RUSTDOCFLAGS=--cap-lints=forbid" "-w" "/opt/rustwide/workdir" "--user" "0:0" "1b8c89153aad3b6b70bf3695aab626851b9c8c5685af5495d727de3799f45b62" "/opt/rustwide/cargo-home/bin/cargo" "+018018e881e2db0956f229dbb543e21f058d1ce7" "check" "--frozen" "--all" "--all-targets" "--message-format=json", kill_on_drop: false }`
[INFO] [stderr] warning: unused build dependency `uniffi`
[INFO] [stderr]   --> third_party/application-services/components/relay/Cargo.toml:24:1
[INFO] [stderr]    |
[INFO] [stderr] 24 | uniffi = { version = "0.31", features=["build"]}
[INFO] [stderr]    | ^^^^^^^^^^^^^^^^^^^^^^^^^^^^^^^^^^^^^^^^^^^^^^^^
[INFO] [stderr]    |
[INFO] [stderr]    = note: `cargo::unused_dependencies` is set to `warn` by default
[INFO] [stderr] help: consider removing the dependency on `uniffi`
[INFO] [stderr] warning: `relay` (manifest) generated 1 warning
[INFO] [stderr] warning: unused build dependency `uniffi`
[INFO] [stderr]   --> third_party/application-services/components/ads-client/Cargo.toml:40:1
[INFO] [stderr]    |
[INFO] [stderr] 40 | uniffi = { version = "0.31", features = ["build"] }
[INFO] [stderr]    | ^^^^^^^^^^^^^^^^^^^^^^^^^^^^^^^^^^^^^^^^^^^^^^^^^^^
[INFO] [stderr]    |
[INFO] [stderr]    = note: `cargo::unused_dependencies` is set to `warn` by default
[INFO] [stderr] help: consider removing the dependency on `uniffi`
[INFO] [stderr] warning: `ads-client` (manifest) generated 1 warning
[INFO] [stderr] warning: explicit `package.readme` can be inferred
[INFO] [stderr]  --> testing/webdriver/Cargo.toml:9:1
[INFO] [stderr]   |
[INFO] [stderr] 9 | readme = "README.md"
[INFO] [stderr]   | ^^^^^^^^^^^^^^^^^^^^
[INFO] [stderr]   |
[INFO] [stderr]   = note: `cargo::manual_readme` is set to `warn` by default
[INFO] [stderr] help: consider removing `package.readme`
[INFO] [stderr] warning: `webdriver` (manifest) generated 1 warning
[INFO] [stderr] warning: unused build dependency `uniffi`
[INFO] [stderr]   --> third_party/application-services/components/fxa-client/Cargo.toml:33:1
[INFO] [stderr]    |
[INFO] [stderr] 33 | uniffi = { version = "0.31", features = ["build"] }
[INFO] [stderr]    | ^^^^^^^^^^^^^^^^^^^^^^^^^^^^^^^^^^^^^^^^^^^^^^^^^^^
[INFO] [stderr]    |
[INFO] [stderr]    = note: `cargo::unused_dependencies` is set to `warn` by default
[INFO] [stderr] help: consider removing the dependency on `uniffi`
[INFO] [stderr] warning: `fxa-client` (manifest) generated 1 warning
[INFO] [stderr] warning: unused build dependency `uniffi`
[INFO] [stderr]   --> third_party/application-services/components/merino/Cargo.toml:17:1
[INFO] [stderr]    |
[INFO] [stderr] 17 | uniffi = { version = "0.31", features = ["build"] }
[INFO] [stderr]    | ^^^^^^^^^^^^^^^^^^^^^^^^^^^^^^^^^^^^^^^^^^^^^^^^^^^
[INFO] [stderr]    |
[INFO] [stderr]    = note: `cargo::unused_dependencies` is set to `warn` by default
[INFO] [stderr] help: consider removing the dependency on `uniffi`
[INFO] [stderr] warning: `merino` (manifest) generated 1 warning
[INFO] [stderr] warning: explicit `package.readme` can be inferred
[INFO] [stderr]  --> third_party/application-services/components/suggest/Cargo.toml:6:1
[INFO] [stderr]   |
[INFO] [stderr] 6 | readme = "README.md"
[INFO] [stderr]   | ^^^^^^^^^^^^^^^^^^^^
[INFO] [stderr]   |
[INFO] [stderr]   = note: `cargo::manual_readme` is set to `warn` by default
[INFO] [stderr] help: consider removing `package.readme`
[INFO] [stderr] warning: unused build dependency `uniffi`
[INFO] [stderr]   --> third_party/application-services/components/suggest/Cargo.toml:42:1
[INFO] [stderr]    |
[INFO] [stderr] 42 | uniffi = { version = "0.31", features = ["build"] }
[INFO] [stderr]    | ^^^^^^^^^^^^^^^^^^^^^^^^^^^^^^^^^^^^^^^^^^^^^^^^^^^
[INFO] [stderr]    |
[INFO] [stderr]    = note: `cargo::unused_dependencies` is set to `warn` by default
[INFO] [stderr] help: consider removing the dependency on `uniffi`
[INFO] [stderr] warning: `suggest` (manifest) generated 2 warnings
[INFO] [stderr] warning: unused build dependency `bindgen`
[INFO] [stderr]   --> netwerk/test/http3server/Cargo.toml:33:1
[INFO] [stderr]    |
[INFO] [stderr] 33 | bindgen = {version = "0.69", default-features = false, features = ["runtime"] }
[INFO] [stderr]    | ^^^^^^^^^^^^^^^^^^^^^^^^^^^^^^^^^^^^^^^^^^^^^^^^^^^^^^^^^^^^^^^^^^^^^^^^^^^^^^^
[INFO] [stderr]    |
[INFO] [stderr]    = note: `cargo::unused_dependencies` is set to `warn` by default
[INFO] [stderr] help: consider removing the dependency on `bindgen`
[INFO] [stderr] warning: `http3server` (manifest) generated 1 warning
[INFO] [stderr] warning: unused build dependency `uniffi`
[INFO] [stderr]   --> third_party/application-services/components/support/tracing/Cargo.toml:19:1
[INFO] [stderr]    |
[INFO] [stderr] 19 | uniffi = { version = "0.31", features = ["build"] }
[INFO] [stderr]    | ^^^^^^^^^^^^^^^^^^^^^^^^^^^^^^^^^^^^^^^^^^^^^^^^^^^
[INFO] [stderr]    |
[INFO] [stderr]    = note: `cargo::unused_dependencies` is set to `warn` by default
[INFO] [stderr] help: consider removing the dependency on `uniffi`
[INFO] [stderr] warning: `tracing-support` (manifest) generated 1 warning
[INFO] [stderr] warning: unused build dependency `uniffi`
[INFO] [stderr]  --> third_party/application-services/components/context_id/Cargo.toml:8:1
[INFO] [stderr]   |
[INFO] [stderr] 8 | uniffi = { version = "0.31", features=["build"]}
[INFO] [stderr]   | ^^^^^^^^^^^^^^^^^^^^^^^^^^^^^^^^^^^^^^^^^^^^^^^^
[INFO] [stderr]   |
[INFO] [stderr]   = note: `cargo::unused_dependencies` is set to `warn` by default
[INFO] [stderr] help: consider removing the dependency on `uniffi`
[INFO] [stderr] warning: `context_id` (manifest) generated 1 warning
[INFO] [stderr] warning: unused build dependency `cc`
[INFO] [stderr]   --> toolkit/crashreporter/crash_helper_server/Cargo.toml:48:1
[INFO] [stderr]    |
[INFO] [stderr] 48 | cc = "1"
[INFO] [stderr]    | ^^^^^^^^
[INFO] [stderr]    |
[INFO] [stderr]    = note: `cargo::unused_dependencies` is set to `warn` by default
[INFO] [stderr] help: consider removing the dependency on `cc`
[INFO] [stderr] warning: `crash_helper_server` (manifest) generated 1 warning
[INFO] [stderr] warning: unused build dependency `uniffi`
[INFO] [stderr]   --> third_party/application-services/components/support/error/Cargo.toml:21:1
[INFO] [stderr]    |
[INFO] [stderr] 21 | uniffi = { version = "0.31", features=["build"]}
[INFO] [stderr]    | ^^^^^^^^^^^^^^^^^^^^^^^^^^^^^^^^^^^^^^^^^^^^^^^^
[INFO] [stderr]    |
[INFO] [stderr]    = note: `cargo::unused_dependencies` is set to `warn` by default
[INFO] [stderr] help: consider removing the dependency on `uniffi`
[INFO] [stderr] warning: `error-support` (manifest) generated 1 warning
[INFO] [stderr] warning: unused build dependency `uniffi`
[INFO] [stderr]   --> third_party/application-services/components/support/rust-log-forwarder/Cargo.toml:19:1
[INFO] [stderr]    |
[INFO] [stderr] 19 | uniffi = { version = "0.31", features=["build"]}
[INFO] [stderr]    | ^^^^^^^^^^^^^^^^^^^^^^^^^^^^^^^^^^^^^^^^^^^^^^^^
[INFO] [stderr]    |
[INFO] [stderr]    = note: `cargo::unused_dependencies` is set to `warn` by default
[INFO] [stderr] help: consider removing the dependency on `uniffi`
[INFO] [stderr] warning: `rust-log-forwarder` (manifest) generated 1 warning
[INFO] [stderr] warning: explicit `package.readme` can be inferred
[INFO] [stderr]   --> testing/geckodriver/Cargo.toml:12:1
[INFO] [stderr]    |
[INFO] [stderr] 12 | readme = "README.md"
[INFO] [stderr]    | ^^^^^^^^^^^^^^^^^^^^
[INFO] [stderr]    |
[INFO] [stderr]    = note: `cargo::manual_readme` is set to `warn` by default
[INFO] [stderr] help: consider removing `package.readme`
[INFO] [stderr] warning: `geckodriver` (manifest) generated 1 warning
[INFO] [stderr] warning: unused build dependency `uniffi`
[INFO] [stderr]   --> third_party/application-services/components/relevancy/Cargo.toml:30:1
[INFO] [stderr]    |
[INFO] [stderr] 30 | uniffi = { version = "0.31", features = ["build"] }
[INFO] [stderr]    | ^^^^^^^^^^^^^^^^^^^^^^^^^^^^^^^^^^^^^^^^^^^^^^^^^^^
[INFO] [stderr]    |
[INFO] [stderr]    = note: `cargo::unused_dependencies` is set to `warn` by default
[INFO] [stderr] help: consider removing the dependency on `uniffi`
[INFO] [stderr] warning: `relevancy` (manifest) generated 1 warning
[INFO] [stderr] warning: explicit `package.readme` can be inferred
[INFO] [stderr]  --> third_party/application-services/components/search/Cargo.toml:6:1
[INFO] [stderr]   |
[INFO] [stderr] 6 | readme = "README.md"
[INFO] [stderr]   | ^^^^^^^^^^^^^^^^^^^^
[INFO] [stderr]   |
[INFO] [stderr]   = note: `cargo::manual_readme` is set to `warn` by default
[INFO] [stderr] help: consider removing `package.readme`
[INFO] [stderr] warning: unused build dependency `uniffi`
[INFO] [stderr]   --> third_party/application-services/components/search/Cargo.toml:21:1
[INFO] [stderr]    |
[INFO] [stderr] 21 | uniffi = { version = "0.31", features = ["build"] }
[INFO] [stderr]    | ^^^^^^^^^^^^^^^^^^^^^^^^^^^^^^^^^^^^^^^^^^^^^^^^^^^
[INFO] [stderr]    |
[INFO] [stderr]    = note: `cargo::unused_dependencies` is set to `warn` by default
[INFO] [stderr] help: consider removing the dependency on `uniffi`
[INFO] [stderr] warning: `search` (manifest) generated 2 warnings
[INFO] [stderr] warning: unused build dependency `uniffi`
[INFO] [stderr]   --> third_party/application-services/components/remote_settings/Cargo.toml:40:1
[INFO] [stderr]    |
[INFO] [stderr] 40 | uniffi = { version = "0.31", features = ["build"] }
[INFO] [stderr]    | ^^^^^^^^^^^^^^^^^^^^^^^^^^^^^^^^^^^^^^^^^^^^^^^^^^^
[INFO] [stderr]    |
[INFO] [stderr]    = note: `cargo::unused_dependencies` is set to `warn` by default
[INFO] [stderr] help: consider removing the dependency on `uniffi`
[INFO] [stderr] warning: `remote_settings` (manifest) generated 1 warning
[INFO] [stderr] warning: windows@0.62.2: ignoring 'hints.mostly-unused', pass `-Zprofile-hint-mostly-unused` to enable it
[INFO] [stderr] warning: windows@0.62.2: ignoring 'hints.mostly-unused', pass `-Zprofile-hint-mostly-unused` to enable it
[INFO] [stderr]    Compiling proc-macro2 v1.0.101
[INFO] [stderr]    Compiling unicode-ident v1.0.6
[INFO] [stderr]    Compiling serde_core v1.0.228
[INFO] [stderr]    Compiling serde v1.0.228
[INFO] [stderr]    Compiling libc v0.2.186
[INFO] [stderr]    Compiling thiserror v2.0.12
[INFO] [stderr]    Compiling mozbuild v0.1.0 (/opt/rustwide/workdir/build/rust/mozbuild)
[INFO] [stderr]    Compiling zmij v1.0.20
[INFO] [stderr]    Compiling getrandom v0.3.3
[INFO] [stderr]    Compiling autocfg v1.1.0 (/opt/rustwide/workdir/third_party/rust/autocfg)
[INFO] [stderr]    Compiling memchr v2.7.4
[INFO] [stderr]    Compiling cfg-if v1.0.0
[INFO] [stderr]    Compiling serde_json v1.0.149
[INFO] [stderr]    Compiling rustc-hash v2.1.1
[INFO] [stderr]    Compiling bitflags v2.10.0
[INFO] [stderr]    Compiling semver v1.0.16
[INFO] [stderr]    Compiling shlex v1.3.0
[INFO] [stdout] error: environment variable `BUILDCONFIG_RS` not defined at compile time
[INFO] [stdout]   --> build/rust/mozbuild/lib.rs:19:14
[INFO] [stdout]    |
[INFO] [stdout] 19 |     include!(env!("BUILDCONFIG_RS"));
[INFO] [stdout]    |              ^^^^^^^^^^^^^^^^^^^^^^
[INFO] [stdout]    |
[INFO] [stdout]    = help: use `std::env::var("BUILDCONFIG_RS")` to read the variable at run time
[INFO] [stdout] 
[INFO] [stdout] 
[INFO] [stdout] error[E0425]: cannot find value `TOPOBJDIR` in module `config`
[INFO] [stdout]   --> build/rust/mozbuild/lib.rs:14:49
[INFO] [stdout]    |
[INFO] [stdout] 14 | pub const TOPOBJDIR: &Path = const_path(config::TOPOBJDIR);
[INFO] [stdout]    |                                                 ^^^^^^^^^ not found in `config`
[INFO] [stdout] 
[INFO] [stdout] 
[INFO] [stdout] error[E0425]: cannot find value `TOPSRCDIR` in module `config`
[INFO] [stdout]   --> build/rust/mozbuild/lib.rs:16:49
[INFO] [stdout]    |
[INFO] [stdout] 16 | pub const TOPSRCDIR: &Path = const_path(config::TOPSRCDIR);
[INFO] [stdout]    |                                                 ^^^^^^^^^ not found in `config`
[INFO] [stdout] 
[INFO] [stdout] 
[INFO] [stdout] error[E0425]: cannot find value `NSS_LINK_DYLIBS` in module `config`
[INFO] [stdout]   --> build/rust/mozbuild/lib.rs:38:24
[INFO] [stdout]    |
[INFO] [stdout] 38 |     for lib in config::NSS_LINK_DYLIBS.iter() {
[INFO] [stdout]    |                        ^^^^^^^^^^^^^^^ not found in `config`
[INFO] [stdout] 
[INFO] [stdout] 
[INFO] [stdout] For more information about this error, try `rustc --explain E0425`.
[INFO] [stdout] 
[INFO] [stderr] error: could not compile `mozbuild` (lib) due to 4 previous errors
[INFO] [stderr] warning: build failed, waiting for other jobs to finish...
[INFO] running `Command { std: "docker" "inspect" "1b8c89153aad3b6b70bf3695aab626851b9c8c5685af5495d727de3799f45b62", kill_on_drop: false }`
[INFO] running `Command { std: "docker" "rm" "-f" "1b8c89153aad3b6b70bf3695aab626851b9c8c5685af5495d727de3799f45b62", kill_on_drop: false }`
[INFO] [stdout] 1b8c89153aad3b6b70bf3695aab626851b9c8c5685af5495d727de3799f45b62
