[INFO] cloning repository https://github.com/Rigidity/xch-derivation-scanner
[INFO] running `Command { std: "git" "-c" "credential.helper=" "-c" "credential.helper=/workspace/cargo-home/bin/git-credential-null" "clone" "--bare" "https://github.com/Rigidity/xch-derivation-scanner" "/workspace/cache/git-repos/https%3A%2F%2Fgithub.com%2FRigidity%2Fxch-derivation-scanner", kill_on_drop: false }`
[INFO] [stderr] Cloning into bare repository '/workspace/cache/git-repos/https%3A%2F%2Fgithub.com%2FRigidity%2Fxch-derivation-scanner'...
[INFO] running `Command { std: "git" "rev-parse" "HEAD", kill_on_drop: false }`
[INFO] [stdout] 0db546e3f673edda2d773bbcdd216c0f7ee9b78c
[INFO] checking Rigidity/xch-derivation-scanner against a621e2b446eafb53c7a8569f225e0b8cc2429a68 for pr-162600
[INFO] running `Command { std: "git" "clone" "/workspace/cache/git-repos/https%3A%2F%2Fgithub.com%2FRigidity%2Fxch-derivation-scanner" "/workspace/builds/worker-4-tc2/source", kill_on_drop: false }`
[INFO] [stderr] Cloning into '/workspace/builds/worker-4-tc2/source'...
[INFO] [stderr] done.
[INFO] started tweaking git repo https://github.com/Rigidity/xch-derivation-scanner
[INFO] finished tweaking git repo https://github.com/Rigidity/xch-derivation-scanner
[INFO] tweaked toml for git repo https://github.com/Rigidity/xch-derivation-scanner written to /workspace/builds/worker-4-tc2/source/Cargo.toml
[INFO] validating manifest of git repo https://github.com/Rigidity/xch-derivation-scanner on toolchain a621e2b446eafb53c7a8569f225e0b8cc2429a68
[INFO] running `Command { std: CARGO_HOME="/workspace/cargo-home" RUSTUP_HOME="/workspace/rustup-home" "/workspace/cargo-home/bin/cargo" "+a621e2b446eafb53c7a8569f225e0b8cc2429a68" "metadata" "--manifest-path" "Cargo.toml" "--no-deps", kill_on_drop: false }`
[INFO] crate git repo https://github.com/Rigidity/xch-derivation-scanner already has a lockfile, it will not be regenerated
[INFO] running `Command { std: CARGO_HOME="/workspace/cargo-home" RUSTUP_HOME="/workspace/rustup-home" "/workspace/cargo-home/bin/cargo" "+a621e2b446eafb53c7a8569f225e0b8cc2429a68" "fetch" "--manifest-path" "Cargo.toml", kill_on_drop: false }`
[INFO] [stderr]     Blocking waiting for file lock on package cache
[INFO] [stderr]     Blocking waiting for file lock on package cache
[ERROR] error running command: no output for 300 seconds
[INFO] checking Rigidity/xch-derivation-scanner against a621e2b446eafb53c7a8569f225e0b8cc2429a68 for pr-162600
[INFO] running `Command { std: "git" "clone" "/workspace/cache/git-repos/https%3A%2F%2Fgithub.com%2FRigidity%2Fxch-derivation-scanner" "/workspace/builds/worker-4-tc2/source", kill_on_drop: false }`
[INFO] [stderr] Cloning into '/workspace/builds/worker-4-tc2/source'...
[INFO] [stderr] done.
[INFO] started tweaking git repo https://github.com/Rigidity/xch-derivation-scanner
[INFO] finished tweaking git repo https://github.com/Rigidity/xch-derivation-scanner
[INFO] tweaked toml for git repo https://github.com/Rigidity/xch-derivation-scanner written to /workspace/builds/worker-4-tc2/source/Cargo.toml
[INFO] validating manifest of git repo https://github.com/Rigidity/xch-derivation-scanner on toolchain a621e2b446eafb53c7a8569f225e0b8cc2429a68
[INFO] running `Command { std: CARGO_HOME="/workspace/cargo-home" RUSTUP_HOME="/workspace/rustup-home" "/workspace/cargo-home/bin/cargo" "+a621e2b446eafb53c7a8569f225e0b8cc2429a68" "metadata" "--manifest-path" "Cargo.toml" "--no-deps", kill_on_drop: false }`
[INFO] crate git repo https://github.com/Rigidity/xch-derivation-scanner already has a lockfile, it will not be regenerated
[INFO] running `Command { std: CARGO_HOME="/workspace/cargo-home" RUSTUP_HOME="/workspace/rustup-home" "/workspace/cargo-home/bin/cargo" "+a621e2b446eafb53c7a8569f225e0b8cc2429a68" "fetch" "--manifest-path" "Cargo.toml", kill_on_drop: false }`
[INFO] [stderr]     Blocking waiting for file lock on package cache
[INFO] [stderr]     Blocking waiting for file lock on package cache
[INFO] [stderr]  Downloading crates ...
[INFO] [stderr]   Downloaded foldhash v0.1.3
[INFO] [stderr]   Downloaded chia_streamable_macro v0.10.0
[INFO] [stderr]   Downloaded chia-sdk-types v0.16.0
[INFO] [stderr]   Downloaded chia_streamable_macro v0.11.0
[INFO] [stderr]   Downloaded clvm-utils v0.13.0
[INFO] [stderr]   Downloaded chia-ssl v0.11.0
[INFO] [stderr]   Downloaded chia-sdk-client v0.16.0
[INFO] [stderr]   Downloaded chia-traits v0.11.0
[INFO] [stderr]   Downloaded clvm-traits v0.13.0
[INFO] [stderr]   Downloaded chia-traits v0.10.0
[INFO] [stderr]   Downloaded chia-puzzles v0.13.0
[INFO] [stderr]   Downloaded chia-sdk-signer v0.16.0
[INFO] [stderr]   Downloaded cpufeatures v0.2.14
[INFO] [stderr]   Downloaded pem v3.0.4
[INFO] [stderr]   Downloaded bitcoin-internals v0.2.0
[INFO] [stderr]   Downloaded chia-sdk-offers v0.16.0
[INFO] [stderr]   Downloaded chia-bls v0.13.0
[INFO] [stderr]   Downloaded chia-wallet-sdk v0.16.0
[INFO] [stderr]   Downloaded clvm-derive v0.13.0
[INFO] [stderr]   Downloaded cmake v0.1.51
[INFO] [stderr]   Downloaded chia-bls v0.10.0
[INFO] [stderr]   Downloaded rustls-pemfile v2.1.3
[INFO] [stderr]   Downloaded hex-conservative v0.1.2
[INFO] [stderr]   Downloaded proc-macro2 v1.0.87
[INFO] [stderr]   Downloaded anyhow v1.0.89
[INFO] [stderr]   Downloaded prettyplease v0.2.22
[INFO] [stderr]   Downloaded unicode-bidi v0.3.17
[INFO] [stderr]   Downloaded rustls-pki-types v1.9.0
[INFO] [stderr]   Downloaded bitcoin_hashes v0.13.0
[INFO] [stderr]   Downloaded syn v2.0.79
[INFO] [stderr]   Downloaded rcgen v0.13.1
[INFO] [stderr]   Downloaded cc v1.1.28
[INFO] [stderr]   Downloaded bip39 v2.1.0
[INFO] [stderr]   Downloaded hashbrown v0.15.0
[INFO] [stderr]   Downloaded flate2 v1.0.34
[INFO] [stderr]   Downloaded aws-lc-rs v1.9.0
[INFO] [stderr]   Downloaded blst v0.3.13
[INFO] [stderr]   Downloaded object v0.36.5
[INFO] [stderr]   Downloaded clvmr v0.9.0
[INFO] [stderr]   Downloaded clvmr v0.8.0
[INFO] [stderr]   Downloaded libz-sys v1.1.20
[INFO] [stderr]   Downloaded chia v0.13.0
[INFO] [stderr]   Downloaded aws-lc-sys v0.21.2
[INFO] [stderr]   Downloaded chia-sdk-derive v0.16.0
[INFO] [stderr]   Downloaded chia-sdk-test v0.16.0
[INFO] [stderr]   Downloaded chia-protocol v0.13.0
[INFO] [stderr]   Downloaded chia-sdk-driver v0.16.0
[INFO] [stderr]   Downloaded chia-client v0.13.0
[INFO] [stderr]   Downloaded chia-consensus v0.13.0
[INFO] running `Command { std: "docker" "create" "-v" "/var/lib/crater-agent-workspace/builds/worker-4-tc2/source:/opt/rustwide/workdir:ro,Z" "-v" "/var/lib/crater-agent-workspace/builds/worker-4-tc2/target:/opt/rustwide/target:rw,Z" "-v" "/var/lib/crater-agent-workspace/cargo-home:/opt/rustwide/cargo-home:ro,Z" "-v" "/var/lib/crater-agent-workspace/rustup-home:/opt/rustwide/rustup-home:ro,Z" "-m" "1610612736" "--network" "none" "ghcr.io/rust-lang/crates-build-env/linux@sha256:8683fc1fc2eb5c9ac98e0d076ab094b2ffac7f99da555d2b6a2e27f346de2ec7" "sleep" "infinity", kill_on_drop: false }`
[INFO] [stdout] 535bff72d87a0bbe3d5828682c9f1c76291385bf9764cdccd4c4cab381ee3c6f
[INFO] running `Command { std: "docker" "start" "535bff72d87a0bbe3d5828682c9f1c76291385bf9764cdccd4c4cab381ee3c6f", kill_on_drop: false }`
[INFO] running `Command { std: "docker" "inspect" "535bff72d87a0bbe3d5828682c9f1c76291385bf9764cdccd4c4cab381ee3c6f", kill_on_drop: false }`
[INFO] running `Command { std: "docker" "exec" "-e" "SOURCE_DIR=/opt/rustwide/workdir" "-e" "CARGO_HOME=/opt/rustwide/cargo-home" "-e" "RUSTUP_HOME=/opt/rustwide/rustup-home" "-e" "CARGO_TARGET_DIR=/opt/rustwide/target" "-w" "/opt/rustwide/workdir" "--user" "0:0" "535bff72d87a0bbe3d5828682c9f1c76291385bf9764cdccd4c4cab381ee3c6f" "/opt/rustwide/cargo-home/bin/cargo" "+a621e2b446eafb53c7a8569f225e0b8cc2429a68" "metadata" "--no-deps" "--format-version=1", kill_on_drop: false }`
[INFO] running `Command { std: "docker" "inspect" "535bff72d87a0bbe3d5828682c9f1c76291385bf9764cdccd4c4cab381ee3c6f", kill_on_drop: false }`
[INFO] running `Command { std: "docker" "exec" "-e" "SOURCE_DIR=/opt/rustwide/workdir" "-e" "CARGO_HOME=/opt/rustwide/cargo-home" "-e" "RUSTUP_HOME=/opt/rustwide/rustup-home" "-e" "CARGO_TARGET_DIR=/opt/rustwide/target" "-e" "CARGO_INCREMENTAL=0" "-e" "RUST_BACKTRACE=full" "-e" "RUSTFLAGS=--cap-lints=forbid" "-e" "RUSTDOCFLAGS=--cap-lints=forbid" "-w" "/opt/rustwide/workdir" "--user" "0:0" "535bff72d87a0bbe3d5828682c9f1c76291385bf9764cdccd4c4cab381ee3c6f" "/opt/rustwide/cargo-home/bin/cargo" "+a621e2b446eafb53c7a8569f225e0b8cc2429a68" "check" "--frozen" "--all" "--all-targets" "--message-format=json", kill_on_drop: false }`
[INFO] [stderr]    Compiling proc-macro2 v1.0.87
[INFO] [stderr]    Compiling unicode-ident v1.0.13
[INFO] [stderr]    Compiling libc v0.2.159
[INFO] [stderr]    Compiling subtle v2.6.1
[INFO] [stderr]    Compiling thiserror v1.0.64
[INFO] [stderr]    Compiling const-oid v0.9.6
[INFO] [stderr]    Compiling libm v0.2.8
[INFO] [stderr]    Compiling num-traits v0.2.19
[INFO] [stderr]     Checking base64ct v1.6.0
[INFO] [stderr]    Compiling foldhash v0.1.3
[INFO] [stderr]    Compiling equivalent v1.0.1
[INFO] [stderr]     Checking pem-rfc7468 v0.7.0
[INFO] [stderr]    Compiling allocator-api2 v0.2.18
[INFO] [stderr]    Compiling once_cell v1.20.2
[INFO] [stderr]    Compiling toml_datetime v0.6.8
[INFO] [stderr]    Compiling winnow v0.5.40
[INFO] [stderr]     Checking cpufeatures v0.2.14
[INFO] [stderr]    Compiling anyhow v1.0.89
[INFO] [stderr]    Compiling hashbrown v0.15.0
[INFO] [stderr]     Checking getrandom v0.2.15
[INFO] [stderr]    Compiling base16ct v0.2.0
[INFO] [stderr]    Compiling jobserver v0.1.32
[INFO] [stderr]    Compiling quote v1.0.37
[INFO] [stderr]     Checking rand_core v0.6.4
[INFO] [stderr]    Compiling syn v2.0.79
[INFO] [stderr]     Checking ff v0.13.0
[INFO] [stderr]    Compiling cc v1.1.28
[INFO] [stderr]     Checking group v0.13.0
[INFO] [stderr]    Compiling num_cpus v1.16.0
[INFO] [stderr]     Checking num-integer v0.1.46
[INFO] [stderr]    Compiling indexmap v2.6.0
[INFO] [stderr]     Checking threadpool v1.8.1
[INFO] [stderr]     Checking num-bigint v0.4.6
[INFO] [stderr]    Compiling lru v0.12.5
[INFO] [stderr]    Compiling cmake v0.1.51
[INFO] [stderr]    Compiling hex-literal v0.4.1
[INFO] [stderr]     Checking itoa v1.0.11
[INFO] [stderr]     Checking rustls-pki-types v1.9.0
[INFO] [stderr]    Compiling aws-lc-rs v1.9.0
[INFO] [stderr]     Checking smallvec v1.13.2
[INFO] [stderr]    Compiling blst v0.3.13
[INFO] [stderr]    Compiling ring v0.17.8
[INFO] [stderr]    Compiling aws-lc-sys v0.21.2
[INFO] [stderr]    Compiling time-core v0.1.2
[INFO] [stderr]     Checking deranged v0.3.11
[INFO] [stderr]    Compiling toml_edit v0.19.15
[INFO] [stderr]    Compiling time-macros v0.2.18
[INFO] [stderr]     Checking memchr v2.7.4
[INFO] [stderr]     Checking tinyvec v1.8.0
[INFO] [stderr]     Checking nom v7.1.3
[INFO] [stderr]     Checking time v0.3.36
[INFO] [stderr]     Checking mirai-annotations v1.12.0
[INFO] [stderr]     Checking untrusted v0.7.1
[INFO] [stderr]     Checking bytes v1.7.2
[INFO] [stderr]     Checking unicode-normalization v0.1.22
[INFO] [stderr]    Compiling rustls v0.22.4
[INFO] [stderr]     Checking parking_lot_core v0.9.10
[INFO] [stderr]    Compiling unicode-segmentation v1.12.0
[INFO] [stderr]    Compiling httparse v1.9.5
[INFO] [stderr]    Compiling proc-macro-crate v1.3.1
[INFO] [stderr]    Compiling synstructure v0.13.1
[INFO] [stderr]     Checking unicode-bidi v0.3.17
[INFO] [stderr]     Checking rusticata-macros v4.1.0
[INFO] [stderr]     Checking log v0.4.22
[INFO] [stderr]    Compiling oid-registry v0.7.1
[INFO] [stderr]    Compiling convert_case v0.6.0
[INFO] [stderr]     Checking parking_lot v0.12.3
[INFO] [stderr]     Checking idna v0.5.0
[INFO] [stderr]     Checking signal-hook-registry v1.4.2
[INFO] [stderr]     Checking mio v1.0.2
[INFO] [stderr]     Checking socket2 v0.5.7
[INFO] [stderr]    Compiling num-bigint-dig v0.8.4
[INFO] [stderr]     Checking base64 v0.22.1
[INFO] [stderr]     Checking futures-sink v0.3.31
[INFO] [stderr]     Checking http v1.1.0
[INFO] [stderr]     Checking url v2.5.2
[INFO] [stderr]     Checking num-iter v0.1.45
[INFO] [stderr]     Checking yasna v0.5.2
[INFO] [stderr]     Checking webpki-roots v0.26.6
[INFO] [stderr]     Checking pem v3.0.4
[INFO] [stderr]    Compiling pkg-config v0.3.31
[INFO] [stderr]    Compiling crossbeam-utils v0.8.20
[INFO] [stderr]    Compiling bitcoin-internals v0.2.0
[INFO] [stderr]    Compiling serde v1.0.210
[INFO] [stderr]    Compiling zeroize_derive v1.4.2
[INFO] [stderr]    Compiling thiserror-impl v1.0.64
[INFO] [stderr]    Compiling chia_streamable_macro v0.10.0
[INFO] [stderr]    Compiling zerocopy-derive v0.7.35
[INFO] [stderr]    Compiling clvm-derive v0.13.0
[INFO] [stderr]    Compiling asn1-rs-derive v0.5.1
[INFO] [stderr]    Compiling displaydoc v0.2.5
[INFO] [stderr]    Compiling asn1-rs-impl v0.2.0
[INFO] [stderr]     Checking zeroize v1.8.1
[INFO] [stderr]     Checking generic-array v0.14.7
[INFO] [stderr]     Checking der v0.7.9
[INFO] [stderr]     Checking crypto-common v0.1.6
[INFO] [stderr]     Checking block-buffer v0.10.4
[INFO] [stderr]     Checking crypto-bigint v0.5.5
[INFO] [stderr]     Checking digest v0.10.7
[INFO] [stderr]     Checking hmac v0.12.1
[INFO] [stderr]     Checking signature v2.2.0
[INFO] [stderr]     Checking sha2 v0.10.8
[INFO] [stderr]    Compiling rfc6979 v0.4.0
[INFO] [stderr]     Checking spki v0.7.3
[INFO] [stderr]     Checking chia-traits v0.10.0
[INFO] [stderr]     Checking pkcs8 v0.10.2
[INFO] [stderr]    Compiling hkdf v0.12.4
[INFO] [stderr]     Checking sec1 v0.7.3
[INFO] [stderr]     Checking zerocopy v0.7.35
[INFO] [stderr]     Checking chia-bls v0.10.0
[INFO] [stderr]     Checking asn1-rs v0.6.2
[INFO] [stderr]    Compiling tokio-macros v2.4.0
[INFO] [stderr]     Checking sha1 v0.10.6
[INFO] [stderr]    Compiling futures-macro v0.3.31
[INFO] [stderr]    Compiling chia-sdk-derive v0.16.0
[INFO] [stderr]     Checking ppv-lite86 v0.2.20
[INFO] [stderr]     Checking elliptic-curve v0.13.8
[INFO] [stderr]     Checking tokio v1.40.0
[INFO] [stderr]     Checking rand_chacha v0.3.1
[INFO] [stderr]     Checking ecdsa v0.16.9
[INFO] [stderr]     Checking primeorder v0.13.6
[INFO] [stderr]     Checking rand v0.8.5
[INFO] [stderr]     Checking der-parser v9.0.0
[INFO] [stderr]     Checking futures-util v0.3.31
[INFO] [stderr]     Checking p256 v0.13.2
[INFO] [stderr]     Checking k256 v0.13.4
[INFO] [stderr]     Checking x509-parser v0.16.0
[INFO] [stderr]     Checking clvmr v0.8.0
[INFO] [stderr]     Checking pkcs1 v0.7.5
[INFO] [stderr]    Compiling libz-sys v1.1.20
[INFO] [stderr]     Checking rsa v0.9.6
[INFO] [stderr]     Checking rcgen v0.13.1
[INFO] [stderr]    Compiling tracing-attributes v0.1.27
[INFO] [stderr]     Checking tracing-core v0.1.32
[INFO] [stderr]     Checking chia-ssl v0.11.0
[INFO] [stderr]     Checking either v1.13.0
[INFO] [stderr]     Checking hex-conservative v0.1.2
[INFO] [stderr]     Checking miniz_oxide v0.8.0
[INFO] [stderr]     Checking bitcoin_hashes v0.13.0
[INFO] [stderr]    Compiling chia_streamable_macro v0.11.0
[INFO] [stderr]     Checking crossbeam-epoch v0.9.18
[INFO] [stderr]     Checking tracing v0.1.40
[INFO] [stderr]     Checking chia-traits v0.11.0
[INFO] [stderr]     Checking rustls-pemfile v2.1.3
[INFO] [stderr]     Checking chia-bls v0.13.0
[INFO] [stderr]     Checking crossbeam-deque v0.8.5
[INFO] [stderr]     Checking itertools v0.13.0
[INFO] [stderr]     Checking clvm-traits v0.13.0
[INFO] [stderr]     Checking futures-channel v0.3.31
[INFO] [stderr]     Checking clvm-utils v0.13.0
[INFO] [stderr]     Checking bech32 v0.9.1
[INFO] [stderr]     Checking chia-protocol v0.13.0
[INFO] [stderr]     Checking fastrand v2.1.1
[INFO] [stderr]     Checking rayon-core v1.12.1
[INFO] [stderr]     Checking clvmr v0.9.0
[INFO] [stderr]     Checking rayon v1.10.0
[INFO] [stderr]     Checking chia-puzzles v0.13.0
[INFO] [stderr]     Checking chia-consensus v0.13.0
[INFO] [stderr]     Checking bip39 v2.1.0
[INFO] [stderr]     Checking chia-sdk-types v0.16.0
[INFO] [stderr]     Checking chia-sdk-driver v0.16.0
[INFO] [stderr]     Checking chia-sdk-signer v0.16.0
[INFO] [stderr]     Checking flate2 v1.0.34
[INFO] [stderr]     Checking chia-sdk-offers v0.16.0
[INFO] [stderr]     Checking rustls-webpki v0.102.8
[INFO] [stderr]     Checking tungstenite v0.21.0
[INFO] [stderr]     Checking tokio-rustls v0.25.0
[INFO] [stderr]     Checking tokio-tungstenite v0.21.0
[INFO] [stderr]     Checking chia-sdk-client v0.16.0
[INFO] [stderr]     Checking chia-client v0.13.0
[INFO] [stderr]     Checking chia v0.13.0
[INFO] [stderr]     Checking chia-sdk-test v0.16.0
[INFO] [stderr]     Checking chia-wallet-sdk v0.16.0
[INFO] [stderr]     Checking script-for-brandt v0.1.0 (/opt/rustwide/workdir)
[INFO] [stdout] error[E0308]: mismatched types
[INFO] [stdout]   --> src/main.rs:27:44
[INFO] [stdout]    |
[INFO] [stdout] 27 |     let master_pk = PublicKey::from_bytes(&hex!(""))?;
[INFO] [stdout]    |                                            ^^^^^^^^ expected an array with a size of 48, found one with a size of 0
[INFO] [stdout]    |
[INFO] [stdout]    = note: this error originates in the macro `hex` (in Nightly builds, run with -Z macro-backtrace for more info)
[INFO] [stdout] 
[INFO] [stdout] 
[INFO] [stdout] For more information about this error, try `rustc --explain E0308`.
[INFO] [stdout] 
[INFO] [stderr] error: could not compile `script-for-brandt` (bin "script-for-brandt" test) due to 1 previous error
[INFO] [stderr] warning: build failed, waiting for other jobs to finish...
[INFO] [stdout] error[E0308]: mismatched types
[INFO] [stdout]   --> src/main.rs:27:44
[INFO] [stdout]    |
[INFO] [stdout] 27 |     let master_pk = PublicKey::from_bytes(&hex!(""))?;
[INFO] [stdout]    |                                            ^^^^^^^^ expected an array with a size of 48, found one with a size of 0
[INFO] [stdout]    |
[INFO] [stdout]    = note: this error originates in the macro `hex` (in Nightly builds, run with -Z macro-backtrace for more info)
[INFO] [stdout] 
[INFO] [stdout] 
[INFO] [stdout] For more information about this error, try `rustc --explain E0308`.
[INFO] [stdout] 
[INFO] [stderr] error: could not compile `script-for-brandt` (bin "script-for-brandt") due to 1 previous error
[INFO] [stderr] warning: unused dependency `clvmr`
[INFO] [stderr]  --> Cargo.toml:4:1
[INFO] [stderr]   |
[INFO] [stderr] 4 | clvmr = "0.9.0"
[INFO] [stderr]   | ^^^^^^^^^^^^^^^
[INFO] [stderr]   |
[INFO] [stderr]   = note: `cargo::unused_dependencies` is set to `warn` by default
[INFO] [stderr] help: consider removing the dependency on `clvmr`
[INFO] [stderr] warning: unused dependency `rayon`
[INFO] [stderr]  --> Cargo.toml:8:1
[INFO] [stderr]   |
[INFO] [stderr] 8 | rayon = "1.10.0"
[INFO] [stderr]   | ^^^^^^^^^^^^^^^^
[INFO] [stderr]   |
[INFO] [stderr] help: consider removing the dependency on `rayon`
[INFO] [stderr] warning: `script-for-brandt` (manifest) generated 2 warnings
[INFO] running `Command { std: "docker" "inspect" "535bff72d87a0bbe3d5828682c9f1c76291385bf9764cdccd4c4cab381ee3c6f", kill_on_drop: false }`
[INFO] running `Command { std: "docker" "rm" "-f" "535bff72d87a0bbe3d5828682c9f1c76291385bf9764cdccd4c4cab381ee3c6f", kill_on_drop: false }`
[INFO] [stdout] 535bff72d87a0bbe3d5828682c9f1c76291385bf9764cdccd4c4cab381ee3c6f
