[INFO] cloning repository https://github.com/Hlebushkek/Ultrasound_IoT
[INFO] running `Command { std: "git" "-c" "credential.helper=" "-c" "credential.helper=/workspace/cargo-home/bin/git-credential-null" "clone" "--bare" "https://github.com/Hlebushkek/Ultrasound_IoT" "/workspace/cache/git-repos/https%3A%2F%2Fgithub.com%2FHlebushkek%2FUltrasound_IoT", kill_on_drop: false }`
[INFO] [stderr] Cloning into bare repository '/workspace/cache/git-repos/https%3A%2F%2Fgithub.com%2FHlebushkek%2FUltrasound_IoT'...
[INFO] running `Command { std: "git" "rev-parse" "HEAD", kill_on_drop: false }`
[INFO] [stdout] 071410085b6c27da28c0461c82f86e14f02f73e1
[INFO] checking Hlebushkek/Ultrasound_IoT/071410085b6c27da28c0461c82f86e14f02f73e1 against 018018e881e2db0956f229dbb543e21f058d1ce7 for pr-162600
[INFO] running `Command { std: "git" "clone" "/workspace/cache/git-repos/https%3A%2F%2Fgithub.com%2FHlebushkek%2FUltrasound_IoT" "/workspace/builds/worker-2-tc1/source", kill_on_drop: false }`
[INFO] [stderr] Cloning into '/workspace/builds/worker-2-tc1/source'...
[INFO] [stderr] done.
[INFO] started tweaking git repo https://github.com/Hlebushkek/Ultrasound_IoT
[INFO] finished tweaking git repo https://github.com/Hlebushkek/Ultrasound_IoT
[INFO] tweaked toml for git repo https://github.com/Hlebushkek/Ultrasound_IoT written to /workspace/builds/worker-2-tc1/source/Cargo.toml
[INFO] validating manifest of git repo https://github.com/Hlebushkek/Ultrasound_IoT on toolchain 018018e881e2db0956f229dbb543e21f058d1ce7
[INFO] running `Command { std: CARGO_HOME="/workspace/cargo-home" RUSTUP_HOME="/workspace/rustup-home" "/workspace/cargo-home/bin/cargo" "+018018e881e2db0956f229dbb543e21f058d1ce7" "metadata" "--manifest-path" "Cargo.toml" "--no-deps", kill_on_drop: false }`
[INFO] crate git repo https://github.com/Hlebushkek/Ultrasound_IoT already has a lockfile, it will not be regenerated
[INFO] running `Command { std: CARGO_HOME="/workspace/cargo-home" RUSTUP_HOME="/workspace/rustup-home" "/workspace/cargo-home/bin/cargo" "+018018e881e2db0956f229dbb543e21f058d1ce7" "fetch" "--manifest-path" "Cargo.toml", kill_on_drop: false }`
[INFO] [stderr] warning: profiles for the non root package will be ignored, specify profiles at the workspace root:
[INFO] [stderr] package:   /workspace/builds/worker-2-tc1/source/ultrasound-iot-embedded-rp/Cargo.toml
[INFO] [stderr] workspace: /workspace/builds/worker-2-tc1/source/Cargo.toml
[INFO] [stderr] warning: unused build dependency `uniffi`
[INFO] [stderr]   --> ultrasound-iot-image-gen/Cargo.toml:30:1
[INFO] [stderr]    |
[INFO] [stderr] 30 | uniffi = { version = "0.29.0", features = [ "build" ] }
[INFO] [stderr]    | ^^^^^^^^^^^^^^^^^^^^^^^^^^^^^^^^^^^^^^^^^^^^^^^^^^^^^^^
[INFO] [stderr]    |
[INFO] [stderr]    = note: `cargo::unused_dependencies` is set to `warn` by default
[INFO] [stderr] help: consider removing the dependency on `uniffi`
[INFO] [stderr] warning: `ultrasound-iot-image-gen` (manifest) generated 1 warning
[INFO] [stderr]     Updating git repository `https://github.com/adamgreig/assign-resources`
[INFO] [stderr]     Updating crates.io index
[INFO] [stderr]     Blocking waiting for file lock on package cache
[INFO] [stderr]  Downloading crates ...
[INFO] [stderr]   Downloaded deranged v0.4.1
[INFO] [stderr]   Downloaded iana-time-zone v0.1.62
[INFO] [stderr]   Downloaded sea-query-derive v0.4.3
[INFO] [stderr]   Downloaded sea-orm-migration v1.1.8
[INFO] [stderr]   Downloaded pgvector v0.4.0
[INFO] [stderr]   Downloaded inherent v1.0.12
[INFO] [stderr]   Downloaded mutually_exclusive_features v0.1.0
[INFO] [stderr]   Downloaded sea-orm-macros v1.1.8
[INFO] [stderr]   Downloaded sea-orm-cli v1.1.8
[INFO] [stderr]   Downloaded tracing-actix-web v0.7.18
[INFO] [stderr]   Downloaded clap v4.5.34
[INFO] [stderr]   Downloaded sea-query v0.32.3
[INFO] [stderr]   Downloaded actix-web-actors v4.3.1+deprecated
[INFO] [stderr]   Downloaded actix_derive v0.6.2
[INFO] [stderr]   Downloaded config v0.15.11
[INFO] [stderr]   Downloaded clap_builder v4.5.34
[INFO] [stderr]   Downloaded actix-files v0.6.6
[INFO] [stderr]   Downloaded uniffi v0.29.1
[INFO] [stderr]   Downloaded uniffi_meta v0.29.1
[INFO] [stderr]   Downloaded uniffi_internal_macros v0.29.1
[INFO] [stderr]   Downloaded uniffi_build v0.29.1
[INFO] [stderr]   Downloaded uniffi_udl v0.29.1
[INFO] [stderr]   Downloaded uniffi_core v0.29.1
[INFO] [stderr]   Downloaded uniffi_macros v0.29.1
[INFO] [stderr]   Downloaded rinja_parser v0.3.5
[INFO] [stderr]   Downloaded noisy_float v0.2.0
[INFO] [stderr]   Downloaded yaml-rust2 v0.10.1
[INFO] [stderr]   Downloaded rinja v0.3.5
[INFO] [stderr]   Downloaded rinja_derive v0.3.5
[INFO] [stderr]   Downloaded actix v0.13.5
[INFO] [stderr]   Downloaded ndarray-stats v0.5.1
[INFO] [stderr]   Downloaded hdf5-derive v0.8.1
[INFO] [stderr]   Downloaded blas-src v0.2.1
[INFO] [stderr]   Downloaded linreg v0.2.0
[INFO] [stderr]   Downloaded usbd-hid-descriptors v0.8.2
[INFO] [stderr]   Downloaded ndarray-linalg v0.17.0
[INFO] [stderr]   Downloaded hdf5-types v0.8.1
[INFO] [stderr]   Downloaded displaydoc v0.1.7
[INFO] [stderr]   Downloaded usbd-hid-macros v0.8.2
[INFO] [stderr]   Downloaded usbd-hid v0.8.2
[INFO] [stderr]   Downloaded defmt v0.3.10
[INFO] [stderr]   Downloaded accelerate-src v0.3.2
[INFO] [stderr]   Downloaded defmt-macros v0.4.0
[INFO] [stderr]   Downloaded lax v0.17.0
[INFO] [stderr]   Downloaded hdf5-sys v0.8.1
[INFO] [stderr]   Downloaded half v2.5.0
[INFO] [stderr]   Downloaded uniffi_bindgen v0.29.1
[INFO] [stderr]   Downloaded basic_dsp_vector v0.10.2
[INFO] [stderr]   Downloaded hdf5 v0.8.1
[INFO] [stderr]   Downloaded basic_dsp_matrix v0.10.2
[INFO] [stderr]   Downloaded ssmarshal v1.0.0
[INFO] [stderr]   Downloaded nourl v0.1.4
[INFO] [stderr]   Downloaded defmt-parser v0.4.1
[INFO] [stderr]   Downloaded static_cell v2.1.0
[INFO] [stderr]   Downloaded smart-leds-trait v0.3.1
[INFO] [stderr]   Downloaded serde-json-core v0.5.1
[INFO] [stderr]   Downloaded rust-mqtt v0.3.0
[INFO] [stderr]   Downloaded basic_dsp v0.10.2
[INFO] [stderr]   Downloaded usb-device v0.3.2
[INFO] [stderr]   Downloaded reqwless v0.13.0
[INFO] [stderr]   Downloaded embedded-tls v0.17.0
[INFO] [stderr]   Downloaded panic-probe v0.3.2
[INFO] [stderr]   Downloaded buffered-io v0.5.4
[INFO] [stderr]   Downloaded mipidsi v0.8.0
[INFO] [stderr]   Downloaded fixed-macro-impl v1.2.0
[INFO] [stderr]   Downloaded fixed-macro v1.2.0
[INFO] [stderr]   Downloaded fixed-macro-types v1.2.0
[INFO] [stderr]   Downloaded embassy-usb-driver v0.1.0
[INFO] [stderr]   Downloaded embedded-hal-bus v0.1.0
[INFO] [stderr]   Downloaded embassy-net-driver-channel v0.3.0
[INFO] [stderr]   Downloaded embassy-futures v0.1.1
[INFO] [stderr]   Downloaded embedded-sdmmc v0.7.0
[INFO] [stderr]   Downloaded embassy-usb v0.4.0
[INFO] [stderr]   Downloaded embassy-usb-logger v0.4.0
[INFO] [stderr]   Downloaded embassy-time-driver v0.2.0
[INFO] [stderr]   Downloaded embassy-rp v0.4.0
[INFO] [stderr]   Downloaded lalrpop-util v0.22.1
[INFO] [stderr]   Downloaded embassy-embedded-hal v0.3.0
[INFO] [stderr]   Downloaded lalrpop v0.22.1
[INFO] [stderr]   Downloaded term v1.0.1
[INFO] [stderr]   Downloaded embassy-hal-internal v0.2.0
[INFO] [stderr]   Downloaded defmt-rtt v0.4.2
[INFO] [stderr]   Downloaded cyw43-pio v0.4.0
[INFO] [stderr]   Downloaded cyw43 v0.3.0
[INFO] [stderr]   Downloaded sea-orm v1.1.8
[INFO] [stderr]   Downloaded bt-hci v0.2.1
[INFO] [stderr]   Downloaded hdf5-src v0.8.1
[INFO] running `Command { std: "docker" "create" "-v" "/var/lib/crater-agent-workspace/builds/worker-2-tc1/source:/opt/rustwide/workdir:ro,Z" "-v" "/var/lib/crater-agent-workspace/builds/worker-2-tc1/target:/opt/rustwide/target:rw,Z" "-v" "/var/lib/crater-agent-workspace/cargo-home:/opt/rustwide/cargo-home:ro,Z" "-v" "/var/lib/crater-agent-workspace/rustup-home:/opt/rustwide/rustup-home:ro,Z" "-m" "1610612736" "--network" "none" "ghcr.io/rust-lang/crates-build-env/linux@sha256:8683fc1fc2eb5c9ac98e0d076ab094b2ffac7f99da555d2b6a2e27f346de2ec7" "sleep" "infinity", kill_on_drop: false }`
[INFO] [stdout] f1087d5894c15762470c10d9aba80d1ce27171df3c2fcb227aec2a84f9fae94e
[INFO] running `Command { std: "docker" "start" "f1087d5894c15762470c10d9aba80d1ce27171df3c2fcb227aec2a84f9fae94e", kill_on_drop: false }`
[INFO] running `Command { std: "docker" "inspect" "f1087d5894c15762470c10d9aba80d1ce27171df3c2fcb227aec2a84f9fae94e", kill_on_drop: false }`
[INFO] running `Command { std: "docker" "exec" "-e" "SOURCE_DIR=/opt/rustwide/workdir" "-e" "CARGO_HOME=/opt/rustwide/cargo-home" "-e" "RUSTUP_HOME=/opt/rustwide/rustup-home" "-e" "CARGO_TARGET_DIR=/opt/rustwide/target" "-w" "/opt/rustwide/workdir" "--user" "0:0" "f1087d5894c15762470c10d9aba80d1ce27171df3c2fcb227aec2a84f9fae94e" "/opt/rustwide/cargo-home/bin/cargo" "+018018e881e2db0956f229dbb543e21f058d1ce7" "metadata" "--no-deps" "--format-version=1", kill_on_drop: false }`
[INFO] running `Command { std: "docker" "inspect" "f1087d5894c15762470c10d9aba80d1ce27171df3c2fcb227aec2a84f9fae94e", kill_on_drop: false }`
[INFO] running `Command { std: "docker" "exec" "-e" "SOURCE_DIR=/opt/rustwide/workdir" "-e" "CARGO_HOME=/opt/rustwide/cargo-home" "-e" "RUSTUP_HOME=/opt/rustwide/rustup-home" "-e" "CARGO_TARGET_DIR=/opt/rustwide/target" "-e" "CARGO_INCREMENTAL=0" "-e" "RUST_BACKTRACE=full" "-e" "RUSTFLAGS=--cap-lints=forbid" "-e" "RUSTDOCFLAGS=--cap-lints=forbid" "-w" "/opt/rustwide/workdir" "--user" "0:0" "f1087d5894c15762470c10d9aba80d1ce27171df3c2fcb227aec2a84f9fae94e" "/opt/rustwide/cargo-home/bin/cargo" "+018018e881e2db0956f229dbb543e21f058d1ce7" "check" "--frozen" "--all" "--all-targets" "--message-format=json", kill_on_drop: false }`
[INFO] [stderr] warning: profiles for the non root package will be ignored, specify profiles at the workspace root:
[INFO] [stderr] package:   /opt/rustwide/workdir/ultrasound-iot-embedded-rp/Cargo.toml
[INFO] [stderr] workspace: /opt/rustwide/workdir/Cargo.toml
[INFO] [stderr] warning: unused build dependency `uniffi`
[INFO] [stderr]   --> ultrasound-iot-image-gen/Cargo.toml:30:1
[INFO] [stderr]    |
[INFO] [stderr] 30 | uniffi = { version = "0.29.0", features = [ "build" ] }
[INFO] [stderr]    | ^^^^^^^^^^^^^^^^^^^^^^^^^^^^^^^^^^^^^^^^^^^^^^^^^^^^^^^
[INFO] [stderr]    |
[INFO] [stderr]    = note: `cargo::unused_dependencies` is set to `warn` by default
[INFO] [stderr] help: consider removing the dependency on `uniffi`
[INFO] [stderr] warning: `ultrasound-iot-image-gen` (manifest) generated 1 warning
[INFO] [stderr]    Compiling proc-macro2 v1.0.94
[INFO] [stderr]     Checking log v0.4.27
[INFO] [stderr]    Compiling libc v0.2.171
[INFO] [stderr]     Checking getrandom v0.2.15
[INFO] [stderr]    Compiling defmt v0.3.10
[INFO] [stderr]     Checking generic-array v0.14.7
[INFO] [stderr]    Compiling serde_json v1.0.140
[INFO] [stderr]    Compiling defmt-macros v0.4.0
[INFO] [stderr]     Checking hashbrown v0.15.2
[INFO] [stderr]     Checking getrandom v0.3.2
[INFO] [stderr]    Compiling time-macros v0.2.22
[INFO] [stderr]     Checking critical-section v1.2.0
[INFO] [stderr]     Checking event-listener-strategy v0.5.4
[INFO] [stderr]    Compiling libm v0.2.11
[INFO] [stderr]    Compiling rustix v0.38.44
[INFO] [stderr]     Checking rand_core v0.6.4
[INFO] [stderr]     Checking futures-lite v2.6.0
[INFO] [stderr]    Compiling bigdecimal v0.4.7
[INFO] [stderr]    Compiling rust_decimal v1.37.1
[INFO] [stderr]     Checking nb v1.1.0
[INFO] [stderr]     Checking linux-raw-sys v0.4.15
[INFO] [stderr]    Compiling heapless v0.8.0
[INFO] [stderr]     Checking miniz_oxide v0.8.5
[INFO] [stderr]     Checking mio v1.0.3
[INFO] [stderr]     Checking iana-time-zone v0.1.62
[INFO] [stderr]     Checking rand_chacha v0.3.1
[INFO] [stderr]     Checking tracing-log v0.2.0
[INFO] [stderr]     Checking async-channel v2.3.1
[INFO] [stderr]     Checking async-lock v3.4.0
[INFO] [stderr]     Checking piper v0.2.4
[INFO] [stderr]     Checking io-lifetimes v1.0.11
[INFO] [stderr]    Compiling rustls v0.23.25
[INFO] [stderr]     Checking crypto-common v0.1.6
[INFO] [stderr]     Checking rand v0.8.5
[INFO] [stderr]     Checking block-buffer v0.10.4
[INFO] [stderr]    Compiling jobserver v0.1.32
[INFO] [stderr]    Compiling semver v1.0.26
[INFO] [stderr]    Compiling cortex-m v0.7.7
[INFO] [stderr]    Compiling embedded-io-async v0.6.1
[INFO] [stderr]     Checking rustix v0.37.28
[INFO] [stderr]     Checking digest v0.10.7
[INFO] [stderr]     Checking futures-lite v1.13.0
[INFO] [stderr]     Checking indexmap v2.8.0
[INFO] [stderr]     Checking hashlink v0.10.0
[INFO] [stderr]     Checking flate2 v1.1.0
[INFO] [stderr]    Compiling quote v1.0.40
[INFO] [stderr]     Checking hmac v0.12.1
[INFO] [stderr]     Checking sha2 v0.10.8
[INFO] [stdout] error: attributes starting with `rustc` are reserved for use by the `rustc` compiler
[INFO] [stdout]   --> /opt/rustwide/cargo-home/registry/src/index.crates.io-1949cf8c6b5b557f/rustix-0.37.28/src/backend/linux_raw/io/errno.rs:28:25
[INFO] [stdout]    |
[INFO] [stdout] 28 | #[cfg_attr(rustc_attrs, rustc_layout_scalar_valid_range_start(0xf001))]
[INFO] [stdout]    |                         ^^^^^^^^^^^^^^^^^^^^^^^^^^^^^^^^^^^^^
[INFO] [stdout] 
[INFO] [stdout] 
[INFO] [stdout] error: attributes starting with `rustc` are reserved for use by the `rustc` compiler
[INFO] [stdout]   --> /opt/rustwide/cargo-home/registry/src/index.crates.io-1949cf8c6b5b557f/rustix-0.37.28/src/backend/linux_raw/io/errno.rs:29:25
[INFO] [stdout]    |
[INFO] [stdout] 29 | #[cfg_attr(rustc_attrs, rustc_layout_scalar_valid_range_end(0xffff))]
[INFO] [stdout]    |                         ^^^^^^^^^^^^^^^^^^^^^^^^^^^^^^^^^^^
[INFO] [stdout] 
[INFO] [stdout] 
[INFO] [stdout] error: cannot find attribute `rustc_layout_scalar_valid_range_start` in this scope
[INFO] [stdout]   --> /opt/rustwide/cargo-home/registry/src/index.crates.io-1949cf8c6b5b557f/rustix-0.37.28/src/backend/linux_raw/io/errno.rs:28:25
[INFO] [stdout]    |
[INFO] [stdout] 28 | #[cfg_attr(rustc_attrs, rustc_layout_scalar_valid_range_start(0xf001))]
[INFO] [stdout]    |                         ^^^^^^^^^^^^^^^^^^^^^^^^^^^^^^^^^^^^^
[INFO] [stdout] 
[INFO] [stdout] 
[INFO] [stderr]    Compiling cc v1.2.17
[INFO] [stdout] error: cannot find attribute `rustc_layout_scalar_valid_range_end` in this scope
[INFO] [stdout]   --> /opt/rustwide/cargo-home/registry/src/index.crates.io-1949cf8c6b5b557f/rustix-0.37.28/src/backend/linux_raw/io/errno.rs:29:25
[INFO] [stdout]    |
[INFO] [stdout] 29 | #[cfg_attr(rustc_attrs, rustc_layout_scalar_valid_range_end(0xffff))]
[INFO] [stdout]    |                         ^^^^^^^^^^^^^^^^^^^^^^^^^^^^^^^^^^^
[INFO] [stdout] 
[INFO] [stdout] 
[INFO] [stderr]     Checking hkdf v0.12.4
[INFO] [stderr]     Checking async-executor v1.13.1
[INFO] [stderr]     Checking blocking v1.6.1
[INFO] [stderr]    Compiling syn v2.0.100
[INFO] [stderr]    Compiling syn v1.0.109
[INFO] [stderr]     Checking polling v2.8.0
[INFO] [stderr]     Checking async-channel v1.9.0
[INFO] [stderr]     Checking kv-log-macro v1.0.7
[INFO] [stderr]     Checking socket2 v0.4.10
[INFO] [stderr]     Checking clap_builder v4.5.34
[INFO] [stderr]     Checking unicode-normalization v0.1.24
[INFO] [stderr]     Checking webpki-roots v0.26.8
[INFO] [stderr]     Checking ordered-float v4.6.0
[INFO] [stderr]    Compiling proc-macro-error-attr2 v2.0.0
[INFO] [stderr]     Checking glob v0.3.2
[INFO] [stderr]     Checking bytemuck v1.22.0
[INFO] [stderr]     Checking md-5 v0.10.6
[INFO] [stderr]     Checking nb v0.1.3
[INFO] [stderr]     Checking atoi v2.0.0
[INFO] [stderr]     Checking whoami v1.6.0
[INFO] [stderr]    Compiling az v1.2.1
[INFO] [stderr]     Checking embedded-hal v0.2.7
[INFO] [stderr]     Checking crossbeam-channel v0.5.14
[INFO] [stderr]    Compiling anyhow v1.0.97
[INFO] [stderr]     Checking embedded-hal v1.0.0
[INFO] [stderr]    Compiling bare-metal v0.2.5
[INFO] [stderr]     Checking half v2.5.0
[INFO] [stderr]     Checking stringprep v0.1.5
[INFO] [stderr]     Checking aliasable v0.1.3
[INFO] [stderr]    Compiling parking_lot_core v0.9.10
[INFO] [stderr]    Compiling const-random-macro v0.1.16
[INFO] [stderr]    Compiling regex-automata v0.4.9
[INFO] [stderr]     Checking vcell v0.1.3
[INFO] [stderr]     Checking strum v0.26.3
[INFO] [stderr]    Compiling embassy-sync v0.6.2
[INFO] [stderr]    Compiling embedded-hal-async v1.0.0
[INFO] [stderr]     Checking volatile-register v0.2.2
[INFO] [stderr]    Compiling term v1.0.1
[INFO] [stderr]     Checking rand_core v0.9.3
[INFO] [stderr]    Compiling parking_lot v0.12.3
[INFO] [stderr]     Checking bitfield v0.13.2
[INFO] [stderr]    Compiling cortex-m-rt v0.7.5
[INFO] [stderr]     Checking const-random v0.1.18
[INFO] [stderr]     Checking dlv-list v0.5.2
[INFO] [stderr]    Compiling embassy-time-driver v0.2.0
[INFO] [stderr]    Compiling camino v1.1.9
[INFO] [stderr]    Compiling bytestring v1.4.0
[INFO] [stderr]    Compiling ascii-canvas v4.0.0
[INFO] [stdout] error[E0425]: cannot find function `__basepri_r` in module `crate::asm::inline`
[INFO] [stdout]   --> /opt/rustwide/cargo-home/registry/src/index.crates.io-1949cf8c6b5b557f/cortex-m-0.7.7/src/register/basepri.rs:6:15
[INFO] [stdout]    |
[INFO] [stdout]  6 |     call_asm!(__basepri_r() -> u8)
[INFO] [stdout]    |               ^^^^^^^^^^^ not found in `crate::asm::inline`
[INFO] [stdout]    |
[INFO] [stdout]   ::: /opt/rustwide/cargo-home/registry/src/index.crates.io-1949cf8c6b5b557f/cortex-m-0.7.7/src/call_asm.rs:11:43
[INFO] [stdout]    |
[INFO] [stdout] 11 |                 () => crate::asm::inline::$func($($args),*),
[INFO] [stdout]    |                                           ----- due to this macro variable
[INFO] [stdout] 
[INFO] [stdout] 
[INFO] [stdout] error[E0425]: cannot find function `__basepri_w` in module `crate::asm::inline`
[INFO] [stdout]   --> /opt/rustwide/cargo-home/registry/src/index.crates.io-1949cf8c6b5b557f/cortex-m-0.7.7/src/register/basepri.rs:22:19
[INFO] [stdout]    |
[INFO] [stdout] 22 |         call_asm!(__basepri_w(basepri: u8));
[INFO] [stdout]    |                   ^^^^^^^^^^^ not found in `crate::asm::inline`
[INFO] [stdout]    |
[INFO] [stdout]   ::: /opt/rustwide/cargo-home/registry/src/index.crates.io-1949cf8c6b5b557f/cortex-m-0.7.7/src/call_asm.rs:11:43
[INFO] [stdout]    |
[INFO] [stdout] 11 |                 () => crate::asm::inline::$func($($args),*),
[INFO] [stdout]    |                                           ----- due to this macro variable
[INFO] [stdout] 
[INFO] [stdout] 
[INFO] [stdout] error[E0425]: cannot find function `__basepri_max` in module `crate::asm::inline`
[INFO] [stdout]   --> /opt/rustwide/cargo-home/registry/src/index.crates.io-1949cf8c6b5b557f/cortex-m-0.7.7/src/register/basepri_max.rs:19:19
[INFO] [stdout]    |
[INFO] [stdout] 19 |         call_asm!(__basepri_max(basepri: u8));
[INFO] [stdout]    |                   ^^^^^^^^^^^^^ not found in `crate::asm::inline`
[INFO] [stdout]    |
[INFO] [stdout]   ::: /opt/rustwide/cargo-home/registry/src/index.crates.io-1949cf8c6b5b557f/cortex-m-0.7.7/src/call_asm.rs:11:43
[INFO] [stdout]    |
[INFO] [stdout] 11 |                 () => crate::asm::inline::$func($($args),*),
[INFO] [stdout]    |                                           ----- due to this macro variable
[INFO] [stdout] 
[INFO] [stdout] 
[INFO] [stdout] error[E0425]: cannot find function `__faultmask_r` in module `crate::asm::inline`
[INFO] [stdout]   --> /opt/rustwide/cargo-home/registry/src/index.crates.io-1949cf8c6b5b557f/cortex-m-0.7.7/src/register/faultmask.rs:29:28
[INFO] [stdout]    |
[INFO] [stdout] 29 |     let r: u32 = call_asm!(__faultmask_r() -> u32);
[INFO] [stdout]    |                            ^^^^^^^^^^^^^ not found in `crate::asm::inline`
[INFO] [stdout]    |
[INFO] [stdout]   ::: /opt/rustwide/cargo-home/registry/src/index.crates.io-1949cf8c6b5b557f/cortex-m-0.7.7/src/call_asm.rs:11:43
[INFO] [stdout]    |
[INFO] [stdout] 11 |                 () => crate::asm::inline::$func($($args),*),
[INFO] [stdout]    |                                           ----- due to this macro variable
[INFO] [stdout] 
[INFO] [stdout] 
[INFO] [stdout] error: invalid register `r0`: unknown register
[INFO] [stdout]    --> /opt/rustwide/cargo-home/registry/src/index.crates.io-1949cf8c6b5b557f/cortex-m-0.7.7/src/../asm/inline.rs:197:24
[INFO] [stdout]     |
[INFO] [stdout] 197 |     asm!("bkpt #0xab", inout("r0") nr, in("r1") arg, options(nomem, nostack, preserves_flags));
[INFO] [stdout]     |                        ^^^^^^^^^^^^^^
[INFO] [stdout] 
[INFO] [stdout] 
[INFO] [stderr]    Compiling tracing v0.1.41
[INFO] [stdout] error: invalid register `r1`: unknown register
[INFO] [stdout]    --> /opt/rustwide/cargo-home/registry/src/index.crates.io-1949cf8c6b5b557f/cortex-m-0.7.7/src/../asm/inline.rs:197:40
[INFO] [stdout]     |
[INFO] [stdout] 197 |     asm!("bkpt #0xab", inout("r0") nr, in("r1") arg, options(nomem, nostack, preserves_flags));
[INFO] [stdout]     |                                        ^^^^^^^^^^^^
[INFO] [stdout] 
[INFO] [stdout] 
[INFO] [stderr]    Compiling petgraph v0.7.1
[INFO] [stderr]    Compiling string_cache v0.8.9
[INFO] [stderr]     Checking ordered-multimap v0.7.3
[INFO] [stdout] For more information about this error, try `rustc --explain E0425`.
[INFO] [stdout] 
[INFO] [stderr] error: could not compile `cortex-m` (lib) due to 6 previous errors
[INFO] [stderr] warning: build failed, waiting for other jobs to finish...
[INFO] [stderr] error: could not compile `rustix` (lib) due to 4 previous errors
[INFO] running `Command { std: "docker" "inspect" "f1087d5894c15762470c10d9aba80d1ce27171df3c2fcb227aec2a84f9fae94e", kill_on_drop: false }`
[INFO] running `Command { std: "docker" "rm" "-f" "f1087d5894c15762470c10d9aba80d1ce27171df3c2fcb227aec2a84f9fae94e", kill_on_drop: false }`
[INFO] [stdout] f1087d5894c15762470c10d9aba80d1ce27171df3c2fcb227aec2a84f9fae94e
