[INFO] cloning repository https://github.com/momostarsky/dcm-tools
[INFO] running `Command { std: "git" "-c" "credential.helper=" "-c" "credential.helper=/workspace/cargo-home/bin/git-credential-null" "clone" "--bare" "https://github.com/momostarsky/dcm-tools" "/workspace/cache/git-repos/https%3A%2F%2Fgithub.com%2Fmomostarsky%2Fdcm-tools", kill_on_drop: false }`
[INFO] [stderr] Cloning into bare repository '/workspace/cache/git-repos/https%3A%2F%2Fgithub.com%2Fmomostarsky%2Fdcm-tools'...
[INFO] running `Command { std: "git" "rev-parse" "HEAD", kill_on_drop: false }`
[INFO] [stdout] 97fec138c7a9ef715efe76a3c3ae3e5d5369e1ab
[INFO] checking momostarsky/dcm-tools against be3da1e8c043bb6f1f335463d3b1335cdf50b03c for pr-162597
[INFO] running `Command { std: "git" "clone" "/workspace/cache/git-repos/https%3A%2F%2Fgithub.com%2Fmomostarsky%2Fdcm-tools" "/workspace/builds/worker-1-tc2/source", kill_on_drop: false }`
[INFO] [stderr] Cloning into '/workspace/builds/worker-1-tc2/source'...
[INFO] [stderr] done.
[INFO] started tweaking git repo https://github.com/momostarsky/dcm-tools
[INFO] finished tweaking git repo https://github.com/momostarsky/dcm-tools
[INFO] tweaked toml for git repo https://github.com/momostarsky/dcm-tools written to /workspace/builds/worker-1-tc2/source/Cargo.toml
[INFO] validating manifest of git repo https://github.com/momostarsky/dcm-tools on toolchain be3da1e8c043bb6f1f335463d3b1335cdf50b03c
[INFO] running `Command { std: CARGO_HOME="/workspace/cargo-home" RUSTUP_HOME="/workspace/rustup-home" "/workspace/cargo-home/bin/cargo" "+be3da1e8c043bb6f1f335463d3b1335cdf50b03c" "metadata" "--manifest-path" "Cargo.toml" "--no-deps", kill_on_drop: false }`
[INFO] running `Command { std: CARGO_HOME="/workspace/cargo-home" RUSTUP_HOME="/workspace/rustup-home" "/workspace/cargo-home/bin/cargo" "+be3da1e8c043bb6f1f335463d3b1335cdf50b03c" "generate-lockfile" "--manifest-path" "Cargo.toml", kill_on_drop: false }`
[INFO] [stderr]     Updating crates.io index
[INFO] [stderr]      Locking 226 packages to highest Rust 1.100.0-nightly compatible versions
[INFO] [stderr]       Adding dicom v0.8.2 (available: v0.10.0)
[INFO] [stderr]       Adding dicom-core v0.8.2 (available: v0.10.0)
[INFO] [stderr]       Adding dicom-encoding v0.8.2 (available: v0.10.0)
[INFO] [stderr]       Adding dicom-gen-uid v0.1.0 (available: v0.2.0)
[INFO] [stderr]       Adding dicom-object v0.8.2 (available: v0.10.0)
[INFO] [stderr]       Adding dicom-transfer-syntax-registry v0.8.2 (available: v0.10.0)
[INFO] [stderr]       Adding gdcm_conv v0.1.7 (available: v0.2.0)
[INFO] running `Command { std: CARGO_HOME="/workspace/cargo-home" RUSTUP_HOME="/workspace/rustup-home" "/workspace/cargo-home/bin/cargo" "+be3da1e8c043bb6f1f335463d3b1335cdf50b03c" "fetch" "--manifest-path" "Cargo.toml", kill_on_drop: false }`
[INFO] running `Command { std: "docker" "create" "-v" "/var/lib/crater-agent-workspace/builds/worker-1-tc2/source:/opt/rustwide/workdir:ro,Z" "-v" "/var/lib/crater-agent-workspace/builds/worker-1-tc2/target:/opt/rustwide/target:rw,Z" "-v" "/var/lib/crater-agent-workspace/cargo-home:/opt/rustwide/cargo-home:ro,Z" "-v" "/var/lib/crater-agent-workspace/rustup-home:/opt/rustwide/rustup-home:ro,Z" "-m" "1610612736" "--network" "none" "ghcr.io/rust-lang/crates-build-env/linux@sha256:8683fc1fc2eb5c9ac98e0d076ab094b2ffac7f99da555d2b6a2e27f346de2ec7" "sleep" "infinity", kill_on_drop: false }`
[INFO] [stdout] 694d459fd42d36656d83496fb33d7cca6c3e65d0ea421549f9de21df21cfbc35
[INFO] running `Command { std: "docker" "start" "694d459fd42d36656d83496fb33d7cca6c3e65d0ea421549f9de21df21cfbc35", kill_on_drop: false }`
[INFO] running `Command { std: "docker" "inspect" "694d459fd42d36656d83496fb33d7cca6c3e65d0ea421549f9de21df21cfbc35", kill_on_drop: false }`
[INFO] running `Command { std: "docker" "exec" "-e" "SOURCE_DIR=/opt/rustwide/workdir" "-e" "CARGO_HOME=/opt/rustwide/cargo-home" "-e" "RUSTUP_HOME=/opt/rustwide/rustup-home" "-e" "CARGO_TARGET_DIR=/opt/rustwide/target" "-w" "/opt/rustwide/workdir" "--user" "0:0" "694d459fd42d36656d83496fb33d7cca6c3e65d0ea421549f9de21df21cfbc35" "/opt/rustwide/cargo-home/bin/cargo" "+be3da1e8c043bb6f1f335463d3b1335cdf50b03c" "metadata" "--no-deps" "--format-version=1", kill_on_drop: false }`
[INFO] running `Command { std: "docker" "inspect" "694d459fd42d36656d83496fb33d7cca6c3e65d0ea421549f9de21df21cfbc35", kill_on_drop: false }`
[INFO] running `Command { std: "docker" "exec" "-e" "SOURCE_DIR=/opt/rustwide/workdir" "-e" "CARGO_HOME=/opt/rustwide/cargo-home" "-e" "RUSTUP_HOME=/opt/rustwide/rustup-home" "-e" "CARGO_TARGET_DIR=/opt/rustwide/target" "-e" "CARGO_INCREMENTAL=0" "-e" "RUST_BACKTRACE=full" "-e" "RUSTFLAGS=--cap-lints=forbid" "-e" "RUSTDOCFLAGS=--cap-lints=forbid" "-w" "/opt/rustwide/workdir" "--user" "0:0" "694d459fd42d36656d83496fb33d7cca6c3e65d0ea421549f9de21df21cfbc35" "/opt/rustwide/cargo-home/bin/cargo" "+be3da1e8c043bb6f1f335463d3b1335cdf50b03c" "check" "--frozen" "--all" "--all-targets" "--message-format=json", kill_on_drop: false }`
[INFO] [stderr]    Compiling unicode-ident v1.0.26
[INFO] [stderr]    Compiling crossbeam-utils v0.8.23
[INFO] [stderr]     Checking either v1.18.0
[INFO] [stderr]    Compiling crossbeam-epoch v0.9.21
[INFO] [stderr]    Compiling crossbeam-deque v0.8.8
[INFO] [stderr]     Checking safe-transmute v0.11.3
[INFO] [stderr]    Compiling encoding_index_tests v0.1.4
[INFO] [stderr]     Checking smallvec v1.16.1
[INFO] [stderr]     Checking byteorder v1.5.0
[INFO] [stderr]    Compiling num-traits v0.2.19
[INFO] [stderr]     Checking inventory v0.3.24
[INFO] [stderr]    Compiling iana-time-zone v0.1.65
[INFO] [stderr]     Checking jpeg-encoder v0.6.1
[INFO] [stderr]    Compiling encoding-index-tradchinese v1.20141219.5
[INFO] [stderr]    Compiling encoding-index-simpchinese v1.20141219.5
[INFO] [stderr]    Compiling encoding-index-japanese v1.20141219.5
[INFO] [stderr]    Compiling encoding-index-singlebyte v1.20141219.5
[INFO] [stderr]    Compiling proc-macro2 v1.0.107
[INFO] [stderr]    Compiling itertools v0.14.0
[INFO] [stderr]    Compiling encoding-index-korean v1.20141219.5
[INFO] [stderr]    Compiling rustix v1.1.5
[INFO] [stderr]    Compiling find-msvc-tools v0.1.12
[INFO] [stderr]     Checking bitflags v2.13.2
[INFO] [stderr]     Checking is_ci v1.2.0
[INFO] [stderr]     Checking indexmap v2.14.2
[INFO] [stderr]    Compiling serde_json v1.0.151
[INFO] [stderr]     Checking is-terminal v0.4.17
[INFO] [stderr]     Checking byteordered v0.6.0
[INFO] [stderr]    Compiling encoding v0.2.33
[INFO] [stderr]     Checking cfg-if v1.0.5
[INFO] [stderr]     Checking supports-color v2.1.0
[INFO] [stderr]     Checking getrandom v0.4.3
[INFO] [stderr]    Compiling cc v1.4.6
[INFO] [stderr]     Checking supports-color v3.0.2
[INFO] [stderr]    Compiling regex-automata v0.4.18
[INFO] [stderr]     Checking clap_lex v1.1.1
[INFO] [stderr]     Checking uuid v1.26.1
[INFO] [stderr]     Checking owo-colors v4.4.0
[INFO] [stderr]     Checking clap_builder v4.6.7
[INFO] [stderr]     Checking log v0.4.34
[INFO] [stderr]     Checking dicom-gen-uid v0.1.0
[INFO] [stderr]    Compiling quote v1.0.47
[INFO] [stderr]     Checking rayon-core v1.13.0
[INFO] [stderr]    Compiling chrono v0.4.45
[INFO] [stderr]    Compiling syn v2.0.119
[INFO] [stderr]    Compiling syn v3.0.6
[INFO] [stderr]     Checking rayon v1.12.0
[INFO] [stderr]    Compiling cmake v0.1.58
[INFO] [stderr]    Compiling gdcm_conv v0.1.7
[INFO] [stderr]     Checking terminal_size v0.4.4
[INFO] [stderr]     Checking tempfile v3.27.0
[INFO] [stderr]    Compiling regex v1.13.1
[INFO] [stderr]     Checking jpeg-decoder v0.3.2
[INFO] [stderr]    Compiling serde_derive v1.0.229
[INFO] [stderr]    Compiling clap_derive v4.6.7
[INFO] [stderr]    Compiling snafu-derive v0.8.9
[INFO] [stderr]    Compiling tracing-attributes v0.1.31
[INFO] [stderr]    Compiling thiserror-impl v1.0.69
[INFO] [stderr]     Checking clap v4.6.7
[INFO] [stderr]     Checking tracing v0.1.44
[INFO] [stderr]     Checking thiserror v1.0.69
[INFO] [stderr]     Checking snafu v0.8.9
[INFO] [stderr]    Compiling dicom-core v0.8.2
[INFO] [stderr]     Checking serde v1.0.229
[INFO] [stderr]     Checking dicom-dictionary-std v0.8.1
[INFO] [stderr]     Checking dicom-encoding v0.8.2
[INFO] [stderr]     Checking dicom-transfer-syntax-registry v0.8.2
[INFO] [stderr]     Checking dicom-parser v0.8.2
[INFO] [stderr]     Checking dicom-ul v0.8.2
[INFO] [stderr]     Checking dicom-object v0.8.2
[INFO] [stderr]     Checking dicom-json v0.8.2
[INFO] [stderr]     Checking dicom-pixeldata v0.8.2
[INFO] [stderr]     Checking dicom-dump v0.8.1
[INFO] [stderr]     Checking dicom v0.8.2
[INFO] [stderr]    Compiling dicom_codegen v0.1.0 (/opt/rustwide/workdir/dicom_codegen)
[INFO] [stderr] error: failed to run custom build command for `gdcm_conv v0.1.7`
[INFO] [stderr] note: To improve backtraces for build dependencies, set the CARGO_PROFILE_DEV_BUILD_OVERRIDE_DEBUG=true environment variable to enable debug information generation.
[INFO] [stderr] 
[INFO] [stderr] Caused by:
[INFO] [stderr]   process didn't exit successfully: `/opt/rustwide/target/debug/build/gdcm_conv/fa096b9c84394fc3/out/build_script_build` (exit status: 101)
[INFO] [stderr]   --- stdout
[INFO] [stderr]   cargo:rerun-if-changed=.
[INFO] [stderr]   CMAKE_TOOLCHAIN_FILE_x86_64-unknown-linux-gnu = None
[INFO] [stderr]   CMAKE_TOOLCHAIN_FILE_x86_64_unknown_linux_gnu = None
[INFO] [stderr]   HOST_CMAKE_TOOLCHAIN_FILE = None
[INFO] [stderr]   CMAKE_TOOLCHAIN_FILE = None
[INFO] [stderr]   CMAKE_GENERATOR_x86_64-unknown-linux-gnu = None
[INFO] [stderr]   CMAKE_GENERATOR_x86_64_unknown_linux_gnu = None
[INFO] [stderr]   HOST_CMAKE_GENERATOR = None
[INFO] [stderr]   CMAKE_GENERATOR = None
[INFO] [stderr]   CMAKE_PREFIX_PATH_x86_64-unknown-linux-gnu = None
[INFO] [stderr]   CMAKE_PREFIX_PATH_x86_64_unknown_linux_gnu = None
[INFO] [stderr]   HOST_CMAKE_PREFIX_PATH = None
[INFO] [stderr]   CMAKE_PREFIX_PATH = None
[INFO] [stderr]   CMAKE_x86_64-unknown-linux-gnu = None
[INFO] [stderr]   CMAKE_x86_64_unknown_linux_gnu = None
[INFO] [stderr]   HOST_CMAKE = None
[INFO] [stderr]   CMAKE = None
[INFO] [stderr]   -- The CXX compiler identification is GNU 15.2.0
[INFO] [stderr]   -- The C compiler identification is GNU 15.2.0
[INFO] [stderr]   -- Detecting CXX compiler ABI info
[INFO] [stderr]   -- Detecting CXX compiler ABI info - done
[INFO] [stderr]   -- Check for working CXX compiler: /usr/bin/c++ - skipped
[INFO] [stderr]   -- Detecting CXX compile features
[INFO] [stderr]   -- Detecting CXX compile features - done
[INFO] [stderr]   -- Detecting C compiler ABI info
[INFO] [stderr]   -- Detecting C compiler ABI info - done
[INFO] [stderr]   -- Check for working C compiler: /usr/bin/cc - skipped
[INFO] [stderr]   -- Detecting C compile features
[INFO] [stderr]   -- Detecting C compile features - done
[INFO] [stderr]   -- Looking for stdint.h
[INFO] [stderr]   -- Looking for stdint.h - found
[INFO] [stderr]   -- Looking for inttypes.h
[INFO] [stderr]   -- Looking for inttypes.h - found
[INFO] [stderr]   -- Looking for pthread.h
[INFO] [stderr]   -- Looking for pthread.h - found
[INFO] [stderr]   -- Looking for stddef.h
[INFO] [stderr]   -- Looking for stddef.h - found
[INFO] [stderr]   -- Looking for stdlib.h
[INFO] [stderr]   -- Looking for stdlib.h - found
[INFO] [stderr]   -- Looking for string.h
[INFO] [stderr]   -- Looking for string.h - found
[INFO] [stderr]   -- Looking for string.h
[INFO] [stderr]   -- Looking for string.h - found
[INFO] [stderr]   -- Looking for memory.h
[INFO] [stderr]   -- Looking for memory.h - found
[INFO] [stderr]   -- Looking for stdio.h
[INFO] [stderr]   -- Looking for stdio.h - found
[INFO] [stderr]   -- Looking for math.h
[INFO] [stderr]   -- Looking for math.h - found
[INFO] [stderr]   -- Looking for float.h
[INFO] [stderr]   -- Looking for float.h - found
[INFO] [stderr]   -- Looking for time.h
[INFO] [stderr]   -- Looking for time.h - found
[INFO] [stderr]   -- Looking for stdarg.h
[INFO] [stderr]   -- Looking for stdarg.h - found
[INFO] [stderr]   -- Looking for ctype.h
[INFO] [stderr]   -- Looking for ctype.h - found
[INFO] [stderr]   -- Looking for assert.h
[INFO] [stderr]   -- Looking for assert.h - found
[INFO] [stderr]   -- Looking for stdint.h
[INFO] [stderr]   -- Looking for stdint.h - found
[INFO] [stderr]   -- Looking for inttypes.h
[INFO] [stderr]   -- Looking for inttypes.h - found
[INFO] [stderr]   -- Looking for strings.h
[INFO] [stderr]   -- Looking for strings.h - found
[INFO] [stderr]   -- Looking for sys/stat.h
[INFO] [stderr]   -- Looking for sys/stat.h - found
[INFO] [stderr]   -- Looking for sys/types.h
[INFO] [stderr]   -- Looking for sys/types.h - found
[INFO] [stderr]   -- Looking for unistd.h
[INFO] [stderr]   -- Looking for unistd.h - found
[INFO] [stderr]   -- Checking for 64-bit off_t
[INFO] [stderr]   -- Checking for 64-bit off_t - present
[INFO] [stderr]   -- Checking for fseeko/ftello
[INFO] [stderr]   -- Checking for fseeko/ftello - present
[INFO] [stderr]   -- Large File support - found
[INFO] [stderr]   -- Looking for include file malloc.h
[INFO] [stderr]   -- Looking for include file malloc.h - found
[INFO] [stderr]   -- Looking for _aligned_malloc
[INFO] [stderr]   -- Looking for _aligned_malloc - not found
[INFO] [stderr]   -- Looking for posix_memalign
[INFO] [stderr]   -- Looking for posix_memalign - found
[INFO] [stderr]   -- Looking for memalign
[INFO] [stderr]   -- Looking for memalign - found
[INFO] [stderr]   -- Looking for 3 include files stdlib.h, ..., inttypes.h
[INFO] [stderr]   -- Looking for 3 include files stdlib.h, ..., inttypes.h - found
[INFO] [stderr]   -- Looking for 4 include files stdlib.h, ..., sys/ioctl.h
[INFO] [stderr]   -- Looking for 4 include files stdlib.h, ..., sys/ioctl.h - found
[INFO] [stderr]   -- Looking for 5 include files stdlib.h, ..., sys/time.h
[INFO] [stderr]   -- Looking for 5 include files stdlib.h, ..., sys/time.h - found
[INFO] [stderr]   -- Looking for 6 include files stdlib.h, ..., sys/file.h
[INFO] [stderr]   -- Looking for 6 include files stdlib.h, ..., sys/file.h - found
[INFO] [stderr]   -- Looking for 7 include files stdlib.h, ..., sys/socket.h
[INFO] [stderr]   -- Looking for 7 include files stdlib.h, ..., sys/socket.h - found
[INFO] [stderr]   -- Looking for 8 include files stdlib.h, ..., sys/sockio.h
[INFO] [stderr]   -- Looking for 8 include files stdlib.h, ..., sys/sockio.h - not found
[INFO] [stderr]   -- Looking for 8 include files stdlib.h, ..., net/if.h
[INFO] [stderr]   -- Looking for 8 include files stdlib.h, ..., net/if.h - found
[INFO] [stderr]   -- Looking for 9 include files stdlib.h, ..., netinet/in.h
[INFO] [stderr]   -- Looking for 9 include files stdlib.h, ..., netinet/in.h - found
[INFO] [stderr]   -- Looking for 10 include files stdlib.h, ..., net/if_dl.h
[INFO] [stderr]   -- Looking for 10 include files stdlib.h, ..., net/if_dl.h - not found
[INFO] [stderr]   -- Looking for 10 include files stdlib.h, ..., net/if_arp.h
[INFO] [stderr]   -- Looking for 10 include files stdlib.h, ..., net/if_arp.h - found
[INFO] [stderr]   -- Looking for strsignal
[INFO] [stderr]   -- Looking for strsignal - found
[INFO] [stderr]   -- Looking for include file sys/time.h
[INFO] [stderr]   -- Looking for include file sys/time.h - found
[INFO] [stderr]   -- Looking for include files sys/time.h, winsock.h
[INFO] [stderr]   -- Looking for include files sys/time.h, winsock.h - not found
[INFO] [stderr]   -- Looking for include files sys/time.h, byteswap.h
[INFO] [stderr]   -- Looking for include files sys/time.h, byteswap.h - found
[INFO] [stderr]   -- Performing Test GDCM_HAVE_BYTESWAP_H
[INFO] [stderr]   -- Performing Test GDCM_HAVE_BYTESWAP_H - Success
[INFO] [stderr]   -- Looking for rpc.h
[INFO] [stderr]   -- Looking for rpc.h - not found
[INFO] [stderr]   -- Looking for langinfo.h
[INFO] [stderr]   -- Looking for langinfo.h - found
[INFO] [stderr]   -- Looking for nl_langinfo
[INFO] [stderr]   -- Looking for nl_langinfo - found
[INFO] [stderr]   -- Looking for strcasecmp
[INFO] [stderr]   -- Looking for strcasecmp - found
[INFO] [stderr]   -- Looking for strncasecmp
[INFO] [stderr]   -- Looking for strncasecmp - found
[INFO] [stderr]   -- Looking for strptime
[INFO] [stderr]   -- Looking for strptime - found
[INFO] [stderr]   -- Looking for _stricmp
[INFO] [stderr]   -- Looking for _stricmp - not found
[INFO] [stderr]   -- Looking for _strnicmp
[INFO] [stderr]   -- Looking for _strnicmp - not found
[INFO] [stderr]   -- Looking for gettimeofday
[INFO] [stderr]   -- Looking for gettimeofday - found
[INFO] [stderr]   -- Performing Test GDCM_CXX_HAS_FUNCTION
[INFO] [stderr]   -- Performing Test GDCM_CXX_HAS_FUNCTION - Success
[INFO] [stderr]   -- Performing Test GDCM_HAVE_WCHAR_IFSTREAM
[INFO] [stderr]   -- Performing Test GDCM_HAVE_WCHAR_IFSTREAM - Failed
[INFO] [stderr]   -- Configuring done (25.4s)
[INFO] [stderr]   -- Generating done (0.3s)
[INFO] [stderr]   -- Build files have been written to: /opt/rustwide/target/debug/build/gdcm_conv/ac39e4d94221a60d/out/build
[INFO] [stderr]   [  1%] Building C object Utilities/gdcmuuid/CMakeFiles/gdcmuuid.dir/compare.c.o
[INFO] [stderr]   [  1%] Building C object Utilities/gdcmexpat/lib/CMakeFiles/gdcmexpat.dir/xmlparse.c.o
[INFO] [stderr]   [  2%] Building C object Utilities/gdcmjpeg/12/CMakeFiles/gdcmjpeg12.dir/__/jmemnobs.c.o
[INFO] [stderr]   [  3%] Building CXX object Utilities/gdcmcharls/CMakeFiles/gdcmcharls.dir/interface.cpp.o
[INFO] [stderr]   [  3%] Building C object Utilities/gdcmjpeg/16/CMakeFiles/gdcmjpeg16.dir/__/jmemnobs.c.o
[INFO] [stderr]   [  3%] Building C object Utilities/gdcmzlib/CMakeFiles/gdcmzlib.dir/adler32.c.o
[INFO] [stderr]   [  3%] Building C object Utilities/gdcmjpeg/8/CMakeFiles/gdcmjpeg8.dir/__/jmemnobs.c.o
[INFO] [stderr]   [  3%] Building C object Utilities/gdcmuuid/CMakeFiles/gdcmuuid.dir/gen_uuid.c.o
[INFO] [stderr]   [  3%] Building C object Utilities/gdcmopenjpeg/src/lib/openjp2/CMakeFiles/gdcmopenjp2.dir/thread.c.o
[INFO] [stderr]   [  4%] Building C object Utilities/gdcmjpeg/16/CMakeFiles/gdcmjpeg16.dir/__/jcomapi.c.o
[INFO] [stderr]   [  5%] Building C object Utilities/gdcmjpeg/8/CMakeFiles/gdcmjpeg8.dir/__/jcomapi.c.o
[INFO] [stderr]   [  5%] Building C object Utilities/gdcmjpeg/12/CMakeFiles/gdcmjpeg12.dir/__/jcomapi.c.o
[INFO] [stderr]   [  5%] Building C object Utilities/gdcmuuid/CMakeFiles/gdcmuuid.dir/pack.c.o
[INFO] [stderr]   [  5%] Building C object Utilities/gdcmjpeg/16/CMakeFiles/gdcmjpeg16.dir/__/jutils.c.o
[INFO] [stderr]   [  5%] Building C object Utilities/gdcmjpeg/8/CMakeFiles/gdcmjpeg8.dir/__/jutils.c.o
[INFO] [stderr]   [  5%] Building C object Utilities/gdcmjpeg/12/CMakeFiles/gdcmjpeg12.dir/__/jutils.c.o
[INFO] [stderr]   [  5%] Building C object Utilities/gdcmuuid/CMakeFiles/gdcmuuid.dir/parse.c.o
[INFO] [stderr]   [  5%] Building C object Utilities/gdcmjpeg/16/CMakeFiles/gdcmjpeg16.dir/__/jerror.c.o
[INFO] [stderr]   [  5%] Building C object Utilities/gdcmopenjpeg/src/lib/openjp2/CMakeFiles/gdcmopenjp2.dir/bio.c.o
[INFO] [stderr]   [  5%] Building C object Utilities/gdcmjpeg/12/CMakeFiles/gdcmjpeg12.dir/__/jerror.c.o
[INFO] [stderr]   [  5%] Building C object Utilities/gdcmzlib/CMakeFiles/gdcmzlib.dir/compress.c.o
[INFO] [stderr]   [  5%] Building C object Utilities/gdcmjpeg/16/CMakeFiles/gdcmjpeg16.dir/__/jmemmgr.c.o
[INFO] [stderr]   [  5%] Building C object Utilities/gdcmzlib/CMakeFiles/gdcmzlib.dir/crc32.c.o
[INFO] [stderr]   [  5%] Building C object Utilities/gdcmuuid/CMakeFiles/gdcmuuid.dir/unpack.c.o
[INFO] [stderr]   [  5%] Building C object Utilities/gdcmjpeg/8/CMakeFiles/gdcmjpeg8.dir/__/jerror.c.o
[INFO] [stderr]   [  5%] Building C object Utilities/gdcmjpeg/12/CMakeFiles/gdcmjpeg12.dir/__/jmemmgr.c.o
[INFO] [stderr]   [  6%] Building C object Utilities/gdcmzlib/CMakeFiles/gdcmzlib.dir/deflate.c.o
[INFO] [stderr]   [  6%] Building C object Utilities/gdcmexpat/lib/CMakeFiles/gdcmexpat.dir/xmltok.c.o
[INFO] [stderr]   [  6%] Building C object Utilities/gdcmuuid/CMakeFiles/gdcmuuid.dir/unparse.c.o
[INFO] [stderr]   [  6%] Building C object Utilities/gdcmjpeg/16/CMakeFiles/gdcmjpeg16.dir/__/jcapimin.c.o
[INFO] [stderr]   [  6%] Building C object Utilities/gdcmjpeg/8/CMakeFiles/gdcmjpeg8.dir/__/jmemmgr.c.o
[INFO] [stderr]   [  6%] Building C object Utilities/gdcmjpeg/12/CMakeFiles/gdcmjpeg12.dir/__/jcapimin.c.o
[INFO] [stderr]   [  7%] Building C object Utilities/gdcmuuid/CMakeFiles/gdcmuuid.dir/uuid_time.c.o
[INFO] [stderr]   [  8%] Building C object Utilities/gdcmopenjpeg/src/lib/openjp2/CMakeFiles/gdcmopenjp2.dir/cio.c.o
[INFO] [stderr]   [  9%] Building C object Utilities/gdcmjpeg/16/CMakeFiles/gdcmjpeg16.dir/__/jcapistd.c.o
[INFO] [stderr]   [  9%] Building C object Utilities/gdcmzlib/CMakeFiles/gdcmzlib.dir/gzio.c.o
[INFO] [stderr]   [  9%] Building C object Utilities/gdcmopenjpeg/src/lib/openjp2/CMakeFiles/gdcmopenjp2.dir/dwt.c.o
[INFO] [stderr]   [  9%] Building C object Utilities/gdcmjpeg/16/CMakeFiles/gdcmjpeg16.dir/__/jctrans.c.o
[INFO] [stderr]   [  9%] Linking C static library ../../bin/libgdcmuuid.a
[INFO] [stderr]   [  9%] Building C object Utilities/gdcmjpeg/8/CMakeFiles/gdcmjpeg8.dir/__/jcapimin.c.o
[INFO] [stderr]   [  9%] Building C object Utilities/gdcmzlib/CMakeFiles/gdcmzlib.dir/infback.c.o
[INFO] [stderr]   [  9%] Building C object Utilities/gdcmjpeg/16/CMakeFiles/gdcmjpeg16.dir/__/jcparam.c.o
[INFO] [stderr]   [ 10%] Building C object Utilities/gdcmjpeg/12/CMakeFiles/gdcmjpeg12.dir/__/jcapistd.c.o
[INFO] [stderr]   [ 11%] Building C object Utilities/gdcmjpeg/8/CMakeFiles/gdcmjpeg8.dir/__/jcapistd.c.o
[INFO] [stderr]   [ 11%] Building C object Utilities/gdcmzlib/CMakeFiles/gdcmzlib.dir/inffast.c.o
[INFO] [stderr]   [ 11%] Built target gdcmuuid
[INFO] [stderr]   [ 11%] Building C object Utilities/gdcmjpeg/16/CMakeFiles/gdcmjpeg16.dir/__/jcinit.c.o
[INFO] [stderr]   [ 11%] Building C object Utilities/gdcmzlib/CMakeFiles/gdcmzlib.dir/inflate.c.o
[INFO] [stderr]   [ 11%] Building C object Utilities/gdcmjpeg/16/CMakeFiles/gdcmjpeg16.dir/__/jcmaster.c.o
[INFO] [stderr]   [ 11%] Building C object Utilities/gdcmjpeg/8/CMakeFiles/gdcmjpeg8.dir/__/jctrans.c.o
[INFO] [stderr]   [ 11%] Building C object Utilities/gdcmjpeg/12/CMakeFiles/gdcmjpeg12.dir/__/jctrans.c.o
[INFO] [stderr]   [ 11%] Building CXX object Utilities/gdcmcharls/CMakeFiles/gdcmcharls.dir/jpegls.cpp.o
[INFO] [stderr]   [ 12%] Building C object Utilities/gdcmzlib/CMakeFiles/gdcmzlib.dir/inftrees.c.o
[INFO] [stderr]   [ 12%] Building C object Utilities/gdcmopenjpeg/src/lib/openjp2/CMakeFiles/gdcmopenjp2.dir/event.c.o
[INFO] [stderr]   [ 12%] Building C object Utilities/gdcmjpeg/8/CMakeFiles/gdcmjpeg8.dir/__/jcparam.c.o
[INFO] [stderr]   [ 12%] Building C object Utilities/gdcmjpeg/12/CMakeFiles/gdcmjpeg12.dir/__/jcparam.c.o
[INFO] [stderr]   [ 12%] Building C object Utilities/gdcmzlib/CMakeFiles/gdcmzlib.dir/trees.c.o
[INFO] [stderr]   [ 12%] Building C object Utilities/gdcmjpeg/8/CMakeFiles/gdcmjpeg8.dir/__/jcinit.c.o
[INFO] [stderr]   [ 12%] Building C object Utilities/gdcmopenjpeg/src/lib/openjp2/CMakeFiles/gdcmopenjp2.dir/image.c.o
[INFO] [stderr]   [ 12%] Building C object Utilities/gdcmzlib/CMakeFiles/gdcmzlib.dir/uncompr.c.o
[INFO] [stderr]   [ 12%] Building C object Utilities/gdcmjpeg/12/CMakeFiles/gdcmjpeg12.dir/__/jcinit.c.o
[INFO] [stderr]   [ 12%] Building C object Utilities/gdcmjpeg/8/CMakeFiles/gdcmjpeg8.dir/__/jcmaster.c.o
[INFO] [stderr]   [ 12%] Building C object Utilities/gdcmexpat/lib/CMakeFiles/gdcmexpat.dir/xmlrole.c.o
[INFO] [stderr]   [ 13%] Building C object Utilities/gdcmjpeg/16/CMakeFiles/gdcmjpeg16.dir/__/jcmarker.c.o
[INFO] [stderr]   [ 13%] Building C object Utilities/gdcmjpeg/12/CMakeFiles/gdcmjpeg12.dir/__/jcmaster.c.o
[INFO] [stderr]   [ 13%] Building C object Utilities/gdcmzlib/CMakeFiles/gdcmzlib.dir/zutil.c.o
[INFO] [stderr]   [ 13%] Building C object Utilities/gdcmopenjpeg/src/lib/openjp2/CMakeFiles/gdcmopenjp2.dir/invert.c.o
[INFO] [stderr]   [ 13%] Building C object Utilities/gdcmjpeg/8/CMakeFiles/gdcmjpeg8.dir/__/jcmarker.c.o
[INFO] [stderr]   [ 13%] Linking C static library ../../bin/libgdcmzlib.a
[INFO] [stderr]   [ 14%] Building C object Utilities/gdcmopenjpeg/src/lib/openjp2/CMakeFiles/gdcmopenjp2.dir/j2k.c.o
[INFO] [stderr]   [ 14%] Building C object Utilities/gdcmjpeg/16/CMakeFiles/gdcmjpeg16.dir/__/jcmainct.c.o
[INFO] [stderr]   [ 15%] Building C object Utilities/gdcmjpeg/12/CMakeFiles/gdcmjpeg12.dir/__/jcmarker.c.o
[INFO] [stderr]   [ 15%] Building C object Utilities/gdcmjpeg/16/CMakeFiles/gdcmjpeg16.dir/__/jcprepct.c.o
[INFO] [stderr]   [ 15%] Building CXX object Utilities/gdcmcharls/CMakeFiles/gdcmcharls.dir/jpegmarkersegment.cpp.o
[INFO] [stderr]   [ 16%] Building C object Utilities/gdcmjpeg/8/CMakeFiles/gdcmjpeg8.dir/__/jcmainct.c.o
[INFO] [stderr]   [ 16%] Building C object Utilities/gdcmjpeg/12/CMakeFiles/gdcmjpeg12.dir/__/jcmainct.c.o
[INFO] [stderr]   [ 16%] Building C object Utilities/gdcmjpeg/16/CMakeFiles/gdcmjpeg16.dir/__/jccoefct.c.o
[INFO] [stderr]   [ 16%] Linking C static library ../../../bin/libgdcmexpat.a
[INFO] [stderr]   [ 16%] Built target gdcmzlib
[INFO] [stderr]   [ 16%] Building C object Utilities/gdcmjpeg/8/CMakeFiles/gdcmjpeg8.dir/__/jcprepct.c.o
[INFO] [stderr]   [ 16%] Building C object Utilities/gdcmjpeg/16/CMakeFiles/gdcmjpeg16.dir/__/jccolor.c.o
[INFO] [stderr]   [ 16%] Built target gdcmexpat
[INFO] [stderr]   [ 17%] Building CXX object Utilities/socketxx/socket++/CMakeFiles/socketxx.dir/sockstream.cpp.o
[INFO] [stderr]   [ 18%] Building C object Utilities/gdcmjpeg/16/CMakeFiles/gdcmjpeg16.dir/__/jcsample.c.o
[INFO] [stderr]   [ 18%] Building C object Utilities/gdcmjpeg/12/CMakeFiles/gdcmjpeg12.dir/__/jcprepct.c.o
[INFO] [stderr]   [ 18%] Building C object Utilities/gdcmjpeg/8/CMakeFiles/gdcmjpeg8.dir/__/jccoefct.c.o
[INFO] [stderr]   [ 18%] Building CXX object Source/Common/CMakeFiles/gdcmCommon.dir/gdcmVersion.cxx.o
[INFO] [stderr]   [ 18%] Building C object Utilities/gdcmjpeg/8/CMakeFiles/gdcmjpeg8.dir/__/jccolor.c.o
[INFO] [stderr]   [ 18%] Building C object Utilities/gdcmjpeg/12/CMakeFiles/gdcmjpeg12.dir/__/jccoefct.c.o
[INFO] [stderr]   [ 18%] Building C object Utilities/gdcmjpeg/16/CMakeFiles/gdcmjpeg16.dir/__/jchuff.c.o
[INFO] [stderr]   [ 18%] Building C object Utilities/gdcmopenjpeg/src/lib/openjp2/CMakeFiles/gdcmopenjp2.dir/jp2.c.o
[INFO] [stderr]   [ 18%] Building C object Utilities/gdcmjpeg/16/CMakeFiles/gdcmjpeg16.dir/__/jcphuff.c.o
[INFO] [stderr]   [ 18%] Building C object Utilities/gdcmjpeg/8/CMakeFiles/gdcmjpeg8.dir/__/jcsample.c.o
[INFO] [stderr]   [ 18%] Building CXX object Source/Common/CMakeFiles/gdcmCommon.dir/gdcmRegion.cxx.o
[INFO] [stderr]   [ 18%] Building C object Utilities/gdcmjpeg/12/CMakeFiles/gdcmjpeg12.dir/__/jccolor.c.o
[INFO] [stderr]   [ 19%] Building C object Utilities/gdcmjpeg/8/CMakeFiles/gdcmjpeg8.dir/__/jchuff.c.o
[INFO] [stderr]   [ 19%] Building C object Utilities/gdcmjpeg/16/CMakeFiles/gdcmjpeg16.dir/__/jcdctmgr.c.o
[INFO] [stderr]   [ 19%] Building C object Utilities/gdcmjpeg/8/CMakeFiles/gdcmjpeg8.dir/__/jcphuff.c.o
[INFO] [stderr]   [ 20%] Building C object Utilities/gdcmjpeg/12/CMakeFiles/gdcmjpeg12.dir/__/jcsample.c.o
[INFO] [stderr]   [ 20%] Building C object Utilities/gdcmjpeg/16/CMakeFiles/gdcmjpeg16.dir/__/jfdctfst.c.o
[INFO] [stderr]   [ 20%] Building C object Utilities/gdcmjpeg/12/CMakeFiles/gdcmjpeg12.dir/__/jchuff.c.o
[INFO] [stderr]   [ 20%] Building C object Utilities/gdcmjpeg/16/CMakeFiles/gdcmjpeg16.dir/__/jfdctflt.c.o
[INFO] [stderr]   [ 20%] Building C object Utilities/gdcmjpeg/8/CMakeFiles/gdcmjpeg8.dir/__/jcdctmgr.c.o
[INFO] [stderr]   [ 21%] Building C object Utilities/gdcmjpeg/16/CMakeFiles/gdcmjpeg16.dir/__/jdatadst.c.o
[INFO] [stderr]   [ 21%] Building CXX object Utilities/socketxx/socket++/CMakeFiles/socketxx.dir/sockinet.cpp.o
[INFO] [stderr]   [ 21%] Building C object Utilities/gdcmopenjpeg/src/lib/openjp2/CMakeFiles/gdcmopenjp2.dir/mct.c.o
[INFO] [stderr]   [ 21%] Building C object Utilities/gdcmjpeg/12/CMakeFiles/gdcmjpeg12.dir/__/jcphuff.c.o
[INFO] [stderr]   [ 21%] Building C object Utilities/gdcmjpeg/16/CMakeFiles/gdcmjpeg16.dir/__/jdapimin.c.o
[INFO] [stderr]   [ 21%] Building C object Utilities/gdcmjpeg/16/CMakeFiles/gdcmjpeg16.dir/__/jdapistd.c.o
[INFO] [stderr]   [ 21%] Building C object Utilities/gdcmjpeg/8/CMakeFiles/gdcmjpeg8.dir/__/jfdctfst.c.o
[INFO] [stderr]   [ 21%] Building C object Utilities/gdcmopenjpeg/src/lib/openjp2/CMakeFiles/gdcmopenjp2.dir/mqc.c.o
[INFO] [stderr]   [ 21%] Building C object Utilities/gdcmjpeg/16/CMakeFiles/gdcmjpeg16.dir/__/jdtrans.c.o
[INFO] [stderr]   [ 21%] Building CXX object Utilities/gdcmcharls/CMakeFiles/gdcmcharls.dir/jpegstreamreader.cpp.o
[INFO] [stderr]   [ 21%] Building C object Utilities/gdcmjpeg/8/CMakeFiles/gdcmjpeg8.dir/__/jfdctflt.c.o
[INFO] [stderr]   [ 21%] Building C object Utilities/gdcmjpeg/12/CMakeFiles/gdcmjpeg12.dir/__/jcdctmgr.c.o
[INFO] [stderr]   [ 21%] Building C object Utilities/gdcmopenjpeg/src/lib/openjp2/CMakeFiles/gdcmopenjp2.dir/openjpeg.c.o
[INFO] [stderr]   [ 21%] Building C object Utilities/gdcmjpeg/12/CMakeFiles/gdcmjpeg12.dir/__/jfdctfst.c.o
[INFO] [stderr]   [ 22%] Building C object Utilities/gdcmjpeg/8/CMakeFiles/gdcmjpeg8.dir/__/jdatadst.c.o
[INFO] [stderr]   [ 22%] Building C object Utilities/gdcmjpeg/16/CMakeFiles/gdcmjpeg16.dir/__/jdmaster.c.o
[INFO] [stderr]   [ 23%] Building C object Utilities/gdcmopenjpeg/src/lib/openjp2/CMakeFiles/gdcmopenjp2.dir/opj_clock.c.o
[INFO] [stderr]   [ 24%] Building C object Utilities/gdcmjpeg/16/CMakeFiles/gdcmjpeg16.dir/__/jdinput.c.o
[INFO] [stderr]   [ 25%] Building C object Utilities/gdcmjpeg/12/CMakeFiles/gdcmjpeg12.dir/__/jfdctflt.c.o
[INFO] [stderr]   [ 25%] Building C object Utilities/gdcmjpeg/16/CMakeFiles/gdcmjpeg16.dir/__/jdmarker.c.o
[INFO] [stderr]   [ 25%] Building C object Utilities/gdcmjpeg/8/CMakeFiles/gdcmjpeg8.dir/__/jdapimin.c.o
[INFO] [stderr]   [ 25%] Building C object Utilities/gdcmjpeg/12/CMakeFiles/gdcmjpeg12.dir/__/jdatadst.c.o
[INFO] [stderr]   [ 25%] Building C object Utilities/gdcmopenjpeg/src/lib/openjp2/CMakeFiles/gdcmopenjp2.dir/pi.c.o
[INFO] [stderr]   [ 25%] Building C object Utilities/gdcmjpeg/8/CMakeFiles/gdcmjpeg8.dir/__/jdapistd.c.o
[INFO] [stderr]   [ 25%] Building C object Utilities/gdcmjpeg/16/CMakeFiles/gdcmjpeg16.dir/__/jdhuff.c.o
[INFO] [stderr]   [ 25%] Building C object Utilities/gdcmjpeg/8/CMakeFiles/gdcmjpeg8.dir/__/jdtrans.c.o
[INFO] [stderr]   [ 25%] Building C object Utilities/gdcmjpeg/16/CMakeFiles/gdcmjpeg16.dir/__/jdphuff.c.o
[INFO] [stderr]   [ 25%] Building C object Utilities/gdcmjpeg/8/CMakeFiles/gdcmjpeg8.dir/__/jdmaster.c.o
[INFO] [stderr]   [ 25%] Building C object Utilities/gdcmjpeg/12/CMakeFiles/gdcmjpeg12.dir/__/jdapimin.c.o
[INFO] [stderr]   [ 25%] Building CXX object Utilities/socketxx/socket++/CMakeFiles/socketxx.dir/fork.cpp.o
[INFO] [stderr]   [ 25%] Building C object Utilities/gdcmjpeg/16/CMakeFiles/gdcmjpeg16.dir/__/jdmainct.c.o
[INFO] [stderr]   [ 26%] Building C object Utilities/gdcmjpeg/8/CMakeFiles/gdcmjpeg8.dir/__/jdinput.c.o
[INFO] [stderr]   [ 26%] Building C object Utilities/gdcmjpeg/12/CMakeFiles/gdcmjpeg12.dir/__/jdapistd.c.o
[INFO] [stderr]   [ 26%] Building CXX object Source/Common/CMakeFiles/gdcmCommon.dir/gdcmBoxRegion.cxx.o
[INFO] [stderr]   [ 26%] Building C object Utilities/gdcmopenjpeg/src/lib/openjp2/CMakeFiles/gdcmopenjp2.dir/t1.c.o
[INFO] [stderr]   [ 27%] Building C object Utilities/gdcmjpeg/16/CMakeFiles/gdcmjpeg16.dir/__/jdcoefct.c.o
[INFO] [stderr]   [ 27%] Building C object Utilities/gdcmjpeg/8/CMakeFiles/gdcmjpeg8.dir/__/jdmarker.c.o
[INFO] [stderr]   [ 27%] Building C object Utilities/gdcmjpeg/12/CMakeFiles/gdcmjpeg12.dir/__/jdtrans.c.o
[INFO] [stderr]   [ 27%] Building C object Utilities/gdcmjpeg/8/CMakeFiles/gdcmjpeg8.dir/__/jdhuff.c.o
[INFO] [stderr]   [ 27%] Building C object Utilities/gdcmjpeg/16/CMakeFiles/gdcmjpeg16.dir/__/jdpostct.c.o
[INFO] [stderr]   [ 27%] Building CXX object Source/Common/CMakeFiles/gdcmCommon.dir/gdcmEvent.cxx.o
[INFO] [stderr]   [ 27%] Building C object Utilities/gdcmjpeg/8/CMakeFiles/gdcmjpeg8.dir/__/jdphuff.c.o
[INFO] [stderr]   [ 28%] Building C object Utilities/gdcmjpeg/12/CMakeFiles/gdcmjpeg12.dir/__/jdmaster.c.o
[INFO] [stderr]   [ 28%] Building C object Utilities/gdcmjpeg/12/CMakeFiles/gdcmjpeg12.dir/__/jdinput.c.o
[INFO] [stderr]   [ 28%] Building C object Utilities/gdcmjpeg/16/CMakeFiles/gdcmjpeg16.dir/__/jddctmgr.c.o
[INFO] [stderr]   [ 28%] Building C object Utilities/gdcmjpeg/8/CMakeFiles/gdcmjpeg8.dir/__/jdmainct.c.o
[INFO] [stderr]   [ 28%] Building C object Utilities/gdcmjpeg/16/CMakeFiles/gdcmjpeg16.dir/__/jidctfst.c.o
[INFO] [stderr]   [ 28%] Building C object Utilities/gdcmjpeg/16/CMakeFiles/gdcmjpeg16.dir/__/jidctflt.c.o
[INFO] [stderr]   [ 29%] Building C object Utilities/gdcmjpeg/8/CMakeFiles/gdcmjpeg8.dir/__/jdcoefct.c.o
[INFO] [stderr]   [ 29%] Building C object Utilities/gdcmjpeg/12/CMakeFiles/gdcmjpeg12.dir/__/jdmarker.c.o
[INFO] [stderr]   [ 29%] Building CXX object Utilities/socketxx/socket++/CMakeFiles/socketxx.dir/protocol.cpp.o
[INFO] [stderr]   [ 30%] Building C object Utilities/gdcmjpeg/16/CMakeFiles/gdcmjpeg16.dir/__/jidctint.c.o
[INFO] [stderr]   [ 30%] Building C object Utilities/gdcmjpeg/8/CMakeFiles/gdcmjpeg8.dir/__/jdpostct.c.o
[INFO] [stderr]   [ 30%] Building C object Utilities/gdcmjpeg/16/CMakeFiles/gdcmjpeg16.dir/__/jidctred.c.o
[INFO] [stderr]   [ 30%] Building C object Utilities/gdcmjpeg/8/CMakeFiles/gdcmjpeg8.dir/__/jddctmgr.c.o
[INFO] [stderr]   [ 30%] Building C object Utilities/gdcmjpeg/12/CMakeFiles/gdcmjpeg12.dir/__/jdhuff.c.o
[INFO] [stderr]   [ 30%] Building C object Utilities/gdcmjpeg/16/CMakeFiles/gdcmjpeg16.dir/__/jdsample.c.o
[INFO] [stderr]   [ 30%] Building C object Utilities/gdcmjpeg/12/CMakeFiles/gdcmjpeg12.dir/__/jdphuff.c.o
[INFO] [stderr]   [ 30%] Building C object Utilities/gdcmjpeg/16/CMakeFiles/gdcmjpeg16.dir/__/jdcolor.c.o
[INFO] [stderr]   [ 30%] Building C object Utilities/gdcmjpeg/8/CMakeFiles/gdcmjpeg8.dir/__/jidctfst.c.o
[INFO] [stderr]   [ 30%] Building C object Utilities/gdcmjpeg/16/CMakeFiles/gdcmjpeg16.dir/__/jquant1.c.o
[INFO] [stderr]   [ 30%] Building CXX object Source/Common/CMakeFiles/gdcmCommon.dir/gdcmDataEvent.cxx.o
[INFO] [stderr]   [ 30%] Building C object Utilities/gdcmopenjpeg/src/lib/openjp2/CMakeFiles/gdcmopenjp2.dir/t2.c.o
[INFO] [stderr]   [ 30%] Building C object Utilities/gdcmjpeg/8/CMakeFiles/gdcmjpeg8.dir/__/jidctflt.c.o
[INFO] [stderr]   [ 31%] Building CXX object Source/Common/CMakeFiles/gdcmCommon.dir/gdcmProgressEvent.cxx.o
[INFO] [stderr]   [ 31%] Building C object Utilities/gdcmjpeg/12/CMakeFiles/gdcmjpeg12.dir/__/jdmainct.c.o
[INFO] [stderr]   [ 32%] Building C object Utilities/gdcmjpeg/16/CMakeFiles/gdcmjpeg16.dir/__/jquant2.c.o
[INFO] [stderr]   [ 32%] Building C object Utilities/gdcmjpeg/8/CMakeFiles/gdcmjpeg8.dir/__/jidctint.c.o
[INFO] [stderr]   [ 33%] Building C object Utilities/gdcmjpeg/8/CMakeFiles/gdcmjpeg8.dir/__/jidctred.c.o
[INFO] [stderr]   [ 34%] Building C object Utilities/gdcmjpeg/16/CMakeFiles/gdcmjpeg16.dir/__/jdmerge.c.o
[INFO] [stderr]   [ 34%] Building C object Utilities/gdcmjpeg/12/CMakeFiles/gdcmjpeg12.dir/__/jdcoefct.c.o
[INFO] [stderr]   [ 34%] Building C object Utilities/gdcmopenjpeg/src/lib/openjp2/CMakeFiles/gdcmopenjp2.dir/tcd.c.o
[INFO] [stderr]   [ 34%] Building C object Utilities/gdcmjpeg/8/CMakeFiles/gdcmjpeg8.dir/__/jdsample.c.o
[INFO] [stderr]   [ 34%] Building CXX object Utilities/socketxx/socket++/CMakeFiles/socketxx.dir/echo.cpp.o
[INFO] [stderr]   [ 34%] Building C object Utilities/gdcmjpeg/16/CMakeFiles/gdcmjpeg16.dir/__/jdatasrc.c.o
[INFO] [stderr]   [ 34%] Building C object Utilities/gdcmjpeg/8/CMakeFiles/gdcmjpeg8.dir/__/jdcolor.c.o
[INFO] [stderr]   [ 34%] Building C object Utilities/gdcmjpeg/12/CMakeFiles/gdcmjpeg12.dir/__/jdpostct.c.o
[INFO] [stderr]   [ 34%] Building C object Utilities/gdcmjpeg/16/CMakeFiles/gdcmjpeg16.dir/__/jfdctint.c.o
[INFO] [stderr]   [ 34%] Building C object Utilities/gdcmjpeg/12/CMakeFiles/gdcmjpeg12.dir/__/jddctmgr.c.o
[INFO] [stderr]   [ 34%] Building C object Utilities/gdcmjpeg/16/CMakeFiles/gdcmjpeg16.dir/__/jclossy.c.o
[INFO] [stderr]   [ 34%] Building C object Utilities/gdcmjpeg/8/CMakeFiles/gdcmjpeg8.dir/__/jquant1.c.o
[INFO] [stderr]   [ 34%] Building C object Utilities/gdcmjpeg/12/CMakeFiles/gdcmjpeg12.dir/__/jidctfst.c.o
[INFO] [stderr]   [ 34%] Building CXX object Utilities/gdcmcharls/CMakeFiles/gdcmcharls.dir/jpegstreamwriter.cpp.o
[INFO] [stderr]   [ 34%] Building C object Utilities/gdcmjpeg/12/CMakeFiles/gdcmjpeg12.dir/__/jidctflt.c.o
[INFO] [stderr]   [ 34%] Building C object Utilities/gdcmjpeg/8/CMakeFiles/gdcmjpeg8.dir/__/jquant2.c.o
[INFO] [stderr]   [ 35%] Building C object Utilities/gdcmopenjpeg/src/lib/openjp2/CMakeFiles/gdcmopenjp2.dir/tgt.c.o
[INFO] [stderr]   [ 35%] Building C object Utilities/gdcmjpeg/16/CMakeFiles/gdcmjpeg16.dir/__/jclossls.c.o
[INFO] [stderr]   [ 36%] Building C object Utilities/gdcmjpeg/16/CMakeFiles/gdcmjpeg16.dir/__/jcodec.c.o
[INFO] [stderr]   [ 37%] Building C object Utilities/gdcmjpeg/12/CMakeFiles/gdcmjpeg12.dir/__/jidctint.c.o
[INFO] [stderr]   [ 37%] Building C object Utilities/gdcmopenjpeg/src/lib/openjp2/CMakeFiles/gdcmopenjp2.dir/function_list.c.o
[INFO] [stderr]   [ 37%] Building C object Utilities/gdcmjpeg/16/CMakeFiles/gdcmjpeg16.dir/__/jcscale.c.o
[INFO] [stderr]   [ 37%] Building C object Utilities/gdcmjpeg/12/CMakeFiles/gdcmjpeg12.dir/__/jidctred.c.o
[INFO] [stderr]   [ 38%] Building C object Utilities/gdcmjpeg/8/CMakeFiles/gdcmjpeg8.dir/__/jdmerge.c.o
[INFO] [stderr]   [ 38%] Building C object Utilities/gdcmjpeg/16/CMakeFiles/gdcmjpeg16.dir/__/jcshuff.c.o
[INFO] [stderr]   [ 38%] Building CXX object Source/Common/CMakeFiles/gdcmCommon.dir/gdcmFileNameEvent.cxx.o
[INFO] [stderr]   [ 38%] Building C object Utilities/gdcmjpeg/12/CMakeFiles/gdcmjpeg12.dir/__/jdsample.c.o
[INFO] [stderr]   [ 38%] Building C object Utilities/gdcmopenjpeg/src/lib/openjp2/CMakeFiles/gdcmopenjp2.dir/opj_malloc.c.o
[INFO] [stderr]   [ 38%] Building C object Utilities/gdcmjpeg/8/CMakeFiles/gdcmjpeg8.dir/__/jdatasrc.c.o
[INFO] [stderr]   [ 38%] Building C object Utilities/gdcmjpeg/16/CMakeFiles/gdcmjpeg16.dir/__/jclhuff.c.o
[INFO] [stderr]   [ 38%] Building C object Utilities/gdcmjpeg/12/CMakeFiles/gdcmjpeg12.dir/__/jdcolor.c.o
[INFO] [stderr]   [ 38%] Building C object Utilities/gdcmjpeg/12/CMakeFiles/gdcmjpeg12.dir/__/jquant1.c.o
[INFO] [stderr]   [ 38%] Building C object Utilities/gdcmopenjpeg/src/lib/openjp2/CMakeFiles/gdcmopenjp2.dir/sparse_array.c.o
[INFO] [stderr]   [ 38%] Building C object Utilities/gdcmjpeg/8/CMakeFiles/gdcmjpeg8.dir/__/jfdctint.c.o
[INFO] [stderr]   [ 38%] Building C object Utilities/gdcmjpeg/16/CMakeFiles/gdcmjpeg16.dir/__/jcpred.c.o
[INFO] [stderr]   [ 38%] Building CXX object Source/Common/CMakeFiles/gdcmCommon.dir/gdcmCommand.cxx.o
[INFO] [stderr]   [ 38%] Building C object Utilities/gdcmjpeg/8/CMakeFiles/gdcmjpeg8.dir/__/jclossy.c.o
[INFO] [stderr]   [ 39%] Building C object Utilities/gdcmjpeg/16/CMakeFiles/gdcmjpeg16.dir/__/jcdiffct.c.o
[INFO] [stderr]   [ 40%] Linking CXX static library ../../bin/libgdcmcharls.a
[INFO] [stderr]   [ 41%] Building C object Utilities/gdcmjpeg/12/CMakeFiles/gdcmjpeg12.dir/__/jquant2.c.o
[INFO] [stderr]   [ 41%] Building C object Utilities/gdcmjpeg/8/CMakeFiles/gdcmjpeg8.dir/__/jclossls.c.o
[INFO] [stderr]   [ 42%] Building C object Utilities/gdcmjpeg/8/CMakeFiles/gdcmjpeg8.dir/__/jcodec.c.o
[INFO] [stderr]   [ 42%] Building C object Utilities/gdcmjpeg/12/CMakeFiles/gdcmjpeg12.dir/__/jdmerge.c.o
[INFO] [stderr]   [ 42%] Building C object Utilities/gdcmjpeg/8/CMakeFiles/gdcmjpeg8.dir/__/jcscale.c.o
[INFO] [stderr]   [ 42%] Built target gdcmcharls
[INFO] [stderr]   [ 42%] Building C object Utilities/gdcmjpeg/16/CMakeFiles/gdcmjpeg16.dir/__/jdlossls.c.o
[INFO] [stderr]   [ 42%] Building C object Utilities/gdcmjpeg/12/CMakeFiles/gdcmjpeg12.dir/__/jfdctint.c.o
[INFO] [stderr]   [ 42%] Linking C static library ../../../../../bin/libgdcmopenjp2.a
[INFO] [stderr]   [ 42%] Building C object Utilities/gdcmjpeg/12/CMakeFiles/gdcmjpeg12.dir/__/jdatasrc.c.o
[INFO] [stderr]   [ 42%] Building C object Utilities/gdcmjpeg/8/CMakeFiles/gdcmjpeg8.dir/__/jcshuff.c.o
[INFO] [stderr]   [ 42%] Building C object Utilities/gdcmjpeg/8/CMakeFiles/gdcmjpeg8.dir/__/jclhuff.c.o
[INFO] [stderr]   [ 42%] Building C object Utilities/gdcmjpeg/16/CMakeFiles/gdcmjpeg16.dir/__/jdlossy.c.o
[INFO] [stderr]   [ 42%] Building C object Utilities/gdcmjpeg/16/CMakeFiles/gdcmjpeg16.dir/__/jdlhuff.c.o
[INFO] [stderr]   [ 42%] Building CXX object Source/Common/CMakeFiles/gdcmCommon.dir/gdcmMD5.cxx.o
[INFO] [stderr]   [ 42%] Built target gdcmopenjp2
[INFO] [stderr]   [ 42%] Building C object Utilities/gdcmjpeg/12/CMakeFiles/gdcmjpeg12.dir/__/jclossy.c.o
[INFO] [stderr]   [ 42%] Building C object Utilities/gdcmjpeg/16/CMakeFiles/gdcmjpeg16.dir/__/jddiffct.c.o
[INFO] [stderr]   [ 43%] Building C object Utilities/gdcmjpeg/12/CMakeFiles/gdcmjpeg12.dir/__/jclossls.c.o
[INFO] [stderr]   [ 44%] Building C object Utilities/gdcmjpeg/16/CMakeFiles/gdcmjpeg16.dir/__/jdpred.c.o
[INFO] [stderr]   [ 44%] Building CXX object Source/Common/CMakeFiles/gdcmCommon.dir/gdcmBase64.cxx.o
[INFO] [stderr]   [ 44%] Building C object Utilities/gdcmjpeg/8/CMakeFiles/gdcmjpeg8.dir/__/jcpred.c.o
[INFO] [stderr]   [ 44%] Building C object Utilities/gdcmjpeg/16/CMakeFiles/gdcmjpeg16.dir/__/jdscale.c.o
[INFO] [stderr]   [ 44%] Building C object Utilities/gdcmjpeg/12/CMakeFiles/gdcmjpeg12.dir/__/jcodec.c.o
[INFO] [stderr]   [ 45%] Building C object Utilities/gdcmjpeg/8/CMakeFiles/gdcmjpeg8.dir/__/jcdiffct.c.o
[INFO] [stderr]   [ 45%] Building C object Utilities/gdcmjpeg/12/CMakeFiles/gdcmjpeg12.dir/__/jcscale.c.o
[INFO] [stderr]   [ 45%] Building C object Utilities/gdcmjpeg/16/CMakeFiles/gdcmjpeg16.dir/__/jdshuff.c.o
[INFO] [stderr]   [ 45%] Building C object Utilities/gdcmjpeg/8/CMakeFiles/gdcmjpeg8.dir/__/jdlossls.c.o
[INFO] [stderr]   [ 45%] Building C object Utilities/gdcmjpeg/12/CMakeFiles/gdcmjpeg12.dir/__/jcshuff.c.o
[INFO] [stderr]   [ 46%] Building CXX object Source/Common/CMakeFiles/gdcmCommon.dir/gdcmSHA1.cxx.o
[INFO] [stderr]   [ 46%] Building C object Utilities/gdcmjpeg/12/CMakeFiles/gdcmjpeg12.dir/__/jclhuff.c.o
[INFO] [stderr]   [ 46%] Building CXX object Source/Common/CMakeFiles/gdcmCommon.dir/gdcmDummyValueGenerator.cxx.o
[INFO] [stderr]   [ 46%] Building C object Utilities/gdcmjpeg/8/CMakeFiles/gdcmjpeg8.dir/__/jdlossy.c.o
[INFO] [stderr]   [ 46%] Linking C static library ../../../bin/libgdcmjpeg16.a
[INFO] [stderr]   [ 46%] Building C object Utilities/gdcmjpeg/8/CMakeFiles/gdcmjpeg8.dir/__/jdlhuff.c.o
[INFO] [stderr]   [ 47%] Building C object Utilities/gdcmjpeg/12/CMakeFiles/gdcmjpeg12.dir/__/jcpred.c.o
[INFO] [stderr]   [ 47%] Built target gdcmjpeg16
[INFO] [stderr]   [ 47%] Building C object Utilities/gdcmjpeg/8/CMakeFiles/gdcmjpeg8.dir/__/jddiffct.c.o
[INFO] [stderr]   [ 48%] Building C object Utilities/gdcmjpeg/8/CMakeFiles/gdcmjpeg8.dir/__/jdpred.c.o
[INFO] [stderr]   [ 48%] Building CXX object Source/Common/CMakeFiles/gdcmCommon.dir/gdcmCryptographicMessageSyntax.cxx.o
[INFO] [stderr]   [ 48%] Building C object Utilities/gdcmjpeg/8/CMakeFiles/gdcmjpeg8.dir/__/jdscale.c.o
[INFO] [stderr]   [ 48%] Building C object Utilities/gdcmjpeg/12/CMakeFiles/gdcmjpeg12.dir/__/jcdiffct.c.o
[INFO] [stderr]   [ 48%] Building C object Utilities/gdcmjpeg/8/CMakeFiles/gdcmjpeg8.dir/__/jdshuff.c.o
[INFO] [stderr]   [ 48%] Building C object Utilities/gdcmjpeg/12/CMakeFiles/gdcmjpeg12.dir/__/jdlossy.c.o
[INFO] [stderr]   [ 48%] Building C object Utilities/gdcmjpeg/12/CMakeFiles/gdcmjpeg12.dir/__/jdlossls.c.o
[INFO] [stderr]   [ 48%] Building C object Utilities/gdcmjpeg/12/CMakeFiles/gdcmjpeg12.dir/__/jdlhuff.c.o
[INFO] [stderr]   [ 49%] Linking CXX static library ../../../bin/libsocketxx.a
[INFO] [stderr]   [ 49%] Building CXX object Source/Common/CMakeFiles/gdcmCommon.dir/gdcmCryptoFactory.cxx.o
[INFO] [stderr]   [ 49%] Building C object Utilities/gdcmjpeg/12/CMakeFiles/gdcmjpeg12.dir/__/jddiffct.c.o
[INFO] [stderr]   [ 49%] Building CXX object Source/Common/CMakeFiles/gdcmCommon.dir/gdcmASN1.cxx.o
[INFO] [stderr]   [ 50%] Building CXX object Source/Common/CMakeFiles/gdcmCommon.dir/gdcmObject.cxx.o
[INFO] [stderr]   [ 51%] Building C object Utilities/gdcmjpeg/12/CMakeFiles/gdcmjpeg12.dir/__/jdpred.c.o
[INFO] [stderr]   [ 51%] Built target socketxx
[INFO] [stderr]   [ 51%] Building C object Utilities/gdcmjpeg/12/CMakeFiles/gdcmjpeg12.dir/__/jdscale.c.o
[INFO] [stderr]   [ 51%] Building C object Utilities/gdcmjpeg/12/CMakeFiles/gdcmjpeg12.dir/__/jdshuff.c.o
[INFO] [stderr]   [ 51%] Linking C static library ../../../bin/libgdcmjpeg8.a
[INFO] [stderr]   [ 51%] Building CXX object Source/Common/CMakeFiles/gdcmCommon.dir/gdcmSubject.cxx.o
[INFO] [stderr]   [ 51%] Linking C static library ../../../bin/libgdcmjpeg12.a
[INFO] [stderr]   [ 51%] Built target gdcmjpeg8
[INFO] [stderr]   [ 51%] Building CXX object Source/Common/CMakeFiles/gdcmCommon.dir/gdcmDirectory.cxx.o
[INFO] [stderr]   [ 51%] Built target gdcmjpeg12
[INFO] [stderr]   [ 51%] Building CXX object Source/Common/CMakeFiles/gdcmCommon.dir/gdcmTerminal.cxx.o
[INFO] [stderr]   [ 52%] Building CXX object Source/Common/CMakeFiles/gdcmCommon.dir/gdcmFilename.cxx.o
[INFO] [stderr]   [ 52%] Building CXX object Source/Common/CMakeFiles/gdcmCommon.dir/gdcmString.cxx.o
[INFO] [stderr]   [ 52%] Building CXX object Source/Common/CMakeFiles/gdcmCommon.dir/gdcmFilenameGenerator.cxx.o
[INFO] [stderr]   [ 52%] Building CXX object Source/Common/CMakeFiles/gdcmCommon.dir/gdcmSwapCode.cxx.o
[INFO] [stderr]   [ 52%] Building CXX object Source/Common/CMakeFiles/gdcmCommon.dir/gdcmSystem.cxx.o
[INFO] [stderr]   [ 52%] Building CXX object Source/Common/CMakeFiles/gdcmCommon.dir/gdcmTrace.cxx.o
[INFO] [stderr]   [ 53%] Building CXX object Source/Common/CMakeFiles/gdcmCommon.dir/gdcmException.cxx.o
[INFO] [stderr]   [ 53%] Building CXX object Source/Common/CMakeFiles/gdcmCommon.dir/gdcmDeflateStream.cxx.o
[INFO] [stderr]   [ 53%] Building CXX object Source/Common/CMakeFiles/gdcmCommon.dir/gdcmByteSwap.cxx.o
[INFO] [stderr]   [ 53%] Building CXX object Source/Common/CMakeFiles/gdcmCommon.dir/gdcmUnpacker12Bits.cxx.o
[INFO] [stderr]   [ 53%] Linking CXX static library ../../bin/libgdcmCommon.a
[INFO] [stderr]   [ 53%] Built target gdcmCommon
[INFO] [stderr]   [ 54%] Building CXX object Source/DataStructureAndEncodingDefinition/CMakeFiles/gdcmDSED.dir/gdcmByteValue.cxx.o
[INFO] [stderr]   [ 54%] Building CXX object Source/DataStructureAndEncodingDefinition/CMakeFiles/gdcmDSED.dir/gdcmDataElement.cxx.o
[INFO] [stderr]   [ 54%] Building CXX object Source/DataStructureAndEncodingDefinition/CMakeFiles/gdcmDSED.dir/gdcmDataSet.cxx.o
[INFO] [stderr]   [ 54%] Building CXX object Source/DataStructureAndEncodingDefinition/CMakeFiles/gdcmDSED.dir/gdcmExplicitDataElement.cxx.o
[INFO] [stderr]   [ 55%] Building CXX object Source/DataStructureAndEncodingDefinition/CMakeFiles/gdcmDSED.dir/gdcmFileMetaInformation.cxx.o
[INFO] [stderr]   [ 55%] Building CXX object Source/DataStructureAndEncodingDefinition/CMakeFiles/gdcmDSED.dir/gdcmFragment.cxx.o
[INFO] [stderr]   [ 55%] Building CXX object Source/DataStructureAndEncodingDefinition/CMakeFiles/gdcmDSED.dir/gdcmImplicitDataElement.cxx.o
[INFO] [stderr]   [ 55%] Building CXX object Source/DataStructureAndEncodingDefinition/CMakeFiles/gdcmDSED.dir/gdcmFile.cxx.o
[INFO] [stderr]   [ 55%] Building CXX object Source/DataStructureAndEncodingDefinition/CMakeFiles/gdcmDSED.dir/gdcmItem.cxx.o
[INFO] [stderr]   [ 55%] Building CXX object Source/DataStructureAndEncodingDefinition/CMakeFiles/gdcmDSED.dir/gdcmMediaStorage.cxx.o
[INFO] [stderr]   [ 56%] Building CXX object Source/DataStructureAndEncodingDefinition/CMakeFiles/gdcmDSED.dir/gdcmPrivateTag.cxx.o
[INFO] [stderr]   [ 56%] Building CXX object Source/DataStructureAndEncodingDefinition/CMakeFiles/gdcmDSED.dir/gdcmReader.cxx.o
[INFO] [stderr]   [ 56%] Building CXX object Source/DataStructureAndEncodingDefinition/CMakeFiles/gdcmDSED.dir/gdcmSequenceOfFragments.cxx.o
[INFO] [stderr]   [ 56%] Building CXX object Source/DataStructureAndEncodingDefinition/CMakeFiles/gdcmDSED.dir/gdcmSequenceOfItems.cxx.o
[INFO] [stderr]   [ 56%] Building CXX object Source/DataStructureAndEncodingDefinition/CMakeFiles/gdcmDSED.dir/gdcmValue.cxx.o
[INFO] [stderr]   [ 57%] Building CXX object Source/DataStructureAndEncodingDefinition/CMakeFiles/gdcmDSED.dir/gdcmTag.cxx.o
[INFO] [stderr]   [ 57%] Building CXX object Source/DataStructureAndEncodingDefinition/CMakeFiles/gdcmDSED.dir/gdcmReader.strict.cxx.o
[INFO] [stderr]   [ 57%] Building CXX object Source/DataStructureAndEncodingDefinition/CMakeFiles/gdcmDSED.dir/gdcmTagToVR.cxx.o
[INFO] [stderr]   [ 57%] Building CXX object Source/DataStructureAndEncodingDefinition/CMakeFiles/gdcmDSED.dir/gdcmCodeString.cxx.o
[INFO] [stderr]   [ 57%] Building CXX object Source/DataStructureAndEncodingDefinition/CMakeFiles/gdcmDSED.dir/gdcmFileSet.cxx.o
[INFO] [stderr]   [ 57%] Building CXX object Source/DataStructureAndEncodingDefinition/CMakeFiles/gdcmDSED.dir/gdcmByteSwapFilter.cxx.o
[INFO] [stderr]   [ 58%] Building CXX object Source/DataStructureAndEncodingDefinition/CMakeFiles/gdcmDSED.dir/gdcmUNExplicitImplicitDataElement.cxx.o
[INFO] [stderr]   [ 58%] Building CXX object Source/DataStructureAndEncodingDefinition/CMakeFiles/gdcmDSED.dir/gdcmWriter.cxx.o
[INFO] [stderr]   [ 58%] Building CXX object Source/DataStructureAndEncodingDefinition/CMakeFiles/gdcmDSED.dir/gdcmCSAHeader.cxx.o
[INFO] [stderr]   [ 58%] Building CXX object Source/DataStructureAndEncodingDefinition/CMakeFiles/gdcmDSED.dir/gdcmMrProtocol.cxx.o
[INFO] [stderr]   [ 58%] Building CXX object Source/DataStructureAndEncodingDefinition/CMakeFiles/gdcmDSED.dir/gdcmPDBHeader.cxx.o
[INFO] [stderr]   [ 59%] Building CXX object Source/DataStructureAndEncodingDefinition/CMakeFiles/gdcmDSED.dir/gdcmTransferSyntax.cxx.o
[INFO] [stderr]   [ 59%] Building CXX object Source/DataStructureAndEncodingDefinition/CMakeFiles/gdcmDSED.dir/gdcmVM.cxx.o
[INFO] [stderr]   [ 59%] Building CXX object Source/DataStructureAndEncodingDefinition/CMakeFiles/gdcmDSED.dir/gdcmPreamble.cxx.o
[INFO] [stderr]   [ 59%] Building CXX object Source/DataStructureAndEncodingDefinition/CMakeFiles/gdcmDSED.dir/gdcmVR.cxx.o
[INFO] [stderr]   [ 59%] Building CXX object Source/DataStructureAndEncodingDefinition/CMakeFiles/gdcmDSED.dir/gdcmParseException.cxx.o
[INFO] [stderr]   [ 60%] Building CXX object Source/DataStructureAndEncodingDefinition/CMakeFiles/gdcmDSED.dir/gdcmUNExplicitDataElement.cxx.o
[INFO] [stderr]   [ 60%] Building CXX object Source/DataStructureAndEncodingDefinition/CMakeFiles/gdcmDSED.dir/gdcmCP246ExplicitDataElement.cxx.o
[INFO] [stderr]   [ 60%] Building CXX object Source/DataStructureAndEncodingDefinition/CMakeFiles/gdcmDSED.dir/gdcmExplicitImplicitDataElement.cxx.o
[INFO] [stderr]   [ 60%] Building CXX object Source/DataStructureAndEncodingDefinition/CMakeFiles/gdcmDSED.dir/gdcmVR16ExplicitDataElement.cxx.o
[INFO] [stderr]   [ 60%] Building CXX object Source/DataStructureAndEncodingDefinition/CMakeFiles/gdcmDSED.dir/strict_gdcmByteValue.cxx.o
[INFO] [stderr]   [ 61%] Building CXX object Source/DataStructureAndEncodingDefinition/CMakeFiles/gdcmDSED.dir/strict_gdcmDataElement.cxx.o
[INFO] [stderr]   [ 61%] Building CXX object Source/DataStructureAndEncodingDefinition/CMakeFiles/gdcmDSED.dir/strict_gdcmDataSet.cxx.o
[INFO] [stderr]   [ 61%] Building CXX object Source/DataStructureAndEncodingDefinition/CMakeFiles/gdcmDSED.dir/strict_gdcmExplicitDataElement.cxx.o
[INFO] [stderr]   [ 61%] Building CXX object Source/DataStructureAndEncodingDefinition/CMakeFiles/gdcmDSED.dir/strict_gdcmFile.cxx.o
[INFO] [stderr]   [ 61%] Building CXX object Source/DataStructureAndEncodingDefinition/CMakeFiles/gdcmDSED.dir/strict_gdcmFileMetaInformation.cxx.o
[INFO] [stderr]   [ 61%] Building CXX object Source/DataStructureAndEncodingDefinition/CMakeFiles/gdcmDSED.dir/strict_gdcmFragment.cxx.o
[INFO] [stderr]   [ 62%] Building CXX object Source/DataStructureAndEncodingDefinition/CMakeFiles/gdcmDSED.dir/strict_gdcmImplicitDataElement.cxx.o
[INFO] [stderr]   [ 62%] Building CXX object Source/DataStructureAndEncodingDefinition/CMakeFiles/gdcmDSED.dir/strict_gdcmItem.cxx.o
[INFO] [stderr]   [ 62%] Building CXX object Source/DataStructureAndEncodingDefinition/CMakeFiles/gdcmDSED.dir/strict_gdcmMediaStorage.cxx.o
[INFO] [stderr]   [ 62%] Building CXX object Source/DataStructureAndEncodingDefinition/CMakeFiles/gdcmDSED.dir/strict_gdcmPrivateTag.cxx.o
[INFO] [stderr]   [ 62%] Building CXX object Source/DataStructureAndEncodingDefinition/CMakeFiles/gdcmDSED.dir/strict_gdcmReader.cxx.o
[INFO] [stderr]   [ 63%] Building CXX object Source/DataStructureAndEncodingDefinition/CMakeFiles/gdcmDSED.dir/strict_gdcmSequenceOfFragments.cxx.o
[INFO] [stderr]   [ 63%] Building CXX object Source/DataStructureAndEncodingDefinition/CMakeFiles/gdcmDSED.dir/strict_gdcmSequenceOfItems.cxx.o
[INFO] [stderr]   [ 63%] Building CXX object Source/DataStructureAndEncodingDefinition/CMakeFiles/gdcmDSED.dir/strict_gdcmValue.cxx.o
[INFO] [stderr]   [ 63%] Linking CXX static library ../../bin/libgdcmDSED.a
[INFO] [stderr]   [ 63%] Built target gdcmDSED
[INFO] [stderr]   [ 63%] Building CXX object Source/InformationObjectDefinition/CMakeFiles/gdcmIOD.dir/gdcmModule.cxx.o
[INFO] [stderr]   [ 63%] Building CXX object Source/InformationObjectDefinition/CMakeFiles/gdcmIOD.dir/gdcmMacros.cxx.o
[INFO] [stderr]   [ 63%] Building CXX object Source/InformationObjectDefinition/CMakeFiles/gdcmIOD.dir/gdcmTable.cxx.o
[INFO] [stderr]   [ 64%] Building CXX object Source/InformationObjectDefinition/CMakeFiles/gdcmIOD.dir/gdcmTableReader.cxx.o
[INFO] [stderr]   [ 65%] Building CXX object Source/InformationObjectDefinition/CMakeFiles/gdcmIOD.dir/gdcmMacro.cxx.o
[INFO] [stderr]   [ 65%] Building CXX object Source/InformationObjectDefinition/CMakeFiles/gdcmIOD.dir/gdcmNestedModuleEntries.cxx.o
[INFO] [stderr]   [ 65%] Building CXX object Source/InformationObjectDefinition/CMakeFiles/gdcmIOD.dir/gdcmIODEntry.cxx.o
[INFO] [stderr]   [ 65%] Building CXX object Source/InformationObjectDefinition/CMakeFiles/gdcmIOD.dir/gdcmModules.cxx.o
[INFO] [stderr]   [ 65%] Building CXX object Source/InformationObjectDefinition/CMakeFiles/gdcmIOD.dir/gdcmSeries.cxx.o
[INFO] [stderr]   [ 65%] Building CXX object Source/InformationObjectDefinition/CMakeFiles/gdcmIOD.dir/gdcmDefs.cxx.o
[INFO] [stderr]   [ 65%] Building CXX object Source/InformationObjectDefinition/CMakeFiles/gdcmIOD.dir/gdcmDefinedTerms.cxx.o
[INFO] [stderr]   [ 66%] Building CXX object Source/InformationObjectDefinition/CMakeFiles/gdcmIOD.dir/gdcmEnumeratedValues.cxx.o
[INFO] [stderr]   [ 66%] Building CXX object Source/InformationObjectDefinition/CMakeFiles/gdcmIOD.dir/gdcmStudy.cxx.o
[INFO] [stderr]   [ 66%] Building CXX object Source/InformationObjectDefinition/CMakeFiles/gdcmIOD.dir/gdcmPatient.cxx.o
[INFO] [stderr]   [ 66%] Building CXX object Source/InformationObjectDefinition/CMakeFiles/gdcmIOD.dir/gdcmType.cxx.o
[INFO] [stderr]   [ 66%] Building CXX object Source/InformationObjectDefinition/CMakeFiles/gdcmIOD.dir/gdcmUsage.cxx.o
[INFO] [stderr]   [ 66%] Building CXX object Source/InformationObjectDefinition/CMakeFiles/gdcmIOD.dir/gdcmIOD.cxx.o
[INFO] [stderr]   [ 67%] Linking CXX static library ../../bin/libgdcmIOD.a
[INFO] [stderr]   [ 67%] Built target gdcmIOD
[INFO] [stderr]   [ 67%] Building CXX object Source/DataDictionary/CMakeFiles/gdcmDICT.dir/gdcmDefaultDicts.cxx.o
[INFO] [stderr]   [ 68%] Building CXX object Source/DataDictionary/CMakeFiles/gdcmDICT.dir/gdcmDictEntry.cxx.o
[INFO] [stderr]   [ 68%] Building CXX object Source/DataDictionary/CMakeFiles/gdcmDICT.dir/gdcmGlobal.cxx.o
[INFO] [stderr]   [ 68%] Building CXX object Source/DataDictionary/CMakeFiles/gdcmDICT.dir/gdcmPrivateDefaultDicts.cxx.o
[INFO] [stderr]   [ 68%] Building CXX object Source/DataDictionary/CMakeFiles/gdcmDICT.dir/gdcmUIDs.cxx.o
[INFO] [stderr]   [ 68%] Building CXX object Source/DataDictionary/CMakeFiles/gdcmDICT.dir/gdcmGroupDict.cxx.o
[INFO] [stderr]   [ 69%] Building CXX object Source/DataDictionary/CMakeFiles/gdcmDICT.dir/gdcmDefaultGroupNames.cxx.o
[INFO] [stderr]   [ 69%] Building CXX object Source/DataDictionary/CMakeFiles/gdcmDICT.dir/gdcmDicts.cxx.o
[INFO] [stderr]   [ 69%] Building CXX object Source/DataDictionary/CMakeFiles/gdcmDICT.dir/gdcmSOPClassUIDToIOD.cxx.o
[INFO] [stderr]   [ 69%] Building CXX object Source/DataDictionary/CMakeFiles/gdcmDICT.dir/gdcmCSAHeaderDefaultDicts.cxx.o
[INFO] [stderr]   [ 69%] Linking CXX static library ../../bin/libgdcmDICT.a
[INFO] [stderr]   [ 69%] Built target gdcmDICT
[INFO] [stderr]   [ 69%] Building CXX object Source/MediaStorageAndFileFormat/CMakeFiles/gdcmMSFF.dir/gdcmEmptyMaskGenerator.cxx.o
[INFO] [stderr]   [ 69%] Building CXX object Source/MediaStorageAndFileFormat/CMakeFiles/gdcmMSFF.dir/gdcmIconImageFilter.cxx.o
[INFO] [stderr]   [ 69%] Building CXX object Source/MediaStorageAndFileFormat/CMakeFiles/gdcmMSFF.dir/gdcmFileChangeTransferSyntax.cxx.o
[INFO] [stderr]   [ 69%] Building CXX object Source/MediaStorageAndFileFormat/CMakeFiles/gdcmMSFF.dir/gdcmFileAnonymizer.cxx.o
[INFO] [stderr]   [ 70%] Building CXX object Source/MediaStorageAndFileFormat/CMakeFiles/gdcmMSFF.dir/gdcmJSON.cxx.o
[INFO] [stderr]   [ 70%] Building CXX object Source/MediaStorageAndFileFormat/CMakeFiles/gdcmMSFF.dir/gdcmFileStreamer.cxx.o
[INFO] [stderr]   [ 70%] Building CXX object Source/MediaStorageAndFileFormat/CMakeFiles/gdcmMSFF.dir/gdcmEquipmentManufacturer.cxx.o
[INFO] [stderr]   [ 70%] Building CXX object Source/MediaStorageAndFileFormat/CMakeFiles/gdcmMSFF.dir/gdcmAnonymizer.cxx.o
[INFO] [stderr]   [ 70%] Building CXX object Source/MediaStorageAndFileFormat/CMakeFiles/gdcmMSFF.dir/gdcmIconImageGenerator.cxx.o
[INFO] [stderr]   [ 71%] Building CXX object Source/MediaStorageAndFileFormat/CMakeFiles/gdcmMSFF.dir/gdcmDICOMDIRGenerator.cxx.o
[INFO] [stderr]   [ 71%] Building CXX object Source/MediaStorageAndFileFormat/CMakeFiles/gdcmMSFF.dir/gdcmSpacing.cxx.o
[INFO] [stderr]   [ 71%] Building CXX object Source/MediaStorageAndFileFormat/CMakeFiles/gdcmMSFF.dir/gdcmFileExplicitFilter.cxx.o
[INFO] [stderr]   [ 71%] Building CXX object Source/MediaStorageAndFileFormat/CMakeFiles/gdcmMSFF.dir/gdcmFileDerivation.cxx.o
[INFO] [stderr]   [ 71%] Building CXX object Source/MediaStorageAndFileFormat/CMakeFiles/gdcmMSFF.dir/gdcmImageFragmentSplitter.cxx.o
[INFO] [stderr]   [ 72%] Building CXX object Source/MediaStorageAndFileFormat/CMakeFiles/gdcmMSFF.dir/gdcmTagPath.cxx.o
[INFO] [stderr]   [ 72%] Building CXX object Source/MediaStorageAndFileFormat/CMakeFiles/gdcmMSFF.dir/gdcmSimpleSubjectWatcher.cxx.o
[INFO] [stderr]   [ 72%] Building CXX object Source/MediaStorageAndFileFormat/CMakeFiles/gdcmMSFF.dir/gdcmAnonymizeEvent.cxx.o
[INFO] [stderr]   [ 72%] Building CXX object Source/MediaStorageAndFileFormat/CMakeFiles/gdcmMSFF.dir/gdcmPixmap.cxx.o
[INFO] [stderr]   [ 72%] Building CXX object Source/MediaStorageAndFileFormat/CMakeFiles/gdcmMSFF.dir/gdcmBitmap.cxx.o
[INFO] [stderr]   [ 73%] Building CXX object Source/MediaStorageAndFileFormat/CMakeFiles/gdcmMSFF.dir/gdcmRescaler.cxx.o
[INFO] [stderr]   [ 73%] Building CXX object Source/MediaStorageAndFileFormat/CMakeFiles/gdcmMSFF.dir/gdcmImageToImageFilter.cxx.o
[INFO] [stderr]   [ 73%] Building CXX object Source/MediaStorageAndFileFormat/CMakeFiles/gdcmMSFF.dir/gdcmBitmapToBitmapFilter.cxx.o
[INFO] [stderr]   [ 73%] Building CXX object Source/MediaStorageAndFileFormat/CMakeFiles/gdcmMSFF.dir/gdcmPixmapToPixmapFilter.cxx.o
[INFO] [stderr]   [ 73%] Building CXX object Source/MediaStorageAndFileFormat/CMakeFiles/gdcmMSFF.dir/gdcmImageChangeTransferSyntax.cxx.o
[INFO] [stderr]   [ 74%] Building CXX object Source/MediaStorageAndFileFormat/CMakeFiles/gdcmMSFF.dir/gdcmImageApplyLookupTable.cxx.o
[INFO] [stderr]   [ 74%] Building CXX object Source/MediaStorageAndFileFormat/CMakeFiles/gdcmMSFF.dir/gdcmFileDecompressLookupTable.cxx.o
[INFO] [stderr]   [ 74%] Building CXX object Source/MediaStorageAndFileFormat/CMakeFiles/gdcmMSFF.dir/gdcmOrientation.cxx.o
[INFO] [stderr]   [ 74%] Building CXX object Source/MediaStorageAndFileFormat/CMakeFiles/gdcmMSFF.dir/gdcmDataSetHelper.cxx.o
[INFO] [stderr]   [ 75%] Building CXX object Source/MediaStorageAndFileFormat/CMakeFiles/gdcmMSFF.dir/gdcmImageChangePhotometricInterpretation.cxx.o
[INFO] [stderr]   [ 75%] Building CXX object Source/MediaStorageAndFileFormat/CMakeFiles/gdcmMSFF.dir/gdcmImageChangePlanarConfiguration.cxx.o
[INFO] [stderr]   [ 75%] Building CXX object Source/MediaStorageAndFileFormat/CMakeFiles/gdcmMSFF.dir/gdcmDirectionCosines.cxx.o
[INFO] [stderr]   [ 75%] Building CXX object Source/MediaStorageAndFileFormat/CMakeFiles/gdcmMSFF.dir/gdcmSorter.cxx.o
[INFO] [stderr]   [ 75%] Building CXX object Source/MediaStorageAndFileFormat/CMakeFiles/gdcmMSFF.dir/gdcmSerieHelper.cxx.o
[INFO] [stderr]   [ 75%] Building CXX object Source/MediaStorageAndFileFormat/CMakeFiles/gdcmMSFF.dir/gdcmIPPSorter.cxx.o
[INFO] [stderr]   [ 75%] Building CXX object Source/MediaStorageAndFileFormat/CMakeFiles/gdcmMSFF.dir/gdcmApplicationEntity.cxx.o
[INFO] [stderr]   [ 76%] Building CXX object Source/MediaStorageAndFileFormat/CMakeFiles/gdcmMSFF.dir/gdcmDICOMDIR.cxx.o
[INFO] [stderr]   [ 76%] Building CXX object Source/MediaStorageAndFileFormat/CMakeFiles/gdcmMSFF.dir/gdcmSpectroscopy.cxx.o
[INFO] [stderr]   [ 76%] Building CXX object Source/MediaStorageAndFileFormat/CMakeFiles/gdcmMSFF.dir/gdcmEncapsulatedDocument.cxx.o
[INFO] [stderr]   [ 76%] Building CXX object Source/MediaStorageAndFileFormat/CMakeFiles/gdcmMSFF.dir/gdcmSplitMosaicFilter.cxx.o
[INFO] [stderr]   [ 76%] Building CXX object Source/MediaStorageAndFileFormat/CMakeFiles/gdcmMSFF.dir/gdcmFiducials.cxx.o
[INFO] [stderr]   [ 77%] Building CXX object Source/MediaStorageAndFileFormat/CMakeFiles/gdcmMSFF.dir/gdcmWaveform.cxx.o
[INFO] [stderr]   [ 77%] Building CXX object Source/MediaStorageAndFileFormat/CMakeFiles/gdcmMSFF.dir/gdcmPersonName.cxx.o
[INFO] [stderr]   [ 77%] Building CXX object Source/MediaStorageAndFileFormat/CMakeFiles/gdcmMSFF.dir/gdcmIconImage.cxx.o
[INFO] [stderr]   [ 77%] Building CXX object Source/MediaStorageAndFileFormat/CMakeFiles/gdcmMSFF.dir/gdcmUIDGenerator.cxx.o
[INFO] [stderr]   [ 77%] Building CXX object Source/MediaStorageAndFileFormat/CMakeFiles/gdcmMSFF.dir/gdcmUUIDGenerator.cxx.o
[INFO] [stderr]   [ 78%] Building CXX object Source/MediaStorageAndFileFormat/CMakeFiles/gdcmMSFF.dir/gdcmPrinter.cxx.o
[INFO] [stderr]   [ 78%] Building CXX object Source/MediaStorageAndFileFormat/CMakeFiles/gdcmMSFF.dir/gdcmDictPrinter.cxx.o
[INFO] [stderr]   [ 78%] Building CXX object Source/MediaStorageAndFileFormat/CMakeFiles/gdcmMSFF.dir/gdcmXMLPrinter.cxx.o
[INFO] [stderr]   [ 78%] Building CXX object Source/MediaStorageAndFileFormat/CMakeFiles/gdcmMSFF.dir/gdcmScanner.cxx.o
[INFO] [stderr]   [ 79%] Building CXX object Source/MediaStorageAndFileFormat/CMakeFiles/gdcmMSFF.dir/gdcmPixmapReader.cxx.o
[INFO] [stderr]   [ 79%] Building CXX object Source/MediaStorageAndFileFormat/CMakeFiles/gdcmMSFF.dir/gdcmStrictScanner.cxx.o
[INFO] [stderr]   [ 79%] Building CXX object Source/MediaStorageAndFileFormat/CMakeFiles/gdcmMSFF.dir/gdcmImageReader.cxx.o
[INFO] [stderr]   [ 79%] Building CXX object Source/MediaStorageAndFileFormat/CMakeFiles/gdcmMSFF.dir/gdcmPixmapWriter.cxx.o
[INFO] [stderr]   [ 79%] Building CXX object Source/MediaStorageAndFileFormat/CMakeFiles/gdcmMSFF.dir/gdcmImageWriter.cxx.o
[INFO] [stderr] 
[INFO] [stderr]   --- stderr
[INFO] [stderr]   fatal: not a git repository (or any parent up to mount point /opt/rustwide)
[INFO] [stderr]   Stopping at filesystem boundary (GIT_DISCOVERY_ACROSS_FILESYSTEM not set).
[INFO] [stderr]   running: cd "/opt/rustwide/target/debug/build/gdcm_conv/ac39e4d94221a60d/out/build" && CMAKE_PREFIX_PATH="" LC_ALL="C" "cmake" "/opt/rustwide/cargo-home/registry/src/index.crates.io-1949cf8c6b5b557f/gdcm_conv-0.1.7/GDCM" "-B" "/opt/rustwide/target/debug/build/gdcm_conv/ac39e4d94221a60d/out/build" "-DGDCM_BUILD_TESTING=OFF" "-DGDCM_DOCUMENTATION=OFF" "-DGDCM_BUILD_EXAMPLES=OFF" "-DGDCM_BUILD_DOCBOOK_MANPAGES=OFF" "-DGDCM_SUPPORT_BROKEN_IMPLEMENTATION=ON" "-DCMAKE_INSTALL_PREFIX=/opt/rustwide/target/debug/build/gdcm_conv/ac39e4d94221a60d/out" "-DCMAKE_C_FLAGS= -fPIC -ffunction-sections -fdata-sections -fPIC -m64 -w" "-DCMAKE_C_COMPILER=/usr/bin/cc" "-DCMAKE_CXX_FLAGS= -ffunction-sections -fdata-sections -fPIC -m64 -w" "-DCMAKE_CXX_COMPILER=/usr/bin/c++" "-DCMAKE_ASM_FLAGS= -ffunction-sections -fdata-sections -fPIC -m64 -w" "-DCMAKE_ASM_COMPILER=/usr/bin/cc" "-DCMAKE_BUILD_TYPE=Debug"
[INFO] [stderr]   CMake Deprecation Warning at CMakeLists.txt:1 (cmake_minimum_required):
[INFO] [stderr]     Compatibility with CMake < 3.10 will be removed from a future version of
[INFO] [stderr]     CMake.
[INFO] [stderr] 
[INFO] [stderr]     Update the VERSION argument <min> value.  Or, use the <min>...<max> syntax
[INFO] [stderr]     to tell CMake that the project requires at least <min> but has been updated
[INFO] [stderr]     to work with policies introduced by <max> or earlier.
[INFO] [stderr] 
[INFO] [stderr] 
[INFO] [stderr]   CMake Warning:
[INFO] [stderr]     Manually-specified variables were not used by the project:
[INFO] [stderr] 
[INFO] [stderr]       CMAKE_ASM_COMPILER
[INFO] [stderr]       CMAKE_ASM_FLAGS
[INFO] [stderr] 
[INFO] [stderr] 
[INFO] [stderr]   running: cd "/opt/rustwide/target/debug/build/gdcm_conv/ac39e4d94221a60d/out/build" && LC_ALL="C" MAKEFLAGS="-j --jobserver-fds=4,5 --jobserver-auth=4,5" "cmake" "--build" "/opt/rustwide/target/debug/build/gdcm_conv/ac39e4d94221a60d/out/build" "--target" "install" "--config" "Debug" "--" "-j8"
[INFO] [stderr]   gmake: warning: -j8 forced in submake: resetting jobserver mode.
[INFO] [stderr]   c++: fatal error: Killed signal terminated program cc1plus
[INFO] [stderr]   compilation terminated.
[INFO] [stderr]   gmake[2]: *** [Source/MediaStorageAndFileFormat/CMakeFiles/gdcmMSFF.dir/build.make:709: Source/MediaStorageAndFileFormat/CMakeFiles/gdcmMSFF.dir/gdcmPrinter.cxx.o] Error 1
[INFO] [stderr]   gmake[2]: *** Waiting for unfinished jobs....
[INFO] [stderr]   gmake[1]: *** [CMakeFiles/Makefile2:1134: Source/MediaStorageAndFileFormat/CMakeFiles/gdcmMSFF.dir/all] Error 2
[INFO] [stderr]   gmake: *** [Makefile:156: all] Error 2
[INFO] [stderr] 
[INFO] [stderr]   thread 'main' (555) panicked at /opt/rustwide/cargo-home/registry/src/index.crates.io-1949cf8c6b5b557f/cmake-0.1.58/src/lib.rs:1132:5:
[INFO] [stderr] 
[INFO] [stderr]   command did not execute successfully, got: exit status: 2
[INFO] [stderr] 
[INFO] [stderr]   build script failed, must exit now
[INFO] [stderr]   stack backtrace:
[INFO] [stderr]      0:     0x607e3a694c41 - std[b86ef5264e9f7438]::backtrace_rs::backtrace::libunwind::trace
[INFO] [stderr]                                  at /rustc/be3da1e8c043bb6f1f335463d3b1335cdf50b03c/library/std/src/../../backtrace/src/backtrace/libunwind.rs:117:9
[INFO] [stderr]      1:     0x607e3a694c41 - std[b86ef5264e9f7438]::backtrace_rs::backtrace::trace_unsynchronized::<std[b86ef5264e9f7438]::sys::backtrace::_print_fmt::{closure#1}>
[INFO] [stderr]                                  at /rustc/be3da1e8c043bb6f1f335463d3b1335cdf50b03c/library/std/src/../../backtrace/src/backtrace/mod.rs:66:14
[INFO] [stderr]      2:     0x607e3a694c41 - std[b86ef5264e9f7438]::sys::backtrace::_print_fmt
[INFO] [stderr]                                  at /rustc/be3da1e8c043bb6f1f335463d3b1335cdf50b03c/library/std/src/sys/backtrace.rs:74:9
[INFO] [stderr]      3:     0x607e3a694c41 - <<std[b86ef5264e9f7438]::sys::backtrace::BacktraceLock>::print::DisplayBacktrace as core[a83cf561d8fc76d6]::fmt::Display>::fmt
[INFO] [stderr]                                  at /rustc/be3da1e8c043bb6f1f335463d3b1335cdf50b03c/library/std/src/sys/backtrace.rs:44:26
[INFO] [stderr]      4:     0x607e3a6a96aa - <core[a83cf561d8fc76d6]::fmt::rt::Argument>::fmt
[INFO] [stderr]                                  at /rustc/be3da1e8c043bb6f1f335463d3b1335cdf50b03c/library/core/src/fmt/rt.rs:152:76
[INFO] [stderr]      5:     0x607e3a6a96aa - core[a83cf561d8fc76d6]::fmt::write
[INFO] [stderr]      6:     0x607e3a69a37c - core[a83cf561d8fc76d6]::io::write::default_write_fmt::<std[b86ef5264e9f7438]::sys::stdio::unix::Stderr>
[INFO] [stderr]                                  at /rustc/be3da1e8c043bb6f1f335463d3b1335cdf50b03c/library/core/src/io/write.rs:402:11
[INFO] [stderr]      7:     0x607e3a69a37c - <std[b86ef5264e9f7438]::sys::stdio::unix::Stderr as core[a83cf561d8fc76d6]::io::write::Write>::write_fmt
[INFO] [stderr]                                  at /rustc/be3da1e8c043bb6f1f335463d3b1335cdf50b03c/library/core/src/io/write.rs:335:13
[INFO] [stderr]      8:     0x607e3a6722a6 - <std[b86ef5264e9f7438]::sys::backtrace::BacktraceLock>::print
[INFO] [stderr]                                  at /rustc/be3da1e8c043bb6f1f335463d3b1335cdf50b03c/library/std/src/sys/backtrace.rs:47:9
[INFO] [stderr]      9:     0x607e3a6722a6 - std[b86ef5264e9f7438]::panicking::default_hook::{closure#0}
[INFO] [stderr]                                  at /rustc/be3da1e8c043bb6f1f335463d3b1335cdf50b03c/library/std/src/panicking.rs:289:27
[INFO] [stderr]     10:     0x607e3a68ea91 - std[b86ef5264e9f7438]::panicking::default_hook
[INFO] [stderr]                                  at /rustc/be3da1e8c043bb6f1f335463d3b1335cdf50b03c/library/std/src/panicking.rs:316:9
[INFO] [stderr]     11:     0x607e3a68ec4b - std[b86ef5264e9f7438]::panicking::panic_with_hook
[INFO] [stderr]                                  at /rustc/be3da1e8c043bb6f1f335463d3b1335cdf50b03c/library/std/src/panicking.rs:811:13
[INFO] [stderr]     12:     0x607e3a672352 - std[b86ef5264e9f7438]::panicking::panic_handler::{closure#0}
[INFO] [stderr]                                  at /rustc/be3da1e8c043bb6f1f335463d3b1335cdf50b03c/library/std/src/panicking.rs:685:13
[INFO] [stderr]     13:     0x607e3a66c189 - std[b86ef5264e9f7438]::sys::backtrace::__rust_end_short_backtrace::<std[b86ef5264e9f7438]::panicking::panic_handler::{closure#0}, !>
[INFO] [stderr]                                  at /rustc/be3da1e8c043bb6f1f335463d3b1335cdf50b03c/library/std/src/sys/backtrace.rs:182:18
[INFO] [stderr]     14:     0x607e3a672dad - __rustc[3429c5eca17aa70d]::rust_begin_unwind
[INFO] [stderr]                                  at /rustc/be3da1e8c043bb6f1f335463d3b1335cdf50b03c/library/std/src/panicking.rs:676:5
[INFO] [stderr]     15:     0x607e3a6a9e9c - core[a83cf561d8fc76d6]::panicking::panic_fmt
[INFO] [stderr]                                  at /rustc/be3da1e8c043bb6f1f335463d3b1335cdf50b03c/library/core/src/panicking.rs:80:14
[INFO] [stderr]     16:     0x607e3a5e56c7 - cmake[b72404e040dce9d0]::fail
[INFO] [stderr]     17:     0x607e3a5e5353 - cmake[b72404e040dce9d0]::run
[INFO] [stderr]     18:     0x607e3a5eb325 - <cmake[b72404e040dce9d0]::Config>::build
[INFO] [stderr]     19:     0x607e3a5d69ab - build_script_build[c36eb0cb1a43f604]::build
[INFO] [stderr]     20:     0x607e3a5d6770 - build_script_build[c36eb0cb1a43f604]::main
[INFO] [stderr]     21:     0x607e3a5d7bab - <fn() as core[a83cf561d8fc76d6]::ops::function::FnOnce<()>>::call_once
[INFO] [stderr]     22:     0x607e3a5d65f6 - std[b86ef5264e9f7438]::sys::backtrace::__rust_begin_short_backtrace::<fn(), ()>
[INFO] [stderr]     23:     0x607e3a5d6609 - std[b86ef5264e9f7438]::rt::lang_start::<()>::{closure#0}
[INFO] [stderr]     24:     0x607e3a68dd98 - <&dyn core[a83cf561d8fc76d6]::ops::function::Fn<(), Output = i32> + core[a83cf561d8fc76d6]::marker::Sync + core[a83cf561d8fc76d6]::panic::unwind_safe::RefUnwindSafe as core[a83cf561d8fc76d6]::ops::function::FnOnce<()>>::call_once
[INFO] [stderr]                                  at /rustc/be3da1e8c043bb6f1f335463d3b1335cdf50b03c/library/core/src/ops/function.rs:287:21
[INFO] [stderr]     25:     0x607e3a68dd98 - std[b86ef5264e9f7438]::panicking::catch_unwind::do_call::<&dyn core[a83cf561d8fc76d6]::ops::function::Fn<(), Output = i32> + core[a83cf561d8fc76d6]::marker::Sync + core[a83cf561d8fc76d6]::panic::unwind_safe::RefUnwindSafe, i32>
[INFO] [stderr]                                  at /rustc/be3da1e8c043bb6f1f335463d3b1335cdf50b03c/library/std/src/panicking.rs:573:43
[INFO] [stderr]     26:     0x607e3a68dd98 - std[b86ef5264e9f7438]::panicking::catch_unwind::<i32, &dyn core[a83cf561d8fc76d6]::ops::function::Fn<(), Output = i32> + core[a83cf561d8fc76d6]::marker::Sync + core[a83cf561d8fc76d6]::panic::unwind_safe::RefUnwindSafe>
[INFO] [stderr]                                  at /rustc/be3da1e8c043bb6f1f335463d3b1335cdf50b03c/library/std/src/panicking.rs:541:19
[INFO] [stderr]     27:     0x607e3a68dd98 - std[b86ef5264e9f7438]::panic::catch_unwind::<&dyn core[a83cf561d8fc76d6]::ops::function::Fn<(), Output = i32> + core[a83cf561d8fc76d6]::marker::Sync + core[a83cf561d8fc76d6]::panic::unwind_safe::RefUnwindSafe, i32>
[INFO] [stderr]                                  at /rustc/be3da1e8c043bb6f1f335463d3b1335cdf50b03c/library/std/src/panic.rs:359:14
[INFO] [stderr]     28:     0x607e3a68dd98 - std[b86ef5264e9f7438]::rt::lang_start_internal::{closure#0}
[INFO] [stderr]                                  at /rustc/be3da1e8c043bb6f1f335463d3b1335cdf50b03c/library/std/src/rt.rs:175:24
[INFO] [stderr]     29:     0x607e3a68dd98 - std[b86ef5264e9f7438]::panicking::catch_unwind::do_call::<std[b86ef5264e9f7438]::rt::lang_start_internal::{closure#0}, isize>
[INFO] [stderr]                                  at /rustc/be3da1e8c043bb6f1f335463d3b1335cdf50b03c/library/std/src/panicking.rs:573:43
[INFO] [stderr]     30:     0x607e3a68dd98 - std[b86ef5264e9f7438]::panicking::catch_unwind::<isize, std[b86ef5264e9f7438]::rt::lang_start_internal::{closure#0}>
[INFO] [stderr]                                  at /rustc/be3da1e8c043bb6f1f335463d3b1335cdf50b03c/library/std/src/panicking.rs:541:19
[INFO] [stderr]     31:     0x607e3a68dd98 - std[b86ef5264e9f7438]::panic::catch_unwind::<std[b86ef5264e9f7438]::rt::lang_start_internal::{closure#0}, isize>
[INFO] [stderr]                                  at /rustc/be3da1e8c043bb6f1f335463d3b1335cdf50b03c/library/std/src/panic.rs:359:14
[INFO] [stderr]     32:     0x607e3a68dd98 - std[b86ef5264e9f7438]::rt::lang_start_internal
[INFO] [stderr]                                  at /rustc/be3da1e8c043bb6f1f335463d3b1335cdf50b03c/library/std/src/rt.rs:171:5
[INFO] [stderr]     33:     0x607e3a5d6571 - std[b86ef5264e9f7438]::rt::lang_start::<()>
[INFO] [stderr]     34:     0x607e3a5d7c15 - main
[INFO] [stderr]     35:     0x709fd119c601 - <unknown>
[INFO] [stderr]     36:     0x709fd119c718 - __libc_start_main
[INFO] [stderr]     37:     0x607e3a5d50f5 - _start
[INFO] [stderr]     38:                0x0 - <unknown>
[INFO] running `Command { std: "docker" "inspect" "694d459fd42d36656d83496fb33d7cca6c3e65d0ea421549f9de21df21cfbc35", kill_on_drop: false }`
[INFO] running `Command { std: "docker" "rm" "-f" "694d459fd42d36656d83496fb33d7cca6c3e65d0ea421549f9de21df21cfbc35", kill_on_drop: false }`
[INFO] [stdout] 694d459fd42d36656d83496fb33d7cca6c3e65d0ea421549f9de21df21cfbc35
