[INFO] cloning repository https://github.com/SqueakyBeaver/TransCrab
[INFO] running `Command { std: "git" "-c" "credential.helper=" "-c" "credential.helper=/workspace/cargo-home/bin/git-credential-null" "clone" "--bare" "https://github.com/SqueakyBeaver/TransCrab" "/workspace/cache/git-repos/https%3A%2F%2Fgithub.com%2FSqueakyBeaver%2FTransCrab", kill_on_drop: false }`
[INFO] [stderr] Cloning into bare repository '/workspace/cache/git-repos/https%3A%2F%2Fgithub.com%2FSqueakyBeaver%2FTransCrab'...
[INFO] running `Command { std: "git" "rev-parse" "HEAD", kill_on_drop: false }`
[INFO] [stdout] c91efb6cde6a16d5cf5765f1b086667d25064c81
[INFO] checking SqueakyBeaver/TransCrab against be3da1e8c043bb6f1f335463d3b1335cdf50b03c for pr-162597
[INFO] running `Command { std: "git" "clone" "/workspace/cache/git-repos/https%3A%2F%2Fgithub.com%2FSqueakyBeaver%2FTransCrab" "/workspace/builds/worker-1-tc2/source", kill_on_drop: false }`
[INFO] [stderr] Cloning into '/workspace/builds/worker-1-tc2/source'...
[INFO] [stderr] done.
[INFO] started tweaking git repo https://github.com/SqueakyBeaver/TransCrab
[INFO] finished tweaking git repo https://github.com/SqueakyBeaver/TransCrab
[INFO] tweaked toml for git repo https://github.com/SqueakyBeaver/TransCrab written to /workspace/builds/worker-1-tc2/source/Cargo.toml
[INFO] validating manifest of git repo https://github.com/SqueakyBeaver/TransCrab on toolchain be3da1e8c043bb6f1f335463d3b1335cdf50b03c
[INFO] running `Command { std: CARGO_HOME="/workspace/cargo-home" RUSTUP_HOME="/workspace/rustup-home" "/workspace/cargo-home/bin/cargo" "+be3da1e8c043bb6f1f335463d3b1335cdf50b03c" "metadata" "--manifest-path" "Cargo.toml" "--no-deps", kill_on_drop: false }`
[INFO] crate git repo https://github.com/SqueakyBeaver/TransCrab already has a lockfile, it will not be regenerated
[INFO] running `Command { std: CARGO_HOME="/workspace/cargo-home" RUSTUP_HOME="/workspace/rustup-home" "/workspace/cargo-home/bin/cargo" "+be3da1e8c043bb6f1f335463d3b1335cdf50b03c" "fetch" "--manifest-path" "Cargo.toml", kill_on_drop: false }`
[INFO] [stderr] warning: binary `trans_crab` should have a kebab-case name
[INFO] [stderr]   |
[INFO] [stderr] 1 | /workspace/builds/worker-1-tc2/source/target/.../trans_crab
[INFO] [stderr]   |                                                  ^^^^^^^^^^
[INFO] [stderr]   |
[INFO] [stderr]   = note: `cargo::non_kebab_case_bins` is set to `warn` by default
[INFO] [stderr] help: to change the binary name to `trans-crab`, convert `bin.name`
[INFO] [stderr]  --> Cargo.toml:2:8
[INFO] [stderr]   |
[INFO] [stderr] 2 - name = "trans_crab"
[INFO] [stderr] 2 + name = "trans-crab"
[INFO] [stderr]   |
[INFO] [stderr] warning: `trans_crab` (manifest) generated 1 warning
[INFO] running `Command { std: "docker" "create" "-v" "/var/lib/crater-agent-workspace/builds/worker-1-tc2/source:/opt/rustwide/workdir:ro,Z" "-v" "/var/lib/crater-agent-workspace/builds/worker-1-tc2/target:/opt/rustwide/target:rw,Z" "-v" "/var/lib/crater-agent-workspace/cargo-home:/opt/rustwide/cargo-home:ro,Z" "-v" "/var/lib/crater-agent-workspace/rustup-home:/opt/rustwide/rustup-home:ro,Z" "-m" "1610612736" "--network" "none" "ghcr.io/rust-lang/crates-build-env/linux@sha256:8683fc1fc2eb5c9ac98e0d076ab094b2ffac7f99da555d2b6a2e27f346de2ec7" "sleep" "infinity", kill_on_drop: false }`
[INFO] [stdout] c3edb223741506cdfceb09f7c498fcbd3c8f1d50974c5d55bfe6268f7b815338
[INFO] running `Command { std: "docker" "start" "c3edb223741506cdfceb09f7c498fcbd3c8f1d50974c5d55bfe6268f7b815338", kill_on_drop: false }`
[INFO] running `Command { std: "docker" "inspect" "c3edb223741506cdfceb09f7c498fcbd3c8f1d50974c5d55bfe6268f7b815338", kill_on_drop: false }`
[INFO] running `Command { std: "docker" "exec" "-e" "SOURCE_DIR=/opt/rustwide/workdir" "-e" "CARGO_HOME=/opt/rustwide/cargo-home" "-e" "RUSTUP_HOME=/opt/rustwide/rustup-home" "-e" "CARGO_TARGET_DIR=/opt/rustwide/target" "-w" "/opt/rustwide/workdir" "--user" "0:0" "c3edb223741506cdfceb09f7c498fcbd3c8f1d50974c5d55bfe6268f7b815338" "/opt/rustwide/cargo-home/bin/cargo" "+be3da1e8c043bb6f1f335463d3b1335cdf50b03c" "metadata" "--no-deps" "--format-version=1", kill_on_drop: false }`
[INFO] running `Command { std: "docker" "inspect" "c3edb223741506cdfceb09f7c498fcbd3c8f1d50974c5d55bfe6268f7b815338", kill_on_drop: false }`
[INFO] running `Command { std: "docker" "exec" "-e" "SOURCE_DIR=/opt/rustwide/workdir" "-e" "CARGO_HOME=/opt/rustwide/cargo-home" "-e" "RUSTUP_HOME=/opt/rustwide/rustup-home" "-e" "CARGO_TARGET_DIR=/opt/rustwide/target" "-e" "CARGO_INCREMENTAL=0" "-e" "RUST_BACKTRACE=full" "-e" "RUSTFLAGS=--cap-lints=forbid" "-e" "RUSTDOCFLAGS=--cap-lints=forbid" "-w" "/opt/rustwide/workdir" "--user" "0:0" "c3edb223741506cdfceb09f7c498fcbd3c8f1d50974c5d55bfe6268f7b815338" "/opt/rustwide/cargo-home/bin/cargo" "+be3da1e8c043bb6f1f335463d3b1335cdf50b03c" "check" "--frozen" "--all" "--all-targets" "--message-format=json", kill_on_drop: false }`
[INFO] [stderr] warning: binary `trans_crab` should have a kebab-case name
[INFO] [stderr]   |
[INFO] [stderr] 1 | /opt/rustwide/target/.../trans_crab
[INFO] [stderr]   |                          ^^^^^^^^^^
[INFO] [stderr]   |
[INFO] [stderr]   = note: `cargo::non_kebab_case_bins` is set to `warn` by default
[INFO] [stderr] help: to change the binary name to `trans-crab`, convert `bin.name`
[INFO] [stderr]  --> Cargo.toml:2:8
[INFO] [stderr]   |
[INFO] [stderr] 2 - name = "trans_crab"
[INFO] [stderr] 2 + name = "trans-crab"
[INFO] [stderr]   |
[INFO] [stderr] warning: `trans_crab` (manifest) generated 1 warning
[INFO] [stderr]    Compiling proc-macro2 v1.0.86
[INFO] [stderr]    Compiling cc v1.1.6
[INFO] [stderr]     Checking bytes v1.6.1
[INFO] [stderr]     Checking log v0.4.22
[INFO] [stderr]     Checking memchr v2.7.4
[INFO] [stderr]     Checking mio v1.0.1
[INFO] [stderr]    Compiling serde v1.0.204
[INFO] [stderr]     Checking futures-channel v0.3.30
[INFO] [stderr]     Checking futures-io v0.3.30
[INFO] [stderr]    Compiling httparse v1.9.4
[INFO] [stderr]     Checking rustls-pki-types v1.7.0
[INFO] [stderr]     Checking tinyvec v1.8.0
[INFO] [stderr]    Compiling unicase v2.7.0
[INFO] [stderr]     Checking bitflags v2.6.0
[INFO] [stderr]    Compiling glob v0.3.1
[INFO] [stderr]     Checking smallvec v1.13.2
[INFO] [stderr]     Checking http v1.1.0
[INFO] [stderr]     Checking futures-util v0.3.30
[INFO] [stderr]     Checking generic-array v0.14.7
[INFO] [stderr]    Compiling quote v1.0.36
[INFO] [stderr]    Compiling clang-sys v1.8.1
[INFO] [stderr]    Compiling syn v2.0.72
[INFO] [stderr]    Compiling prettyplease v0.2.20
[INFO] [stderr]    Compiling libc v0.2.155
[INFO] [stderr]     Checking unicode-normalization v0.1.23
[INFO] [stderr]    Compiling rustix v0.38.34
[INFO] [stderr]     Checking http v0.2.12
[INFO] [stderr]    Compiling either v1.13.0
[INFO] [stderr]     Checking idna v0.5.0
[INFO] [stderr]    Compiling rustls v0.21.12
[INFO] [stderr]    Compiling rustls v0.22.4
[INFO] [stderr]    Compiling linux-raw-sys v0.4.14
[INFO] [stderr]    Compiling ring v0.17.8
[INFO] [stderr]    Compiling openssl-sys v0.9.103
[INFO] [stderr]    Compiling regex-syntax v0.8.4
[INFO] [stderr]     Checking zeroize v1.8.1
[INFO] [stderr]    Compiling minimal-lexical v0.2.1
[INFO] [stderr]    Compiling libloading v0.8.5
[INFO] [stderr]     Checking crypto-common v0.1.6
[INFO] [stderr]    Compiling nom v7.1.3
[INFO] [stderr]     Checking block-buffer v0.10.4
[INFO] [stderr]    Compiling thiserror v1.0.63
[INFO] [stderr]    Compiling openssl v0.10.66
[INFO] [stderr]    Compiling home v0.5.9
[INFO] [stderr]    Compiling bindgen v0.69.4
[INFO] [stderr]    Compiling mime_guess v2.0.5
[INFO] [stderr]    Compiling regex-automata v0.4.7
[INFO] [stderr]     Checking digest v0.10.7
[INFO] [stderr]    Compiling which v4.4.2
[INFO] [stderr]    Compiling cexpr v0.6.0
[INFO] [stderr]     Checking http-body v0.4.6
[INFO] [stderr]    Compiling itertools v0.12.1
[INFO] [stderr]     Checking http-body v1.0.1
[INFO] [stderr]     Checking aho-corasick v1.1.3
[INFO] [stderr]    Compiling num-traits v0.2.19
[INFO] [stderr]    Compiling lazy_static v1.5.0
[INFO] [stderr]    Compiling strsim v0.11.1
[INFO] [stderr]    Compiling regex v1.10.5
[INFO] [stderr]     Checking rustls-webpki v0.101.7
[INFO] [stderr]     Checking sct v0.7.1
[INFO] [stderr]     Checking rustls-webpki v0.102.6
[INFO] [stderr]    Compiling ident_case v1.0.1
[INFO] [stderr]    Compiling lazycell v1.3.0
[INFO] [stderr]    Compiling rustc-hash v1.1.0
[INFO] [stderr]    Compiling native-tls v0.2.12
[INFO] [stderr]     Checking byteorder v1.5.0
[INFO] [stderr]     Checking atomic-waker v1.1.2
[INFO] [stderr]    Compiling darling_core v0.20.10
[INFO] [stderr]     Checking sha1 v0.10.6
[INFO] [stderr]     Checking parking_lot_core v0.9.10
[INFO] [stderr]    Compiling cmake v0.1.50
[INFO] [stderr]    Compiling tokio-macros v2.4.0
[INFO] [stderr]    Compiling serde_derive v1.0.204
[INFO] [stderr]    Compiling tracing-attributes v0.1.27
[INFO] [stderr]    Compiling openssl-macros v0.1.1
[INFO] [stderr]    Compiling thiserror-impl v1.0.63
[INFO] [stderr]     Checking tokio v1.39.2
[INFO] [stderr]    Compiling pin-project-internal v1.1.5
[INFO] [stderr]     Checking tracing v0.1.40
[INFO] [stderr]    Compiling fs_extra v1.3.0
[INFO] [stderr]     Checking data-encoding v2.6.0
[INFO] [stderr]     Checking pin-project v1.1.5
[INFO] [stderr]    Compiling serde_json v1.0.120
[INFO] [stderr]     Checking tower-layer v0.3.2
[INFO] [stderr]    Compiling syn v1.0.109
[INFO] [stderr]     Checking utf-8 v0.7.6
[INFO] [stderr]    Compiling darling_macro v0.20.10
[INFO] [stderr]     Checking rustls-pemfile v1.0.4
[INFO] [stderr]     Checking miniz_oxide v0.7.4
[INFO] [stderr]     Checking webpki-roots v0.26.3
[INFO] [stderr]    Compiling serenity v0.12.2
[INFO] [stderr]     Checking iana-time-zone v0.1.60
[INFO] [stderr]     Checking sync_wrapper v0.1.2
[INFO] [stderr]     Checking utf8parse v0.2.2
[INFO] [stderr]     Checking webpki-roots v0.25.4
[INFO] [stderr]     Checking anstyle-parse v0.2.5
[INFO] [stderr]     Checking flate2 v1.0.30
[INFO] [stderr]    Compiling darling v0.20.10
[INFO] [stderr]    Compiling async-trait v0.1.81
[INFO] [stderr]     Checking parking_lot v0.12.3
[INFO] [stderr]     Checking fxhash v0.2.1
[INFO] [stderr]     Checking http-body-util v0.1.2
[INFO] [stderr]     Checking futures v0.3.30
[INFO] [stderr]     Checking colorchoice v1.0.2
[INFO] [stderr]     Checking is_terminal_polyfill v1.70.1
[INFO] [stderr]     Checking anstyle v1.0.8
[INFO] [stderr]     Checking anstyle-query v1.1.1
[INFO] [stderr]     Checking typemap_rev v0.3.0
[INFO] [stderr]     Checking anstream v0.6.15
[INFO] [stderr]     Checking env_filter v0.1.2
[INFO] [stderr]    Compiling poise_macros v0.6.1
[INFO] [stderr]     Checking rustls-pemfile v2.1.2
[INFO] [stderr]     Checking fastrand v2.1.0
[INFO] [stderr]     Checking humantime v2.1.0
[INFO] [stderr]     Checking sync_wrapper v1.0.1
[INFO] [stderr]     Checking env_logger v0.11.5
[INFO] [stderr]     Checking dotenv v0.15.0
[INFO] [stderr]     Checking hound v3.5.1
[INFO] [stderr]    Compiling whisper-rs-sys v0.9.0
[INFO] [stderr]     Checking tokio-util v0.7.11
[INFO] [stderr]     Checking tokio-rustls v0.24.1
[INFO] [stderr]     Checking tower v0.4.13
[INFO] [stderr]     Checking tokio-rustls v0.25.0
[INFO] [stderr]     Checking tokio-native-tls v0.3.1
[INFO] [stderr]     Checking h2 v0.3.26
[INFO] [stderr]     Checking h2 v0.4.5
[INFO] [stderr]    Compiling derivative v2.2.0
[INFO] [stderr]     Checking tempfile v3.10.1
[INFO] [stderr]     Checking url v2.5.2
[INFO] [stderr]     Checking serde_urlencoded v0.7.1
[INFO] [stderr]     Checking deranged v0.3.11
[INFO] [stderr]     Checking dashmap v5.5.3
[INFO] [stderr]     Checking secrecy v0.8.0
[INFO] [stderr]     Checking chrono v0.4.38
[INFO] [stderr]     Checking tungstenite v0.21.0
[INFO] [stderr]     Checking arrayvec v0.7.4
[INFO] [stderr]     Checking serde_cow v0.1.2
[INFO] [stderr]     Checking tokio-tungstenite v0.21.0
[INFO] [stderr]     Checking time v0.3.36
[INFO] [stderr]     Checking hyper v1.4.1
[INFO] [stderr]     Checking hyper v0.14.30
[INFO] [stderr]     Checking hyper-util v0.1.6
[INFO] [stderr]     Checking hyper-tls v0.6.0
[INFO] [stderr]     Checking reqwest v0.12.5
[INFO] [stderr]     Checking hyper-rustls v0.24.2
[INFO] [stderr]     Checking reqwest v0.11.27
[INFO] [stderr] error: could not compile `serenity` (lib)
[INFO] [stderr] 
[INFO] [stderr] Caused by:
[INFO] [stderr]   process didn't exit successfully: `/opt/rustwide/rustup-home/toolchains/be3da1e8c043bb6f1f335463d3b1335cdf50b03c/bin/rustc --crate-name serenity --edition=2021 /opt/rustwide/cargo-home/registry/src/index.crates.io-1949cf8c6b5b557f/serenity-0.12.2/src/lib.rs --error-format=json --json=diagnostic-rendered-ansi,artifacts,future-incompat,unused-externs-silent --crate-type lib --emit=dep-info,metadata -C embed-bitcode=no -C debuginfo=2 --cfg 'feature="builder"' --cfg 'feature="bytes"' --cfg 'feature="cache"' --cfg 'feature="chrono"' --cfg 'feature="client"' --cfg 'feature="collector"' --cfg 'feature="dashmap"' --cfg 'feature="flate2"' --cfg 'feature="framework"' --cfg 'feature="fxhash"' --cfg 'feature="gateway"' --cfg 'feature="http"' --cfg 'feature="mime_guess"' --cfg 'feature="model"' --cfg 'feature="parking_lot"' --cfg 'feature="percent-encoding"' --cfg 'feature="reqwest"' --cfg 'feature="rustls_backend"' --cfg 'feature="tokio-tungstenite"' --cfg 'feature="typemap_rev"' --cfg 'feature="utils"' --check-cfg 'cfg(docsrs,test)' --check-cfg 'cfg(feature, values("absolute_ratelimits", "builder", "bytes", "cache", "chrono", "client", "collector", "command_attr", "dashmap", "default", "default_native_tls", "default_no_backend", "ed25519-dalek", "flate2", "framework", "full", "fxhash", "gateway", "http", "interactions_endpoint", "levenshtein", "mime_guess", "mini-moka", "model", "native_tls_backend", "parking_lot", "percent-encoding", "reqwest", "rustls_backend", "serenity-voice-model", "simd-json", "simd_json", "standard_framework", "static_assertions", "temp_cache", "tokio-tungstenite", "tokio_task_builder", "typemap_rev", "typesize", "unstable_discord_api", "utils", "uwl", "voice", "voice_model"))' -C metadata=c970e38c704574a6 -C extra-filename=-9ace142be33d32a0 --out-dir /opt/rustwide/target/debug/build/serenity/9ace142be33d32a0/out -L dependency=/opt/rustwide/target/debug/build/adler/a7e0157af43bde91/out -L dependency=/opt/rustwide/target/debug/build/base64/e08b94e4b5ffeef5/out -L dependency=/opt/rustwide/target/debug/build/block-buffer/41d8dd9df94abadb/out -L dependency=/opt/rustwide/target/debug/build/byteorder/d92705dd1d5353b1/out -L dependency=/opt/rustwide/target/debug/build/bytes/871ff47c078832da/out -L dependency=/opt/rustwide/target/debug/build/cfg-if/d541ac7a75168aa5/out -L dependency=/opt/rustwide/target/debug/build/cpufeatures/becc2328cf77ba70/out -L dependency=/opt/rustwide/target/debug/build/crc32fast/e30e1d858349fe59/out -L dependency=/opt/rustwide/target/debug/build/crypto-common/e482a204cd1630a5/out -L dependency=/opt/rustwide/target/debug/build/data-encoding/57f6434490e95c83/out -L dependency=/opt/rustwide/target/debug/build/deranged/3f21e0fcf88b20aa/out -L dependency=/opt/rustwide/target/debug/build/digest/31381c5639be73f1/out -L dependency=/opt/rustwide/target/debug/build/encoding_rs/4eb32127f2dfe115/out -L dependency=/opt/rustwide/target/debug/build/equivalent/d3d0700524103a17/out -L dependency=/opt/rustwide/target/debug/build/fnv/bf9ae889bab8acee/out -L dependency=/opt/rustwide/target/debug/build/form_urlencoded/3c676194eacaa68c/out -L dependency=/opt/rustwide/target/debug/build/futures-channel/e111112a81f91378/out -L dependency=/opt/rustwide/target/debug/build/futures-core/6468ffc4542cb6aa/out -L dependency=/opt/rustwide/target/debug/build/futures-io/226a719d1531d6f7/out -L dependency=/opt/rustwide/target/debug/build/futures-sink/7d8dbaab28caa68b/out -L dependency=/opt/rustwide/target/debug/build/futures-task/393ec44fc177bb37/out -L dependency=/opt/rustwide/target/debug/build/futures-util/ce35de3bcdcafdcc/out -L dependency=/opt/rustwide/target/debug/build/generic-array/b3cd6b1cea1d281d/out -L dependency=/opt/rustwide/target/debug/build/getrandom/007b736442805d1d/out -L dependency=/opt/rustwide/target/debug/build/h2/0710621b46a03241/out -L dependency=/opt/rustwide/target/debug/build/hashbrown/69d59772af06122b/out -L dependency=/opt/rustwide/target/debug/build/http-body/d76b845de5021635/out -L dependency=/opt/rustwide/target/debug/build/http/4d58d0d99093cdcb/out -L dependency=/opt/rustwide/target/debug/build/http/79df544186162c28/out -L dependency=/opt/rustwide/target/debug/build/httparse/a65eb82737f1b95f/out -L dependency=/opt/rustwide/target/debug/build/httpdate/dd055e56878c34d5/out -L dependency=/opt/rustwide/target/debug/build/hyper-rustls/ace0e03445e210c8/out -L dependency=/opt/rustwide/target/debug/build/hyper/953cb41c4edf18c5/out -L dependency=/opt/rustwide/target/debug/build/iana-time-zone/f377430c81f0db90/out -L dependency=/opt/rustwide/target/debug/build/idna/ff35f130a580de9f/out -L dependency=/opt/rustwide/target/debug/build/indexmap/1c707fad1f96f008/out -L dependency=/opt/rustwide/target/debug/build/ipnet/2ad1109053c2e8a6/out -L dependency=/opt/rustwide/target/debug/build/itoa/7ce56ce506ff1e6f/out -L dependency=/opt/rustwide/target/debug/build/libc/40b28f38bcdd909c/out -L dependency=/opt/rustwide/target/debug/build/lock_api/87745099c2a91711/out -L dependency=/opt/rustwide/target/debug/build/log/5bba7294d90dc890/out -L dependency=/opt/rustwide/target/debug/build/memchr/a8313380c25031b5/out -L dependency=/opt/rustwide/target/debug/build/mime/719fdfbd841ea854/out -L dependency=/opt/rustwide/target/debug/build/mime_guess/0ea8043fa7347a3b/out -L dependency=/opt/rustwide/target/debug/build/miniz_oxide/45700178c4aa286d/out -L dependency=/opt/rustwide/target/debug/build/mio/a2c4e95684e5bea3/out -L dependency=/opt/rustwide/target/debug/build/num-conv/0b8b974f3dbf7358/out -L dependency=/opt/rustwide/target/debug/build/num-traits/bf3e110dcc3d0d99/out -L dependency=/opt/rustwide/target/debug/build/once_cell/9a4a314c4444a257/out -L dependency=/opt/rustwide/target/debug/build/parking_lot_core/463d4fa80032eef1/out -L dependency=/opt/rustwide/target/debug/build/percent-encoding/70e4695576ffb191/out -L dependency=/opt/rustwide/target/debug/build/pin-project-lite/3fbd9506533b2f53/out -L dependency=/opt/rustwide/target/debug/build/pin-utils/db1de871cd8706a6/out -L dependency=/opt/rustwide/target/debug/build/powerfmt/6244fffd86cf9c21/out -L dependency=/opt/rustwide/target/debug/build/ppv-lite86/07835f3ca61c23fb/out -L dependency=/opt/rustwide/target/debug/build/rand/9b7b276d3a925911/out -L dependency=/opt/rustwide/target/debug/build/rand_chacha/fa1d193cc5171f44/out -L dependency=/opt/rustwide/target/debug/build/rand_core/61383f9869dce5aa/out -L dependency=/opt/rustwide/target/debug/build/ring/13702a3aa5ad352c/out -L dependency=/opt/rustwide/target/debug/build/rustls-pemfile/3f7a29d9de4ee2cb/out -L dependency=/opt/rustwide/target/debug/build/rustls-pki-types/e2d632a3493029ab/out -L dependency=/opt/rustwide/target/debug/build/rustls-webpki/056b5bfedab6acc5/out -L dependency=/opt/rustwide/target/debug/build/rustls-webpki/af28daf8b32cf81f/out -L dependency=/opt/rustwide/target/debug/build/rustls/6369d29b0a026bae/out -L dependency=/opt/rustwide/target/debug/build/rustls/b1c1269798a371db/out -L dependency=/opt/rustwide/target/debug/build/ryu/bb602e5b3b9d8008/out -L dependency=/opt/rustwide/target/debug/build/scopeguard/e7d227cb308b3799/out -L dependency=/opt/rustwide/target/debug/build/sct/871937953336f644/out -L dependency=/opt/rustwide/target/debug/build/serde/828069f1556e0973/out -L dependency=/opt/rustwide/target/debug/build/serde_derive/37aee45e972debed/out -L dependency=/opt/rustwide/target/debug/build/serde_urlencoded/b1f2839b01b33759/out -L dependency=/opt/rustwide/target/debug/build/sha1/30962a29855e72ad/out -L dependency=/opt/rustwide/target/debug/build/slab/3dc084b31ea3419d/out -L dependency=/opt/rustwide/target/debug/build/smallvec/4ed96af55ccf2e92/out -L dependency=/opt/rustwide/target/debug/build/socket2/767bb9740eb5bce3/out -L dependency=/opt/rustwide/target/debug/build/spin/004ca55773a40b53/out -L dependency=/opt/rustwide/target/debug/build/subtle/350c4d777e42ad0b/out -L dependency=/opt/rustwide/target/debug/build/sync_wrapper/8a5430cffd2d77a2/out -L dependency=/opt/rustwide/target/debug/build/thiserror-impl/d1f4d089201d65d1/out -L dependency=/opt/rustwide/target/debug/build/thiserror/aa7ef7dc144e1e93/out -L dependency=/opt/rustwide/target/debug/build/time-core/1c87d3a66ecd172e/out -L dependency=/opt/rustwide/target/debug/build/tinyvec/85416bea30341a93/out -L dependency=/opt/rustwide/target/debug/build/tinyvec_macros/8f2743a6fdad0226/out -L dependency=/opt/rustwide/target/debug/build/tokio-macros/ef9705cfc4bd10d8/out -L dependency=/opt/rustwide/target/debug/build/tokio-rustls/59ea5865d2646145/out -L dependency=/opt/rustwide/target/debug/build/tokio-rustls/c766a0a54fb24ecd/out -L dependency=/opt/rustwide/target/debug/build/tokio-util/9f78cdf5da35a56c/out -L dependency=/opt/rustwide/target/debug/build/tokio/4237cba04ad1e4cf/out -L dependency=/opt/rustwide/target/debug/build/tower-service/0d94b0986ad9483a/out -L dependency=/opt/rustwide/target/debug/build/tracing-attributes/86d9238985970434/out -L dependency=/opt/rustwide/target/debug/build/tracing-core/235b138ca4063d8d/out -L dependency=/opt/rustwide/target/debug/build/tracing/dff785944319f245/out -L dependency=/opt/rustwide/target/debug/build/try-lock/08abaa63f4861efa/out -L dependency=/opt/rustwide/target/debug/build/tungstenite/2d530373dcc1db9e/out -L dependency=/opt/rustwide/target/debug/build/typenum/c8aa4bd6375c23ad/out -L dependency=/opt/rustwide/target/debug/build/unicase/890f92aa583a6112/out -L dependency=/opt/rustwide/target/debug/build/unicode-bidi/c2154a6878c7f3ce/out -L dependency=/opt/rustwide/target/debug/build/unicode-normalization/87dabed04fc4fa41/out -L dependency=/opt/rustwide/target/debug/build/untrusted/03cde965a30f6cbb/out -L dependency=/opt/rustwide/target/debug/build/url/5e78a62e53e23c7b/out -L dependency=/opt/rustwide/target/debug/build/utf-8/23c026f571ff5189/out -L dependency=/opt/rustwide/target/debug/build/want/cc3dcee12d270b38/out -L dependency=/opt/rustwide/target/debug/build/webpki-roots/45fd92b5fd0df43f/out -L dependency=/opt/rustwide/target/debug/build/webpki-roots/5f0d31615ea98f5b/out -L dependency=/opt/rustwide/target/debug/build/zeroize/9cea171f801bc7db/out --extern arrayvec=/opt/rustwide/target/debug/build/arrayvec/dd23d91d9f36aeab/out/libarrayvec-dd23d91d9f36aeab.rmeta --extern async_trait=/opt/rustwide/target/debug/build/async-trait/9349d5c3840019bf/out/libasync_trait-9349d5c3840019bf.so --extern base64=/opt/rustwide/target/debug/build/base64/d8aec028dea2d277/out/libbase64-d8aec028dea2d277.rmeta --extern bitflags=/opt/rustwide/target/debug/build/bitflags/2b23c89994425946/out/libbitflags-2b23c89994425946.rmeta --extern bytes=/opt/rustwide/target/debug/build/bytes/871ff47c078832da/out/libbytes-871ff47c078832da.rmeta --extern chrono=/opt/rustwide/target/debug/build/chrono/6296a260f21b9a82/out/libchrono-6296a260f21b9a82.rmeta --extern dashmap=/opt/rustwide/target/debug/build/dashmap/9371891e131a932d/out/libdashmap-9371891e131a932d.rmeta --extern flate2=/opt/rustwide/target/debug/build/flate2/4cae08639d92fd9e/out/libflate2-4cae08639d92fd9e.rmeta --extern futures=/opt/rustwide/target/debug/build/futures/f1a2b17bfe31a9be/out/libfutures-f1a2b17bfe31a9be.rmeta --extern fxhash=/opt/rustwide/target/debug/build/fxhash/4d5fdce21e0796ac/out/libfxhash-4d5fdce21e0796ac.rmeta --extern mime_guess=/opt/rustwide/target/debug/build/mime_guess/0ea8043fa7347a3b/out/libmime_guess-0ea8043fa7347a3b.rmeta --extern parking_lot=/opt/rustwide/target/debug/build/parking_lot/c33814ac0a9d9fdc/out/libparking_lot-c33814ac0a9d9fdc.rmeta --extern percent_encoding=/opt/rustwide/target/debug/build/percent-encoding/70e4695576ffb191/out/libpercent_encoding-70e4695576ffb191.rmeta --extern reqwest=/opt/rustwide/target/debug/build/reqwest/d794f7887e825dfb/out/libreqwest-d794f7887e825dfb.rmeta --extern secrecy=/opt/rustwide/target/debug/build/secrecy/64c5230a726f03c2/out/libsecrecy-64c5230a726f03c2.rmeta --extern serde=/opt/rustwide/target/debug/build/serde/828069f1556e0973/out/libserde-828069f1556e0973.rmeta --extern serde_cow=/opt/rustwide/target/debug/build/serde_cow/ce1f3d281be653da/out/libserde_cow-ce1f3d281be653da.rmeta --extern serde_json=/opt/rustwide/target/debug/build/serde_json/2aff2d4202e62ee0/out/libserde_json-2aff2d4202e62ee0.rmeta --extern dep_time=/opt/rustwide/target/debug/build/time/7778a76c37685d5d/out/libtime-7778a76c37685d5d.rmeta --extern tokio=/opt/rustwide/target/debug/build/tokio/4237cba04ad1e4cf/out/libtokio-4237cba04ad1e4cf.rmeta --extern tokio_tungstenite=/opt/rustwide/target/debug/build/tokio-tungstenite/2cd26ffae3424c08/out/libtokio_tungstenite-2cd26ffae3424c08.rmeta --extern tracing=/opt/rustwide/target/debug/build/tracing/dff785944319f245/out/libtracing-dff785944319f245.rmeta --extern typemap_rev=/opt/rustwide/target/debug/build/typemap_rev/58c9306af2142917/out/libtypemap_rev-58c9306af2142917.rmeta --extern url=/opt/rustwide/target/debug/build/url/5e78a62e53e23c7b/out/liburl-5e78a62e53e23c7b.rmeta --cap-lints allow --cap-lints=forbid --force-warn=unused_crate_dependencies -L native=/opt/rustwide/target/debug/build/ring/e390fbe4ac01501a/out --check-cfg 'cfg(tokio_unstable, ignore_serenity_deprecated)'` (signal: 9, SIGKILL: kill)
[INFO] [stderr] warning: build failed, waiting for other jobs to finish...
[INFO] [stderr] error: failed to run custom build command for `whisper-rs-sys v0.9.0`
[INFO] [stderr] note: To improve backtraces for build dependencies, set the CARGO_PROFILE_DEV_BUILD_OVERRIDE_DEBUG=true environment variable to enable debug information generation.
[INFO] [stderr] 
[INFO] [stderr] Caused by:
[INFO] [stderr]   process didn't exit successfully: `/opt/rustwide/target/debug/build/whisper-rs-sys/bc3ee970f6c99f04/out/build_script_build` (exit status: 101)
[INFO] [stderr]   --- stdout
[INFO] [stderr]   cargo:rustc-link-lib=dylib=stdc++
[INFO] [stderr]   cargo:rerun-if-changed=wrapper.h
[INFO] [stderr]   cargo:rerun-if-env-changed=TARGET
[INFO] [stderr]   cargo:rerun-if-env-changed=BINDGEN_EXTRA_CLANG_ARGS_x86_64-unknown-linux-gnu
[INFO] [stderr]   cargo:rerun-if-env-changed=BINDGEN_EXTRA_CLANG_ARGS_x86_64_unknown_linux_gnu
[INFO] [stderr]   cargo:rerun-if-env-changed=BINDGEN_EXTRA_CLANG_ARGS
[INFO] [stderr]   cargo:rerun-if-changed=wrapper.h
[INFO] [stderr]   cargo:rerun-if-changed=./whisper.cpp/whisper.h
[INFO] [stderr]   cargo:rerun-if-changed=./whisper.cpp/ggml.h
[INFO] [stderr]   cargo:rerun-if-changed=/usr/lib/llvm-21/lib/clang/21/include/stdint.h
[INFO] [stderr]   cargo:rerun-if-changed=/usr/include/stdint.h
[INFO] [stderr]   cargo:rerun-if-changed=/usr/include/x86_64-linux-gnu/bits/libc-header-start.h
[INFO] [stderr]   cargo:rerun-if-changed=/usr/include/features.h
[INFO] [stderr]   cargo:rerun-if-changed=/usr/include/features-time64.h
[INFO] [stderr]   cargo:rerun-if-changed=/usr/include/x86_64-linux-gnu/bits/wordsize.h
[INFO] [stderr]   cargo:rerun-if-changed=/usr/include/x86_64-linux-gnu/bits/timesize.h
[INFO] [stderr]   cargo:rerun-if-changed=/usr/include/x86_64-linux-gnu/bits/wordsize.h
[INFO] [stderr]   cargo:rerun-if-changed=/usr/include/stdc-predef.h
[INFO] [stderr]   cargo:rerun-if-changed=/usr/include/x86_64-linux-gnu/sys/cdefs.h
[INFO] [stderr]   cargo:rerun-if-changed=/usr/include/x86_64-linux-gnu/bits/wordsize.h
[INFO] [stderr]   cargo:rerun-if-changed=/usr/include/x86_64-linux-gnu/bits/long-double.h
[INFO] [stderr]   cargo:rerun-if-changed=/usr/include/x86_64-linux-gnu/gnu/stubs.h
[INFO] [stderr]   cargo:rerun-if-changed=/usr/include/x86_64-linux-gnu/gnu/stubs-64.h
[INFO] [stderr]   cargo:rerun-if-changed=/usr/include/x86_64-linux-gnu/bits/types.h
[INFO] [stderr]   cargo:rerun-if-changed=/usr/include/features.h
[INFO] [stderr]   cargo:rerun-if-changed=/usr/include/x86_64-linux-gnu/bits/wordsize.h
[INFO] [stderr]   cargo:rerun-if-changed=/usr/include/x86_64-linux-gnu/bits/timesize.h
[INFO] [stderr]   cargo:rerun-if-changed=/usr/include/x86_64-linux-gnu/bits/wordsize.h
[INFO] [stderr]   cargo:rerun-if-changed=/usr/include/x86_64-linux-gnu/bits/typesizes.h
[INFO] [stderr]   cargo:rerun-if-changed=/usr/include/x86_64-linux-gnu/bits/time64.h
[INFO] [stderr]   cargo:rerun-if-changed=/usr/include/x86_64-linux-gnu/bits/wchar.h
[INFO] [stderr]   cargo:rerun-if-changed=/usr/include/x86_64-linux-gnu/bits/wordsize.h
[INFO] [stderr]   cargo:rerun-if-changed=/usr/include/x86_64-linux-gnu/bits/stdint-intn.h
[INFO] [stderr]   cargo:rerun-if-changed=/usr/include/x86_64-linux-gnu/bits/types.h
[INFO] [stderr]   cargo:rerun-if-changed=/usr/include/x86_64-linux-gnu/bits/stdint-uintn.h
[INFO] [stderr]   cargo:rerun-if-changed=/usr/include/x86_64-linux-gnu/bits/types.h
[INFO] [stderr]   cargo:rerun-if-changed=/usr/include/x86_64-linux-gnu/bits/stdint-least.h
[INFO] [stderr]   cargo:rerun-if-changed=/usr/include/x86_64-linux-gnu/bits/types.h
[INFO] [stderr]   cargo:rerun-if-changed=/usr/lib/llvm-21/lib/clang/21/include/stddef.h
[INFO] [stderr]   cargo:rerun-if-changed=/usr/lib/llvm-21/lib/clang/21/include/__stddef_header_macro.h
[INFO] [stderr]   cargo:rerun-if-changed=/usr/lib/llvm-21/lib/clang/21/include/__stddef_ptrdiff_t.h
[INFO] [stderr]   cargo:rerun-if-changed=/usr/lib/llvm-21/lib/clang/21/include/__stddef_size_t.h
[INFO] [stderr]   cargo:rerun-if-changed=/usr/lib/llvm-21/lib/clang/21/include/__stddef_wchar_t.h
[INFO] [stderr]   cargo:rerun-if-changed=/usr/lib/llvm-21/lib/clang/21/include/__stddef_null.h
[INFO] [stderr]   cargo:rerun-if-changed=/usr/lib/llvm-21/lib/clang/21/include/__stddef_max_align_t.h
[INFO] [stderr]   cargo:rerun-if-changed=/usr/lib/llvm-21/lib/clang/21/include/__stddef_offsetof.h
[INFO] [stderr]   cargo:rerun-if-changed=/usr/lib/llvm-21/lib/clang/21/include/stdbool.h
[INFO] [stderr]   cargo:rerun-if-changed=/usr/lib/llvm-21/lib/clang/21/include/stddef.h
[INFO] [stderr]   cargo:rerun-if-changed=/usr/lib/llvm-21/lib/clang/21/include/__stddef_header_macro.h
[INFO] [stderr]   cargo:rerun-if-changed=/usr/lib/llvm-21/lib/clang/21/include/__stddef_ptrdiff_t.h
[INFO] [stderr]   cargo:rerun-if-changed=/usr/lib/llvm-21/lib/clang/21/include/__stddef_size_t.h
[INFO] [stderr]   cargo:rerun-if-changed=/usr/lib/llvm-21/lib/clang/21/include/__stddef_wchar_t.h
[INFO] [stderr]   cargo:rerun-if-changed=/usr/lib/llvm-21/lib/clang/21/include/__stddef_max_align_t.h
[INFO] [stderr]   cargo:rerun-if-changed=/usr/lib/llvm-21/lib/clang/21/include/__stddef_offsetof.h
[INFO] [stderr]   cargo:rerun-if-changed=/usr/lib/llvm-21/lib/clang/21/include/stdint.h
[INFO] [stderr]   cargo:rerun-if-changed=/usr/lib/llvm-21/lib/clang/21/include/stdbool.h
[INFO] [stderr]   cargo:rerun-if-changed=./whisper.cpp/ggml.h
[INFO] [stderr]   CMAKE_TOOLCHAIN_FILE_x86_64-unknown-linux-gnu = None
[INFO] [stderr]   CMAKE_TOOLCHAIN_FILE_x86_64_unknown_linux_gnu = None
[INFO] [stderr]   HOST_CMAKE_TOOLCHAIN_FILE = None
[INFO] [stderr]   CMAKE_TOOLCHAIN_FILE = None
[INFO] [stderr]   CMAKE_GENERATOR_x86_64-unknown-linux-gnu = None
[INFO] [stderr]   CMAKE_GENERATOR_x86_64_unknown_linux_gnu = None
[INFO] [stderr]   HOST_CMAKE_GENERATOR = None
[INFO] [stderr]   CMAKE_GENERATOR = None
[INFO] [stderr]   CMAKE_PREFIX_PATH_x86_64-unknown-linux-gnu = None
[INFO] [stderr]   CMAKE_PREFIX_PATH_x86_64_unknown_linux_gnu = None
[INFO] [stderr]   HOST_CMAKE_PREFIX_PATH = None
[INFO] [stderr]   CMAKE_PREFIX_PATH = None
[INFO] [stderr]   CMAKE_x86_64-unknown-linux-gnu = None
[INFO] [stderr]   CMAKE_x86_64_unknown_linux_gnu = None
[INFO] [stderr]   HOST_CMAKE = None
[INFO] [stderr]   CMAKE = None
[INFO] [stderr]   running: cd "/opt/rustwide/target/debug/build/whisper-rs-sys/c8d16d0dfeb9015a/out/build" && CMAKE_PREFIX_PATH="" "cmake" "-Wdev" "--debug-output" "/opt/rustwide/target/debug/build/whisper-rs-sys/c8d16d0dfeb9015a/out/whisper.cpp/" "-DBUILD_SHARED_LIBS=OFF" "-DWHISPER_ALL_WARNINGS=OFF" "-DWHISPER_ALL_WARNINGS_3RD_PARTY=OFF" "-DWHISPER_BUILD_TESTS=OFF" "-DWHISPER_BUILD_EXAMPLES=OFF" "-DWHISPER_METAL=OFF" "-DCMAKE_BUILD_TYPE=RelWithDebInfo" "-DCMAKE_INSTALL_PREFIX=/opt/rustwide/target/debug/build/whisper-rs-sys/c8d16d0dfeb9015a/out" "-DCMAKE_C_FLAGS= -ffunction-sections -fdata-sections -fPIC -m64" "-DCMAKE_C_COMPILER=/usr/bin/cc" "-DCMAKE_CXX_FLAGS= -ffunction-sections -fdata-sections -fPIC -m64" "-DCMAKE_CXX_COMPILER=/usr/bin/c++" "-DCMAKE_ASM_FLAGS= -ffunction-sections -fdata-sections -fPIC -m64" "-DCMAKE_ASM_COMPILER=/usr/bin/cc" "-DCMAKE_VERBOSE_MAKEFILE:BOOL=ON"
[INFO] [stderr]   Running with debug output on.
[INFO] [stderr]   -- The C compiler identification is GNU 15.2.0
[INFO] [stderr]      Called from: [3]	/opt/rustwide/target/debug/build/whisper-rs-sys/c8d16d0dfeb9015a/out/whisper.cpp/CMakeLists.txt
[INFO] [stderr]                   [2]	/usr/share/cmake-4.2/Modules/CMakeDetermineCCompiler.cmake
[INFO] [stderr]                   [1]	/usr/share/cmake-4.2/Modules/CMakeDetermineCompilerId.cmake
[INFO] [stderr]   -- The CXX compiler identification is GNU 15.2.0
[INFO] [stderr]      Called from: [3]	/opt/rustwide/target/debug/build/whisper-rs-sys/c8d16d0dfeb9015a/out/whisper.cpp/CMakeLists.txt
[INFO] [stderr]                   [2]	/usr/share/cmake-4.2/Modules/CMakeDetermineCXXCompiler.cmake
[INFO] [stderr]                   [1]	/usr/share/cmake-4.2/Modules/CMakeDetermineCompilerId.cmake
[INFO] [stderr]   -- Detecting C compiler ABI info
[INFO] [stderr]      Called from: [3]	/opt/rustwide/target/debug/build/whisper-rs-sys/c8d16d0dfeb9015a/out/whisper.cpp/CMakeLists.txt
[INFO] [stderr]                   [2]	/usr/share/cmake-4.2/Modules/CMakeTestCCompiler.cmake
[INFO] [stderr]                   [1]	/usr/share/cmake-4.2/Modules/CMakeDetermineCompilerABI.cmake
[INFO] [stderr]   -- Detecting C compiler ABI info - done
[INFO] [stderr]      Called from: [3]	/opt/rustwide/target/debug/build/whisper-rs-sys/c8d16d0dfeb9015a/out/whisper.cpp/CMakeLists.txt
[INFO] [stderr]                   [2]	/usr/share/cmake-4.2/Modules/CMakeTestCCompiler.cmake
[INFO] [stderr]                   [1]	/usr/share/cmake-4.2/Modules/CMakeDetermineCompilerABI.cmake
[INFO] [stderr]   -- Check for working C compiler: /usr/bin/cc - skipped
[INFO] [stderr]      Called from: [2]	/opt/rustwide/target/debug/build/whisper-rs-sys/c8d16d0dfeb9015a/out/whisper.cpp/CMakeLists.txt
[INFO] [stderr]                   [1]	/usr/share/cmake-4.2/Modules/CMakeTestCCompiler.cmake
[INFO] [stderr]   -- Detecting C compile features
[INFO] [stderr]      Called from: [3]	/opt/rustwide/target/debug/build/whisper-rs-sys/c8d16d0dfeb9015a/out/whisper.cpp/CMakeLists.txt
[INFO] [stderr]                   [2]	/usr/share/cmake-4.2/Modules/CMakeTestCCompiler.cmake
[INFO] [stderr]                   [1]	/usr/share/cmake-4.2/Modules/CMakeDetermineCompilerSupport.cmake
[INFO] [stderr]   -- Detecting C compile features - done
[INFO] [stderr]      Called from: [3]	/opt/rustwide/target/debug/build/whisper-rs-sys/c8d16d0dfeb9015a/out/whisper.cpp/CMakeLists.txt
[INFO] [stderr]                   [2]	/usr/share/cmake-4.2/Modules/CMakeTestCCompiler.cmake
[INFO] [stderr]                   [1]	/usr/share/cmake-4.2/Modules/CMakeDetermineCompilerSupport.cmake
[INFO] [stderr]   -- Detecting CXX compiler ABI info
[INFO] [stderr]      Called from: [3]	/opt/rustwide/target/debug/build/whisper-rs-sys/c8d16d0dfeb9015a/out/whisper.cpp/CMakeLists.txt
[INFO] [stderr]                   [2]	/usr/share/cmake-4.2/Modules/CMakeTestCXXCompiler.cmake
[INFO] [stderr]                   [1]	/usr/share/cmake-4.2/Modules/CMakeDetermineCompilerABI.cmake
[INFO] [stderr]   -- Detecting CXX compiler ABI info - done
[INFO] [stderr]      Called from: [3]	/opt/rustwide/target/debug/build/whisper-rs-sys/c8d16d0dfeb9015a/out/whisper.cpp/CMakeLists.txt
[INFO] [stderr]                   [2]	/usr/share/cmake-4.2/Modules/CMakeTestCXXCompiler.cmake
[INFO] [stderr]                   [1]	/usr/share/cmake-4.2/Modules/CMakeDetermineCompilerABI.cmake
[INFO] [stderr]   -- Check for working CXX compiler: /usr/bin/c++ - skipped
[INFO] [stderr]      Called from: [2]	/opt/rustwide/target/debug/build/whisper-rs-sys/c8d16d0dfeb9015a/out/whisper.cpp/CMakeLists.txt
[INFO] [stderr]                   [1]	/usr/share/cmake-4.2/Modules/CMakeTestCXXCompiler.cmake
[INFO] [stderr]   -- Detecting CXX compile features
[INFO] [stderr]      Called from: [3]	/opt/rustwide/target/debug/build/whisper-rs-sys/c8d16d0dfeb9015a/out/whisper.cpp/CMakeLists.txt
[INFO] [stderr]                   [2]	/usr/share/cmake-4.2/Modules/CMakeTestCXXCompiler.cmake
[INFO] [stderr]                   [1]	/usr/share/cmake-4.2/Modules/CMakeDetermineCompilerSupport.cmake
[INFO] [stderr]   -- Detecting CXX compile features - done
[INFO] [stderr]      Called from: [3]	/opt/rustwide/target/debug/build/whisper-rs-sys/c8d16d0dfeb9015a/out/whisper.cpp/CMakeLists.txt
[INFO] [stderr]                   [2]	/usr/share/cmake-4.2/Modules/CMakeTestCXXCompiler.cmake
[INFO] [stderr]                   [1]	/usr/share/cmake-4.2/Modules/CMakeDetermineCompilerSupport.cmake
[INFO] [stderr]   -- Found Git: /usr/bin/git (found version "2.53.0")
[INFO] [stderr]      Called from: [5]	/opt/rustwide/target/debug/build/whisper-rs-sys/c8d16d0dfeb9015a/out/whisper.cpp/CMakeLists.txt
[INFO] [stderr]                   [4]	/opt/rustwide/target/debug/build/whisper-rs-sys/c8d16d0dfeb9015a/out/whisper.cpp/cmake/GitVars.cmake
[INFO] [stderr]                   [3]	/usr/share/cmake-4.2/Modules/FindGit.cmake
[INFO] [stderr]                   [2]	/usr/share/cmake-4.2/Modules/FindPackageHandleStandardArgs.cmake
[INFO] [stderr]                   [1]	/usr/share/cmake-4.2/Modules/FindPackageMessage.cmake
[INFO] [stderr]   -- Performing Test CMAKE_HAVE_LIBC_PTHREAD
[INFO] [stderr]      Called from: [5]	/opt/rustwide/target/debug/build/whisper-rs-sys/c8d16d0dfeb9015a/out/whisper.cpp/CMakeLists.txt
[INFO] [stderr]                   [4]	/usr/share/cmake-4.2/Modules/FindThreads.cmake
[INFO] [stderr]                   [3]	/usr/share/cmake-4.2/Modules/FindThreads.cmake
[INFO] [stderr]                   [2]	/usr/share/cmake-4.2/Modules/CheckCSourceCompiles.cmake
[INFO] [stderr]                   [1]	/usr/share/cmake-4.2/Modules/Internal/CheckSourceCompiles.cmake
[INFO] [stderr]   -- Performing Test CMAKE_HAVE_LIBC_PTHREAD - Success
[INFO] [stderr]      Called from: [5]	/opt/rustwide/target/debug/build/whisper-rs-sys/c8d16d0dfeb9015a/out/whisper.cpp/CMakeLists.txt
[INFO] [stderr]                   [4]	/usr/share/cmake-4.2/Modules/FindThreads.cmake
[INFO] [stderr]                   [3]	/usr/share/cmake-4.2/Modules/FindThreads.cmake
[INFO] [stderr]                   [2]	/usr/share/cmake-4.2/Modules/CheckCSourceCompiles.cmake
[INFO] [stderr]                   [1]	/usr/share/cmake-4.2/Modules/Internal/CheckSourceCompiles.cmake
[INFO] [stderr]   -- Found Threads: TRUE
[INFO] [stderr]      Called from: [4]	/opt/rustwide/target/debug/build/whisper-rs-sys/c8d16d0dfeb9015a/out/whisper.cpp/CMakeLists.txt
[INFO] [stderr]                   [3]	/usr/share/cmake-4.2/Modules/FindThreads.cmake
[INFO] [stderr]                   [2]	/usr/share/cmake-4.2/Modules/FindPackageHandleStandardArgs.cmake
[INFO] [stderr]                   [1]	/usr/share/cmake-4.2/Modules/FindPackageMessage.cmake
[INFO] [stderr]   -- CMAKE_SYSTEM_PROCESSOR: x86_64
[INFO] [stderr]      Called from: [1]	/opt/rustwide/target/debug/build/whisper-rs-sys/c8d16d0dfeb9015a/out/whisper.cpp/CMakeLists.txt
[INFO] [stderr]   -- x86 detected
[INFO] [stderr]      Called from: [1]	/opt/rustwide/target/debug/build/whisper-rs-sys/c8d16d0dfeb9015a/out/whisper.cpp/CMakeLists.txt
[INFO] [stderr]   -- Configuring done (5.1s)
[INFO] [stderr]   -- Generating /opt/rustwide/target/debug/build/whisper-rs-sys/c8d16d0dfeb9015a/out/build
[INFO] [stderr]      Called from: [1]	/opt/rustwide/target/debug/build/whisper-rs-sys/c8d16d0dfeb9015a/out/whisper.cpp/CMakeLists.txt
[INFO] [stderr]   -- Generating /opt/rustwide/target/debug/build/whisper-rs-sys/c8d16d0dfeb9015a/out/build/bindings
[INFO] [stderr]      Called from: [1]	/opt/rustwide/target/debug/build/whisper-rs-sys/c8d16d0dfeb9015a/out/whisper.cpp/bindings/CMakeLists.txt
[INFO] [stderr]   -- Generating done (0.0s)
[INFO] [stderr]   -- Build files have been written to: /opt/rustwide/target/debug/build/whisper-rs-sys/c8d16d0dfeb9015a/out/build
[INFO] [stderr]   running: cd "/opt/rustwide/target/debug/build/whisper-rs-sys/c8d16d0dfeb9015a/out/build" && MAKEFLAGS="-j --jobserver-fds=4,5 --jobserver-auth=4,5" "cmake" "--build" "." "--target" "install" "--config" "Release"
[INFO] [stderr]   Change Dir: '/opt/rustwide/target/debug/build/whisper-rs-sys/c8d16d0dfeb9015a/out/build'
[INFO] [stderr] 
[INFO] [stderr]   Run Build Command(s): /usr/bin/cmake -E env VERBOSE=1 /usr/bin/gmake -f Makefile install
[INFO] [stderr]   /usr/bin/cmake -S/opt/rustwide/target/debug/build/whisper-rs-sys/c8d16d0dfeb9015a/out/whisper.cpp -B/opt/rustwide/target/debug/build/whisper-rs-sys/c8d16d0dfeb9015a/out/build --check-build-system CMakeFiles/Makefile.cmake 0
[INFO] [stderr]   /usr/bin/cmake -E cmake_progress_start /opt/rustwide/target/debug/build/whisper-rs-sys/c8d16d0dfeb9015a/out/build/CMakeFiles /opt/rustwide/target/debug/build/whisper-rs-sys/c8d16d0dfeb9015a/out/build//CMakeFiles/progress.marks
[INFO] [stderr]   /usr/bin/gmake  -f CMakeFiles/Makefile2 all
[INFO] [stderr]   gmake[1]: Entering directory '/opt/rustwide/target/debug/build/whisper-rs-sys/c8d16d0dfeb9015a/out/build'
[INFO] [stderr]   /usr/bin/gmake  -f CMakeFiles/whisper.dir/build.make CMakeFiles/whisper.dir/depend
[INFO] [stderr]   gmake[2]: Entering directory '/opt/rustwide/target/debug/build/whisper-rs-sys/c8d16d0dfeb9015a/out/build'
[INFO] [stderr]   cd /opt/rustwide/target/debug/build/whisper-rs-sys/c8d16d0dfeb9015a/out/build && /usr/bin/cmake -E cmake_depends "Unix Makefiles" /opt/rustwide/target/debug/build/whisper-rs-sys/c8d16d0dfeb9015a/out/whisper.cpp /opt/rustwide/target/debug/build/whisper-rs-sys/c8d16d0dfeb9015a/out/whisper.cpp /opt/rustwide/target/debug/build/whisper-rs-sys/c8d16d0dfeb9015a/out/build /opt/rustwide/target/debug/build/whisper-rs-sys/c8d16d0dfeb9015a/out/build /opt/rustwide/target/debug/build/whisper-rs-sys/c8d16d0dfeb9015a/out/build/CMakeFiles/whisper.dir/DependInfo.cmake "--color=" whisper
[INFO] [stderr]   gmake[2]: Leaving directory '/opt/rustwide/target/debug/build/whisper-rs-sys/c8d16d0dfeb9015a/out/build'
[INFO] [stderr]   /usr/bin/gmake  -f CMakeFiles/whisper.dir/build.make CMakeFiles/whisper.dir/build
[INFO] [stderr]   gmake[2]: Entering directory '/opt/rustwide/target/debug/build/whisper-rs-sys/c8d16d0dfeb9015a/out/build'
[INFO] [stderr]   [ 16%] Building C object CMakeFiles/whisper.dir/ggml.c.o
[INFO] [stderr]   [ 33%] Building C object CMakeFiles/whisper.dir/ggml-backend.c.o
[INFO] [stderr]   /usr/bin/cc -D_GNU_SOURCE -D_XOPEN_SOURCE=600 -I/opt/rustwide/target/debug/build/whisper-rs-sys/c8d16d0dfeb9015a/out/whisper.cpp/. -ffunction-sections -fdata-sections -fPIC -m64 -Werror=vla -mavx -mavx2 -mfma -mf16c -O2 -g -DNDEBUG -MD -MT CMakeFiles/whisper.dir/ggml.c.o -MF CMakeFiles/whisper.dir/ggml.c.o.d -o CMakeFiles/whisper.dir/ggml.c.o -c /opt/rustwide/target/debug/build/whisper-rs-sys/c8d16d0dfeb9015a/out/whisper.cpp/ggml.c
[INFO] [stderr]   /usr/bin/cc -D_GNU_SOURCE -D_XOPEN_SOURCE=600 -I/opt/rustwide/target/debug/build/whisper-rs-sys/c8d16d0dfeb9015a/out/whisper.cpp/. -ffunction-sections -fdata-sections -fPIC -m64 -Werror=vla -mavx -mavx2 -mfma -mf16c -O2 -g -DNDEBUG -MD -MT CMakeFiles/whisper.dir/ggml-backend.c.o -MF CMakeFiles/whisper.dir/ggml-backend.c.o.d -o CMakeFiles/whisper.dir/ggml-backend.c.o -c /opt/rustwide/target/debug/build/whisper-rs-sys/c8d16d0dfeb9015a/out/whisper.cpp/ggml-backend.c
[INFO] [stderr]   [ 50%] Building C object CMakeFiles/whisper.dir/ggml-alloc.c.o
[INFO] [stderr]   /usr/bin/cc -D_GNU_SOURCE -D_XOPEN_SOURCE=600 -I/opt/rustwide/target/debug/build/whisper-rs-sys/c8d16d0dfeb9015a/out/whisper.cpp/. -ffunction-sections -fdata-sections -fPIC -m64 -Werror=vla -mavx -mavx2 -mfma -mf16c -O2 -g -DNDEBUG -MD -MT CMakeFiles/whisper.dir/ggml-alloc.c.o -MF CMakeFiles/whisper.dir/ggml-alloc.c.o.d -o CMakeFiles/whisper.dir/ggml-alloc.c.o -c /opt/rustwide/target/debug/build/whisper-rs-sys/c8d16d0dfeb9015a/out/whisper.cpp/ggml-alloc.c
[INFO] [stderr]   [ 66%] Building C object CMakeFiles/whisper.dir/ggml-quants.c.o
[INFO] [stderr]   /usr/bin/cc -D_GNU_SOURCE -D_XOPEN_SOURCE=600 -I/opt/rustwide/target/debug/build/whisper-rs-sys/c8d16d0dfeb9015a/out/whisper.cpp/. -ffunction-sections -fdata-sections -fPIC -m64 -Werror=vla -mavx -mavx2 -mfma -mf16c -O2 -g -DNDEBUG -MD -MT CMakeFiles/whisper.dir/ggml-quants.c.o -MF CMakeFiles/whisper.dir/ggml-quants.c.o.d -o CMakeFiles/whisper.dir/ggml-quants.c.o -c /opt/rustwide/target/debug/build/whisper-rs-sys/c8d16d0dfeb9015a/out/whisper.cpp/ggml-quants.c
[INFO] [stderr]   [ 83%] Building CXX object CMakeFiles/whisper.dir/whisper.cpp.o
[INFO] [stderr]   /usr/bin/c++ -D_GNU_SOURCE -D_XOPEN_SOURCE=600 -I/opt/rustwide/target/debug/build/whisper-rs-sys/c8d16d0dfeb9015a/out/whisper.cpp/. -ffunction-sections -fdata-sections -fPIC -m64 -O2 -g -DNDEBUG -MD -MT CMakeFiles/whisper.dir/whisper.cpp.o -MF CMakeFiles/whisper.dir/whisper.cpp.o.d -o CMakeFiles/whisper.dir/whisper.cpp.o -c /opt/rustwide/target/debug/build/whisper-rs-sys/c8d16d0dfeb9015a/out/whisper.cpp/whisper.cpp
[INFO] [stderr]   gmake[2]: Leaving directory '/opt/rustwide/target/debug/build/whisper-rs-sys/c8d16d0dfeb9015a/out/build'
[INFO] [stderr]   gmake[1]: Leaving directory '/opt/rustwide/target/debug/build/whisper-rs-sys/c8d16d0dfeb9015a/out/build'
[INFO] [stderr] 
[INFO] [stderr] 
[INFO] [stderr]   --- stderr
[INFO] [stderr]   error: 'rustfmt' is not installed for the custom toolchain 'be3da1e8c043bb6f1f335463d3b1335cdf50b03c'.
[INFO] [stderr]   note: this is a custom toolchain, which cannot use `rustup component add`
[INFO] [stderr]   help: if you built this toolchain from source, and used `rustup toolchain link`, then you may be able to build the component with `x.py`
[INFO] [stderr]   Failed to run rustfmt: Internal rustfmt error (non-fatal, continuing)
[INFO] [stderr]   CMake Deprecation Warning at CMakeLists.txt:1 (cmake_minimum_required):
[INFO] [stderr]     Compatibility with CMake < 3.10 will be removed from a future version of
[INFO] [stderr]     CMake.
[INFO] [stderr] 
[INFO] [stderr]     Update the VERSION argument <min> value.  Or, use the <min>...<max> syntax
[INFO] [stderr]     to tell CMake that the project requires at least <min> but has been updated
[INFO] [stderr]     to work with policies introduced by <max> or earlier.
[INFO] [stderr] 
[INFO] [stderr] 
[INFO] [stderr]      Called from: [1]	/opt/rustwide/target/debug/build/whisper-rs-sys/c8d16d0dfeb9015a/out/whisper.cpp/CMakeLists.txt
[INFO] [stderr]   CMake Warning (dev) at /usr/share/cmake-4.2/Modules/CMakeDetermineCompiler.cmake:128 (set):
[INFO] [stderr]     Policy CMP0126 is not set: set(CACHE) does not remove a normal variable of
[INFO] [stderr]     the same name.  Run "cmake --help-policy CMP0126" for policy details.  Use
[INFO] [stderr]     the cmake_policy command to set the policy and suppress this warning.
[INFO] [stderr] 
[INFO] [stderr]     For compatibility with older versions of CMake, normal variable
[INFO] [stderr]     "CMAKE_C_COMPILER" will be removed from the current scope.
[INFO] [stderr]   Call Stack (most recent call first):
[INFO] [stderr]     /usr/share/cmake-4.2/Modules/CMakeDetermineCCompiler.cmake:67 (_cmake_find_compiler_path)
[INFO] [stderr]     CMakeLists.txt:3 (project)
[INFO] [stderr]   This warning is for project developers.  Use -Wno-dev to suppress it.
[INFO] [stderr] 
[INFO] [stderr]      Called from: [3]	/opt/rustwide/target/debug/build/whisper-rs-sys/c8d16d0dfeb9015a/out/whisper.cpp/CMakeLists.txt
[INFO] [stderr]                   [2]	/usr/share/cmake-4.2/Modules/CMakeDetermineCCompiler.cmake
[INFO] [stderr]                   [1]	/usr/share/cmake-4.2/Modules/CMakeDetermineCompiler.cmake
[INFO] [stderr]   CMake Warning (dev) at /usr/share/cmake-4.2/Modules/CMakeDetermineCompiler.cmake:128 (set):
[INFO] [stderr]     Policy CMP0126 is not set: set(CACHE) does not remove a normal variable of
[INFO] [stderr]     the same name.  Run "cmake --help-policy CMP0126" for policy details.  Use
[INFO] [stderr]     the cmake_policy command to set the policy and suppress this warning.
[INFO] [stderr] 
[INFO] [stderr]     For compatibility with older versions of CMake, normal variable
[INFO] [stderr]     "CMAKE_CXX_COMPILER" will be removed from the current scope.
[INFO] [stderr]   Call Stack (most recent call first):
[INFO] [stderr]     /usr/share/cmake-4.2/Modules/CMakeDetermineCXXCompiler.cmake:71 (_cmake_find_compiler_path)
[INFO] [stderr]     CMakeLists.txt:3 (project)
[INFO] [stderr]   This warning is for project developers.  Use -Wno-dev to suppress it.
[INFO] [stderr] 
[INFO] [stderr]      Called from: [3]	/opt/rustwide/target/debug/build/whisper-rs-sys/c8d16d0dfeb9015a/out/whisper.cpp/CMakeLists.txt
[INFO] [stderr]                   [2]	/usr/share/cmake-4.2/Modules/CMakeDetermineCXXCompiler.cmake
[INFO] [stderr]                   [1]	/usr/share/cmake-4.2/Modules/CMakeDetermineCompiler.cmake
[INFO] [stderr]   CMake Warning (dev) at /usr/share/cmake-4.2/Modules/CMakeFindBinUtils.cmake:243 (find_program):
[INFO] [stderr]     Policy CMP0126 is not set: set(CACHE) does not remove a normal variable of
[INFO] [stderr]     the same name.  Run "cmake --help-policy CMP0126" for policy details.  Use
[INFO] [stderr]     the cmake_policy command to set the policy and suppress this warning.
[INFO] [stderr] 
[INFO] [stderr]     For compatibility with older versions of CMake, normal variable
[INFO] [stderr]     "CMAKE_TAPI" will be removed from the current scope.
[INFO] [stderr]   Call Stack (most recent call first):
[INFO] [stderr]     /usr/share/cmake-4.2/Modules/CMakeDetermineCXXCompiler.cmake:206 (include)
[INFO] [stderr]     CMakeLists.txt:3 (project)
[INFO] [stderr]   This warning is for project developers.  Use -Wno-dev to suppress it.
[INFO] [stderr] 
[INFO] [stderr]      Called from: [3]	/opt/rustwide/target/debug/build/whisper-rs-sys/c8d16d0dfeb9015a/out/whisper.cpp/CMakeLists.txt
[INFO] [stderr]                   [2]	/usr/share/cmake-4.2/Modules/CMakeDetermineCXXCompiler.cmake
[INFO] [stderr]                   [1]	/usr/share/cmake-4.2/Modules/CMakeFindBinUtils.cmake
[INFO] [stderr]   CMake Warning (dev) at /usr/share/cmake-4.2/Modules/CMakeDetermineCompilerABI.cmake:83 (try_compile):
[INFO] [stderr]     Policy CMP0066 is not set: Honor per-config flags in try_compile()
[INFO] [stderr]     source-file signature.  Run "cmake --help-policy CMP0066" for policy
[INFO] [stderr]     details.  Use the cmake_policy command to set the policy and suppress this
[INFO] [stderr]     warning.
[INFO] [stderr] 
[INFO] [stderr]     For compatibility with older versions of CMake, try_compile is not honoring
[INFO] [stderr]     caller config-specific compiler flags (e.g.  CMAKE_C_FLAGS_DEBUG) in the
[INFO] [stderr]     test project.
[INFO] [stderr]   Call Stack (most recent call first):
[INFO] [stderr]     /usr/share/cmake-4.2/Modules/CMakeTestCCompiler.cmake:26 (CMAKE_DETERMINE_COMPILER_ABI)
[INFO] [stderr]     CMakeLists.txt:3 (project)
[INFO] [stderr]   This warning is for project developers.  Use -Wno-dev to suppress it.
[INFO] [stderr] 
[INFO] [stderr]      Called from: [3]	/opt/rustwide/target/debug/build/whisper-rs-sys/c8d16d0dfeb9015a/out/whisper.cpp/CMakeLists.txt
[INFO] [stderr]                   [2]	/usr/share/cmake-4.2/Modules/CMakeTestCCompiler.cmake
[INFO] [stderr]                   [1]	/usr/share/cmake-4.2/Modules/CMakeDetermineCompilerABI.cmake
[INFO] [stderr]   CMake Warning (dev) at /usr/share/cmake-4.2/Modules/CMakeDetermineCompilerABI.cmake:83 (try_compile):
[INFO] [stderr]     Policy CMP0066 is not set: Honor per-config flags in try_compile()
[INFO] [stderr]     source-file signature.  Run "cmake --help-policy CMP0066" for policy
[INFO] [stderr]     details.  Use the cmake_policy command to set the policy and suppress this
[INFO] [stderr]     warning.
[INFO] [stderr] 
[INFO] [stderr]     For compatibility with older versions of CMake, try_compile is not honoring
[INFO] [stderr]     caller config-specific compiler flags (e.g.  CMAKE_C_FLAGS_DEBUG) in the
[INFO] [stderr]     test project.
[INFO] [stderr]   Call Stack (most recent call first):
[INFO] [stderr]     /usr/share/cmake-4.2/Modules/CMakeTestCXXCompiler.cmake:26 (CMAKE_DETERMINE_COMPILER_ABI)
[INFO] [stderr]     CMakeLists.txt:3 (project)
[INFO] [stderr]   This warning is for project developers.  Use -Wno-dev to suppress it.
[INFO] [stderr] 
[INFO] [stderr]      Called from: [3]	/opt/rustwide/target/debug/build/whisper-rs-sys/c8d16d0dfeb9015a/out/whisper.cpp/CMakeLists.txt
[INFO] [stderr]                   [2]	/usr/share/cmake-4.2/Modules/CMakeTestCXXCompiler.cmake
[INFO] [stderr]                   [1]	/usr/share/cmake-4.2/Modules/CMakeDetermineCompilerABI.cmake
[INFO] [stderr]   CMake Warning (dev) at /usr/share/cmake-4.2/Modules/Internal/CheckSourceCompiles.cmake:104 (try_compile):
[INFO] [stderr]     Policy CMP0066 is not set: Honor per-config flags in try_compile()
[INFO] [stderr]     source-file signature.  Run "cmake --help-policy CMP0066" for policy
[INFO] [stderr]     details.  Use the cmake_policy command to set the policy and suppress this
[INFO] [stderr]     warning.
[INFO] [stderr] 
[INFO] [stderr]     For compatibility with older versions of CMake, try_compile is not honoring
[INFO] [stderr]     caller config-specific compiler flags (e.g.  CMAKE_C_FLAGS_DEBUG) in the
[INFO] [stderr]     test project.
[INFO] [stderr]   Call Stack (most recent call first):
[INFO] [stderr]     /usr/share/cmake-4.2/Modules/CheckCSourceCompiles.cmake:103 (cmake_check_source_compiles)
[INFO] [stderr]     /usr/share/cmake-4.2/Modules/FindThreads.cmake:160 (check_c_source_compiles)
[INFO] [stderr]     /usr/share/cmake-4.2/Modules/FindThreads.cmake:226 (_threads_check_libc)
[INFO] [stderr]     CMakeLists.txt:106 (find_package)
[INFO] [stderr]   This warning is for project developers.  Use -Wno-dev to suppress it.
[INFO] [stderr] 
[INFO] [stderr]      Called from: [5]	/opt/rustwide/target/debug/build/whisper-rs-sys/c8d16d0dfeb9015a/out/whisper.cpp/CMakeLists.txt
[INFO] [stderr]                   [4]	/usr/share/cmake-4.2/Modules/FindThreads.cmake
[INFO] [stderr]                   [3]	/usr/share/cmake-4.2/Modules/FindThreads.cmake
[INFO] [stderr]                   [2]	/usr/share/cmake-4.2/Modules/CheckCSourceCompiles.cmake
[INFO] [stderr]                   [1]	/usr/share/cmake-4.2/Modules/Internal/CheckSourceCompiles.cmake
[INFO] [stderr]      Entering             /opt/rustwide/target/debug/build/whisper-rs-sys/c8d16d0dfeb9015a/out/whisper.cpp/bindings
[INFO] [stderr]      Called from: [1]	/opt/rustwide/target/debug/build/whisper-rs-sys/c8d16d0dfeb9015a/out/whisper.cpp/CMakeLists.txt
[INFO] [stderr]      Returning to         /opt/rustwide/target/debug/build/whisper-rs-sys/c8d16d0dfeb9015a/out/whisper.cpp
[INFO] [stderr]      Called from: [1]	/opt/rustwide/target/debug/build/whisper-rs-sys/c8d16d0dfeb9015a/out/whisper.cpp/CMakeLists.txt
[INFO] [stderr]   CMake Warning (dev) at CMakeLists.txt:468 (add_library):
[INFO] [stderr]     Policy CMP0156 is not set: De-duplicate libraries on link lines based on
[INFO] [stderr]     linker capabilities.  Run "cmake --help-policy CMP0156" for policy details.
[INFO] [stderr]     Use the cmake_policy command to set the policy and suppress this warning.
[INFO] [stderr] 
[INFO] [stderr]     Since the policy is not set, legacy libraries de-duplication strategy will
[INFO] [stderr]     be applied.
[INFO] [stderr]   This warning is for project developers.  Use -Wno-dev to suppress it.
[INFO] [stderr] 
[INFO] [stderr]      Called from: [1]	/opt/rustwide/target/debug/build/whisper-rs-sys/c8d16d0dfeb9015a/out/whisper.cpp/CMakeLists.txt
[INFO] [stderr]   CMake Warning:
[INFO] [stderr]     Manually-specified variables were not used by the project:
[INFO] [stderr] 
[INFO] [stderr]       CMAKE_ASM_COMPILER
[INFO] [stderr]       CMAKE_ASM_FLAGS
[INFO] [stderr]       WHISPER_METAL
[INFO] [stderr] 
[INFO] [stderr] 
[INFO] [stderr]   c++: fatal error: Killed signal terminated program cc1plus
[INFO] [stderr]   compilation terminated.
[INFO] [stderr]   gmake[2]: *** [CMakeFiles/whisper.dir/build.make:138: CMakeFiles/whisper.dir/whisper.cpp.o] Error 1
[INFO] [stderr]   gmake[1]: *** [CMakeFiles/Makefile2:112: CMakeFiles/whisper.dir/all] Error 2
[INFO] [stderr]   gmake: *** [Makefile:139: all] Error 2
[INFO] [stderr] 
[INFO] [stderr]   thread 'main' (1612) panicked at /opt/rustwide/cargo-home/registry/src/index.crates.io-1949cf8c6b5b557f/cmake-0.1.50/src/lib.rs:1098:5:
[INFO] [stderr] 
[INFO] [stderr]   command did not execute successfully, got: exit status: 2
[INFO] [stderr] 
[INFO] [stderr]   build script failed, must exit now
[INFO] [stderr]   stack backtrace:
[INFO] [stderr]      0:     0x61946e806ce1 - std[b86ef5264e9f7438]::backtrace_rs::backtrace::libunwind::trace
[INFO] [stderr]                                  at /rustc/be3da1e8c043bb6f1f335463d3b1335cdf50b03c/library/std/src/../../backtrace/src/backtrace/libunwind.rs:117:9
[INFO] [stderr]      1:     0x61946e806ce1 - std[b86ef5264e9f7438]::backtrace_rs::backtrace::trace_unsynchronized::<std[b86ef5264e9f7438]::sys::backtrace::_print_fmt::{closure#1}>
[INFO] [stderr]                                  at /rustc/be3da1e8c043bb6f1f335463d3b1335cdf50b03c/library/std/src/../../backtrace/src/backtrace/mod.rs:66:14
[INFO] [stderr]      2:     0x61946e806ce1 - std[b86ef5264e9f7438]::sys::backtrace::_print_fmt
[INFO] [stderr]                                  at /rustc/be3da1e8c043bb6f1f335463d3b1335cdf50b03c/library/std/src/sys/backtrace.rs:74:9
[INFO] [stderr]      3:     0x61946e806ce1 - <<std[b86ef5264e9f7438]::sys::backtrace::BacktraceLock>::print::DisplayBacktrace as core[a83cf561d8fc76d6]::fmt::Display>::fmt
[INFO] [stderr]                                  at /rustc/be3da1e8c043bb6f1f335463d3b1335cdf50b03c/library/std/src/sys/backtrace.rs:44:26
[INFO] [stderr]      4:     0x61946e81e8da - <core[a83cf561d8fc76d6]::fmt::rt::Argument>::fmt
[INFO] [stderr]                                  at /rustc/be3da1e8c043bb6f1f335463d3b1335cdf50b03c/library/core/src/fmt/rt.rs:152:76
[INFO] [stderr]      5:     0x61946e81e8da - core[a83cf561d8fc76d6]::fmt::write
[INFO] [stderr]      6:     0x61946e80ce3c - core[a83cf561d8fc76d6]::io::write::default_write_fmt::<std[b86ef5264e9f7438]::sys::stdio::unix::Stderr>
[INFO] [stderr]                                  at /rustc/be3da1e8c043bb6f1f335463d3b1335cdf50b03c/library/core/src/io/write.rs:402:11
[INFO] [stderr]      7:     0x61946e80ce3c - <std[b86ef5264e9f7438]::sys::stdio::unix::Stderr as core[a83cf561d8fc76d6]::io::write::Write>::write_fmt
[INFO] [stderr]                                  at /rustc/be3da1e8c043bb6f1f335463d3b1335cdf50b03c/library/core/src/io/write.rs:335:13
[INFO] [stderr]      8:     0x61946e7e31e6 - <std[b86ef5264e9f7438]::sys::backtrace::BacktraceLock>::print
[INFO] [stderr]                                  at /rustc/be3da1e8c043bb6f1f335463d3b1335cdf50b03c/library/std/src/sys/backtrace.rs:47:9
[INFO] [stderr]      9:     0x61946e7e31e6 - std[b86ef5264e9f7438]::panicking::default_hook::{closure#0}
[INFO] [stderr]                                  at /rustc/be3da1e8c043bb6f1f335463d3b1335cdf50b03c/library/std/src/panicking.rs:289:27
[INFO] [stderr]     10:     0x61946e7ffea1 - std[b86ef5264e9f7438]::panicking::default_hook
[INFO] [stderr]                                  at /rustc/be3da1e8c043bb6f1f335463d3b1335cdf50b03c/library/std/src/panicking.rs:316:9
[INFO] [stderr]     11:     0x61946e8001cb - std[b86ef5264e9f7438]::panicking::panic_with_hook
[INFO] [stderr]                                  at /rustc/be3da1e8c043bb6f1f335463d3b1335cdf50b03c/library/std/src/panicking.rs:811:13
[INFO] [stderr]     12:     0x61946e7e3292 - std[b86ef5264e9f7438]::panicking::panic_handler::{closure#0}
[INFO] [stderr]                                  at /rustc/be3da1e8c043bb6f1f335463d3b1335cdf50b03c/library/std/src/panicking.rs:685:13
[INFO] [stderr]     13:     0x61946e7dcfb9 - std[b86ef5264e9f7438]::sys::backtrace::__rust_end_short_backtrace::<std[b86ef5264e9f7438]::panicking::panic_handler::{closure#0}, !>
[INFO] [stderr]                                  at /rustc/be3da1e8c043bb6f1f335463d3b1335cdf50b03c/library/std/src/sys/backtrace.rs:182:18
[INFO] [stderr]     14:     0x61946e7e3acd - __rustc[3429c5eca17aa70d]::rust_begin_unwind
[INFO] [stderr]                                  at /rustc/be3da1e8c043bb6f1f335463d3b1335cdf50b03c/library/std/src/panicking.rs:676:5
[INFO] [stderr]     15:     0x61946e81f17c - core[a83cf561d8fc76d6]::panicking::panic_fmt
[INFO] [stderr]                                  at /rustc/be3da1e8c043bb6f1f335463d3b1335cdf50b03c/library/core/src/panicking.rs:80:14
[INFO] [stderr]     16:     0x61946e297cd7 - cmake[1722dc201d102576]::fail
[INFO] [stderr]     17:     0x61946e297991 - cmake[1722dc201d102576]::run
[INFO] [stderr]     18:     0x61946e29d64a - <cmake[1722dc201d102576]::Config>::build
[INFO] [stderr]     19:     0x61946e2866b4 - build_script_build[fb7fb8cd0d4caef4]::main
[INFO] [stderr]     20:     0x61946e288aa3 - <fn() as core[a83cf561d8fc76d6]::ops::function::FnOnce<()>>::call_once
[INFO] [stderr]     21:     0x61946e2852ce - std[b86ef5264e9f7438]::sys::backtrace::__rust_begin_short_backtrace::<fn(), ()>
[INFO] [stderr]     22:     0x61946e285449 - std[b86ef5264e9f7438]::rt::lang_start::<()>::{closure#0}
[INFO] [stderr]     23:     0x61946e7fef68 - <&dyn core[a83cf561d8fc76d6]::ops::function::Fn<(), Output = i32> + core[a83cf561d8fc76d6]::marker::Sync + core[a83cf561d8fc76d6]::panic::unwind_safe::RefUnwindSafe as core[a83cf561d8fc76d6]::ops::function::FnOnce<()>>::call_once
[INFO] [stderr]                                  at /rustc/be3da1e8c043bb6f1f335463d3b1335cdf50b03c/library/core/src/ops/function.rs:287:21
[INFO] [stderr]     24:     0x61946e7fef68 - std[b86ef5264e9f7438]::panicking::catch_unwind::do_call::<&dyn core[a83cf561d8fc76d6]::ops::function::Fn<(), Output = i32> + core[a83cf561d8fc76d6]::marker::Sync + core[a83cf561d8fc76d6]::panic::unwind_safe::RefUnwindSafe, i32>
[INFO] [stderr]                                  at /rustc/be3da1e8c043bb6f1f335463d3b1335cdf50b03c/library/std/src/panicking.rs:573:43
[INFO] [stderr]     25:     0x61946e7fef68 - std[b86ef5264e9f7438]::panicking::catch_unwind::<i32, &dyn core[a83cf561d8fc76d6]::ops::function::Fn<(), Output = i32> + core[a83cf561d8fc76d6]::marker::Sync + core[a83cf561d8fc76d6]::panic::unwind_safe::RefUnwindSafe>
[INFO] [stderr]                                  at /rustc/be3da1e8c043bb6f1f335463d3b1335cdf50b03c/library/std/src/panicking.rs:541:19
[INFO] [stderr]     26:     0x61946e7fef68 - std[b86ef5264e9f7438]::panic::catch_unwind::<&dyn core[a83cf561d8fc76d6]::ops::function::Fn<(), Output = i32> + core[a83cf561d8fc76d6]::marker::Sync + core[a83cf561d8fc76d6]::panic::unwind_safe::RefUnwindSafe, i32>
[INFO] [stderr]                                  at /rustc/be3da1e8c043bb6f1f335463d3b1335cdf50b03c/library/std/src/panic.rs:359:14
[INFO] [stderr]     27:     0x61946e7fef68 - std[b86ef5264e9f7438]::rt::lang_start_internal::{closure#0}
[INFO] [stderr]                                  at /rustc/be3da1e8c043bb6f1f335463d3b1335cdf50b03c/library/std/src/rt.rs:175:24
[INFO] [stderr]     28:     0x61946e7fef68 - std[b86ef5264e9f7438]::panicking::catch_unwind::do_call::<std[b86ef5264e9f7438]::rt::lang_start_internal::{closure#0}, isize>
[INFO] [stderr]                                  at /rustc/be3da1e8c043bb6f1f335463d3b1335cdf50b03c/library/std/src/panicking.rs:573:43
[INFO] [stderr]     29:     0x61946e7fef68 - std[b86ef5264e9f7438]::panicking::catch_unwind::<isize, std[b86ef5264e9f7438]::rt::lang_start_internal::{closure#0}>
[INFO] [stderr]                                  at /rustc/be3da1e8c043bb6f1f335463d3b1335cdf50b03c/library/std/src/panicking.rs:541:19
[INFO] [stderr]     30:     0x61946e7fef68 - std[b86ef5264e9f7438]::panic::catch_unwind::<std[b86ef5264e9f7438]::rt::lang_start_internal::{closure#0}, isize>
[INFO] [stderr]                                  at /rustc/be3da1e8c043bb6f1f335463d3b1335cdf50b03c/library/std/src/panic.rs:359:14
[INFO] [stderr]     31:     0x61946e7fef68 - std[b86ef5264e9f7438]::rt::lang_start_internal
[INFO] [stderr]                                  at /rustc/be3da1e8c043bb6f1f335463d3b1335cdf50b03c/library/std/src/rt.rs:171:5
[INFO] [stderr]     32:     0x61946e2852c1 - std[b86ef5264e9f7438]::rt::lang_start::<()>
[INFO] [stderr]     33:     0x61946e288d65 - main
[INFO] [stderr]     34:     0x764b21940601 - <unknown>
[INFO] [stderr]     35:     0x764b21940718 - __libc_start_main
[INFO] [stderr]     36:     0x61946e27f6e5 - _start
[INFO] [stderr]     37:                0x0 - <unknown>
[INFO] running `Command { std: "docker" "inspect" "c3edb223741506cdfceb09f7c498fcbd3c8f1d50974c5d55bfe6268f7b815338", kill_on_drop: false }`
[INFO] running `Command { std: "docker" "rm" "-f" "c3edb223741506cdfceb09f7c498fcbd3c8f1d50974c5d55bfe6268f7b815338", kill_on_drop: false }`
[INFO] [stdout] c3edb223741506cdfceb09f7c498fcbd3c8f1d50974c5d55bfe6268f7b815338
