[INFO] fetching crate hopr-types 4.0.1...
[INFO] checking hopr-types-4.0.1 against 018018e881e2db0956f229dbb543e21f058d1ce7 for pr-162597
[INFO] extracting crate hopr-types 4.0.1 into /workspace/builds/worker-0-tc1/source
[INFO] removed /workspace/builds/worker-0-tc1/source/rust-toolchain.toml
[INFO] started tweaking crates.io crate hopr-types 4.0.1
[INFO] finished tweaking crates.io crate hopr-types 4.0.1
[INFO] tweaked toml for crates.io crate hopr-types 4.0.1 written to /workspace/builds/worker-0-tc1/source/Cargo.toml
[INFO] validating manifest of crates.io crate hopr-types 4.0.1 on toolchain 018018e881e2db0956f229dbb543e21f058d1ce7
[INFO] running `Command { std: CARGO_HOME="/workspace/cargo-home" RUSTUP_HOME="/workspace/rustup-home" "/workspace/cargo-home/bin/cargo" "+018018e881e2db0956f229dbb543e21f058d1ce7" "metadata" "--manifest-path" "Cargo.toml" "--no-deps", kill_on_drop: false }`
[INFO] crate crates.io crate hopr-types 4.0.1 already has a lockfile, it will not be regenerated
[INFO] running `Command { std: CARGO_HOME="/workspace/cargo-home" RUSTUP_HOME="/workspace/rustup-home" "/workspace/cargo-home/bin/cargo" "+018018e881e2db0956f229dbb543e21f058d1ce7" "fetch" "--manifest-path" "Cargo.toml", kill_on_drop: false }`
[INFO] [stderr] warning: explicit `package.readme` can be inferred
[INFO] [stderr]    --> Cargo.toml:364:1
[INFO] [stderr]     |
[INFO] [stderr] 364 | readme = "README.md"
[INFO] [stderr]     | ^^^^^^^^^^^^^^^^^^^^
[INFO] [stderr]     |
[INFO] [stderr]     = note: `cargo::manual_readme` is set to `warn` by default
[INFO] [stderr] help: consider removing `package.readme`
[INFO] [stderr] warning: `hopr-types` (manifest) generated 1 warning
[INFO] [stderr]     Updating crates.io index
[INFO] [stderr]  Downloading crates ...
[INFO] [stderr]   Downloaded scrypt v0.12.0
[INFO] [stderr]   Downloaded rlp v0.6.1
[INFO] [stderr]   Downloaded secp256k1 v0.31.1
[INFO] [stderr]   Downloaded impl-codec v0.7.1
[INFO] [stderr]   Downloaded parameterized-macro v3.0.0
[INFO] [stderr]   Downloaded wnaf v0.14.0
[INFO] [stderr]   Downloaded rfc6979 v0.6.0
[INFO] [stderr]   Downloaded primitive-types v0.14.0
[INFO] [stderr]   Downloaded salsa20 v0.11.0
[INFO] [stderr]   Downloaded hex-literal v1.1.0
[INFO] [stderr]   Downloaded libp2p-identity v0.2.14
[INFO] [stderr]   Downloaded alloy-sol-macro v1.6.1
[INFO] [stderr]   Downloaded alloy-sol-macro-input v1.6.1
[INFO] [stderr]   Downloaded proc-macro-error-attr3 v3.0.1
[INFO] [stderr]   Downloaded alloy-hardforks v0.2.13
[INFO] [stderr]   Downloaded taceo-ark-babyjubjub v0.5.3
[INFO] [stderr]   Downloaded alloy-tx-macros v2.1.1
[INFO] [stderr]   Downloaded parameterized v2.1.0
[INFO] [stderr]   Downloaded uint v0.10.0
[INFO] [stderr]   Downloaded mockall v0.15.0
[INFO] [stderr]   Downloaded serdect v0.4.3
[INFO] [stderr]   Downloaded primeorder v0.14.0
[INFO] [stderr]   Downloaded primefield v0.14.0
[INFO] [stderr]   Downloaded serdect v0.2.0
[INFO] [stderr]   Downloaded alloy-eip2930 v0.2.3
[INFO] [stderr]   Downloaded opentelemetry-prometheus-text-exporter v0.3.0
[INFO] [stderr]   Downloaded mockall_derive v0.15.0
[INFO] [stderr]   Downloaded fixed-cache v0.1.10
[INFO] [stderr]   Downloaded alloy-eip2124 v0.2.0
[INFO] [stderr]   Downloaded alloy-eip7702 v0.6.3
[INFO] [stderr]   Downloaded alloy-rpc-types-any v2.1.1
[INFO] [stderr]   Downloaded nybbles v0.4.8
[INFO] [stderr]   Downloaded alloy-rpc-types v2.1.1
[INFO] [stderr]   Downloaded ecdsa v0.17.0
[INFO] [stderr]   Downloaded alloy-consensus-any v2.1.1
[INFO] [stderr]   Downloaded alloy-rpc-types-anvil v2.1.1
[INFO] [stderr]   Downloaded alloy-core v1.6.1
[INFO] [stderr]   Downloaded toml_edit v0.25.6+spec-1.1.0
[INFO] [stderr]   Downloaded alloy-transport-http v2.1.1
[INFO] [stderr]   Downloaded alloy-transport v2.1.1
[INFO] [stderr]   Downloaded alloy-json-rpc v2.1.1
[INFO] [stderr]   Downloaded proc-macro-error3 v3.0.1
[INFO] [stderr]   Downloaded alloy-sol-macro-expander v1.6.1
[INFO] [stderr]   Downloaded alloy-signer-local v2.1.1
[INFO] [stderr]   Downloaded alloy-network v2.1.1
[INFO] [stderr]   Downloaded alloy-serde v2.1.1
[INFO] [stderr]   Downloaded alloy-network-primitives v2.1.1
[INFO] [stderr]   Downloaded borsh-derive v1.8.0
[INFO] [stderr]   Downloaded alloy-node-bindings v2.1.1
[INFO] [stderr]   Downloaded alloy-ens v2.1.1
[INFO] [stderr]   Downloaded ark-bn254 v0.6.0
[INFO] [stderr]   Downloaded impl-serde v0.5.0
[INFO] [stderr]   Downloaded alloy v2.1.1
[INFO] [stderr]   Downloaded alloy-eip7928 v0.4.5
[INFO] [stderr]   Downloaded alloy-json-abi v1.6.1
[INFO] [stderr]   Downloaded alloy-rpc-client v2.1.1
[INFO] [stderr]   Downloaded alloy-contract v2.1.1
[INFO] [stderr]   Downloaded alloy-sol-types v1.6.1
[INFO] [stderr]   Downloaded syn-solidity v1.6.1
[INFO] [stderr]   Downloaded alloy-chains v0.2.36
[INFO] [stderr]   Downloaded strobe-rs v0.13.0
[INFO] [stderr]   Downloaded ark-poly v0.6.0
[INFO] [stderr]   Downloaded ark-ec v0.6.0
[INFO] [stderr]   Downloaded const-hex v1.19.1
[INFO] [stderr]   Downloaded babyjubjub-ec v0.4.0
[INFO] [stderr]   Downloaded k256 v0.14.0
[INFO] [stderr]   Downloaded alloy-rpc-types-eth v2.1.1
[INFO] [stderr]   Downloaded alloy-primitives v1.6.1
[INFO] [stderr]   Downloaded aes v0.9.2
[INFO] [stderr]   Downloaded ruint v1.20.0
[INFO] [stderr]   Downloaded alloy-provider v2.1.1
[INFO] [stderr]   Downloaded alloy-genesis v2.1.1
[INFO] [stderr]   Downloaded alloy-eips v2.1.1
[INFO] [stderr]   Downloaded hopr-bindings v5.0.0
[INFO] [stderr]   Downloaded c-kzg v2.1.8
[INFO] [stderr]   Downloaded secp256k1-sys v0.11.0
[INFO] [stderr]   Downloaded aquamarine v0.6.0
[INFO] [stderr]   Downloaded alloy-consensus v2.1.1
[INFO] [stderr]   Downloaded alloy-sol-type-parser v1.6.1
[INFO] [stderr]   Downloaded alloy-dyn-abi v1.6.1
[INFO] [stderr]   Downloaded alloy-signer v2.1.1
[INFO] [stderr]   Downloaded alloy-trie v0.9.5
[INFO] running `Command { std: "docker" "create" "-v" "/var/lib/crater-agent-workspace/builds/worker-0-tc1/source:/opt/rustwide/workdir:ro,Z" "-v" "/var/lib/crater-agent-workspace/builds/worker-0-tc1/target:/opt/rustwide/target:rw,Z" "-v" "/var/lib/crater-agent-workspace/cargo-home:/opt/rustwide/cargo-home:ro,Z" "-v" "/var/lib/crater-agent-workspace/rustup-home:/opt/rustwide/rustup-home:ro,Z" "-m" "1610612736" "--network" "none" "ghcr.io/rust-lang/crates-build-env/linux@sha256:8683fc1fc2eb5c9ac98e0d076ab094b2ffac7f99da555d2b6a2e27f346de2ec7" "sleep" "infinity", kill_on_drop: false }`
[INFO] [stdout] 551724dc9abc980f4074d196b2e522e45c62a5165957a2577e9ec190a7d3b907
[INFO] running `Command { std: "docker" "start" "551724dc9abc980f4074d196b2e522e45c62a5165957a2577e9ec190a7d3b907", kill_on_drop: false }`
[INFO] running `Command { std: "docker" "inspect" "551724dc9abc980f4074d196b2e522e45c62a5165957a2577e9ec190a7d3b907", kill_on_drop: false }`
[INFO] running `Command { std: "docker" "exec" "-e" "SOURCE_DIR=/opt/rustwide/workdir" "-e" "CARGO_HOME=/opt/rustwide/cargo-home" "-e" "RUSTUP_HOME=/opt/rustwide/rustup-home" "-e" "CARGO_TARGET_DIR=/opt/rustwide/target" "-w" "/opt/rustwide/workdir" "--user" "0:0" "551724dc9abc980f4074d196b2e522e45c62a5165957a2577e9ec190a7d3b907" "/opt/rustwide/cargo-home/bin/cargo" "+018018e881e2db0956f229dbb543e21f058d1ce7" "metadata" "--no-deps" "--format-version=1", kill_on_drop: false }`
[INFO] running `Command { std: "docker" "inspect" "551724dc9abc980f4074d196b2e522e45c62a5165957a2577e9ec190a7d3b907", kill_on_drop: false }`
[INFO] running `Command { std: "docker" "exec" "-e" "SOURCE_DIR=/opt/rustwide/workdir" "-e" "CARGO_HOME=/opt/rustwide/cargo-home" "-e" "RUSTUP_HOME=/opt/rustwide/rustup-home" "-e" "CARGO_TARGET_DIR=/opt/rustwide/target" "-e" "CARGO_INCREMENTAL=0" "-e" "RUST_BACKTRACE=full" "-e" "RUSTFLAGS=--cap-lints=forbid" "-e" "RUSTDOCFLAGS=--cap-lints=forbid" "-w" "/opt/rustwide/workdir" "--user" "0:0" "551724dc9abc980f4074d196b2e522e45c62a5165957a2577e9ec190a7d3b907" "/opt/rustwide/cargo-home/bin/cargo" "+018018e881e2db0956f229dbb543e21f058d1ce7" "check" "--frozen" "--all" "--all-targets" "--message-format=json", kill_on_drop: false }`
[INFO] [stderr] warning: explicit `package.readme` can be inferred
[INFO] [stderr]    --> Cargo.toml:364:1
[INFO] [stderr]     |
[INFO] [stderr] 364 | readme = "README.md"
[INFO] [stderr]     | ^^^^^^^^^^^^^^^^^^^^
[INFO] [stderr]     |
[INFO] [stderr]     = note: `cargo::manual_readme` is set to `warn` by default
[INFO] [stderr] help: consider removing `package.readme`
[INFO] [stderr] warning: `hopr-types` (manifest) generated 1 warning
[INFO] [stderr]    Compiling serde v1.0.229
[INFO] [stderr]    Compiling generic-array v0.14.9
[INFO] [stderr]     Checking ctutils v0.4.2
[INFO] [stderr]     Checking arrayvec v0.7.8
[INFO] [stderr]    Compiling ruint-macro v1.2.1
[INFO] [stderr]    Compiling serde_core v1.0.229
[INFO] [stderr]     Checking keccak v0.2.0
[INFO] [stderr]     Checking hashbrown v0.17.1
[INFO] [stderr]    Compiling zeroize_derive v1.5.0
[INFO] [stderr]    Compiling derive_more-impl v2.1.1
[INFO] [stderr]    Compiling alloy-rlp-derive v0.3.16
[INFO] [stderr]     Checking const-hex v1.19.1
[INFO] [stderr]     Checking ff v0.13.1
[INFO] [stderr]    Compiling winnow v1.0.4
[INFO] [stderr]    Compiling indexmap v2.11.4
[INFO] [stderr]    Compiling memchr v2.8.3
[INFO] [stderr]     Checking group v0.13.0
[INFO] [stderr]    Compiling typenum v1.20.1
[INFO] [stderr]     Checking rand_chacha v0.3.1
[INFO] [stderr]     Checking tracing v0.1.44
[INFO] [stderr]    Compiling serde_json v1.0.151
[INFO] [stderr]    Compiling zmij v1.0.23
[INFO] [stderr]     Checking rand v0.8.7
[INFO] [stderr]    Compiling displaydoc v0.2.7
[INFO] [stderr]    Compiling auto_impl v1.3.0
[INFO] [stderr]    Compiling syn-solidity v1.6.1
[INFO] [stderr]    Compiling macro-string v0.2.0
[INFO] [stderr]    Compiling proc-macro-error-attr3 v3.0.1
[INFO] [stderr]     Checking zeroize v1.9.0
[INFO] [stderr]     Checking crc-catalog v2.5.0
[INFO] [stderr]    Compiling num-traits v0.2.19
[INFO] [stderr]    Compiling proc-macro-error3 v3.0.1
[INFO] [stderr]     Checking crc v3.4.0
[INFO] [stderr]     Checking hybrid-array v0.4.14
[INFO] [stderr]     Checking der v0.7.10
[INFO] [stderr]     Checking bytes v1.12.1
[INFO] [stderr]     Checking serdect v0.2.0
[INFO] [stderr]     Checking smallvec v1.15.2
[INFO] [stderr]     Checking either v1.17.0
[INFO] [stderr]     Checking tinystr v0.8.3
[INFO] [stderr]     Checking zerotrie v0.2.4
[INFO] [stderr]     Checking icu_locale_core v2.2.0
[INFO] [stderr]     Checking icu_collections v2.2.0
[INFO] [stderr]     Checking num-integer v0.1.46
[INFO] [stderr]     Checking crypto-common v0.1.6
[INFO] [stderr]     Checking block-buffer v0.10.4
[INFO] [stderr]     Checking crypto-bigint v0.5.5
[INFO] [stderr]     Checking digest v0.10.7
[INFO] [stderr]     Checking itertools v0.14.0
[INFO] [stderr]     Checking alloy-rlp v0.3.16
[INFO] [stderr]     Checking http v1.5.0
[INFO] [stderr]     Checking signature v2.2.0
[INFO] [stderr]     Checking hmac v0.12.1
[INFO] [stderr]     Checking sha2 v0.10.9
[INFO] [stderr]    Compiling tokio-macros v2.7.2
[INFO] [stderr]     Checking rfc6979 v0.4.0
[INFO] [stderr]     Checking crypto-common v0.2.2
[INFO] [stderr]     Checking block-buffer v0.12.1
[INFO] [stderr]     Checking inout v0.2.2
[INFO] [stderr]     Checking ruint v1.20.0
[INFO] [stderr]     Checking num-bigint v0.4.8
[INFO] [stderr]     Checking futures-util v0.3.33
[INFO] [stderr]     Checking spki v0.7.3
[INFO] [stderr]     Checking pkcs8 v0.10.2
[INFO] [stderr]     Checking digest v0.11.3
[INFO] [stderr]     Checking sec1 v0.7.3
[INFO] [stderr]     Checking nybbles v0.4.8
[INFO] [stderr]     Checking cipher v0.5.2
[INFO] [stderr]     Checking sha3 v0.11.0
[INFO] [stderr]     Checking icu_provider v2.2.0
[INFO] [stderr]    Compiling enum-ordinalize-derive v4.4.2
[INFO] [stderr]    Compiling cc v1.4.0
[INFO] [stderr]    Compiling toml_parser v1.1.3+spec-1.1.0
[INFO] [stderr]     Checking icu_properties v2.2.0
[INFO] [stderr]     Checking icu_normalizer v2.2.0
[INFO] [stderr]     Checking tokio v1.53.1
[INFO] [stderr]     Checking alloy-sol-type-parser v1.6.1
[INFO] [stderr]    Compiling enum-ordinalize v4.4.2
[INFO] [stderr]    Compiling educe v0.6.0
[INFO] [stderr]     Checking elliptic-curve v0.13.8
[INFO] [stderr]    Compiling darling_core v0.23.0
[INFO] [stderr]    Compiling toml_edit v0.25.6+spec-1.1.0
[INFO] [stderr]     Checking ecdsa v0.16.9
[INFO] [stderr]     Checking http-body v1.1.0
[INFO] [stderr]     Checking cpubits v0.1.1
[INFO] [stderr]     Checking chacha20 v0.10.1
[INFO] [stderr]     Checking der v0.8.1
[INFO] [stderr]     Checking ff v0.14.0
[INFO] [stderr]     Checking derive_more v2.1.1
[INFO] [stderr]     Checking idna_adapter v1.2.2
[INFO] [stderr]    Compiling proc-macro-crate v3.5.0
[INFO] [stderr]     Checking futures-utils-wasm v0.1.0
[INFO] [stderr]     Checking crypto-bigint v0.7.5
[INFO] [stderr]     Checking k256 v0.13.4
[INFO] [stderr]     Checking rand v0.10.2
[INFO] [stderr]    Compiling alloy-primitives v1.6.1
[INFO] [stderr]     Checking idna v1.1.0
[INFO] [stderr]     Checking ahash v0.8.12
[INFO] [stderr]     Checking parking_lot_core v0.9.12
[INFO] [stderr]     Checking hmac v0.13.0
[INFO] [stderr]     Checking itertools v0.13.0
[INFO] [stderr]     Checking phf_shared v0.14.0
[INFO] [stderr]     Checking url v2.5.8
[INFO] [stderr]     Checking futures-executor v0.3.33
[INFO] [stderr]    Compiling anyhow v1.0.104
[INFO] [stderr]     Checking ark-std v0.5.0
[INFO] [stderr]    Compiling ark-serialize-derive v0.5.0
[INFO] [stderr]     Checking group v0.14.0
[INFO] [stderr]     Checking base16ct v1.0.0
[INFO] [stderr]     Checking futures v0.3.33
[INFO] [stderr]     Checking hkdf v0.13.0
[INFO] [stderr]    Compiling num_enum_derive v0.7.6
[INFO] [stderr]     Checking phf v0.14.0
[INFO] [stderr]     Checking parking_lot v0.12.5
[INFO] [stderr]     Checking ark-serialize v0.5.0
[INFO] [stderr]     Checking http-body-util v0.1.4
[INFO] [stderr]    Compiling curve25519-dalek-derive v0.1.1
[INFO] [stderr]     Checking spki v0.8.0
[INFO] [stderr]     Checking sec1 v0.8.1
[INFO] [stderr]    Compiling ark-ff-macros v0.5.0
[INFO] [stderr]     Checking pkcs8 v0.11.0
[INFO] [stderr]    Compiling ark-ff-asm v0.5.0
[INFO] [stderr]    Compiling crossbeam-epoch v0.9.20
[INFO] [stderr]     Checking ark-std v0.6.0
[INFO] [stderr]    Compiling ark-serialize-derive v0.6.0
[INFO] [stderr]     Checking hashbrown v0.15.5
[INFO] [stderr]    Compiling crossbeam-deque v0.8.7
[INFO] [stderr]     Checking hashbrown v0.16.1
[INFO] [stderr]    Compiling ark-ff-macros v0.6.0
[INFO] [stderr]     Checking signature v3.0.0
[INFO] [stderr]     Checking ark-serialize v0.6.0
[INFO] [stderr]    Compiling ark-ff-asm v0.6.0
[INFO] [stderr]    Compiling async-stream-impl v0.3.6
[INFO] [stderr]    Compiling konst_macro_rules v0.2.19
[INFO] [stderr]    Compiling crunchy v0.2.4
[INFO] [stderr]    Compiling data-encoding v2.11.1
[INFO] [stderr]    Compiling alloy-json-abi v1.6.1
[INFO] [stderr]     Checking num_enum v0.7.6
[INFO] [stderr]    Compiling konst v0.2.20
[INFO] [stderr]    Compiling pest v2.8.8
[INFO] [stderr]     Checking dashmap v6.2.1
[INFO] [stderr]     Checking curve25519-dalek v4.1.3
[INFO] [stderr]     Checking tower v0.5.3
[INFO] [stderr]     Checking hyper v1.11.0
[INFO] [stderr]     Checking tokio-util v0.7.19
[INFO] [stderr]     Checking async-stream v0.3.6
[INFO] [stderr]     Checking alloy-eip2124 v0.2.0
[INFO] [stderr]     Checking alloy-eip7928 v0.4.5
[INFO] [stderr]     Checking alloy-eip2930 v0.2.3
[INFO] [stderr]     Checking alloy-eip7702 v0.6.3
[INFO] [stderr]     Checking alloy-serde v2.1.1
[INFO] [stderr]     Checking alloy-trie v0.9.5
[INFO] [stderr]     Checking alloy-signer v2.1.1
[INFO] [stderr]     Checking tower-http v0.6.11
[INFO] [stderr]     Checking ark-ff v0.5.0
[INFO] [stderr]     Checking alloy-chains v0.2.36
[INFO] [stderr]     Checking tokio-stream v0.1.19
[INFO] [stderr]    Compiling darling_macro v0.23.0
[INFO] [stderr]     Checking ark-ff v0.6.0
[INFO] [stderr]    Compiling alloy-sol-macro-input v1.6.1
[INFO] [stderr]    Compiling data-encoding-macro-internal v0.1.19
[INFO] [stderr]     Checking lru v0.16.4
[INFO] [stderr]    Compiling darling v0.23.0
[INFO] [stderr]    Compiling secp256k1-sys v0.11.0
[INFO] [stderr]    Compiling serde_with_macros v3.21.0
[INFO] [stderr]    Compiling alloy-tx-macros v2.1.1
[INFO] [stderr]     Checking hyper-util v0.1.20
[INFO] [stderr]     Checking alloy-hardforks v0.2.13
[INFO] [stderr]    Compiling curve25519-dalek v5.0.0
[INFO] [stderr]    Compiling alloy-sol-macro-expander v1.6.1
[INFO] [stderr]     Checking sha2 v0.11.0
[INFO] [stderr]     Checking ed25519 v2.2.3
[INFO] [stderr]    Compiling match-lookup v0.1.2
[INFO] [stderr]    Compiling const_format_proc_macros v0.2.34
[INFO] [stderr]     Checking const-str v0.4.3
[INFO] [stderr]     Checking unsigned-varint v0.8.0
[INFO] [stderr]     Checking multihash v0.19.5
[INFO] [stderr]     Checking regex-automata v0.4.18
[INFO] [stderr]     Checking ed25519-dalek v2.2.0
[INFO] [stderr]     Checking rayon-core v1.13.0
[INFO] [stderr]     Checking base256emoji v1.0.2
[INFO] [stderr]    Compiling prost-derive v0.14.4
[INFO] [stderr]     Checking data-encoding-macro v0.1.21
[INFO] [stderr]    Compiling pest_meta v2.8.8
[INFO] [stderr]     Checking wnaf v0.14.0
[INFO] [stderr]    Compiling blake3 v1.8.5
[INFO] [stderr]    Compiling alloca v0.4.0
[INFO] [stderr]     Checking hkdf v0.12.4
[INFO] [stderr]     Checking half v2.7.1
[INFO] [stderr]     Checking serde_with v3.21.0
[INFO] [stderr]    Compiling include_dir_macros v0.7.4
[INFO] [stderr]     Checking elliptic-curve v0.14.1
[INFO] [stderr]     Checking rfc6979 v0.6.0
[INFO] [stderr]     Checking primefield v0.14.0
[INFO] [stderr]    Compiling proc-macro-error-attr2 v2.0.0
[INFO] [stderr]     Checking base-x v0.2.11
[INFO] [stderr]     Checking predicates-core v1.0.10
[INFO] [stderr]    Compiling const_format v0.2.36
[INFO] [stderr]     Checking bs58 v0.5.1
[INFO] [stderr]     Checking base45 v3.2.0
[INFO] [stderr]    Compiling mockall_derive v0.15.0
[INFO] [stderr]     Checking rustc-hex v2.1.0
[INFO] [stderr]     Checking multibase v0.9.3
[INFO] [stderr]     Checking fixed-hash v0.8.0
[INFO] [stderr]     Checking ciborium-ll v0.2.2
[INFO] [stderr]     Checking clap_builder v4.6.5
[INFO] [stderr]    Compiling include_dir v0.7.4
[INFO] [stderr]    Compiling proc-macro-error2 v2.0.1
[INFO] [stderr]    Compiling pest_generator v2.8.8
[INFO] [stderr]     Checking reqwest v0.13.4
[INFO] [stderr]     Checking uint v0.10.0
[INFO] [stderr]    Compiling hopr-bindings v5.0.0
[INFO] [stderr]     Checking hash2curve v0.14.0
[INFO] [stderr]     Checking primeorder v0.14.0
[INFO] [stderr]     Checking ecdsa v0.17.0
[INFO] [stderr]     Checking rayon v1.12.0
[INFO] [stderr]     Checking ed25519 v3.0.0
[INFO] [stderr]     Checking prost v0.14.4
[INFO] [stderr]     Checking strobe-rs v0.13.0
[INFO] [stderr]    Compiling itertools v0.10.5
[INFO] [stderr]     Checking universal-hash v0.6.1
[INFO] [stderr]    Compiling strum_macros v0.28.0
[INFO] [stderr]    Compiling mockall v0.15.0
[INFO] [stderr]     Checking libp2p-identity v0.2.14
[INFO] [stderr]     Checking hex-literal v1.1.0
[INFO] [stderr]     Checking termtree v0.5.1
[INFO] [stderr]     Checking sponge-cursor v0.1.0
[INFO] [stderr]    Compiling hopr-types v4.0.1 (/opt/rustwide/workdir)
[INFO] [stderr]     Checking ucd-trie v0.1.7
[INFO] [stderr]     Checking chrono v0.4.45
[INFO] [stderr]     Checking sha3 v0.12.0
[INFO] [stderr]     Checking multiaddr v0.18.2
[INFO] [stderr]     Checking predicates-tree v1.0.13
[INFO] [stderr]     Checking criterion-plot v0.8.2
[INFO] [stderr]     Checking regex v1.13.1
[INFO] [stderr]     Checking clap v4.6.5
[INFO] [stderr]    Compiling parameterized-macro v3.0.0
[INFO] [stderr]     Checking k256 v0.14.0
[INFO] [stderr]     Checking ed25519-dalek v3.0.0
[INFO] [stderr]    Compiling pest_derive v2.8.8
[INFO] [stderr]     Checking poly1305 v0.9.1
[INFO] [stderr]     Checking bigdecimal v0.4.10
[INFO] [stderr]     Checking primitive-types v0.14.0
[INFO] [stderr]     Checking ciborium v0.2.2
[INFO] [stderr] error: could not compile `ark-ff` (lib)
[INFO] [stderr] 
[INFO] [stderr] Caused by:
[INFO] [stderr]   process didn't exit successfully: `/opt/rustwide/rustup-home/toolchains/018018e881e2db0956f229dbb543e21f058d1ce7/bin/rustc --crate-name ark_ff --edition=2021 /opt/rustwide/cargo-home/registry/src/index.crates.io-1949cf8c6b5b557f/ark-ff-0.5.0/src/lib.rs --error-format=json --json=diagnostic-rendered-ansi,artifacts,future-incompat,unused-externs-silent --crate-type lib --emit=dep-info,metadata -C embed-bitcode=no -C debuginfo=2 --cfg 'feature="std"' --check-cfg 'cfg(docsrs,test)' --check-cfg 'cfg(feature, values("asm", "default", "parallel", "rayon", "std"))' -C metadata=6007f6d9c1101328 -C extra-filename=-0e8c2b3520d85456 --out-dir /opt/rustwide/target/debug/build/ark-ff/0e8c2b3520d85456/out -L dependency=/opt/rustwide/target/debug/build/ark-serialize-derive/6674fc5b0e5294e2/out -L dependency=/opt/rustwide/target/debug/build/ark-std/00ea2dd9063624f9/out -L dependency=/opt/rustwide/target/debug/build/arrayvec/6514fbe103c4fe79/out -L dependency=/opt/rustwide/target/debug/build/block-buffer/f0ac071888eb25eb/out -L dependency=/opt/rustwide/target/debug/build/cfg-if/190c9021fd162845/out -L dependency=/opt/rustwide/target/debug/build/const-oid/b093ba1a9cffd7a0/out -L dependency=/opt/rustwide/target/debug/build/crypto-common/5c7e9eebc4320954/out -L dependency=/opt/rustwide/target/debug/build/digest/6f60480b69b20f50/out -L dependency=/opt/rustwide/target/debug/build/either/a2347ae452667cac/out -L dependency=/opt/rustwide/target/debug/build/generic-array/cd974f9c50d7f16f/out -L dependency=/opt/rustwide/target/debug/build/getrandom/9e2f8a6c5eaf5e7f/out -L dependency=/opt/rustwide/target/debug/build/libc/5b122225efee376b/out -L dependency=/opt/rustwide/target/debug/build/num-bigint/b5a5f61c4917565f/out -L dependency=/opt/rustwide/target/debug/build/num-integer/42d76669d1b856a4/out -L dependency=/opt/rustwide/target/debug/build/num-traits/89b73ffee7dd0236/out -L dependency=/opt/rustwide/target/debug/build/ppv-lite86/9d2c264cb8166bf2/out -L dependency=/opt/rustwide/target/debug/build/rand/fd452fe43a07a9c7/out -L dependency=/opt/rustwide/target/debug/build/rand_chacha/008b56b2eafe2049/out -L dependency=/opt/rustwide/target/debug/build/rand_core/c4ce4aa3eb83456a/out -L dependency=/opt/rustwide/target/debug/build/serde/3334d0c15d33c5b8/out -L dependency=/opt/rustwide/target/debug/build/serde_core/182ae46cbfb5dc43/out -L dependency=/opt/rustwide/target/debug/build/serde_derive/e8922fb61883911e/out -L dependency=/opt/rustwide/target/debug/build/subtle/113f2fbcfaa6ff2e/out -L dependency=/opt/rustwide/target/debug/build/typenum/24aab6a4200ddd27/out -L dependency=/opt/rustwide/target/debug/build/zerocopy-derive/a9041d2d8ab804bd/out -L dependency=/opt/rustwide/target/debug/build/zerocopy/1cb591711214fd13/out -L dependency=/opt/rustwide/target/debug/build/zeroize/16300f0c5612ef40/out -L dependency=/opt/rustwide/target/debug/build/zeroize_derive/ba6ba3c33ec41507/out --extern ark_ff_asm=/opt/rustwide/target/debug/build/ark-ff-asm/a6e37f774fa6e49f/out/libark_ff_asm-a6e37f774fa6e49f.so --extern ark_ff_macros=/opt/rustwide/target/debug/build/ark-ff-macros/bd699630ee4cbb83/out/libark_ff_macros-bd699630ee4cbb83.so --extern ark_serialize=/opt/rustwide/target/debug/build/ark-serialize/e3c1f54e133abf79/out/libark_serialize-e3c1f54e133abf79.rmeta --extern ark_std=/opt/rustwide/target/debug/build/ark-std/00ea2dd9063624f9/out/libark_std-00ea2dd9063624f9.rmeta --extern arrayvec=/opt/rustwide/target/debug/build/arrayvec/6514fbe103c4fe79/out/libarrayvec-6514fbe103c4fe79.rmeta --extern digest=/opt/rustwide/target/debug/build/digest/6f60480b69b20f50/out/libdigest-6f60480b69b20f50.rmeta --extern educe=/opt/rustwide/target/debug/build/educe/5976cfec0c4d799d/out/libeduce-5976cfec0c4d799d.so --extern itertools=/opt/rustwide/target/debug/build/itertools/b6d340ebce19c0a0/out/libitertools-b6d340ebce19c0a0.rmeta --extern num_bigint=/opt/rustwide/target/debug/build/num-bigint/b5a5f61c4917565f/out/libnum_bigint-b5a5f61c4917565f.rmeta --extern num_traits=/opt/rustwide/target/debug/build/num-traits/89b73ffee7dd0236/out/libnum_traits-89b73ffee7dd0236.rmeta --extern paste=/opt/rustwide/target/debug/build/paste/c5e5e8a2bd161c29/out/libpaste-c5e5e8a2bd161c29.so --extern zeroize=/opt/rustwide/target/debug/build/zeroize/16300f0c5612ef40/out/libzeroize-16300f0c5612ef40.rmeta --cap-lints allow --cap-lints=forbid --force-warn=unused_crate_dependencies` (signal: 9, SIGKILL: kill)
[INFO] [stderr] warning: build failed, waiting for other jobs to finish...
[INFO] [stderr] warning: secp256k1-sys@0.11.0: cc: fatal error: Killed signal terminated program cc1
[INFO] [stderr] warning: secp256k1-sys@0.11.0: compilation terminated.
[INFO] [stderr] warning: secp256k1-sys@0.11.0: In file included from depend/secp256k1/src/secp256k1.c:39:
[INFO] [stderr] warning: secp256k1-sys@0.11.0: depend/secp256k1/src/hsort_impl.h: In function 'rustsecp256k1_v0_11_heap_swap64':
[INFO] [stderr] warning: secp256k1-sys@0.11.0: depend/secp256k1/src/hsort_impl.h:30:5: error: implicit declaration of function 'memmove' [-Wimplicit-function-declaration]
[INFO] [stderr] warning: secp256k1-sys@0.11.0:    30 |     memmove(a, b, len);
[INFO] [stderr] warning: secp256k1-sys@0.11.0:       |     ^~~~~~~
[INFO] [stderr] warning: secp256k1-sys@0.11.0: depend/secp256k1/src/hsort_impl.h:11:1: note: include '<string.h>' or provide a declaration of 'memmove'
[INFO] [stderr] warning: secp256k1-sys@0.11.0:    10 | #include "hsort.h"
[INFO] [stderr] warning: secp256k1-sys@0.11.0:   +++ |+#include <string.h>
[INFO] [stderr] warning: secp256k1-sys@0.11.0:    11 | 
[INFO] [stderr] warning: secp256k1-sys@0.11.0: depend/secp256k1/src/hsort_impl.h:30:5: warning: incompatible implicit declaration of built-in function 'memmove' [-Wbuiltin-declaration-mismatch]
[INFO] [stderr] warning: secp256k1-sys@0.11.0:    30 |     memmove(a, b, len);
[INFO] [stderr] warning: secp256k1-sys@0.11.0:       |     ^~~~~~~
[INFO] [stderr] warning: secp256k1-sys@0.11.0: depend/secp256k1/src/hsort_impl.h:30:5: note: include '<string.h>' or provide a declaration of 'memmove'
[INFO] [stderr] error: failed to run custom build command for `secp256k1-sys v0.11.0`
[INFO] [stderr] note: To improve backtraces for build dependencies, set the CARGO_PROFILE_DEV_BUILD_OVERRIDE_DEBUG=true environment variable to enable debug information generation.
[INFO] [stderr] 
[INFO] [stderr] Caused by:
[INFO] [stderr]   process didn't exit successfully: `/opt/rustwide/target/debug/build/secp256k1-sys/27677915a4636759/out/build_script_build` (exit status: 1)
[INFO] [stderr]   --- stdout
[INFO] [stderr]   cargo:rerun-if-env-changed=CC_FORCE_DISABLE
[INFO] [stderr]   CC_FORCE_DISABLE = None
[INFO] [stderr]   cargo:rerun-if-env-changed=CC_x86_64-unknown-linux-gnu
[INFO] [stderr]   CC_x86_64-unknown-linux-gnu = None
[INFO] [stderr]   cargo:rerun-if-env-changed=CC_x86_64_unknown_linux_gnu
[INFO] [stderr]   CC_x86_64_unknown_linux_gnu = None
[INFO] [stderr]   cargo:rerun-if-env-changed=HOST_CC
[INFO] [stderr]   HOST_CC = None
[INFO] [stderr]   cargo:rerun-if-env-changed=CC
[INFO] [stderr]   CC = None
[INFO] [stderr]   cargo:rerun-if-env-changed=CC_ENABLE_DEBUG_OUTPUT
[INFO] [stderr]   cargo:rerun-if-env-changed=CRATE_CC_NO_DEFAULTS
[INFO] [stderr]   CRATE_CC_NO_DEFAULTS = None
[INFO] [stderr]   cargo:rerun-if-env-changed=CFLAGS
[INFO] [stderr]   CFLAGS = None
[INFO] [stderr]   cargo:rerun-if-env-changed=HOST_CFLAGS
[INFO] [stderr]   HOST_CFLAGS = None
[INFO] [stderr]   cargo:rerun-if-env-changed=CFLAGS_x86_64_unknown_linux_gnu
[INFO] [stderr]   CFLAGS_x86_64_unknown_linux_gnu = None
[INFO] [stderr]   cargo:rerun-if-env-changed=CFLAGS_x86_64-unknown-linux-gnu
[INFO] [stderr]   CFLAGS_x86_64-unknown-linux-gnu = None
[INFO] [stderr]   cargo:rerun-if-env-changed=CC_ENABLE_DEBUG_OUTPUT
[INFO] [stderr]   cargo:rerun-if-env-changed=CRATE_CC_NO_DEFAULTS
[INFO] [stderr]   CRATE_CC_NO_DEFAULTS = None
[INFO] [stderr]   cargo:rerun-if-env-changed=CFLAGS
[INFO] [stderr]   CFLAGS = None
[INFO] [stderr]   cargo:rerun-if-env-changed=HOST_CFLAGS
[INFO] [stderr]   HOST_CFLAGS = None
[INFO] [stderr]   cargo:rerun-if-env-changed=CFLAGS_x86_64_unknown_linux_gnu
[INFO] [stderr]   CFLAGS_x86_64_unknown_linux_gnu = None
[INFO] [stderr]   cargo:rerun-if-env-changed=CFLAGS_x86_64-unknown-linux-gnu
[INFO] [stderr]   CFLAGS_x86_64-unknown-linux-gnu = None
[INFO] [stderr]   cargo:rerun-if-env-changed=CC_ENABLE_DEBUG_OUTPUT
[INFO] [stderr]   cargo:rerun-if-env-changed=CRATE_CC_NO_DEFAULTS
[INFO] [stderr]   CRATE_CC_NO_DEFAULTS = None
[INFO] [stderr]   cargo:rerun-if-env-changed=CFLAGS
[INFO] [stderr]   CFLAGS = None
[INFO] [stderr]   cargo:rerun-if-env-changed=HOST_CFLAGS
[INFO] [stderr]   HOST_CFLAGS = None
[INFO] [stderr]   cargo:rerun-if-env-changed=CFLAGS_x86_64_unknown_linux_gnu
[INFO] [stderr]   CFLAGS_x86_64_unknown_linux_gnu = None
[INFO] [stderr]   cargo:rerun-if-env-changed=CFLAGS_x86_64-unknown-linux-gnu
[INFO] [stderr]   CFLAGS_x86_64-unknown-linux-gnu = None
[INFO] [stderr]   cargo:rerun-if-env-changed=CC_x86_64-unknown-linux-gnu
[INFO] [stderr]   CC_x86_64-unknown-linux-gnu = None
[INFO] [stderr]   cargo:rerun-if-env-changed=CC_x86_64_unknown_linux_gnu
[INFO] [stderr]   CC_x86_64_unknown_linux_gnu = None
[INFO] [stderr]   cargo:rerun-if-env-changed=HOST_CC
[INFO] [stderr]   HOST_CC = None
[INFO] [stderr]   cargo:rerun-if-env-changed=CC
[INFO] [stderr]   CC = None
[INFO] [stderr]   cargo:rerun-if-env-changed=CRATE_CC_NO_DEFAULTS
[INFO] [stderr]   CRATE_CC_NO_DEFAULTS = None
[INFO] [stderr]   cargo:rerun-if-env-changed=CFLAGS
[INFO] [stderr]   CFLAGS = None
[INFO] [stderr]   cargo:rerun-if-env-changed=HOST_CFLAGS
[INFO] [stderr]   HOST_CFLAGS = None
[INFO] [stderr]   cargo:rerun-if-env-changed=CFLAGS_x86_64_unknown_linux_gnu
[INFO] [stderr]   CFLAGS_x86_64_unknown_linux_gnu = None
[INFO] [stderr]   cargo:rerun-if-env-changed=CFLAGS_x86_64-unknown-linux-gnu
[INFO] [stderr]   CFLAGS_x86_64-unknown-linux-gnu = None
[INFO] [stderr]   cargo:rerun-if-env-changed=CC_x86_64-unknown-linux-gnu
[INFO] [stderr]   CC_x86_64-unknown-linux-gnu = None
[INFO] [stderr]   cargo:rerun-if-env-changed=CC_x86_64_unknown_linux_gnu
[INFO] [stderr]   CC_x86_64_unknown_linux_gnu = None
[INFO] [stderr]   cargo:rerun-if-env-changed=HOST_CC
[INFO] [stderr]   HOST_CC = None
[INFO] [stderr]   cargo:rerun-if-env-changed=CC
[INFO] [stderr]   CC = None
[INFO] [stderr]   cargo:rerun-if-env-changed=CRATE_CC_NO_DEFAULTS
[INFO] [stderr]   CRATE_CC_NO_DEFAULTS = None
[INFO] [stderr]   cargo:rerun-if-env-changed=CFLAGS
[INFO] [stderr]   CFLAGS = None
[INFO] [stderr]   cargo:rerun-if-env-changed=HOST_CFLAGS
[INFO] [stderr]   HOST_CFLAGS = None
[INFO] [stderr]   cargo:rerun-if-env-changed=CFLAGS_x86_64_unknown_linux_gnu
[INFO] [stderr]   CFLAGS_x86_64_unknown_linux_gnu = None
[INFO] [stderr]   cargo:rerun-if-env-changed=CFLAGS_x86_64-unknown-linux-gnu
[INFO] [stderr]   CFLAGS_x86_64-unknown-linux-gnu = None
[INFO] [stderr]   cargo:warning=cc: fatal error: Killed signal terminated program cc1
[INFO] [stderr]   cargo:warning=compilation terminated.
[INFO] [stderr]   cargo:rerun-if-env-changed=CC_FORCE_DISABLE
[INFO] [stderr]   CC_FORCE_DISABLE = None
[INFO] [stderr]   cargo:rerun-if-env-changed=CC_x86_64-unknown-linux-gnu
[INFO] [stderr]   CC_x86_64-unknown-linux-gnu = None
[INFO] [stderr]   cargo:rerun-if-env-changed=CC_x86_64_unknown_linux_gnu
[INFO] [stderr]   CC_x86_64_unknown_linux_gnu = None
[INFO] [stderr]   cargo:rerun-if-env-changed=HOST_CC
[INFO] [stderr]   HOST_CC = None
[INFO] [stderr]   cargo:rerun-if-env-changed=CC
[INFO] [stderr]   CC = None
[INFO] [stderr]   cargo:rerun-if-env-changed=CRATE_CC_NO_DEFAULTS
[INFO] [stderr]   CRATE_CC_NO_DEFAULTS = None
[INFO] [stderr]   cargo:rerun-if-env-changed=CFLAGS
[INFO] [stderr]   CFLAGS = None
[INFO] [stderr]   cargo:rerun-if-env-changed=HOST_CFLAGS
[INFO] [stderr]   HOST_CFLAGS = None
[INFO] [stderr]   cargo:rerun-if-env-changed=CFLAGS_x86_64_unknown_linux_gnu
[INFO] [stderr]   CFLAGS_x86_64_unknown_linux_gnu = None
[INFO] [stderr]   cargo:rerun-if-env-changed=CFLAGS_x86_64-unknown-linux-gnu
[INFO] [stderr]   CFLAGS_x86_64-unknown-linux-gnu = None
[INFO] [stderr]   cargo:rerun-if-env-changed=CC_x86_64-unknown-linux-gnu
[INFO] [stderr]   CC_x86_64-unknown-linux-gnu = None
[INFO] [stderr]   cargo:rerun-if-env-changed=CC_x86_64_unknown_linux_gnu
[INFO] [stderr]   CC_x86_64_unknown_linux_gnu = None
[INFO] [stderr]   cargo:rerun-if-env-changed=HOST_CC
[INFO] [stderr]   HOST_CC = None
[INFO] [stderr]   cargo:rerun-if-env-changed=CC
[INFO] [stderr]   CC = None
[INFO] [stderr]   cargo:rerun-if-env-changed=CRATE_CC_NO_DEFAULTS
[INFO] [stderr]   CRATE_CC_NO_DEFAULTS = None
[INFO] [stderr]   cargo:rerun-if-env-changed=CFLAGS
[INFO] [stderr]   CFLAGS = None
[INFO] [stderr]   cargo:rerun-if-env-changed=HOST_CFLAGS
[INFO] [stderr]   HOST_CFLAGS = None
[INFO] [stderr]   cargo:rerun-if-env-changed=CFLAGS_x86_64_unknown_linux_gnu
[INFO] [stderr]   CFLAGS_x86_64_unknown_linux_gnu = None
[INFO] [stderr]   cargo:rerun-if-env-changed=CFLAGS_x86_64-unknown-linux-gnu
[INFO] [stderr]   CFLAGS_x86_64-unknown-linux-gnu = None
[INFO] [stderr]   cargo:rerun-if-env-changed=CC_x86_64-unknown-linux-gnu
[INFO] [stderr]   CC_x86_64-unknown-linux-gnu = None
[INFO] [stderr]   cargo:rerun-if-env-changed=CC_x86_64_unknown_linux_gnu
[INFO] [stderr]   CC_x86_64_unknown_linux_gnu = None
[INFO] [stderr]   cargo:rerun-if-env-changed=HOST_CC
[INFO] [stderr]   HOST_CC = None
[INFO] [stderr]   cargo:rerun-if-env-changed=CC
[INFO] [stderr]   CC = None
[INFO] [stderr]   cargo:rerun-if-env-changed=CRATE_CC_NO_DEFAULTS
[INFO] [stderr]   CRATE_CC_NO_DEFAULTS = None
[INFO] [stderr]   cargo:rerun-if-env-changed=CFLAGS
[INFO] [stderr]   CFLAGS = None
[INFO] [stderr]   cargo:rerun-if-env-changed=HOST_CFLAGS
[INFO] [stderr]   HOST_CFLAGS = None
[INFO] [stderr]   cargo:rerun-if-env-changed=CFLAGS_x86_64_unknown_linux_gnu
[INFO] [stderr]   CFLAGS_x86_64_unknown_linux_gnu = None
[INFO] [stderr]   cargo:rerun-if-env-changed=CFLAGS_x86_64-unknown-linux-gnu
[INFO] [stderr]   CFLAGS_x86_64-unknown-linux-gnu = None
[INFO] [stderr]   cargo:rerun-if-env-changed=CC_x86_64-unknown-linux-gnu
[INFO] [stderr]   CC_x86_64-unknown-linux-gnu = None
[INFO] [stderr]   cargo:rerun-if-env-changed=CC_x86_64_unknown_linux_gnu
[INFO] [stderr]   CC_x86_64_unknown_linux_gnu = None
[INFO] [stderr]   cargo:rerun-if-env-changed=HOST_CC
[INFO] [stderr]   HOST_CC = None
[INFO] [stderr]   cargo:rerun-if-env-changed=CC
[INFO] [stderr]   CC = None
[INFO] [stderr]   cargo:rerun-if-env-changed=CRATE_CC_NO_DEFAULTS
[INFO] [stderr]   CRATE_CC_NO_DEFAULTS = None
[INFO] [stderr]   cargo:rerun-if-env-changed=CFLAGS
[INFO] [stderr]   CFLAGS = None
[INFO] [stderr]   cargo:rerun-if-env-changed=HOST_CFLAGS
[INFO] [stderr]   HOST_CFLAGS = None
[INFO] [stderr]   cargo:rerun-if-env-changed=CFLAGS_x86_64_unknown_linux_gnu
[INFO] [stderr]   CFLAGS_x86_64_unknown_linux_gnu = None
[INFO] [stderr]   cargo:rerun-if-env-changed=CFLAGS_x86_64-unknown-linux-gnu
[INFO] [stderr]   CFLAGS_x86_64-unknown-linux-gnu = None
[INFO] [stderr]   cargo:warning=In file included from depend/secp256k1/src/secp256k1.c:39:
[INFO] [stderr]   cargo:warning=depend/secp256k1/src/hsort_impl.h: In function 'rustsecp256k1_v0_11_heap_swap64':
[INFO] [stderr]   cargo:warning=depend/secp256k1/src/hsort_impl.h:30:5: error: implicit declaration of function 'memmove' [-Wimplicit-function-declaration]
[INFO] [stderr]   cargo:warning=   30 |     memmove(a, b, len);
[INFO] [stderr]   cargo:warning=      |     ^~~~~~~
[INFO] [stderr]   cargo:warning=depend/secp256k1/src/hsort_impl.h:11:1: note: include '<string.h>' or provide a declaration of 'memmove'
[INFO] [stderr]   cargo:warning=   10 | #include "hsort.h"
[INFO] [stderr]   cargo:warning=  +++ |+#include <string.h>
[INFO] [stderr]   cargo:warning=   11 | 
[INFO] [stderr]   cargo:warning=depend/secp256k1/src/hsort_impl.h:30:5: warning: incompatible implicit declaration of built-in function 'memmove' [-Wbuiltin-declaration-mismatch]
[INFO] [stderr]   cargo:warning=   30 |     memmove(a, b, len);
[INFO] [stderr]   cargo:warning=      |     ^~~~~~~
[INFO] [stderr]   cargo:warning=depend/secp256k1/src/hsort_impl.h:30:5: note: include '<string.h>' or provide a declaration of 'memmove'
[INFO] [stderr] 
[INFO] [stderr]   --- stderr
[INFO] [stderr] 
[INFO] [stderr] 
[INFO] [stderr]   error occurred in cc-rs: command did not execute successfully (status code exit status: 1): LC_ALL="C" "cc" "-O0" "-ffunction-sections" "-fdata-sections" "-fPIC" "-g" "-gdwarf-4" "-fno-omit-frame-pointer" "-m64" "-I" "depend/secp256k1/" "-I" "depend/secp256k1/include" "-I" "depend/secp256k1/src" "-I" "wasm/wasm-sysroot" "-Wall" "-Wextra" "-Wno-unused-function" "-Wno-unused-parameter" "-DSECP256K1_API=" "-DENABLE_MODULE_ECDH=1" "-DENABLE_MODULE_SCHNORRSIG=1" "-DENABLE_MODULE_EXTRAKEYS=1" "-DENABLE_MODULE_ELLSWIFT=1" "-Dprintf(...)=" "-DECMULT_GEN_PREC_BITS=4" "-DECMULT_WINDOW_SIZE=15" "-DUSE_EXTERNAL_DEFAULT_CALLBACKS=1" "-DENABLE_MODULE_RECOVERY=1" "-o" "/opt/rustwide/target/debug/build/secp256k1-sys/b64069998c96676b/out/fce6141bfa9bf74c-secp256k1.o" "-c" "depend/secp256k1/src/secp256k1.c"
[INFO] [stderr] 
[INFO] [stderr] 
[INFO] running `Command { std: "docker" "inspect" "551724dc9abc980f4074d196b2e522e45c62a5165957a2577e9ec190a7d3b907", kill_on_drop: false }`
[INFO] running `Command { std: "docker" "rm" "-f" "551724dc9abc980f4074d196b2e522e45c62a5165957a2577e9ec190a7d3b907", kill_on_drop: false }`
[INFO] [stdout] 551724dc9abc980f4074d196b2e522e45c62a5165957a2577e9ec190a7d3b907
