[INFO] fetching crate anyform 0.5.3...
[INFO] checking anyform-0.5.3 against 018018e881e2db0956f229dbb543e21f058d1ce7 for pr-162597
[INFO] extracting crate anyform 0.5.3 into /workspace/builds/worker-1-tc1/source
[INFO] started tweaking crates.io crate anyform 0.5.3
[INFO] removed 0 missing examples
[INFO] removed 0 missing tests
[INFO] finished tweaking crates.io crate anyform 0.5.3
[INFO] tweaked toml for crates.io crate anyform 0.5.3 written to /workspace/builds/worker-1-tc1/source/Cargo.toml
[INFO] validating manifest of crates.io crate anyform 0.5.3 on toolchain 018018e881e2db0956f229dbb543e21f058d1ce7
[INFO] running `Command { std: CARGO_HOME="/workspace/cargo-home" RUSTUP_HOME="/workspace/rustup-home" "/workspace/cargo-home/bin/cargo" "+018018e881e2db0956f229dbb543e21f058d1ce7" "metadata" "--manifest-path" "Cargo.toml" "--no-deps", kill_on_drop: false }`
[INFO] crate crates.io crate anyform 0.5.3 already has a lockfile, it will not be regenerated
[INFO] running `Command { std: CARGO_HOME="/workspace/cargo-home" RUSTUP_HOME="/workspace/rustup-home" "/workspace/cargo-home/bin/cargo" "+018018e881e2db0956f229dbb543e21f058d1ce7" "fetch" "--manifest-path" "Cargo.toml", kill_on_drop: false }`
[INFO] [stderr]     Updating crates.io index
[INFO] [stderr]  Downloading crates ...
[INFO] [stderr]   Downloaded tower-sessions-memory-store v0.14.0
[INFO] [stderr]   Downloaded sea-schema-derive v0.3.0
[INFO] [stderr]   Downloaded tower-sessions v0.14.0
[INFO] [stderr]   Downloaded tower-sessions-core v0.14.0
[INFO] [stderr]   Downloaded pest_derive v2.8.4
[INFO] [stderr]   Downloaded sea-query-derive v0.4.3
[INFO] [stderr]   Downloaded pest_generator v2.8.4
[INFO] [stderr]   Downloaded pgvector v0.4.1
[INFO] [stderr]   Downloaded base64ct v1.8.1
[INFO] [stderr]   Downloaded zmij v0.1.8
[INFO] [stderr]   Downloaded pest_meta v2.8.4
[INFO] [stderr]   Downloaded assert_cmd v2.1.1
[INFO] [stderr]   Downloaded sea-orm-cli v1.1.19
[INFO] [stderr]   Downloaded sea-orm-migration v1.1.19
[INFO] [stderr]   Downloaded axum-extra v0.10.3
[INFO] [stderr]   Downloaded evalexpr v13.1.0
[INFO] [stderr]   Downloaded insta v1.45.0
[INFO] [stderr]   Downloaded pest v2.8.4
[INFO] [stderr]   Downloaded bigdecimal v0.4.9
[INFO] [stderr]   Downloaded sea-schema v0.16.2
[INFO] running `Command { std: "docker" "create" "-v" "/var/lib/crater-agent-workspace/builds/worker-1-tc1/source:/opt/rustwide/workdir:ro,Z" "-v" "/var/lib/crater-agent-workspace/builds/worker-1-tc1/target:/opt/rustwide/target:rw,Z" "-v" "/var/lib/crater-agent-workspace/cargo-home:/opt/rustwide/cargo-home:ro,Z" "-v" "/var/lib/crater-agent-workspace/rustup-home:/opt/rustwide/rustup-home:ro,Z" "-m" "1610612736" "--network" "none" "ghcr.io/rust-lang/crates-build-env/linux@sha256:8683fc1fc2eb5c9ac98e0d076ab094b2ffac7f99da555d2b6a2e27f346de2ec7" "sleep" "infinity", kill_on_drop: false }`
[INFO] [stdout] e57d7e846c16862847eb1c8075aac10969dcf4d5472004826ec5034efd9b5c46
[INFO] running `Command { std: "docker" "start" "e57d7e846c16862847eb1c8075aac10969dcf4d5472004826ec5034efd9b5c46", kill_on_drop: false }`
[INFO] running `Command { std: "docker" "inspect" "e57d7e846c16862847eb1c8075aac10969dcf4d5472004826ec5034efd9b5c46", kill_on_drop: false }`
[INFO] running `Command { std: "docker" "exec" "-e" "SOURCE_DIR=/opt/rustwide/workdir" "-e" "CARGO_HOME=/opt/rustwide/cargo-home" "-e" "RUSTUP_HOME=/opt/rustwide/rustup-home" "-e" "CARGO_TARGET_DIR=/opt/rustwide/target" "-w" "/opt/rustwide/workdir" "--user" "0:0" "e57d7e846c16862847eb1c8075aac10969dcf4d5472004826ec5034efd9b5c46" "/opt/rustwide/cargo-home/bin/cargo" "+018018e881e2db0956f229dbb543e21f058d1ce7" "metadata" "--no-deps" "--format-version=1", kill_on_drop: false }`
[INFO] running `Command { std: "docker" "inspect" "e57d7e846c16862847eb1c8075aac10969dcf4d5472004826ec5034efd9b5c46", kill_on_drop: false }`
[INFO] running `Command { std: "docker" "exec" "-e" "SOURCE_DIR=/opt/rustwide/workdir" "-e" "CARGO_HOME=/opt/rustwide/cargo-home" "-e" "RUSTUP_HOME=/opt/rustwide/rustup-home" "-e" "CARGO_TARGET_DIR=/opt/rustwide/target" "-e" "CARGO_INCREMENTAL=0" "-e" "RUST_BACKTRACE=full" "-e" "RUSTFLAGS=--cap-lints=forbid" "-e" "RUSTDOCFLAGS=--cap-lints=forbid" "-w" "/opt/rustwide/workdir" "--user" "0:0" "e57d7e846c16862847eb1c8075aac10969dcf4d5472004826ec5034efd9b5c46" "/opt/rustwide/cargo-home/bin/cargo" "+018018e881e2db0956f229dbb543e21f058d1ce7" "check" "--frozen" "--all" "--all-targets" "--message-format=json", kill_on_drop: false }`
[INFO] [stderr]    Compiling proc-macro2 v1.0.103
[INFO] [stderr]    Compiling libc v0.2.178
[INFO] [stderr]    Compiling num-traits v0.2.19
[INFO] [stderr]     Checking itoa v1.0.16
[INFO] [stderr]     Checking futures-sink v0.3.31
[INFO] [stderr]    Compiling find-msvc-tools v0.1.5
[INFO] [stderr]     Checking digest v0.10.7
[INFO] [stderr]     Checking tracing-core v0.1.36
[INFO] [stderr]     Checking futures-util v0.3.31
[INFO] [stderr]    Compiling serde_json v1.0.147
[INFO] [stderr]     Checking zmij v0.1.8
[INFO] [stderr]    Compiling cc v1.2.50
[INFO] [stderr]     Checking futures-channel v0.3.31
[INFO] [stderr]     Checking rustls-pki-types v1.13.2
[INFO] [stderr]    Compiling quote v1.0.42
[INFO] [stderr]     Checking aho-corasick v1.1.4
[INFO] [stderr]    Compiling syn v2.0.111
[INFO] [stderr]     Checking regex-syntax v0.8.8
[INFO] [stderr]     Checking getrandom v0.2.16
[INFO] [stderr]     Checking mio v1.1.1
[INFO] [stderr]     Checking socket2 v0.6.1
[INFO] [stderr]     Checking num-integer v0.1.46
[INFO] [stderr]     Checking rand_core v0.6.4
[INFO] [stderr]     Checking getrandom v0.3.4
[INFO] [stderr]     Checking ppv-lite86 v0.2.21
[INFO] [stderr]     Checking lazy_static v1.5.0
[INFO] [stderr]     Checking bitflags v2.10.0
[INFO] [stderr]    Compiling bigdecimal v0.4.9
[INFO] [stderr]    Compiling time-core v0.1.6
[INFO] [stderr]     Checking base64ct v1.8.1
[INFO] [stderr]    Compiling rust_decimal v1.39.0
[INFO] [stderr]     Checking indexmap v2.12.1
[INFO] [stderr]    Compiling time-macros v0.2.24
[INFO] [stderr]     Checking rand_chacha v0.3.1
[INFO] [stderr]     Checking deranged v0.5.5
[INFO] [stderr]    Compiling ring v0.17.14
[INFO] [stderr]     Checking pem-rfc7468 v0.7.0
[INFO] [stderr]     Checking regex-automata v0.4.13
[INFO] [stderr]     Checking num-bigint v0.4.6
[INFO] [stderr]    Compiling rustls v0.23.35
[INFO] [stderr]    Compiling thiserror v2.0.17
[INFO] [stderr]     Checking der v0.7.10
[INFO] [stderr]     Checking rand v0.8.5
[INFO] [stderr]     Checking uuid v1.19.0
[INFO] [stderr]     Checking webpki-roots v1.0.4
[INFO] [stderr]     Checking http v1.4.0
[INFO] [stderr]     Checking ryu v1.0.21
[INFO] [stderr]     Checking crc v3.4.0
[INFO] [stderr]     Checking event-listener v5.4.1
[INFO] [stderr]     Checking webpki-roots v0.26.11
[INFO] [stderr]     Checking hashlink v0.10.0
[INFO] [stderr]     Checking sha2 v0.10.9
[INFO] [stderr]     Checking spki v0.7.3
[INFO] [stderr]    Compiling libsqlite3-sys v0.30.1
[INFO] [stderr]     Checking unicode-normalization v0.1.25
[INFO] [stderr]     Checking pkcs8 v0.10.2
[INFO] [stderr]     Checking num-iter v0.1.45
[INFO] [stderr]     Checking sha1 v0.10.6
[INFO] [stderr]     Checking atoi v2.0.0
[INFO] [stderr]     Checking hmac v0.12.1
[INFO] [stderr]     Checking unicode-properties v0.1.4
[INFO] [stderr]     Checking hkdf v0.12.4
[INFO] [stderr]     Checking pkcs1 v0.7.5
[INFO] [stderr]    Compiling synstructure v0.13.2
[INFO] [stderr]    Compiling darling_core v0.20.11
[INFO] [stderr]     Checking stringprep v0.1.5
[INFO] [stderr]     Checking signature v2.2.0
[INFO] [stderr]     Checking md-5 v0.10.6
[INFO] [stderr]     Checking whoami v1.6.1
[INFO] [stderr]    Compiling phf_generator v0.11.3
[INFO] [stderr]     Checking http-body v1.0.1
[INFO] [stderr]     Checking futures-executor v0.3.31
[INFO] [stderr]     Checking flume v0.11.1
[INFO] [stderr]    Compiling phf_codegen v0.11.3
[INFO] [stderr]     Checking regex v1.12.2
[INFO] [stderr]     Checking bstr v1.12.1
[INFO] [stderr]     Checking ordered-float v4.6.0
[INFO] [stderr]    Compiling proc-macro-error-attr2 v2.0.0
[INFO] [stderr]    Compiling memchr v2.7.6
[INFO] [stderr]    Compiling proc-macro-error2 v2.0.1
[INFO] [stderr]    Compiling proc-macro2-diagnostics v0.10.1
[INFO] [stderr]     Checking phf_shared v0.11.3
[INFO] [stderr]     Checking clap_builder v4.5.53
[INFO] [stderr]    Compiling pest v2.8.4
[INFO] [stderr]    Compiling serde_derive v1.0.228
[INFO] [stderr]    Compiling zerofrom-derive v0.1.6
[INFO] [stderr]    Compiling yoke-derive v0.8.1
[INFO] [stderr]    Compiling zerovec-derive v0.11.2
[INFO] [stderr]     Checking zerofrom v0.1.6
[INFO] [stderr]    Compiling displaydoc v0.2.5
[INFO] [stderr]    Compiling tokio-macros v2.6.0
[INFO] [stderr]     Checking yoke v0.8.1
[INFO] [stderr]    Compiling tracing-attributes v0.1.31
[INFO] [stderr]    Compiling thiserror-impl v2.0.17
[INFO] [stderr]     Checking tokio v1.48.0
[INFO] [stderr]     Checking zerotrie v0.2.3
[INFO] [stderr]     Checking rustls-webpki v0.103.8
[INFO] [stderr]    Compiling darling_macro v0.20.11
[INFO] [stderr]     Checking zerovec v0.11.5
[INFO] [stderr]    Compiling darling v0.20.11
[INFO] [stderr]     Checking tracing v0.1.44
[INFO] [stderr]    Compiling parse-zoneinfo v0.3.1
[INFO] [stderr]    Compiling inherent v1.0.13
[INFO] [stderr]     Checking tinystr v0.8.2
[INFO] [stderr]     Checking potential_utf v0.1.4
[INFO] [stderr]     Checking icu_collections v2.1.1
[INFO] [stderr]     Checking icu_locale_core v2.1.1
[INFO] [stderr]    Compiling sea-query-derive v0.4.3
[INFO] [stderr]    Compiling chrono-tz-build v0.3.0
[INFO] [stderr]    Compiling pest_meta v2.8.4
[INFO] [stderr]    Compiling sea-bae v0.2.1
[INFO] [stderr]    Compiling chrono-tz v0.9.0
[INFO] [stderr]     Checking serde v1.0.228
[INFO] [stderr]     Checking icu_provider v2.1.1
[INFO] [stderr]    Compiling clap_derive v4.5.49
[INFO] [stderr]    Compiling ouroboros_macro v0.18.5
[INFO] [stderr]     Checking icu_properties v2.1.2
[INFO] [stderr]     Checking smallvec v1.15.1
[INFO] [stderr]     Checking icu_normalizer v2.1.1
[INFO] [stderr]     Checking chrono v0.4.42
[INFO] [stderr]     Checking parking_lot_core v0.9.12
[INFO] [stderr]     Checking idna_adapter v1.2.1
[INFO] [stderr]     Checking idna v1.1.0
[INFO] [stderr]     Checking parking_lot v0.12.5
[INFO] [stderr]     Checking time v0.3.44
[INFO] [stderr]     Checking url v2.5.7
[INFO] [stderr]     Checking futures-intrusive v0.5.0
[INFO] [stderr]     Checking either v1.15.0
[INFO] [stderr]     Checking serde_urlencoded v0.7.1
[INFO] [stderr]     Checking num-bigint-dig v0.8.6
[INFO] [stderr]    Compiling async-stream-impl v0.3.6
[INFO] [stderr]    Compiling derive_more-impl v2.1.1
[INFO] [stderr]     Checking crossbeam-deque v0.8.6
[INFO] [stderr]     Checking globset v0.4.18
[INFO] [stderr]     Checking http-body-util v0.1.3
[INFO] [stderr]     Checking matchers v0.2.0
[INFO] [stderr]     Checking sharded-slab v0.1.7
[INFO] [stderr]    Compiling multer v3.1.0
[INFO] [stderr]     Checking aliasable v0.1.3
[INFO] [stderr]     Checking ouroboros v0.18.5
[INFO] [stderr]     Checking tokio-stream v0.1.17
[INFO] [stderr]     Checking hyper v1.8.1
[INFO] [stderr]     Checking tower v0.5.2
[INFO] [stderr]     Checking rsa v0.9.9
[INFO] [stderr]     Checking sea-query v0.32.7
[INFO] [stderr]     Checking sqlx-core v0.8.6
[INFO] [stderr]     Checking axum-core v0.5.5
[INFO] [stderr]     Checking ignore v0.4.25
[INFO] [stderr]     Checking tracing-subscriber v0.3.22
[INFO] [stderr]     Checking hyper-util v0.1.19
[INFO] [stderr]     Checking async-stream v0.3.6
[INFO] [stderr]     Checking clap v4.5.53
[INFO] [stderr]    Compiling pest_generator v2.8.4
[INFO] [stderr]     Checking derive_more v2.1.1
[INFO] [stderr]    Compiling sea-orm-macros v1.1.19
[INFO] [stderr]    Compiling sea-schema-derive v0.3.0
[INFO] [stderr]    Compiling async-trait v0.1.89
[INFO] [stderr]     Checking phf v0.11.3
[INFO] [stderr]     Checking headers-core v0.3.0
[INFO] [stderr]     Checking futures v0.3.31
[INFO] [stderr]     Checking serde_path_to_error v0.1.20
[INFO] [stderr]     Checking strum v0.26.3
[INFO] [stderr]     Checking deunicode v1.6.2
[INFO] [stderr]     Checking slug v0.1.6
[INFO] [stderr]     Checking sea-orm-cli v1.1.19
[INFO] [stderr]     Checking rustix v1.1.3
[INFO] [stderr]     Checking headers v0.4.1
[INFO] [stderr]    Compiling pest_derive v2.8.4
[INFO] [stderr]     Checking globwalk v0.9.1
[INFO] [stderr]     Checking serde_html_form v0.2.8
[INFO] [stderr]     Checking axum v0.8.8
[INFO] [stderr]     Checking sqlx-mysql v0.8.6
[INFO] [stderr]     Checking sqlx-postgres v0.8.6
[INFO] [stderr]     Checking sqlx-sqlite v0.8.6
[INFO] [stderr]     Checking float-cmp v0.10.0
[INFO] [stderr]     Checking humansize v2.1.3
[INFO] [stderr]    Compiling assert_cmd v2.1.1
[INFO] [stderr]     Checking predicates v3.1.3
[INFO] [stderr]     Checking tempfile v3.24.0
[INFO] [stderr]     Checking console v0.15.11
[INFO] [stderr]     Checking wait-timeout v0.2.1
[INFO] [stderr]     Checking evalexpr v13.1.0
[INFO] [stderr]     Checking diff v0.1.13
[INFO] [stderr]     Checking pretty_assertions v1.4.1
[INFO] [stderr]     Checking insta v1.45.0
[INFO] [stderr]     Checking tera v1.20.1
[INFO] [stderr]     Checking sqlx v0.8.6
[INFO] [stderr]     Checking sea-query-binder v0.7.0
[INFO] [stderr]     Checking sea-schema v0.16.2
[INFO] [stderr]     Checking sea-orm v1.1.19
[INFO] [stderr]     Checking axum-extra v0.10.3
[INFO] [stderr]     Checking sea-orm-migration v1.1.19
[INFO] [stderr]     Checking anyform v0.5.3 (/opt/rustwide/workdir)
[INFO] [stdout] error[E0432]: unresolved import `migration`
[INFO] [stdout]  --> tests/common/db.rs:3:5
[INFO] [stdout]   |
[INFO] [stdout] 3 | use migration::MigratorTrait;
[INFO] [stdout]   |     ^^^^^^^^^
[INFO] [stdout]   |
[INFO] [stdout] help: a similar path exists
[INFO] [stdout]   |
[INFO] [stdout] 3 | use anyform::migration::MigratorTrait;
[INFO] [stdout]   |     +++++++++
[INFO] [stdout] 
[INFO] [stdout] 
[INFO] [stdout] error[E0432]: unresolved import `migration`
[INFO] [stdout]  --> tests/common/db.rs:3:5
[INFO] [stdout]   |
[INFO] [stdout] 3 | use migration::MigratorTrait;
[INFO] [stdout]   |     ^^^^^^^^^
[INFO] [stdout]   |
[INFO] [stdout] help: a similar path exists
[INFO] [stdout]   |
[INFO] [stdout] 3 | use anyform::migration::MigratorTrait;
[INFO] [stdout]   |     +++++++++
[INFO] [stdout] 
[INFO] [stdout] 
[INFO] [stdout] error[E0433]: cannot find `AnyFormRouter` in `anyform`
[INFO] [stdout]    --> tests/common/app.rs:37:31
[INFO] [stdout]     |
[INFO] [stdout]  37 |         let router = anyform::AnyFormRouter::new(test_db.db.clone());
[INFO] [stdout]     |                               ^^^^^^^^^^^^^ could not find `AnyFormRouter` in `anyform`
[INFO] [stdout]     |
[INFO] [stdout] note: found an item that was configured out
[INFO] [stdout]    --> src/lib.rs:117:18
[INFO] [stdout]     |
[INFO] [stdout] 116 | #[cfg(feature = "router")]
[INFO] [stdout]     |       ------------------ the item is gated behind the `router` feature
[INFO] [stdout] 117 | pub use router::{AnyFormRouter, AnyFormRouterBuilder};
[INFO] [stdout]     |                  ^^^^^^^^^^^^^
[INFO] [stdout] 
[INFO] [stdout] 
[INFO] [stdout] error[E0433]: cannot find `AnyFormRouter` in `anyform`
[INFO] [stdout]    --> tests/common/app.rs:37:31
[INFO] [stdout]     |
[INFO] [stdout]  37 |         let router = anyform::AnyFormRouter::new(test_db.db.clone());
[INFO] [stdout]     |                               ^^^^^^^^^^^^^ could not find `AnyFormRouter` in `anyform`
[INFO] [stdout]     |
[INFO] [stdout] note: found an item that was configured out
[INFO] [stdout]    --> src/lib.rs:117:18
[INFO] [stdout]     |
[INFO] [stdout] 116 | #[cfg(feature = "router")]
[INFO] [stdout]     |       ------------------ the item is gated behind the `router` feature
[INFO] [stdout] 117 | pub use router::{AnyFormRouter, AnyFormRouterBuilder};
[INFO] [stdout]     |                  ^^^^^^^^^^^^^
[INFO] [stdout] 
[INFO] [stdout] 
[INFO] [stdout] error[E0433]: cannot find module or crate `migration` in this scope
[INFO] [stdout]   --> tests/common/db.rs:18:9
[INFO] [stdout]    |
[INFO] [stdout] 18 |         migration::Migrator::up(&db, None)
[INFO] [stdout]    |         ^^^^^^^^^ use of unresolved module or unlinked crate `migration`
[INFO] [stdout]    |
[INFO] [stdout]    = help: if you wanted to use a crate named `migration`, use `cargo add migration` to add it to your `Cargo.toml`
[INFO] [stdout] help: consider importing this struct
[INFO] [stdout]    |
[INFO] [stdout]  3 + use anyform::Migrator;
[INFO] [stdout]    |
[INFO] [stdout] help: if you import `Migrator`, refer to it directly
[INFO] [stdout]    |
[INFO] [stdout] 18 -         migration::Migrator::up(&db, None)
[INFO] [stdout] 18 +         Migrator::up(&db, None)
[INFO] [stdout]    |
[INFO] [stdout] 
[INFO] [stdout] 
[INFO] [stdout] warning: unused import: `cli::TestCli`
[INFO] [stdout]  --> tests/common/mod.rs:9:9
[INFO] [stdout]   |
[INFO] [stdout] 9 | pub use cli::TestCli;
[INFO] [stdout]   |         ^^^^^^^^^^^^
[INFO] [stdout]   |
[INFO] [stdout]   = note: `#[warn(unused_imports)]` (part of `#[warn(unused)]`) on by default
[INFO] [stdout] 
[INFO] [stdout] 
[INFO] [stdout] warning: unused import: `db::TestDb`
[INFO] [stdout]   --> tests/common/mod.rs:10:9
[INFO] [stdout]    |
[INFO] [stdout] 10 | pub use db::TestDb;
[INFO] [stdout]    |         ^^^^^^^^^^
[INFO] [stdout] 
[INFO] [stdout] 
[INFO] [stdout] error[E0433]: cannot find module or crate `migration` in this scope
[INFO] [stdout]   --> tests/common/db.rs:18:9
[INFO] [stdout]    |
[INFO] [stdout] 18 |         migration::Migrator::up(&db, None)
[INFO] [stdout]    |         ^^^^^^^^^ use of unresolved module or unlinked crate `migration`
[INFO] [stdout]    |
[INFO] [stdout]    = help: if you wanted to use a crate named `migration`, use `cargo add migration` to add it to your `Cargo.toml`
[INFO] [stdout] help: consider importing this struct
[INFO] [stdout]    |
[INFO] [stdout]  3 + use anyform::Migrator;
[INFO] [stdout]    |
[INFO] [stdout] help: if you import `Migrator`, refer to it directly
[INFO] [stdout]    |
[INFO] [stdout] 18 -         migration::Migrator::up(&db, None)
[INFO] [stdout] 18 +         Migrator::up(&db, None)
[INFO] [stdout]    |
[INFO] [stdout] 
[INFO] [stdout] 
[INFO] [stdout] warning: unused import: `app::TestApp`
[INFO] [stdout]  --> tests/common/mod.rs:8:9
[INFO] [stdout]   |
[INFO] [stdout] 8 | pub use app::TestApp;
[INFO] [stdout]   |         ^^^^^^^^^^^^
[INFO] [stdout]   |
[INFO] [stdout]   = note: `#[warn(unused_imports)]` (part of `#[warn(unused)]`) on by default
[INFO] [stdout] 
[INFO] [stdout] 
[INFO] [stdout] warning: unused import: `cli::TestCli`
[INFO] [stdout]  --> tests/common/mod.rs:9:9
[INFO] [stdout]   |
[INFO] [stdout] 9 | pub use cli::TestCli;
[INFO] [stdout]   |         ^^^^^^^^^^^^
[INFO] [stdout] 
[INFO] [stdout] 
[INFO] [stdout] warning: unused import: `db::TestDb`
[INFO] [stdout]   --> tests/common/mod.rs:10:9
[INFO] [stdout]    |
[INFO] [stdout] 10 | pub use db::TestDb;
[INFO] [stdout]    |         ^^^^^^^^^^
[INFO] [stdout] 
[INFO] [stdout] 
[INFO] [stdout] warning: unused import: `fixtures::*`
[INFO] [stdout]   --> tests/common/mod.rs:11:9
[INFO] [stdout]    |
[INFO] [stdout] 11 | pub use fixtures::*;
[INFO] [stdout]    |         ^^^^^^^^^^^
[INFO] [stdout] 
[INFO] [stdout] 
[INFO] [stdout] error[E0432]: unresolved import `migration`
[INFO] [stdout]  --> tests/common/db.rs:3:5
[INFO] [stdout]   |
[INFO] [stdout] 3 | use migration::MigratorTrait;
[INFO] [stdout]   |     ^^^^^^^^^
[INFO] [stdout]   |
[INFO] [stdout] help: a similar path exists
[INFO] [stdout]   |
[INFO] [stdout] 3 | use anyform::migration::MigratorTrait;
[INFO] [stdout]   |     +++++++++
[INFO] [stdout] 
[INFO] [stdout] 
[INFO] [stdout] error[E0433]: cannot find `AnyFormRouter` in `anyform`
[INFO] [stdout]    --> tests/common/app.rs:37:31
[INFO] [stdout]     |
[INFO] [stdout]  37 |         let router = anyform::AnyFormRouter::new(test_db.db.clone());
[INFO] [stdout]     |                               ^^^^^^^^^^^^^ could not find `AnyFormRouter` in `anyform`
[INFO] [stdout]     |
[INFO] [stdout] note: found an item that was configured out
[INFO] [stdout]    --> src/lib.rs:117:18
[INFO] [stdout]     |
[INFO] [stdout] 116 | #[cfg(feature = "router")]
[INFO] [stdout]     |       ------------------ the item is gated behind the `router` feature
[INFO] [stdout] 117 | pub use router::{AnyFormRouter, AnyFormRouterBuilder};
[INFO] [stdout]     |                  ^^^^^^^^^^^^^
[INFO] [stdout] 
[INFO] [stdout] 
[INFO] [stdout] error[E0433]: cannot find module or crate `migration` in this scope
[INFO] [stdout]   --> tests/common/db.rs:18:9
[INFO] [stdout]    |
[INFO] [stdout] 18 |         migration::Migrator::up(&db, None)
[INFO] [stdout]    |         ^^^^^^^^^ use of unresolved module or unlinked crate `migration`
[INFO] [stdout]    |
[INFO] [stdout]    = help: if you wanted to use a crate named `migration`, use `cargo add migration` to add it to your `Cargo.toml`
[INFO] [stdout] help: consider importing this struct
[INFO] [stdout]    |
[INFO] [stdout]  3 + use anyform::Migrator;
[INFO] [stdout]    |
[INFO] [stdout] help: if you import `Migrator`, refer to it directly
[INFO] [stdout]    |
[INFO] [stdout] 18 -         migration::Migrator::up(&db, None)
[INFO] [stdout] 18 +         Migrator::up(&db, None)
[INFO] [stdout]    |
[INFO] [stdout] 
[INFO] [stdout] 
[INFO] [stdout] warning: unused import: `cli::TestCli`
[INFO] [stdout]  --> tests/common/mod.rs:9:9
[INFO] [stdout]   |
[INFO] [stdout] 9 | pub use cli::TestCli;
[INFO] [stdout]   |         ^^^^^^^^^^^^
[INFO] [stdout]   |
[INFO] [stdout]   = note: `#[warn(unused_imports)]` (part of `#[warn(unused)]`) on by default
[INFO] [stdout] 
[INFO] [stdout] 
[INFO] [stdout] warning: unused import: `db::TestDb`
[INFO] [stdout]   --> tests/common/mod.rs:10:9
[INFO] [stdout]    |
[INFO] [stdout] 10 | pub use db::TestDb;
[INFO] [stdout]    |         ^^^^^^^^^^
[INFO] [stdout] 
[INFO] [stdout] 
[INFO] [stdout] error[E0432]: unresolved import `migration`
[INFO] [stdout]  --> tests/common/db.rs:3:5
[INFO] [stdout]   |
[INFO] [stdout] 3 | use migration::MigratorTrait;
[INFO] [stdout]   |     ^^^^^^^^^
[INFO] [stdout]   |
[INFO] [stdout] help: a similar path exists
[INFO] [stdout]   |
[INFO] [stdout] 3 | use anyform::migration::MigratorTrait;
[INFO] [stdout]   |     +++++++++
[INFO] [stdout] 
[INFO] [stdout] 
[INFO] [stdout] error[E0432]: unresolved import `migration`
[INFO] [stdout]  --> tests/common/db.rs:3:5
[INFO] [stdout]   |
[INFO] [stdout] 3 | use migration::MigratorTrait;
[INFO] [stdout]   |     ^^^^^^^^^
[INFO] [stdout]   |
[INFO] [stdout] help: a similar path exists
[INFO] [stdout]   |
[INFO] [stdout] 3 | use anyform::migration::MigratorTrait;
[INFO] [stdout]   |     +++++++++
[INFO] [stdout] 
[INFO] [stdout] 
[INFO] [stdout] warning: use of deprecated associated function `assert_cmd::Command::cargo_bin`: incompatible with a custom cargo build-dir, see instead `cargo::cargo_bin_cmd!`
[INFO] [stdout]   --> tests/common/cli.rs:77:22
[INFO] [stdout]    |
[INFO] [stdout] 77 |             Command::cargo_bin("anyform").expect("anyform binary not found - build with --features cli");
[INFO] [stdout]    |                      ^^^^^^^^^
[INFO] [stdout]    |
[INFO] [stdout]    = note: `#[warn(deprecated)]` on by default
[INFO] [stdout] 
[INFO] [stdout] 
[INFO] [stdout] error[E0432]: unresolved import `migration`
[INFO] [stdout]  --> tests/common/db.rs:3:5
[INFO] [stdout]   |
[INFO] [stdout] 3 | use migration::MigratorTrait;
[INFO] [stdout]   |     ^^^^^^^^^
[INFO] [stdout]   |
[INFO] [stdout] help: a similar path exists
[INFO] [stdout]   |
[INFO] [stdout] 3 | use anyform::migration::MigratorTrait;
[INFO] [stdout]   |     +++++++++
[INFO] [stdout] 
[INFO] [stdout] 
[INFO] [stdout] warning: use of deprecated associated function `assert_cmd::Command::cargo_bin`: incompatible with a custom cargo build-dir, see instead `cargo::cargo_bin_cmd!`
[INFO] [stdout]   --> tests/common/cli.rs:77:22
[INFO] [stdout]    |
[INFO] [stdout] 77 |             Command::cargo_bin("anyform").expect("anyform binary not found - build with --features cli");
[INFO] [stdout]    |                      ^^^^^^^^^
[INFO] [stdout]    |
[INFO] [stdout]    = note: `#[warn(deprecated)]` on by default
[INFO] [stdout] 
[INFO] [stdout] 
[INFO] [stdout] error[E0433]: cannot find `AnyFormRouter` in `anyform`
[INFO] [stdout]    --> tests/common/app.rs:37:31
[INFO] [stdout]     |
[INFO] [stdout]  37 |         let router = anyform::AnyFormRouter::new(test_db.db.clone());
[INFO] [stdout]     |                               ^^^^^^^^^^^^^ could not find `AnyFormRouter` in `anyform`
[INFO] [stdout]     |
[INFO] [stdout] note: found an item that was configured out
[INFO] [stdout]    --> src/lib.rs:117:18
[INFO] [stdout]     |
[INFO] [stdout] 116 | #[cfg(feature = "router")]
[INFO] [stdout]     |       ------------------ the item is gated behind the `router` feature
[INFO] [stdout] 117 | pub use router::{AnyFormRouter, AnyFormRouterBuilder};
[INFO] [stdout]     |                  ^^^^^^^^^^^^^
[INFO] [stdout] 
[INFO] [stdout] 
[INFO] [stdout] error[E0433]: cannot find module or crate `migration` in this scope
[INFO] [stdout]   --> tests/common/db.rs:18:9
[INFO] [stdout]    |
[INFO] [stdout] 18 |         migration::Migrator::up(&db, None)
[INFO] [stdout]    |         ^^^^^^^^^ use of unresolved module or unlinked crate `migration`
[INFO] [stdout]    |
[INFO] [stdout]    = help: if you wanted to use a crate named `migration`, use `cargo add migration` to add it to your `Cargo.toml`
[INFO] [stdout] help: consider importing this struct
[INFO] [stdout]    |
[INFO] [stdout]  3 + use anyform::Migrator;
[INFO] [stdout]    |
[INFO] [stdout] help: if you import `Migrator`, refer to it directly
[INFO] [stdout]    |
[INFO] [stdout] 18 -         migration::Migrator::up(&db, None)
[INFO] [stdout] 18 +         Migrator::up(&db, None)
[INFO] [stdout]    |
[INFO] [stdout] 
[INFO] [stdout] 
[INFO] [stdout] warning: unused import: `app::TestApp`
[INFO] [stdout]  --> tests/common/mod.rs:8:9
[INFO] [stdout]   |
[INFO] [stdout] 8 | pub use app::TestApp;
[INFO] [stdout]   |         ^^^^^^^^^^^^
[INFO] [stdout]   |
[INFO] [stdout]   = note: `#[warn(unused_imports)]` (part of `#[warn(unused)]`) on by default
[INFO] [stdout] 
[INFO] [stdout] 
[INFO] [stdout] warning: unused import: `cli::TestCli`
[INFO] [stdout]  --> tests/common/mod.rs:9:9
[INFO] [stdout]   |
[INFO] [stdout] 9 | pub use cli::TestCli;
[INFO] [stdout]   |         ^^^^^^^^^^^^
[INFO] [stdout] 
[INFO] [stdout] 
[INFO] [stdout] warning: unused import: `db::TestDb`
[INFO] [stdout]   --> tests/common/mod.rs:10:9
[INFO] [stdout]    |
[INFO] [stdout] 10 | pub use db::TestDb;
[INFO] [stdout]    |         ^^^^^^^^^^
[INFO] [stdout] 
[INFO] [stdout] 
[INFO] [stdout] warning: unused import: `fixtures::*`
[INFO] [stdout]   --> tests/common/mod.rs:11:9
[INFO] [stdout]    |
[INFO] [stdout] 11 | pub use fixtures::*;
[INFO] [stdout]    |         ^^^^^^^^^^^
[INFO] [stdout] 
[INFO] [stdout] 
[INFO] [stdout] warning: use of deprecated associated function `assert_cmd::Command::cargo_bin`: incompatible with a custom cargo build-dir, see instead `cargo::cargo_bin_cmd!`
[INFO] [stdout]   --> tests/common/cli.rs:77:22
[INFO] [stdout]    |
[INFO] [stdout] 77 |             Command::cargo_bin("anyform").expect("anyform binary not found - build with --features cli");
[INFO] [stdout]    |                      ^^^^^^^^^
[INFO] [stdout]    |
[INFO] [stdout]    = note: `#[warn(deprecated)]` on by default
[INFO] [stdout] 
[INFO] [stdout] 
[INFO] [stdout] error[E0433]: cannot find `AnyFormRouter` in `anyform`
[INFO] [stdout]    --> tests/common/app.rs:37:31
[INFO] [stdout]     |
[INFO] [stdout]  37 |         let router = anyform::AnyFormRouter::new(test_db.db.clone());
[INFO] [stdout]     |                               ^^^^^^^^^^^^^ could not find `AnyFormRouter` in `anyform`
[INFO] [stdout]     |
[INFO] [stdout] note: found an item that was configured out
[INFO] [stdout]    --> src/lib.rs:117:18
[INFO] [stdout]     |
[INFO] [stdout] 116 | #[cfg(feature = "router")]
[INFO] [stdout]     |       ------------------ the item is gated behind the `router` feature
[INFO] [stdout] 117 | pub use router::{AnyFormRouter, AnyFormRouterBuilder};
[INFO] [stdout]     |                  ^^^^^^^^^^^^^
[INFO] [stdout] 
[INFO] [stdout] 
[INFO] [stdout] error[E0432]: unresolved import `migration`
[INFO] [stdout]  --> tests/common/db.rs:3:5
[INFO] [stdout]   |
[INFO] [stdout] 3 | use migration::MigratorTrait;
[INFO] [stdout]   |     ^^^^^^^^^
[INFO] [stdout]   |
[INFO] [stdout] help: a similar path exists
[INFO] [stdout]   |
[INFO] [stdout] 3 | use anyform::migration::MigratorTrait;
[INFO] [stdout]   |     +++++++++
[INFO] [stdout] 
[INFO] [stdout] 
[INFO] [stdout] error[E0433]: cannot find `AnyFormRouter` in `anyform`
[INFO] [stdout]    --> tests/common/app.rs:37:31
[INFO] [stdout]     |
[INFO] [stdout]  37 |         let router = anyform::AnyFormRouter::new(test_db.db.clone());
[INFO] [stdout]     |                               ^^^^^^^^^^^^^ could not find `AnyFormRouter` in `anyform`
[INFO] [stdout]     |
[INFO] [stdout] note: found an item that was configured out
[INFO] [stdout]    --> src/lib.rs:117:18
[INFO] [stdout]     |
[INFO] [stdout] 116 | #[cfg(feature = "router")]
[INFO] [stdout]     |       ------------------ the item is gated behind the `router` feature
[INFO] [stdout] 117 | pub use router::{AnyFormRouter, AnyFormRouterBuilder};
[INFO] [stdout]     |                  ^^^^^^^^^^^^^
[INFO] [stdout] 
[INFO] [stdout] 
[INFO] [stdout] error[E0433]: cannot find module or crate `migration` in this scope
[INFO] [stdout]   --> tests/common/db.rs:18:9
[INFO] [stdout]    |
[INFO] [stdout] 18 |         migration::Migrator::up(&db, None)
[INFO] [stdout]    |         ^^^^^^^^^ use of unresolved module or unlinked crate `migration`
[INFO] [stdout]    |
[INFO] [stdout]    = help: if you wanted to use a crate named `migration`, use `cargo add migration` to add it to your `Cargo.toml`
[INFO] [stdout] help: consider importing this struct
[INFO] [stdout]    |
[INFO] [stdout]  3 + use anyform::Migrator;
[INFO] [stdout]    |
[INFO] [stdout] help: if you import `Migrator`, refer to it directly
[INFO] [stdout]    |
[INFO] [stdout] 18 -         migration::Migrator::up(&db, None)
[INFO] [stdout] 18 +         Migrator::up(&db, None)
[INFO] [stdout]    |
[INFO] [stdout] 
[INFO] [stdout] 
[INFO] [stdout] error[E0433]: cannot find module or crate `migration` in this scope
[INFO] [stdout]   --> tests/common/db.rs:18:9
[INFO] [stdout]    |
[INFO] [stdout] 18 |         migration::Migrator::up(&db, None)
[INFO] [stdout]    |         ^^^^^^^^^ use of unresolved module or unlinked crate `migration`
[INFO] [stdout]    |
[INFO] [stdout]    = help: if you wanted to use a crate named `migration`, use `cargo add migration` to add it to your `Cargo.toml`
[INFO] [stdout] help: consider importing this struct
[INFO] [stdout]    |
[INFO] [stdout]  3 + use anyform::Migrator;
[INFO] [stdout]    |
[INFO] [stdout] help: if you import `Migrator`, refer to it directly
[INFO] [stdout]    |
[INFO] [stdout] 18 -         migration::Migrator::up(&db, None)
[INFO] [stdout] 18 +         Migrator::up(&db, None)
[INFO] [stdout]    |
[INFO] [stdout] 
[INFO] [stdout] 
[INFO] [stdout] warning: unused import: `app::TestApp`
[INFO] [stdout]  --> tests/common/mod.rs:8:9
[INFO] [stdout]   |
[INFO] [stdout] 8 | pub use app::TestApp;
[INFO] [stdout]   |         ^^^^^^^^^^^^
[INFO] [stdout]   |
[INFO] [stdout]   = note: `#[warn(unused_imports)]` (part of `#[warn(unused)]`) on by default
[INFO] [stdout] 
[INFO] [stdout] 
[INFO] [stdout] warning: unused import: `cli::TestCli`
[INFO] [stdout]  --> tests/common/mod.rs:9:9
[INFO] [stdout]   |
[INFO] [stdout] 9 | pub use cli::TestCli;
[INFO] [stdout]   |         ^^^^^^^^^^^^
[INFO] [stdout] 
[INFO] [stdout] 
[INFO] [stdout] warning: unused import: `db::TestDb`
[INFO] [stdout]   --> tests/common/mod.rs:10:9
[INFO] [stdout]    |
[INFO] [stdout] 10 | pub use db::TestDb;
[INFO] [stdout]    |         ^^^^^^^^^^
[INFO] [stdout] 
[INFO] [stdout] 
[INFO] [stdout] warning: unused import: `fixtures::*`
[INFO] [stdout]   --> tests/common/mod.rs:11:9
[INFO] [stdout]    |
[INFO] [stdout] 11 | pub use fixtures::*;
[INFO] [stdout]    |         ^^^^^^^^^^^
[INFO] [stdout] 
[INFO] [stdout] 
[INFO] [stdout] warning: unused import: `app::TestApp`
[INFO] [stdout]  --> tests/common/mod.rs:8:9
[INFO] [stdout]   |
[INFO] [stdout] 8 | pub use app::TestApp;
[INFO] [stdout]   |         ^^^^^^^^^^^^
[INFO] [stdout]   |
[INFO] [stdout]   = note: `#[warn(unused_imports)]` (part of `#[warn(unused)]`) on by default
[INFO] [stdout] 
[INFO] [stdout] 
[INFO] [stdout] warning: unused import: `cli::TestCli`
[INFO] [stdout]  --> tests/common/mod.rs:9:9
[INFO] [stdout]   |
[INFO] [stdout] 9 | pub use cli::TestCli;
[INFO] [stdout]   |         ^^^^^^^^^^^^
[INFO] [stdout] 
[INFO] [stdout] 
[INFO] [stdout] warning: unused import: `db::TestDb`
[INFO] [stdout]   --> tests/common/mod.rs:10:9
[INFO] [stdout]    |
[INFO] [stdout] 10 | pub use db::TestDb;
[INFO] [stdout]    |         ^^^^^^^^^^
[INFO] [stdout] 
[INFO] [stdout] 
[INFO] [stdout] warning: unused import: `fixtures::*`
[INFO] [stdout]   --> tests/common/mod.rs:11:9
[INFO] [stdout]    |
[INFO] [stdout] 11 | pub use fixtures::*;
[INFO] [stdout]    |         ^^^^^^^^^^^
[INFO] [stdout] 
[INFO] [stdout] 
[INFO] [stdout] Some errors have detailed explanations: E0432, E0433.
[INFO] [stdout] 
[INFO] [stdout] For more information about an error, try `rustc --explain E0432`.
[INFO] [stdout] 
[INFO] [stdout] Some errors have detailed explanations: E0432, E0433.
[INFO] [stdout] 
[INFO] [stdout] For more information about an error, try `rustc --explain E0432`.
[INFO] [stdout] 
[INFO] [stderr] error: could not compile `anyform` (test "handler_error_tests") due to 3 previous errors; 3 warnings emitted
[INFO] [stderr] warning: build failed, waiting for other jobs to finish...
[INFO] [stderr] error: could not compile `anyform` (test "feature_flag_tests") due to 3 previous errors; 3 warnings emitted
[INFO] [stdout] error[E0433]: cannot find `AnyFormRouter` in `anyform`
[INFO] [stdout]    --> tests/common/app.rs:37:31
[INFO] [stdout]     |
[INFO] [stdout]  37 |         let router = anyform::AnyFormRouter::new(test_db.db.clone());
[INFO] [stdout]     |                               ^^^^^^^^^^^^^ could not find `AnyFormRouter` in `anyform`
[INFO] [stdout]     |
[INFO] [stdout] note: found an item that was configured out
[INFO] [stdout]    --> src/lib.rs:117:18
[INFO] [stdout]     |
[INFO] [stdout] 116 | #[cfg(feature = "router")]
[INFO] [stdout]     |       ------------------ the item is gated behind the `router` feature
[INFO] [stdout] 117 | pub use router::{AnyFormRouter, AnyFormRouterBuilder};
[INFO] [stdout]     |                  ^^^^^^^^^^^^^
[INFO] [stdout] 
[INFO] [stdout] 
[INFO] [stdout] warning: use of deprecated associated function `assert_cmd::Command::cargo_bin`: incompatible with a custom cargo build-dir, see instead `cargo::cargo_bin_cmd!`
[INFO] [stdout]   --> tests/common/cli.rs:77:22
[INFO] [stdout]    |
[INFO] [stdout] 77 |             Command::cargo_bin("anyform").expect("anyform binary not found - build with --features cli");
[INFO] [stdout]    |                      ^^^^^^^^^
[INFO] [stdout]    |
[INFO] [stdout]    = note: `#[warn(deprecated)]` on by default
[INFO] [stdout] 
[INFO] [stdout] 
[INFO] [stdout] error[E0433]: cannot find module or crate `migration` in this scope
[INFO] [stdout]   --> tests/common/db.rs:18:9
[INFO] [stdout]    |
[INFO] [stdout] 18 |         migration::Migrator::up(&db, None)
[INFO] [stdout]    |         ^^^^^^^^^ use of unresolved module or unlinked crate `migration`
[INFO] [stdout]    |
[INFO] [stdout]    = help: if you wanted to use a crate named `migration`, use `cargo add migration` to add it to your `Cargo.toml`
[INFO] [stdout] help: consider importing this struct
[INFO] [stdout]    |
[INFO] [stdout]  3 + use anyform::Migrator;
[INFO] [stdout]    |
[INFO] [stdout] help: if you import `Migrator`, refer to it directly
[INFO] [stdout]    |
[INFO] [stdout] 18 -         migration::Migrator::up(&db, None)
[INFO] [stdout] 18 +         Migrator::up(&db, None)
[INFO] [stdout]    |
[INFO] [stdout] 
[INFO] [stdout] 
[INFO] [stdout] warning: unused import: `cli::TestCli`
[INFO] [stdout]  --> tests/common/mod.rs:9:9
[INFO] [stdout]   |
[INFO] [stdout] 9 | pub use cli::TestCli;
[INFO] [stdout]   |         ^^^^^^^^^^^^
[INFO] [stdout]   |
[INFO] [stdout]   = note: `#[warn(unused_imports)]` (part of `#[warn(unused)]`) on by default
[INFO] [stdout] 
[INFO] [stdout] 
[INFO] [stdout] warning: unused import: `db::TestDb`
[INFO] [stdout]   --> tests/common/mod.rs:10:9
[INFO] [stdout]    |
[INFO] [stdout] 10 | pub use db::TestDb;
[INFO] [stdout]    |         ^^^^^^^^^^
[INFO] [stdout] 
[INFO] [stdout] 
[INFO] [stdout] warning: use of deprecated associated function `assert_cmd::Command::cargo_bin`: incompatible with a custom cargo build-dir, see instead `cargo::cargo_bin_cmd!`
[INFO] [stdout]   --> tests/common/cli.rs:77:22
[INFO] [stdout]    |
[INFO] [stdout] 77 |             Command::cargo_bin("anyform").expect("anyform binary not found - build with --features cli");
[INFO] [stdout]    |                      ^^^^^^^^^
[INFO] [stdout]    |
[INFO] [stdout]    = note: `#[warn(deprecated)]` on by default
[INFO] [stdout] 
[INFO] [stdout] 
[INFO] [stdout] warning: use of deprecated associated function `assert_cmd::Command::cargo_bin`: incompatible with a custom cargo build-dir, see instead `cargo::cargo_bin_cmd!`
[INFO] [stdout]   --> tests/common/cli.rs:77:22
[INFO] [stdout]    |
[INFO] [stdout] 77 |             Command::cargo_bin("anyform").expect("anyform binary not found - build with --features cli");
[INFO] [stdout]    |                      ^^^^^^^^^
[INFO] [stdout]    |
[INFO] [stdout]    = note: `#[warn(deprecated)]` on by default
[INFO] [stdout] 
[INFO] [stdout] 
[INFO] [stdout] Some errors have detailed explanations: E0432, E0433.
[INFO] [stdout] 
[INFO] [stdout] For more information about an error, try `rustc --explain E0432`.
[INFO] [stdout] 
[INFO] [stdout] warning: use of deprecated associated function `assert_cmd::Command::cargo_bin`: incompatible with a custom cargo build-dir, see instead `cargo::cargo_bin_cmd!`
[INFO] [stdout]   --> tests/common/cli.rs:77:22
[INFO] [stdout]    |
[INFO] [stdout] 77 |             Command::cargo_bin("anyform").expect("anyform binary not found - build with --features cli");
[INFO] [stdout]    |                      ^^^^^^^^^
[INFO] [stdout]    |
[INFO] [stdout]    = note: `#[warn(deprecated)]` on by default
[INFO] [stdout] 
[INFO] [stdout] 
[INFO] [stderr] error: could not compile `anyform` (test "validation_tests") due to 3 previous errors; 5 warnings emitted
[INFO] [stdout] Some errors have detailed explanations: E0432, E0433.
[INFO] [stdout] 
[INFO] [stdout] For more information about an error, try `rustc --explain E0432`.
[INFO] [stdout] 
[INFO] [stderr] error: could not compile `anyform` (test "form_builder_tests") due to 3 previous errors; 5 warnings emitted
[INFO] [stdout] Some errors have detailed explanations: E0432, E0433.
[INFO] [stdout] 
[INFO] [stdout] For more information about an error, try `rustc --explain E0432`.
[INFO] [stdout] 
[INFO] [stderr] error: could not compile `anyform` (test "render_json_tests") due to 3 previous errors; 5 warnings emitted
[INFO] [stdout] Some errors have detailed explanations: E0432, E0433.
[INFO] [stdout] 
[INFO] [stdout] For more information about an error, try `rustc --explain E0432`.
[INFO] [stdout] 
[INFO] [stderr] error: could not compile `anyform` (test "sync_tests") due to 3 previous errors; 5 warnings emitted
[INFO] [stdout] Some errors have detailed explanations: E0432, E0433.
[INFO] [stdout] 
[INFO] [stdout] For more information about an error, try `rustc --explain E0432`.
[INFO] [stdout] 
[INFO] [stderr] error: could not compile `anyform` (test "handler_public_tests") due to 3 previous errors; 3 warnings emitted
[INFO] running `Command { std: "docker" "inspect" "e57d7e846c16862847eb1c8075aac10969dcf4d5472004826ec5034efd9b5c46", kill_on_drop: false }`
[INFO] running `Command { std: "docker" "rm" "-f" "e57d7e846c16862847eb1c8075aac10969dcf4d5472004826ec5034efd9b5c46", kill_on_drop: false }`
[INFO] [stdout] e57d7e846c16862847eb1c8075aac10969dcf4d5472004826ec5034efd9b5c46
