[INFO] cloning repository https://github.com/y574444354/csc-rust
[INFO] running `Command { std: "git" "-c" "credential.helper=" "-c" "credential.helper=/workspace/cargo-home/bin/git-credential-null" "clone" "--bare" "https://github.com/y574444354/csc-rust" "/workspace/cache/git-repos/https%3A%2F%2Fgithub.com%2Fy574444354%2Fcsc-rust", kill_on_drop: false }`
[INFO] [stderr] Cloning into bare repository '/workspace/cache/git-repos/https%3A%2F%2Fgithub.com%2Fy574444354%2Fcsc-rust'...
[INFO] running `Command { std: "git" "rev-parse" "HEAD", kill_on_drop: false }`
[INFO] [stdout] c965eb9dee86dfb6bd0d6aa8b349b12981abe9ae
[INFO] checking y574444354/csc-rust/c965eb9dee86dfb6bd0d6aa8b349b12981abe9ae against 018018e881e2db0956f229dbb543e21f058d1ce7 for pr-162597
[INFO] running `Command { std: "git" "clone" "/workspace/cache/git-repos/https%3A%2F%2Fgithub.com%2Fy574444354%2Fcsc-rust" "/workspace/builds/worker-5-tc1/source", kill_on_drop: false }`
[INFO] [stderr] Cloning into '/workspace/builds/worker-5-tc1/source'...
[INFO] [stderr] done.
[INFO] started tweaking git repo https://github.com/y574444354/csc-rust
[INFO] finished tweaking git repo https://github.com/y574444354/csc-rust
[INFO] tweaked toml for git repo https://github.com/y574444354/csc-rust written to /workspace/builds/worker-5-tc1/source/Cargo.toml
[INFO] validating manifest of git repo https://github.com/y574444354/csc-rust on toolchain 018018e881e2db0956f229dbb543e21f058d1ce7
[INFO] running `Command { std: CARGO_HOME="/workspace/cargo-home" RUSTUP_HOME="/workspace/rustup-home" "/workspace/cargo-home/bin/cargo" "+018018e881e2db0956f229dbb543e21f058d1ce7" "metadata" "--manifest-path" "Cargo.toml" "--no-deps", kill_on_drop: false }`
[INFO] crate git repo https://github.com/y574444354/csc-rust already has a lockfile, it will not be regenerated
[INFO] running `Command { std: CARGO_HOME="/workspace/cargo-home" RUSTUP_HOME="/workspace/rustup-home" "/workspace/cargo-home/bin/cargo" "+018018e881e2db0956f229dbb543e21f058d1ce7" "fetch" "--manifest-path" "Cargo.toml", kill_on_drop: false }`
[INFO] [stderr] warning: unused workspace dependency `glob`
[INFO] [stderr]  --> Cargo.toml:9:1
[INFO] [stderr]   |
[INFO] [stderr] 9 | glob = "0.3"
[INFO] [stderr]   | ^^^^
[INFO] [stderr]   |
[INFO] [stderr]   = note: `cargo::unused_workspace_dependencies` is set to `warn` by default
[INFO] [stderr] help: consider removing the workspace dependency `glob`
[INFO] [stderr] warning: unused workspace dependency `regex`
[INFO] [stderr]   --> Cargo.toml:11:1
[INFO] [stderr]    |
[INFO] [stderr] 11 | regex = "1"
[INFO] [stderr]    | ^^^^^
[INFO] [stderr]    |
[INFO] [stderr] help: consider removing the workspace dependency `regex`
[INFO] [stderr] warning: unused workspace dependency `tempfile`
[INFO] [stderr]   --> Cargo.toml:13:1
[INFO] [stderr]    |
[INFO] [stderr] 13 | tempfile = "3"
[INFO] [stderr]    | ^^^^^^^^
[INFO] [stderr]    |
[INFO] [stderr] help: consider removing the workspace dependency `tempfile`
[INFO] [stderr] warning: workspace (manifest) generated 3 warnings
[INFO] [stderr]     Blocking waiting for file lock on package cache
[INFO] [stderr]     Blocking waiting for file lock on package cache
[INFO] [stderr]  Downloading crates ...
[INFO] [stderr]   Downloaded uuid v1.23.2
[INFO] [stderr]   Downloaded serial_test_derive v3.5.0
[INFO] [stderr]   Downloaded serial_test v3.5.0
[INFO] [stderr]   Downloaded log v0.4.31
[INFO] [stderr]   Downloaded bitflags v2.12.1
[INFO] [stderr]   Downloaded openssl v0.10.80
[INFO] running `Command { std: "docker" "create" "-v" "/var/lib/crater-agent-workspace/builds/worker-5-tc1/source:/opt/rustwide/workdir:ro,Z" "-v" "/var/lib/crater-agent-workspace/builds/worker-5-tc1/target:/opt/rustwide/target:rw,Z" "-v" "/var/lib/crater-agent-workspace/cargo-home:/opt/rustwide/cargo-home:ro,Z" "-v" "/var/lib/crater-agent-workspace/rustup-home:/opt/rustwide/rustup-home:ro,Z" "-m" "1610612736" "--network" "none" "ghcr.io/rust-lang/crates-build-env/linux@sha256:8683fc1fc2eb5c9ac98e0d076ab094b2ffac7f99da555d2b6a2e27f346de2ec7" "sleep" "infinity", kill_on_drop: false }`
[INFO] [stdout] 07975886a1b7015d8a8bbb547f35d48dd2db0596e9cf8aa478dadec59b32a7b8
[INFO] running `Command { std: "docker" "start" "07975886a1b7015d8a8bbb547f35d48dd2db0596e9cf8aa478dadec59b32a7b8", kill_on_drop: false }`
[INFO] running `Command { std: "docker" "inspect" "07975886a1b7015d8a8bbb547f35d48dd2db0596e9cf8aa478dadec59b32a7b8", kill_on_drop: false }`
[INFO] running `Command { std: "docker" "exec" "-e" "SOURCE_DIR=/opt/rustwide/workdir" "-e" "CARGO_HOME=/opt/rustwide/cargo-home" "-e" "RUSTUP_HOME=/opt/rustwide/rustup-home" "-e" "CARGO_TARGET_DIR=/opt/rustwide/target" "-w" "/opt/rustwide/workdir" "--user" "0:0" "07975886a1b7015d8a8bbb547f35d48dd2db0596e9cf8aa478dadec59b32a7b8" "/opt/rustwide/cargo-home/bin/cargo" "+018018e881e2db0956f229dbb543e21f058d1ce7" "metadata" "--no-deps" "--format-version=1", kill_on_drop: false }`
[INFO] running `Command { std: "docker" "inspect" "07975886a1b7015d8a8bbb547f35d48dd2db0596e9cf8aa478dadec59b32a7b8", kill_on_drop: false }`
[INFO] running `Command { std: "docker" "exec" "-e" "SOURCE_DIR=/opt/rustwide/workdir" "-e" "CARGO_HOME=/opt/rustwide/cargo-home" "-e" "RUSTUP_HOME=/opt/rustwide/rustup-home" "-e" "CARGO_TARGET_DIR=/opt/rustwide/target" "-e" "CARGO_INCREMENTAL=0" "-e" "RUST_BACKTRACE=full" "-e" "RUSTFLAGS=--cap-lints=forbid" "-e" "RUSTDOCFLAGS=--cap-lints=forbid" "-w" "/opt/rustwide/workdir" "--user" "0:0" "07975886a1b7015d8a8bbb547f35d48dd2db0596e9cf8aa478dadec59b32a7b8" "/opt/rustwide/cargo-home/bin/cargo" "+018018e881e2db0956f229dbb543e21f058d1ce7" "check" "--frozen" "--all" "--all-targets" "--message-format=json", kill_on_drop: false }`
[INFO] [stderr] warning: unused workspace dependency `glob`
[INFO] [stderr]  --> Cargo.toml:9:1
[INFO] [stderr]   |
[INFO] [stderr] 9 | glob = "0.3"
[INFO] [stderr]   | ^^^^
[INFO] [stderr]   |
[INFO] [stderr]   = note: `cargo::unused_workspace_dependencies` is set to `warn` by default
[INFO] [stderr] help: consider removing the workspace dependency `glob`
[INFO] [stderr] warning: unused workspace dependency `regex`
[INFO] [stderr]   --> Cargo.toml:11:1
[INFO] [stderr]    |
[INFO] [stderr] 11 | regex = "1"
[INFO] [stderr]    | ^^^^^
[INFO] [stderr]    |
[INFO] [stderr] help: consider removing the workspace dependency `regex`
[INFO] [stderr] warning: unused workspace dependency `tempfile`
[INFO] [stderr]   --> Cargo.toml:13:1
[INFO] [stderr]    |
[INFO] [stderr] 13 | tempfile = "3"
[INFO] [stderr]    | ^^^^^^^^
[INFO] [stderr]    |
[INFO] [stderr] help: consider removing the workspace dependency `tempfile`
[INFO] [stderr] warning: workspace (manifest) generated 3 warnings
[INFO] [stderr]     Checking smallvec v1.15.1
[INFO] [stderr]     Checking log v0.4.31
[INFO] [stderr]     Checking bitflags v2.12.1
[INFO] [stderr]    Compiling syn v2.0.117
[INFO] [stderr]     Checking socket2 v0.6.4
[INFO] [stderr]    Compiling openssl-sys v0.9.116
[INFO] [stderr]     Checking http v1.4.1
[INFO] [stderr]    Compiling openssl v0.10.80
[INFO] [stderr]    Compiling native-tls v0.2.18
[INFO] [stderr]     Checking aho-corasick v1.1.4
[INFO] [stderr]     Checking rustls-pki-types v1.14.1
[INFO] [stderr]    Compiling rustix v0.38.44
[INFO] [stderr]     Checking unicode-width v0.2.0
[INFO] [stderr]     Checking signal-hook v0.3.18
[INFO] [stderr]     Checking foldhash v0.1.5
[INFO] [stderr]     Checking linux-raw-sys v0.4.15
[INFO] [stderr]     Checking mio v1.2.1
[INFO] [stderr]     Checking itertools v0.13.0
[INFO] [stderr]     Checking uuid v1.23.2
[INFO] [stderr]     Checking castaway v0.2.4
[INFO] [stderr]     Checking unicode-width v0.1.14
[INFO] [stderr]     Checking parking_lot_core v0.9.12
[INFO] [stderr]     Checking hashbrown v0.15.5
[INFO] [stderr]    Compiling pulldown-cmark v0.12.2
[INFO] [stderr]     Checking compact_str v0.8.2
[INFO] [stderr]     Checking getopts v0.2.24
[INFO] [stderr]     Checking smawk v0.3.2
[INFO] [stderr]     Checking signal-hook-mio v0.2.5
[INFO] [stderr]     Checking parking_lot v0.12.5
[INFO] [stderr]     Checking unicode-linebreak v0.1.5
[INFO] [stderr]     Checking pulldown-cmark-escape v0.11.0
[INFO] [stderr]     Checking unicase v2.9.0
[INFO] [stderr]     Checking cassowary v0.3.0
[INFO] [stderr]     Checking tracing-log v0.2.0
[INFO] [stderr]     Checking textwrap v0.16.2
[INFO] [stderr]     Checking http-body v1.0.1
[INFO] [stderr]     Checking http-body-util v0.1.3
[INFO] [stderr]     Checking lru v0.12.5
[INFO] [stderr]     Checking crossterm v0.28.1
[INFO] [stderr]     Checking regex-automata v0.4.14
[INFO] [stderr]     Checking unicode-truncate v1.1.0
[INFO] [stderr]     Checking regex v1.12.3
[INFO] [stderr]     Checking matchers v0.2.0
[INFO] [stderr]    Compiling synstructure v0.13.2
[INFO] [stderr]    Compiling darling_core v0.23.0
[INFO] [stderr]    Compiling zerofrom-derive v0.1.7
[INFO] [stderr]    Compiling tokio-macros v2.7.0
[INFO] [stderr]    Compiling yoke-derive v0.8.2
[INFO] [stderr]    Compiling zerovec-derive v0.11.3
[INFO] [stderr]    Compiling displaydoc v0.2.6
[INFO] [stderr]    Compiling tracing-attributes v0.1.31
[INFO] [stderr]    Compiling serde_derive v1.0.228
[INFO] [stderr]    Compiling futures-macro v0.3.32
[INFO] [stderr]    Compiling thiserror-impl v2.0.18
[INFO] [stderr]    Compiling openssl-macros v0.1.1
[INFO] [stderr]    Compiling strum_macros v0.26.4
[INFO] [stderr]    Compiling clap_derive v4.6.1
[INFO] [stderr]    Compiling serial_test_derive v3.5.0
[INFO] [stderr]     Checking tokio v1.52.3
[INFO] [stderr]     Checking futures-util v0.3.32
[INFO] [stderr]     Checking tracing v0.1.44
[INFO] [stderr]     Checking zerofrom v0.1.8
[INFO] [stderr]     Checking tracing-subscriber v0.3.23
[INFO] [stderr]     Checking yoke v0.8.2
[INFO] [stderr]     Checking strum v0.26.3
[INFO] [stderr]     Checking thiserror v2.0.18
[INFO] [stderr]     Checking zerovec v0.11.6
[INFO] [stderr]     Checking zerotrie v0.2.4
[INFO] [stderr]     Checking clap v4.6.1
[INFO] [stderr]     Checking tinystr v0.8.3
[INFO] [stderr]     Checking potential_utf v0.1.5
[INFO] [stderr]     Checking icu_collections v2.2.0
[INFO] [stderr]     Checking icu_locale_core v2.2.0
[INFO] [stderr]    Compiling darling_macro v0.23.0
[INFO] [stderr]    Compiling darling v0.23.0
[INFO] [stderr]    Compiling instability v0.3.12
[INFO] [stderr]     Checking ratatui v0.29.0
[INFO] [stderr]     Checking icu_provider v2.2.0
[INFO] [stderr]     Checking icu_properties v2.2.0
[INFO] [stderr]     Checking icu_normalizer v2.2.0
[INFO] [stderr]     Checking serde v1.0.228
[INFO] [stderr]     Checking futures-executor v0.3.32
[INFO] [stderr]     Checking futures v0.3.32
[INFO] [stderr]     Checking serial_test v3.5.0
[INFO] [stderr]     Checking csc-common v0.1.0 (/opt/rustwide/workdir/csc-common)
[INFO] [stderr]     Checking serde_urlencoded v0.7.1
[INFO] [stderr]     Checking chrono v0.4.44
[INFO] [stderr]     Checking idna_adapter v1.2.2
[INFO] [stderr]     Checking idna v1.1.0
[INFO] [stderr]     Checking url v2.5.8
[INFO] [stderr]     Checking tokio-util v0.7.18
[INFO] [stderr]     Checking tokio-native-tls v0.3.1
[INFO] [stderr]     Checking tower v0.5.3
[INFO] [stderr]     Checking tokio-stream v0.1.18
[INFO] [stderr]     Checking csc-tools v0.1.0 (/opt/rustwide/workdir/csc-tools)
[INFO] [stderr]     Checking csc-mcp v0.1.0 (/opt/rustwide/workdir/csc-mcp)
[INFO] [stderr]     Checking h2 v0.4.14
[INFO] [stderr]     Checking tower-http v0.6.11
[INFO] [stderr]     Checking hyper v1.10.1
[INFO] [stderr]     Checking hyper-util v0.1.20
[INFO] [stderr]     Checking hyper-tls v0.6.0
[INFO] [stderr]     Checking reqwest v0.12.28
[INFO] [stderr]     Checking csc-api v0.1.0 (/opt/rustwide/workdir/csc-api)
[INFO] [stderr]     Checking csc-agents v0.1.0 (/opt/rustwide/workdir/csc-agents)
[INFO] [stderr]     Checking csc-core v0.1.0 (/opt/rustwide/workdir/csc-core)
[INFO] [stdout] error[E0433]: cannot find module or crate `libc` in this scope
[INFO] [stdout]    --> csc-core/src/daemon/mod.rs:202:9
[INFO] [stdout]     |
[INFO] [stdout] 202 |         libc::kill(pid as libc::pid_t, 0) == 0
[INFO] [stdout]     |         ^^^^ use of unresolved module or unlinked crate `libc`
[INFO] [stdout]     |
[INFO] [stdout]     = help: if you wanted to use a crate named `libc`, use `cargo add libc` to add it to your `Cargo.toml`
[INFO] [stdout] 
[INFO] [stdout] 
[INFO] [stdout] error[E0433]: cannot find module or crate `libc` in this scope
[INFO] [stdout]    --> csc-core/src/daemon/mod.rs:327:12
[INFO] [stdout]     |
[INFO] [stdout] 327 |         if libc::kill(pid as libc::pid_t, libc::SIGTERM) != 0 {
[INFO] [stdout]     |            ^^^^ use of unresolved module or unlinked crate `libc`
[INFO] [stdout]     |
[INFO] [stdout]     = help: if you wanted to use a crate named `libc`, use `cargo add libc` to add it to your `Cargo.toml`
[INFO] [stdout] 
[INFO] [stdout] 
[INFO] [stdout] error[E0433]: cannot find module or crate `libc` in this scope
[INFO] [stdout]    --> csc-core/src/daemon/mod.rs:327:43
[INFO] [stdout]     |
[INFO] [stdout] 327 |         if libc::kill(pid as libc::pid_t, libc::SIGTERM) != 0 {
[INFO] [stdout]     |                                           ^^^^ use of unresolved module or unlinked crate `libc`
[INFO] [stdout]     |
[INFO] [stdout]     = help: if you wanted to use a crate named `libc`, use `cargo add libc` to add it to your `Cargo.toml`
[INFO] [stdout] 
[INFO] [stdout] 
[INFO] [stdout] error[E0433]: cannot find module or crate `libc` in this scope
[INFO] [stdout]    --> csc-core/src/daemon/mod.rs:202:9
[INFO] [stdout]     |
[INFO] [stdout] 202 |         libc::kill(pid as libc::pid_t, 0) == 0
[INFO] [stdout]     |         ^^^^ use of unresolved module or unlinked crate `libc`
[INFO] [stdout]     |
[INFO] [stdout]     = help: if you wanted to use a crate named `libc`, use `cargo add libc` to add it to your `Cargo.toml`
[INFO] [stdout] 
[INFO] [stdout] 
[INFO] [stdout] error[E0433]: cannot find module or crate `libc` in this scope
[INFO] [stdout]    --> csc-core/src/daemon/mod.rs:327:12
[INFO] [stdout]     |
[INFO] [stdout] 327 |         if libc::kill(pid as libc::pid_t, libc::SIGTERM) != 0 {
[INFO] [stdout]     |            ^^^^ use of unresolved module or unlinked crate `libc`
[INFO] [stdout]     |
[INFO] [stdout]     = help: if you wanted to use a crate named `libc`, use `cargo add libc` to add it to your `Cargo.toml`
[INFO] [stdout] 
[INFO] [stdout] 
[INFO] [stdout] error[E0433]: cannot find module or crate `libc` in this scope
[INFO] [stdout]    --> csc-core/src/daemon/mod.rs:327:43
[INFO] [stdout]     |
[INFO] [stdout] 327 |         if libc::kill(pid as libc::pid_t, libc::SIGTERM) != 0 {
[INFO] [stdout]     |                                           ^^^^ use of unresolved module or unlinked crate `libc`
[INFO] [stdout]     |
[INFO] [stdout]     = help: if you wanted to use a crate named `libc`, use `cargo add libc` to add it to your `Cargo.toml`
[INFO] [stdout] 
[INFO] [stdout] 
[INFO] [stdout] error[E0433]: cannot find module or crate `libc` in this scope
[INFO] [stdout]    --> csc-core/src/daemon/mod.rs:327:30
[INFO] [stdout]     |
[INFO] [stdout] 327 |         if libc::kill(pid as libc::pid_t, libc::SIGTERM) != 0 {
[INFO] [stdout]     |                              ^^^^ use of unresolved module or unlinked crate `libc`
[INFO] [stdout]     |
[INFO] [stdout]     = help: if you wanted to use a crate named `libc`, use `cargo add libc` to add it to your `Cargo.toml`
[INFO] [stdout] 
[INFO] [stdout] 
[INFO] [stdout] error[E0433]: cannot find module or crate `libc` in this scope
[INFO] [stdout]    --> csc-core/src/daemon/mod.rs:202:27
[INFO] [stdout]     |
[INFO] [stdout] 202 |         libc::kill(pid as libc::pid_t, 0) == 0
[INFO] [stdout]     |                           ^^^^ use of unresolved module or unlinked crate `libc`
[INFO] [stdout]     |
[INFO] [stdout]     = help: if you wanted to use a crate named `libc`, use `cargo add libc` to add it to your `Cargo.toml`
[INFO] [stdout] 
[INFO] [stdout] 
[INFO] [stdout] For more information about this error, try `rustc --explain E0433`.
[INFO] [stdout] 
[INFO] [stderr] error: could not compile `csc-core` (lib) due to 5 previous errors
[INFO] [stderr] warning: build failed, waiting for other jobs to finish...
[INFO] [stdout] error[E0433]: cannot find module or crate `libc` in this scope
[INFO] [stdout]    --> csc-core/src/daemon/mod.rs:327:30
[INFO] [stdout]     |
[INFO] [stdout] 327 |         if libc::kill(pid as libc::pid_t, libc::SIGTERM) != 0 {
[INFO] [stdout]     |                              ^^^^ use of unresolved module or unlinked crate `libc`
[INFO] [stdout]     |
[INFO] [stdout]     = help: if you wanted to use a crate named `libc`, use `cargo add libc` to add it to your `Cargo.toml`
[INFO] [stdout] 
[INFO] [stdout] 
[INFO] [stdout] error[E0433]: cannot find module or crate `libc` in this scope
[INFO] [stdout]    --> csc-core/src/daemon/mod.rs:202:27
[INFO] [stdout]     |
[INFO] [stdout] 202 |         libc::kill(pid as libc::pid_t, 0) == 0
[INFO] [stdout]     |                           ^^^^ use of unresolved module or unlinked crate `libc`
[INFO] [stdout]     |
[INFO] [stdout]     = help: if you wanted to use a crate named `libc`, use `cargo add libc` to add it to your `Cargo.toml`
[INFO] [stdout] 
[INFO] [stdout] 
[INFO] [stdout] For more information about this error, try `rustc --explain E0433`.
[INFO] [stdout] 
[INFO] [stderr] error: could not compile `csc-core` (lib test) due to 5 previous errors
[INFO] [stderr] warning: unused dependency `csc-api`
[INFO] [stderr]  --> csc-agents/Cargo.toml:9:1
[INFO] [stderr]   |
[INFO] [stderr] 9 | csc-api = { path = "../csc-api" }
[INFO] [stderr]   | ^^^^^^^^^^^^^^^^^^^^^^^^^^^^^^^^^
[INFO] [stderr]   |
[INFO] [stderr]   = note: `cargo::unused_dependencies` is set to `warn` by default
[INFO] [stderr] help: consider removing the dependency on `csc-api`
[INFO] [stderr] warning: `csc-agents` (manifest) generated 1 warning
[INFO] [stderr] warning: unused dependency `csc-common`
[INFO] [stderr]  --> csc-api/Cargo.toml:9:1
[INFO] [stderr]   |
[INFO] [stderr] 9 | csc-common = { path = "../csc-common" }
[INFO] [stderr]   | ^^^^^^^^^^^^^^^^^^^^^^^^^^^^^^^^^^^^^^^
[INFO] [stderr]   |
[INFO] [stderr]   = note: `cargo::unused_dependencies` is set to `warn` by default
[INFO] [stderr] help: consider removing the dependency on `csc-common`
[INFO] [stderr] warning: unused dependency `tokio-stream`
[INFO] [stderr]   --> csc-api/Cargo.toml:19:1
[INFO] [stderr]    |
[INFO] [stderr] 19 | tokio-stream = "0.1"
[INFO] [stderr]    | ^^^^^^^^^^^^^^^^^^^^
[INFO] [stderr]    |
[INFO] [stderr] help: consider removing the dependency on `tokio-stream`
[INFO] [stderr] warning: `csc-api` (manifest) generated 2 warnings
[INFO] [stderr] warning: unused dependency `serde`
[INFO] [stderr]  --> csc-common/Cargo.toml:8:1
[INFO] [stderr]   |
[INFO] [stderr] 8 | serde.workspace = true
[INFO] [stderr]   | ^^^^^
[INFO] [stderr]   |
[INFO] [stderr]   = note: `cargo::unused_dependencies` is set to `warn` by default
[INFO] [stderr] help: consider removing the dependency on `serde`
[INFO] [stderr] warning: unused dependency `serde_json`
[INFO] [stderr]  --> csc-common/Cargo.toml:9:1
[INFO] [stderr]   |
[INFO] [stderr] 9 | serde_json.workspace = true
[INFO] [stderr]   | ^^^^^^^^^^
[INFO] [stderr]   |
[INFO] [stderr] help: consider removing the dependency on `serde_json`
[INFO] [stderr] warning: `csc-common` (manifest) generated 2 warnings
[INFO] [stderr] warning: unused dependency `regex`
[INFO] [stderr]   --> csc-core/Cargo.toml:23:1
[INFO] [stderr]    |
[INFO] [stderr] 23 | regex = "1"
[INFO] [stderr]    | ^^^^^^^^^^^
[INFO] [stderr]    |
[INFO] [stderr]    = note: `cargo::unused_dependencies` is set to `warn` by default
[INFO] [stderr] help: consider removing the dependency on `regex`
[INFO] [stderr] warning: `csc-core` (manifest) generated 1 warning
[INFO] [stderr] warning: unused dependency `csc-common`
[INFO] [stderr]  --> csc-tools/Cargo.toml:8:1
[INFO] [stderr]   |
[INFO] [stderr] 8 | csc-common = { path = "../csc-common" }
[INFO] [stderr]   | ^^^^^^^^^^^^^^^^^^^^^^^^^^^^^^^^^^^^^^^
[INFO] [stderr]   |
[INFO] [stderr]   = note: `cargo::unused_dependencies` is set to `warn` by default
[INFO] [stderr] help: consider removing the dependency on `csc-common`
[INFO] [stderr] warning: unused dependency `tracing`
[INFO] [stderr]   --> csc-tools/Cargo.toml:13:1
[INFO] [stderr]    |
[INFO] [stderr] 13 | tracing.workspace = true
[INFO] [stderr]    | ^^^^^^^
[INFO] [stderr]    |
[INFO] [stderr] help: consider removing the dependency on `tracing`
[INFO] [stderr] warning: `csc-tools` (manifest) generated 2 warnings
[INFO] running `Command { std: "docker" "inspect" "07975886a1b7015d8a8bbb547f35d48dd2db0596e9cf8aa478dadec59b32a7b8", kill_on_drop: false }`
[INFO] running `Command { std: "docker" "rm" "-f" "07975886a1b7015d8a8bbb547f35d48dd2db0596e9cf8aa478dadec59b32a7b8", kill_on_drop: false }`
[INFO] [stdout] 07975886a1b7015d8a8bbb547f35d48dd2db0596e9cf8aa478dadec59b32a7b8
