[INFO] cloning repository https://github.com/whizy33967/penumbra-2
[INFO] running `Command { std: "git" "-c" "credential.helper=" "-c" "credential.helper=/workspace/cargo-home/bin/git-credential-null" "clone" "--bare" "https://github.com/whizy33967/penumbra-2" "/workspace/cache/git-repos/https%3A%2F%2Fgithub.com%2Fwhizy33967%2Fpenumbra-2", kill_on_drop: false }`
[INFO] [stderr] Cloning into bare repository '/workspace/cache/git-repos/https%3A%2F%2Fgithub.com%2Fwhizy33967%2Fpenumbra-2'...
[INFO] running `Command { std: "git" "rev-parse" "HEAD", kill_on_drop: false }`
[INFO] [stdout] a8bedef9ce7e286b7e3ccc4ce5040355909bcc7a
[INFO] checking whizy33967/penumbra-2/a8bedef9ce7e286b7e3ccc4ce5040355909bcc7a against be3da1e8c043bb6f1f335463d3b1335cdf50b03c for pr-162597
[INFO] running `Command { std: "git" "clone" "/workspace/cache/git-repos/https%3A%2F%2Fgithub.com%2Fwhizy33967%2Fpenumbra-2" "/workspace/builds/worker-2-tc2/source", kill_on_drop: false }`
[INFO] [stderr] Cloning into '/workspace/builds/worker-2-tc2/source'...
[INFO] [stderr] done.
[INFO] removed /workspace/builds/worker-2-tc2/source/rust-toolchain.toml
[INFO] started tweaking git repo https://github.com/whizy33967/penumbra-2
[INFO] finished tweaking git repo https://github.com/whizy33967/penumbra-2
[INFO] tweaked toml for git repo https://github.com/whizy33967/penumbra-2 written to /workspace/builds/worker-2-tc2/source/Cargo.toml
[INFO] validating manifest of git repo https://github.com/whizy33967/penumbra-2 on toolchain be3da1e8c043bb6f1f335463d3b1335cdf50b03c
[INFO] running `Command { std: CARGO_HOME="/workspace/cargo-home" RUSTUP_HOME="/workspace/rustup-home" "/workspace/cargo-home/bin/cargo" "+be3da1e8c043bb6f1f335463d3b1335cdf50b03c" "metadata" "--manifest-path" "Cargo.toml" "--no-deps", kill_on_drop: false }`
[INFO] crate git repo https://github.com/whizy33967/penumbra-2 already has a lockfile, it will not be regenerated
[INFO] running `Command { std: CARGO_HOME="/workspace/cargo-home" RUSTUP_HOME="/workspace/rustup-home" "/workspace/cargo-home/bin/cargo" "+be3da1e8c043bb6f1f335463d3b1335cdf50b03c" "fetch" "--manifest-path" "Cargo.toml", kill_on_drop: false }`
[INFO] [stderr] warning: crates/crypto/proof-setup/Cargo.toml: `default_features` is deprecated in favor of `default-features` and will not work in the 2024 edition
[INFO] [stderr] (in the `ark-poly` dependency)
[INFO] [stderr] warning: `penumbra-proof-setup` (manifest) generated 1 warning
[INFO] [stderr] warning: unused build dependency `anyhow`
[INFO] [stderr]   --> crates/bench/Cargo.toml:15:1
[INFO] [stderr]    |
[INFO] [stderr] 15 | anyhow = "1"
[INFO] [stderr]    | ^^^^^^^^^^^^
[INFO] [stderr]    |
[INFO] [stderr]    = note: `cargo::unused_dependencies` is set to `warn` by default
[INFO] [stderr] help: consider removing the dependency on `anyhow`
[INFO] [stderr] warning: unused build dependency `hex`
[INFO] [stderr]   --> crates/bench/Cargo.toml:14:1
[INFO] [stderr]    |
[INFO] [stderr] 14 | hex = { version = "0.4.3", optional = true }
[INFO] [stderr]    | ^^^^^^^^^^^^^^^^^^^^^^^^^^^^^^^^^^^^^^^^^^^^
[INFO] [stderr]    |
[INFO] [stderr] help: consider removing the dependency on `hex`
[INFO] [stderr] warning: unused build dependency `regex`
[INFO] [stderr]  --> crates/bench/Cargo.toml:7:1
[INFO] [stderr]   |
[INFO] [stderr] 7 | regex = { version = "1", optional = true }
[INFO] [stderr]   | ^^^^^^^^^^^^^^^^^^^^^^^^^^^^^^^^^^^^^^^^^^
[INFO] [stderr]   |
[INFO] [stderr] help: consider removing the dependency on `regex`
[INFO] [stderr] warning: unused build dependency `reqwest`
[INFO] [stderr]   --> crates/bench/Cargo.toml:8:1
[INFO] [stderr]    |
[INFO] [stderr]  8 | / reqwest = { version = "0.11.14", optional = true, features = [
[INFO] [stderr]  9 | |     "blocking",
[INFO] [stderr] 10 | |     "json",
[INFO] [stderr] 11 | | ] }
[INFO] [stderr]    | |___^
[INFO] [stderr]    |
[INFO] [stderr] help: consider removing the dependency on `reqwest`
[INFO] [stderr] warning: unused build dependency `serde_json`
[INFO] [stderr]   --> crates/bench/Cargo.toml:12:1
[INFO] [stderr]    |
[INFO] [stderr] 12 | serde_json = { version = "1", optional = true }
[INFO] [stderr]    | ^^^^^^^^^^^^^^^^^^^^^^^^^^^^^^^^^^^^^^^^^^^^^^^
[INFO] [stderr]    |
[INFO] [stderr] help: consider removing the dependency on `serde_json`
[INFO] [stderr] warning: unused build dependency `sha2`
[INFO] [stderr]   --> crates/bench/Cargo.toml:13:1
[INFO] [stderr]    |
[INFO] [stderr] 13 | sha2 = { version = "0.10.6", optional = true }
[INFO] [stderr]    | ^^^^^^^^^^^^^^^^^^^^^^^^^^^^^^^^^^^^^^^^^^^^^^
[INFO] [stderr]    |
[INFO] [stderr] help: consider removing the dependency on `sha2`
[INFO] [stderr] warning: `penumbra-bench` (manifest) generated 6 warnings
[INFO] [stderr]     Blocking waiting for file lock on package cache
[INFO] [stderr]     Updating git repository `https://github.com/penumbra-zone/tonic.git`
[INFO] [stderr]     Updating crates.io index
[INFO] [stderr]     Updating git repository `https://github.com/zcash/librustzcash`
[INFO] [stderr]     Blocking waiting for file lock on package cache
[ERROR] error running command: no output for 300 seconds
[INFO] checking whizy33967/penumbra-2/a8bedef9ce7e286b7e3ccc4ce5040355909bcc7a against be3da1e8c043bb6f1f335463d3b1335cdf50b03c for pr-162597
[INFO] running `Command { std: "git" "clone" "/workspace/cache/git-repos/https%3A%2F%2Fgithub.com%2Fwhizy33967%2Fpenumbra-2" "/workspace/builds/worker-2-tc2/source", kill_on_drop: false }`
[INFO] [stderr] Cloning into '/workspace/builds/worker-2-tc2/source'...
[INFO] [stderr] done.
[INFO] removed /workspace/builds/worker-2-tc2/source/rust-toolchain.toml
[INFO] started tweaking git repo https://github.com/whizy33967/penumbra-2
[INFO] finished tweaking git repo https://github.com/whizy33967/penumbra-2
[INFO] tweaked toml for git repo https://github.com/whizy33967/penumbra-2 written to /workspace/builds/worker-2-tc2/source/Cargo.toml
[INFO] validating manifest of git repo https://github.com/whizy33967/penumbra-2 on toolchain be3da1e8c043bb6f1f335463d3b1335cdf50b03c
[INFO] running `Command { std: CARGO_HOME="/workspace/cargo-home" RUSTUP_HOME="/workspace/rustup-home" "/workspace/cargo-home/bin/cargo" "+be3da1e8c043bb6f1f335463d3b1335cdf50b03c" "metadata" "--manifest-path" "Cargo.toml" "--no-deps", kill_on_drop: false }`
[INFO] crate git repo https://github.com/whizy33967/penumbra-2 already has a lockfile, it will not be regenerated
[INFO] running `Command { std: CARGO_HOME="/workspace/cargo-home" RUSTUP_HOME="/workspace/rustup-home" "/workspace/cargo-home/bin/cargo" "+be3da1e8c043bb6f1f335463d3b1335cdf50b03c" "fetch" "--manifest-path" "Cargo.toml", kill_on_drop: false }`
[INFO] [stderr] warning: crates/crypto/proof-setup/Cargo.toml: `default_features` is deprecated in favor of `default-features` and will not work in the 2024 edition
[INFO] [stderr] (in the `ark-poly` dependency)
[INFO] [stderr] warning: `penumbra-proof-setup` (manifest) generated 1 warning
[INFO] [stderr] warning: unused build dependency `anyhow`
[INFO] [stderr]   --> crates/bench/Cargo.toml:15:1
[INFO] [stderr]    |
[INFO] [stderr] 15 | anyhow = "1"
[INFO] [stderr]    | ^^^^^^^^^^^^
[INFO] [stderr]    |
[INFO] [stderr]    = note: `cargo::unused_dependencies` is set to `warn` by default
[INFO] [stderr] help: consider removing the dependency on `anyhow`
[INFO] [stderr] warning: unused build dependency `hex`
[INFO] [stderr]   --> crates/bench/Cargo.toml:14:1
[INFO] [stderr]    |
[INFO] [stderr] 14 | hex = { version = "0.4.3", optional = true }
[INFO] [stderr]    | ^^^^^^^^^^^^^^^^^^^^^^^^^^^^^^^^^^^^^^^^^^^^
[INFO] [stderr]    |
[INFO] [stderr] help: consider removing the dependency on `hex`
[INFO] [stderr] warning: unused build dependency `regex`
[INFO] [stderr]  --> crates/bench/Cargo.toml:7:1
[INFO] [stderr]   |
[INFO] [stderr] 7 | regex = { version = "1", optional = true }
[INFO] [stderr]   | ^^^^^^^^^^^^^^^^^^^^^^^^^^^^^^^^^^^^^^^^^^
[INFO] [stderr]   |
[INFO] [stderr] help: consider removing the dependency on `regex`
[INFO] [stderr] warning: unused build dependency `reqwest`
[INFO] [stderr]   --> crates/bench/Cargo.toml:8:1
[INFO] [stderr]    |
[INFO] [stderr]  8 | / reqwest = { version = "0.11.14", optional = true, features = [
[INFO] [stderr]  9 | |     "blocking",
[INFO] [stderr] 10 | |     "json",
[INFO] [stderr] 11 | | ] }
[INFO] [stderr]    | |___^
[INFO] [stderr]    |
[INFO] [stderr] help: consider removing the dependency on `reqwest`
[INFO] [stderr] warning: unused build dependency `serde_json`
[INFO] [stderr]   --> crates/bench/Cargo.toml:12:1
[INFO] [stderr]    |
[INFO] [stderr] 12 | serde_json = { version = "1", optional = true }
[INFO] [stderr]    | ^^^^^^^^^^^^^^^^^^^^^^^^^^^^^^^^^^^^^^^^^^^^^^^
[INFO] [stderr]    |
[INFO] [stderr] help: consider removing the dependency on `serde_json`
[INFO] [stderr] warning: unused build dependency `sha2`
[INFO] [stderr]   --> crates/bench/Cargo.toml:13:1
[INFO] [stderr]    |
[INFO] [stderr] 13 | sha2 = { version = "0.10.6", optional = true }
[INFO] [stderr]    | ^^^^^^^^^^^^^^^^^^^^^^^^^^^^^^^^^^^^^^^^^^^^^^
[INFO] [stderr]    |
[INFO] [stderr] help: consider removing the dependency on `sha2`
[INFO] [stderr] warning: `penumbra-bench` (manifest) generated 6 warnings
[INFO] [stderr]     Blocking waiting for file lock on package cache
[INFO] [stderr]     Blocking waiting for file lock on package cache
[ERROR] error running command: no output for 300 seconds
[INFO] checking whizy33967/penumbra-2/a8bedef9ce7e286b7e3ccc4ce5040355909bcc7a against be3da1e8c043bb6f1f335463d3b1335cdf50b03c for pr-162597
[INFO] running `Command { std: "git" "clone" "/workspace/cache/git-repos/https%3A%2F%2Fgithub.com%2Fwhizy33967%2Fpenumbra-2" "/workspace/builds/worker-2-tc2/source", kill_on_drop: false }`
[INFO] [stderr] Cloning into '/workspace/builds/worker-2-tc2/source'...
[INFO] [stderr] done.
[INFO] removed /workspace/builds/worker-2-tc2/source/rust-toolchain.toml
[INFO] started tweaking git repo https://github.com/whizy33967/penumbra-2
[INFO] finished tweaking git repo https://github.com/whizy33967/penumbra-2
[INFO] tweaked toml for git repo https://github.com/whizy33967/penumbra-2 written to /workspace/builds/worker-2-tc2/source/Cargo.toml
[INFO] validating manifest of git repo https://github.com/whizy33967/penumbra-2 on toolchain be3da1e8c043bb6f1f335463d3b1335cdf50b03c
[INFO] running `Command { std: CARGO_HOME="/workspace/cargo-home" RUSTUP_HOME="/workspace/rustup-home" "/workspace/cargo-home/bin/cargo" "+be3da1e8c043bb6f1f335463d3b1335cdf50b03c" "metadata" "--manifest-path" "Cargo.toml" "--no-deps", kill_on_drop: false }`
[INFO] crate git repo https://github.com/whizy33967/penumbra-2 already has a lockfile, it will not be regenerated
[INFO] running `Command { std: CARGO_HOME="/workspace/cargo-home" RUSTUP_HOME="/workspace/rustup-home" "/workspace/cargo-home/bin/cargo" "+be3da1e8c043bb6f1f335463d3b1335cdf50b03c" "fetch" "--manifest-path" "Cargo.toml", kill_on_drop: false }`
[INFO] [stderr] warning: crates/crypto/proof-setup/Cargo.toml: `default_features` is deprecated in favor of `default-features` and will not work in the 2024 edition
[INFO] [stderr] (in the `ark-poly` dependency)
[INFO] [stderr] warning: `penumbra-proof-setup` (manifest) generated 1 warning
[INFO] [stderr] warning: unused build dependency `anyhow`
[INFO] [stderr]   --> crates/bench/Cargo.toml:15:1
[INFO] [stderr]    |
[INFO] [stderr] 15 | anyhow = "1"
[INFO] [stderr]    | ^^^^^^^^^^^^
[INFO] [stderr]    |
[INFO] [stderr]    = note: `cargo::unused_dependencies` is set to `warn` by default
[INFO] [stderr] help: consider removing the dependency on `anyhow`
[INFO] [stderr] warning: unused build dependency `hex`
[INFO] [stderr]   --> crates/bench/Cargo.toml:14:1
[INFO] [stderr]    |
[INFO] [stderr] 14 | hex = { version = "0.4.3", optional = true }
[INFO] [stderr]    | ^^^^^^^^^^^^^^^^^^^^^^^^^^^^^^^^^^^^^^^^^^^^
[INFO] [stderr]    |
[INFO] [stderr] help: consider removing the dependency on `hex`
[INFO] [stderr] warning: unused build dependency `regex`
[INFO] [stderr]  --> crates/bench/Cargo.toml:7:1
[INFO] [stderr]   |
[INFO] [stderr] 7 | regex = { version = "1", optional = true }
[INFO] [stderr]   | ^^^^^^^^^^^^^^^^^^^^^^^^^^^^^^^^^^^^^^^^^^
[INFO] [stderr]   |
[INFO] [stderr] help: consider removing the dependency on `regex`
[INFO] [stderr] warning: unused build dependency `reqwest`
[INFO] [stderr]   --> crates/bench/Cargo.toml:8:1
[INFO] [stderr]    |
[INFO] [stderr]  8 | / reqwest = { version = "0.11.14", optional = true, features = [
[INFO] [stderr]  9 | |     "blocking",
[INFO] [stderr] 10 | |     "json",
[INFO] [stderr] 11 | | ] }
[INFO] [stderr]    | |___^
[INFO] [stderr]    |
[INFO] [stderr] help: consider removing the dependency on `reqwest`
[INFO] [stderr] warning: unused build dependency `serde_json`
[INFO] [stderr]   --> crates/bench/Cargo.toml:12:1
[INFO] [stderr]    |
[INFO] [stderr] 12 | serde_json = { version = "1", optional = true }
[INFO] [stderr]    | ^^^^^^^^^^^^^^^^^^^^^^^^^^^^^^^^^^^^^^^^^^^^^^^
[INFO] [stderr]    |
[INFO] [stderr] help: consider removing the dependency on `serde_json`
[INFO] [stderr] warning: unused build dependency `sha2`
[INFO] [stderr]   --> crates/bench/Cargo.toml:13:1
[INFO] [stderr]    |
[INFO] [stderr] 13 | sha2 = { version = "0.10.6", optional = true }
[INFO] [stderr]    | ^^^^^^^^^^^^^^^^^^^^^^^^^^^^^^^^^^^^^^^^^^^^^^
[INFO] [stderr]    |
[INFO] [stderr] help: consider removing the dependency on `sha2`
[INFO] [stderr] warning: `penumbra-bench` (manifest) generated 6 warnings
[INFO] [stderr]     Blocking waiting for file lock on package cache
[INFO] [stderr]     Blocking waiting for file lock on package cache
[ERROR] error running command: no output for 300 seconds
[INFO] checking whizy33967/penumbra-2/a8bedef9ce7e286b7e3ccc4ce5040355909bcc7a against be3da1e8c043bb6f1f335463d3b1335cdf50b03c for pr-162597
[INFO] running `Command { std: "git" "clone" "/workspace/cache/git-repos/https%3A%2F%2Fgithub.com%2Fwhizy33967%2Fpenumbra-2" "/workspace/builds/worker-2-tc2/source", kill_on_drop: false }`
[INFO] [stderr] Cloning into '/workspace/builds/worker-2-tc2/source'...
[INFO] [stderr] done.
[INFO] removed /workspace/builds/worker-2-tc2/source/rust-toolchain.toml
[INFO] started tweaking git repo https://github.com/whizy33967/penumbra-2
[INFO] finished tweaking git repo https://github.com/whizy33967/penumbra-2
[INFO] tweaked toml for git repo https://github.com/whizy33967/penumbra-2 written to /workspace/builds/worker-2-tc2/source/Cargo.toml
[INFO] validating manifest of git repo https://github.com/whizy33967/penumbra-2 on toolchain be3da1e8c043bb6f1f335463d3b1335cdf50b03c
[INFO] running `Command { std: CARGO_HOME="/workspace/cargo-home" RUSTUP_HOME="/workspace/rustup-home" "/workspace/cargo-home/bin/cargo" "+be3da1e8c043bb6f1f335463d3b1335cdf50b03c" "metadata" "--manifest-path" "Cargo.toml" "--no-deps", kill_on_drop: false }`
[INFO] crate git repo https://github.com/whizy33967/penumbra-2 already has a lockfile, it will not be regenerated
[INFO] running `Command { std: CARGO_HOME="/workspace/cargo-home" RUSTUP_HOME="/workspace/rustup-home" "/workspace/cargo-home/bin/cargo" "+be3da1e8c043bb6f1f335463d3b1335cdf50b03c" "fetch" "--manifest-path" "Cargo.toml", kill_on_drop: false }`
[INFO] [stderr] warning: crates/crypto/proof-setup/Cargo.toml: `default_features` is deprecated in favor of `default-features` and will not work in the 2024 edition
[INFO] [stderr] (in the `ark-poly` dependency)
[INFO] [stderr] warning: `penumbra-proof-setup` (manifest) generated 1 warning
[INFO] [stderr] warning: unused build dependency `anyhow`
[INFO] [stderr]   --> crates/bench/Cargo.toml:15:1
[INFO] [stderr]    |
[INFO] [stderr] 15 | anyhow = "1"
[INFO] [stderr]    | ^^^^^^^^^^^^
[INFO] [stderr]    |
[INFO] [stderr]    = note: `cargo::unused_dependencies` is set to `warn` by default
[INFO] [stderr] help: consider removing the dependency on `anyhow`
[INFO] [stderr] warning: unused build dependency `hex`
[INFO] [stderr]   --> crates/bench/Cargo.toml:14:1
[INFO] [stderr]    |
[INFO] [stderr] 14 | hex = { version = "0.4.3", optional = true }
[INFO] [stderr]    | ^^^^^^^^^^^^^^^^^^^^^^^^^^^^^^^^^^^^^^^^^^^^
[INFO] [stderr]    |
[INFO] [stderr] help: consider removing the dependency on `hex`
[INFO] [stderr] warning: unused build dependency `regex`
[INFO] [stderr]  --> crates/bench/Cargo.toml:7:1
[INFO] [stderr]   |
[INFO] [stderr] 7 | regex = { version = "1", optional = true }
[INFO] [stderr]   | ^^^^^^^^^^^^^^^^^^^^^^^^^^^^^^^^^^^^^^^^^^
[INFO] [stderr]   |
[INFO] [stderr] help: consider removing the dependency on `regex`
[INFO] [stderr] warning: unused build dependency `reqwest`
[INFO] [stderr]   --> crates/bench/Cargo.toml:8:1
[INFO] [stderr]    |
[INFO] [stderr]  8 | / reqwest = { version = "0.11.14", optional = true, features = [
[INFO] [stderr]  9 | |     "blocking",
[INFO] [stderr] 10 | |     "json",
[INFO] [stderr] 11 | | ] }
[INFO] [stderr]    | |___^
[INFO] [stderr]    |
[INFO] [stderr] help: consider removing the dependency on `reqwest`
[INFO] [stderr] warning: unused build dependency `serde_json`
[INFO] [stderr]   --> crates/bench/Cargo.toml:12:1
[INFO] [stderr]    |
[INFO] [stderr] 12 | serde_json = { version = "1", optional = true }
[INFO] [stderr]    | ^^^^^^^^^^^^^^^^^^^^^^^^^^^^^^^^^^^^^^^^^^^^^^^
[INFO] [stderr]    |
[INFO] [stderr] help: consider removing the dependency on `serde_json`
[INFO] [stderr] warning: unused build dependency `sha2`
[INFO] [stderr]   --> crates/bench/Cargo.toml:13:1
[INFO] [stderr]    |
[INFO] [stderr] 13 | sha2 = { version = "0.10.6", optional = true }
[INFO] [stderr]    | ^^^^^^^^^^^^^^^^^^^^^^^^^^^^^^^^^^^^^^^^^^^^^^
[INFO] [stderr]    |
[INFO] [stderr] help: consider removing the dependency on `sha2`
[INFO] [stderr] warning: `penumbra-bench` (manifest) generated 6 warnings
[INFO] [stderr]     Blocking waiting for file lock on package cache
[INFO] [stderr]     Blocking waiting for file lock on package cache
[ERROR] error running command: no output for 300 seconds
[INFO] checking whizy33967/penumbra-2/a8bedef9ce7e286b7e3ccc4ce5040355909bcc7a against be3da1e8c043bb6f1f335463d3b1335cdf50b03c for pr-162597
[INFO] running `Command { std: "git" "clone" "/workspace/cache/git-repos/https%3A%2F%2Fgithub.com%2Fwhizy33967%2Fpenumbra-2" "/workspace/builds/worker-2-tc2/source", kill_on_drop: false }`
[INFO] [stderr] Cloning into '/workspace/builds/worker-2-tc2/source'...
[INFO] [stderr] done.
[INFO] removed /workspace/builds/worker-2-tc2/source/rust-toolchain.toml
[INFO] started tweaking git repo https://github.com/whizy33967/penumbra-2
[INFO] finished tweaking git repo https://github.com/whizy33967/penumbra-2
[INFO] tweaked toml for git repo https://github.com/whizy33967/penumbra-2 written to /workspace/builds/worker-2-tc2/source/Cargo.toml
[INFO] validating manifest of git repo https://github.com/whizy33967/penumbra-2 on toolchain be3da1e8c043bb6f1f335463d3b1335cdf50b03c
[INFO] running `Command { std: CARGO_HOME="/workspace/cargo-home" RUSTUP_HOME="/workspace/rustup-home" "/workspace/cargo-home/bin/cargo" "+be3da1e8c043bb6f1f335463d3b1335cdf50b03c" "metadata" "--manifest-path" "Cargo.toml" "--no-deps", kill_on_drop: false }`
[INFO] crate git repo https://github.com/whizy33967/penumbra-2 already has a lockfile, it will not be regenerated
[INFO] running `Command { std: CARGO_HOME="/workspace/cargo-home" RUSTUP_HOME="/workspace/rustup-home" "/workspace/cargo-home/bin/cargo" "+be3da1e8c043bb6f1f335463d3b1335cdf50b03c" "fetch" "--manifest-path" "Cargo.toml", kill_on_drop: false }`
[INFO] [stderr] warning: crates/crypto/proof-setup/Cargo.toml: `default_features` is deprecated in favor of `default-features` and will not work in the 2024 edition
[INFO] [stderr] (in the `ark-poly` dependency)
[INFO] [stderr] warning: `penumbra-proof-setup` (manifest) generated 1 warning
[INFO] [stderr] warning: unused build dependency `anyhow`
[INFO] [stderr]   --> crates/bench/Cargo.toml:15:1
[INFO] [stderr]    |
[INFO] [stderr] 15 | anyhow = "1"
[INFO] [stderr]    | ^^^^^^^^^^^^
[INFO] [stderr]    |
[INFO] [stderr]    = note: `cargo::unused_dependencies` is set to `warn` by default
[INFO] [stderr] help: consider removing the dependency on `anyhow`
[INFO] [stderr] warning: unused build dependency `hex`
[INFO] [stderr]   --> crates/bench/Cargo.toml:14:1
[INFO] [stderr]    |
[INFO] [stderr] 14 | hex = { version = "0.4.3", optional = true }
[INFO] [stderr]    | ^^^^^^^^^^^^^^^^^^^^^^^^^^^^^^^^^^^^^^^^^^^^
[INFO] [stderr]    |
[INFO] [stderr] help: consider removing the dependency on `hex`
[INFO] [stderr] warning: unused build dependency `regex`
[INFO] [stderr]  --> crates/bench/Cargo.toml:7:1
[INFO] [stderr]   |
[INFO] [stderr] 7 | regex = { version = "1", optional = true }
[INFO] [stderr]   | ^^^^^^^^^^^^^^^^^^^^^^^^^^^^^^^^^^^^^^^^^^
[INFO] [stderr]   |
[INFO] [stderr] help: consider removing the dependency on `regex`
[INFO] [stderr] warning: unused build dependency `reqwest`
[INFO] [stderr]   --> crates/bench/Cargo.toml:8:1
[INFO] [stderr]    |
[INFO] [stderr]  8 | / reqwest = { version = "0.11.14", optional = true, features = [
[INFO] [stderr]  9 | |     "blocking",
[INFO] [stderr] 10 | |     "json",
[INFO] [stderr] 11 | | ] }
[INFO] [stderr]    | |___^
[INFO] [stderr]    |
[INFO] [stderr] help: consider removing the dependency on `reqwest`
[INFO] [stderr] warning: unused build dependency `serde_json`
[INFO] [stderr]   --> crates/bench/Cargo.toml:12:1
[INFO] [stderr]    |
[INFO] [stderr] 12 | serde_json = { version = "1", optional = true }
[INFO] [stderr]    | ^^^^^^^^^^^^^^^^^^^^^^^^^^^^^^^^^^^^^^^^^^^^^^^
[INFO] [stderr]    |
[INFO] [stderr] help: consider removing the dependency on `serde_json`
[INFO] [stderr] warning: unused build dependency `sha2`
[INFO] [stderr]   --> crates/bench/Cargo.toml:13:1
[INFO] [stderr]    |
[INFO] [stderr] 13 | sha2 = { version = "0.10.6", optional = true }
[INFO] [stderr]    | ^^^^^^^^^^^^^^^^^^^^^^^^^^^^^^^^^^^^^^^^^^^^^^
[INFO] [stderr]    |
[INFO] [stderr] help: consider removing the dependency on `sha2`
[INFO] [stderr] warning: `penumbra-bench` (manifest) generated 6 warnings
[INFO] [stderr]     Blocking waiting for file lock on package cache
[INFO] [stderr]     Blocking waiting for file lock on package cache
[INFO] [stderr]  Downloading crates ...
[INFO] [stderr]   Downloaded hermit-abi v0.3.8
[INFO] [stderr]   Downloaded value-bag v1.7.0
[INFO] [stderr]   Downloaded r2d2_sqlite v0.22.0
[INFO] [stderr]   Downloaded flex-error v0.4.4
[INFO] [stderr]   Downloaded serde_path_to_error v0.1.15
[INFO] [stderr]   Downloaded r2d2 v0.8.10
[INFO] [stderr]   Downloaded poseidon377 v0.6.0
[INFO] [stderr]   Downloaded anyhow v1.0.80
[INFO] [stderr]   Downloaded subtle-encoding v0.5.1
[INFO] [stderr]   Downloaded tendermint-proto v0.34.1
[INFO] [stderr]   Downloaded poseidon-permutation v0.5.0
[INFO] [stderr]   Downloaded poseidon-parameters v0.4.0
[INFO] [stderr]   Downloaded proptest-derive v0.3.0
[INFO] [stderr]   Downloaded ark-snark v0.4.0
[INFO] [stderr]   Downloaded poseidon-paramgen v0.4.0
[INFO] [stderr]   Downloaded peg-runtime v0.8.2
[INFO] [stderr]   Downloaded tendermint v0.34.1
[INFO] [stderr]   Downloaded ark-relations v0.4.0
[INFO] [stderr]   Downloaded decaf377 v0.4.0
[INFO] [stderr]   Downloaded ark-groth16 v0.4.0
[INFO] [stderr]   Downloaded tendermint-config v0.34.1
[INFO] [stderr]   Downloaded peg v0.8.2
[INFO] [stderr]   Downloaded peg-macros v0.8.2
[INFO] [stderr]   Downloaded wasm-streams v0.4.0
[INFO] [stderr]   Downloaded pbjson-types v0.6.0
[INFO] [stderr]   Downloaded ark-crypto-primitives v0.4.0
[INFO] [stderr]   Downloaded ark-r1cs-std v0.4.0
[INFO] [stderr]   Downloaded pbjson v0.6.0
[INFO] [stderr]   Downloaded informalsystems-pbjson v0.7.0
[INFO] [stderr]   Downloaded ibc-types v0.12.0
[INFO] [stderr]   Downloaded ibc-types-transfer v0.12.0
[INFO] [stderr]   Downloaded ibc-types-path v0.12.0
[INFO] [stderr]   Downloaded ibc-types-identifier v0.12.0
[INFO] [stderr]   Downloaded ibc-types-core-commitment v0.12.0
[INFO] [stderr]   Downloaded rusqlite v0.29.0
[INFO] [stderr]   Downloaded tendermint-light-client-verifier v0.34.1
[INFO] [stderr]   Downloaded ibc-types-timestamp v0.12.0
[INFO] [stderr]   Downloaded safe-regex-macro v0.2.5
[INFO] [stderr]   Downloaded ibc-types-domain-type v0.12.0
[INFO] [stderr]   Downloaded ics23 v0.11.1
[INFO] [stderr]   Downloaded pbjson-build v0.6.2
[INFO] [stderr]   Downloaded ibc-types-core-connection v0.12.0
[INFO] [stderr]   Downloaded safe-regex v0.2.5
[INFO] [stderr]   Downloaded safe-regex-compiler v0.2.5
[INFO] [stderr]   Downloaded safe-quote v1.0.15
[INFO] [stderr]   Downloaded safe-proc-macro2 v1.0.67
[INFO] [stderr]   Downloaded hdrhistogram v7.5.4
[INFO] [stderr]   Downloaded ibc-types-core-client v0.12.0
[INFO] [stderr]   Downloaded ibc-types-lightclients-tendermint v0.12.0
[INFO] [stderr]   Downloaded structmeta-derive v0.2.0
[INFO] [stderr]   Downloaded decaf377-rdsa v0.9.0
[INFO] [stderr]   Downloaded decaf377 v0.5.0
[INFO] [stderr]   Downloaded proc-macro2 v0.1.10
[INFO] [stderr]   Downloaded ibc-types-core-channel v0.12.0
[INFO] [stderr]   Downloaded structmeta v0.2.0
[INFO] [stderr]   Downloaded half v2.4.0
[INFO] [stderr]   Downloaded test-strategy v0.3.1
[INFO] [stderr]   Downloaded mirai-annotations v1.12.0
[INFO] [stderr]   Downloaded bech32 v0.8.1
[INFO] [stderr]   Downloaded tendermint-rpc v0.34.1
[INFO] [stderr]   Downloaded hash_hasher v2.0.3
[INFO] [stderr]   Downloaded serde_unit_struct v0.1.3
[INFO] [stderr]   Downloaded serde_unit_struct_derive v0.1.3
[INFO] [stderr]   Downloaded poly1305 v0.7.2
[INFO] [stderr]   Downloaded borsh-derive v1.3.1
[INFO] [stderr]   Downloaded serde_with_macros v3.6.1
[INFO] [stderr]   Downloaded chacha20 v0.8.2
[INFO] [stderr]   Downloaded tower-actor v0.1.0
[INFO] [stderr]   Downloaded metrics v0.22.1
[INFO] [stderr]   Downloaded bip32 v0.5.1
[INFO] [stderr]   Downloaded http-range-header v0.3.1
[INFO] [stderr]   Downloaded ethnum v1.5.0
[INFO] [stderr]   Downloaded borsh v1.3.1
[INFO] [stderr]   Downloaded chacha20poly1305 v0.9.1
[INFO] [stderr]   Downloaded tower-abci v0.11.1
[INFO] [stderr]   Downloaded axum-server v0.4.7
[INFO] [stderr]   Downloaded ibig v0.3.6
[INFO] [stderr]   Downloaded askama v0.11.1
[INFO] [stderr]   Downloaded humansize v1.1.1
[INFO] [stderr]   Downloaded askama_escape v0.10.3
[INFO] [stderr]   Downloaded askama_derive v0.11.2
[INFO] [stderr]   Downloaded include-flate-codegen-exports v0.1.4
[INFO] [stderr]   Downloaded include-flate-codegen v0.1.4
[INFO] [stderr]   Downloaded serde_with v3.6.1
[INFO] [stderr]   Downloaded webpki v0.22.4
[INFO] [stderr]   Downloaded genawaiter-proc-macro v0.99.1
[INFO] [stderr]   Downloaded syn-mid v0.5.4
[INFO] [stderr]   Downloaded genawaiter-macro v0.99.1
[INFO] [stderr]   Downloaded metrics-tracing-context v0.15.0
[INFO] [stderr]   Downloaded libflate_lz77 v1.2.0
[INFO] [stderr]   Downloaded bytesize v1.3.0
[INFO] [stderr]   Downloaded genawaiter v0.99.1
[INFO] [stderr]   Downloaded sketches-ddsketch v0.2.2
[INFO] [stderr]   Downloaded quanta v0.12.2
[INFO] [stderr]   Downloaded askama_shared v0.12.2
[INFO] [stderr]   Downloaded rustls-acme v0.6.0
[INFO] [stderr]   Downloaded libflate v1.4.0
[INFO] [stderr]   Downloaded metrics-util v0.16.2
[INFO] [stderr]   Downloaded rle-decode-fast v1.0.3
[INFO] [stderr]   Downloaded oid-registry v0.4.0
[INFO] [stderr]   Downloaded tower-http v0.4.4
[INFO] [stderr]   Downloaded raw-cpuid v11.0.1
[INFO] [stderr]   Downloaded asn1-rs-derive v0.1.0
[INFO] [stderr]   Downloaded indicatif v0.16.2
[INFO] [stderr]   Downloaded asn1-rs v0.3.1
[INFO] [stderr]   Downloaded smol v1.3.0
[INFO] [stderr]   Downloaded der-parser v7.0.0
[INFO] [stderr]   Downloaded x509-parser v0.13.2
[INFO] [stderr]   Downloaded event-listener v5.1.0
[INFO] [stderr]   Downloaded async-net v1.8.0
[INFO] [stderr]   Downloaded rcgen v0.9.3
[INFO] [stderr]   Downloaded async-io v2.3.1
[INFO] [stderr]   Downloaded jmt v0.10.0
[INFO] [stderr]   Downloaded ibc-proto v0.41.0
[INFO] [stderr]   Downloaded crypto-mac v0.10.1
[INFO] [stderr]   Downloaded futures-rustls v0.22.2
[INFO] [stderr]   Downloaded include-flate v0.1.4
[INFO] [stderr]   Downloaded frost-rerandomized v0.7.0
[INFO] [stderr]   Downloaded xattr v1.3.1
[INFO] [stderr]   Downloaded visibility v0.1.0
[INFO] [stderr]   Downloaded cobs v0.2.3
[INFO] [stderr]   Downloaded document-features v0.2.8
[INFO] [stderr]   Downloaded derive-getters v0.3.0
[INFO] [stderr]   Downloaded frost-core v0.7.0
[INFO] [stderr]   Downloaded critical-section v1.1.2
[INFO] [stderr]   Downloaded tar v0.4.40
[INFO] [stderr]   Downloaded postcard v1.0.8
[INFO] [stderr]   Downloaded metrics-exporter-prometheus v0.13.1
[INFO] [stderr]   Downloaded rpassword v7.3.1
[INFO] [stderr]   Downloaded rtoolbox v0.0.2
[INFO] [stderr]   Downloaded prost-reflect v0.13.1
[INFO] [stderr]   Downloaded debugless-unwrap v0.0.4
[INFO] [stderr]   Downloaded const-crc32 v1.3.0
[INFO] [stderr]   Downloaded assert_cmd v2.0.14
[INFO] [stderr]   Downloaded termion v3.0.0
[INFO] [stderr]   Downloaded predicates v3.1.0
[INFO] [stderr]   Downloaded simple-base64 v0.23.2
[INFO] [stderr]   Downloaded comfy-table v5.0.1
[INFO] [stderr]   Downloaded colored_json v4.1.0
[INFO] [stderr]   Downloaded lockfree-object-pool v0.1.5
[INFO] [stderr]   Downloaded bstr v1.9.1
[INFO] [stderr]   Downloaded strum_macros v0.23.1
[INFO] [stderr]   Downloaded strum v0.23.0
[INFO] [stderr]   Downloaded crossterm v0.23.2
[INFO] [stderr]   Downloaded libsqlite3-sys v0.26.0
[INFO] running `Command { std: "docker" "create" "-v" "/var/lib/crater-agent-workspace/builds/worker-2-tc2/source:/opt/rustwide/workdir:ro,Z" "-v" "/var/lib/crater-agent-workspace/builds/worker-2-tc2/target:/opt/rustwide/target:rw,Z" "-v" "/var/lib/crater-agent-workspace/cargo-home:/opt/rustwide/cargo-home:ro,Z" "-v" "/var/lib/crater-agent-workspace/rustup-home:/opt/rustwide/rustup-home:ro,Z" "-m" "1610612736" "--network" "none" "ghcr.io/rust-lang/crates-build-env/linux@sha256:8683fc1fc2eb5c9ac98e0d076ab094b2ffac7f99da555d2b6a2e27f346de2ec7" "sleep" "infinity", kill_on_drop: false }`
[INFO] [stdout] e67ecfd1d93b0324ae80d9443bc3974109c02ddd5f766cad03ca74233491a829
[INFO] running `Command { std: "docker" "start" "e67ecfd1d93b0324ae80d9443bc3974109c02ddd5f766cad03ca74233491a829", kill_on_drop: false }`
[INFO] running `Command { std: "docker" "inspect" "e67ecfd1d93b0324ae80d9443bc3974109c02ddd5f766cad03ca74233491a829", kill_on_drop: false }`
[INFO] running `Command { std: "docker" "exec" "-e" "SOURCE_DIR=/opt/rustwide/workdir" "-e" "CARGO_HOME=/opt/rustwide/cargo-home" "-e" "RUSTUP_HOME=/opt/rustwide/rustup-home" "-e" "CARGO_TARGET_DIR=/opt/rustwide/target" "-w" "/opt/rustwide/workdir" "--user" "0:0" "e67ecfd1d93b0324ae80d9443bc3974109c02ddd5f766cad03ca74233491a829" "/opt/rustwide/cargo-home/bin/cargo" "+be3da1e8c043bb6f1f335463d3b1335cdf50b03c" "metadata" "--no-deps" "--format-version=1", kill_on_drop: false }`
[INFO] running `Command { std: "docker" "inspect" "e67ecfd1d93b0324ae80d9443bc3974109c02ddd5f766cad03ca74233491a829", kill_on_drop: false }`
[INFO] running `Command { std: "docker" "exec" "-e" "SOURCE_DIR=/opt/rustwide/workdir" "-e" "CARGO_HOME=/opt/rustwide/cargo-home" "-e" "RUSTUP_HOME=/opt/rustwide/rustup-home" "-e" "CARGO_TARGET_DIR=/opt/rustwide/target" "-e" "CARGO_INCREMENTAL=0" "-e" "RUST_BACKTRACE=full" "-e" "RUSTFLAGS=--cap-lints=forbid" "-e" "RUSTDOCFLAGS=--cap-lints=forbid" "-w" "/opt/rustwide/workdir" "--user" "0:0" "e67ecfd1d93b0324ae80d9443bc3974109c02ddd5f766cad03ca74233491a829" "/opt/rustwide/cargo-home/bin/cargo" "+be3da1e8c043bb6f1f335463d3b1335cdf50b03c" "check" "--frozen" "--all" "--all-targets" "--message-format=json", kill_on_drop: false }`
[INFO] [stderr] warning: crates/crypto/proof-setup/Cargo.toml: `default_features` is deprecated in favor of `default-features` and will not work in the 2024 edition
[INFO] [stderr] (in the `ark-poly` dependency)
[INFO] [stderr] warning: `penumbra-proof-setup` (manifest) generated 1 warning
[INFO] [stderr] warning: unused build dependency `anyhow`
[INFO] [stderr]   --> crates/bench/Cargo.toml:15:1
[INFO] [stderr]    |
[INFO] [stderr] 15 | anyhow = "1"
[INFO] [stderr]    | ^^^^^^^^^^^^
[INFO] [stderr]    |
[INFO] [stderr]    = note: `cargo::unused_dependencies` is set to `warn` by default
[INFO] [stderr] help: consider removing the dependency on `anyhow`
[INFO] [stderr] warning: unused build dependency `hex`
[INFO] [stderr]   --> crates/bench/Cargo.toml:14:1
[INFO] [stderr]    |
[INFO] [stderr] 14 | hex = { version = "0.4.3", optional = true }
[INFO] [stderr]    | ^^^^^^^^^^^^^^^^^^^^^^^^^^^^^^^^^^^^^^^^^^^^
[INFO] [stderr]    |
[INFO] [stderr] help: consider removing the dependency on `hex`
[INFO] [stderr] warning: unused build dependency `regex`
[INFO] [stderr]  --> crates/bench/Cargo.toml:7:1
[INFO] [stderr]   |
[INFO] [stderr] 7 | regex = { version = "1", optional = true }
[INFO] [stderr]   | ^^^^^^^^^^^^^^^^^^^^^^^^^^^^^^^^^^^^^^^^^^
[INFO] [stderr]   |
[INFO] [stderr] help: consider removing the dependency on `regex`
[INFO] [stderr] warning: unused build dependency `reqwest`
[INFO] [stderr]   --> crates/bench/Cargo.toml:8:1
[INFO] [stderr]    |
[INFO] [stderr]  8 | / reqwest = { version = "0.11.14", optional = true, features = [
[INFO] [stderr]  9 | |     "blocking",
[INFO] [stderr] 10 | |     "json",
[INFO] [stderr] 11 | | ] }
[INFO] [stderr]    | |___^
[INFO] [stderr]    |
[INFO] [stderr] help: consider removing the dependency on `reqwest`
[INFO] [stderr] warning: unused build dependency `serde_json`
[INFO] [stderr]   --> crates/bench/Cargo.toml:12:1
[INFO] [stderr]    |
[INFO] [stderr] 12 | serde_json = { version = "1", optional = true }
[INFO] [stderr]    | ^^^^^^^^^^^^^^^^^^^^^^^^^^^^^^^^^^^^^^^^^^^^^^^
[INFO] [stderr]    |
[INFO] [stderr] help: consider removing the dependency on `serde_json`
[INFO] [stderr] warning: unused build dependency `sha2`
[INFO] [stderr]   --> crates/bench/Cargo.toml:13:1
[INFO] [stderr]    |
[INFO] [stderr] 13 | sha2 = { version = "0.10.6", optional = true }
[INFO] [stderr]    | ^^^^^^^^^^^^^^^^^^^^^^^^^^^^^^^^^^^^^^^^^^^^^^
[INFO] [stderr]    |
[INFO] [stderr] help: consider removing the dependency on `sha2`
[INFO] [stderr] warning: `penumbra-bench` (manifest) generated 6 warnings
[INFO] [stderr]    Compiling proc-macro2 v1.0.78
[INFO] [stderr]    Compiling serde v1.0.197
[INFO] [stderr]    Compiling libm v0.2.8
[INFO] [stderr]    Compiling syn v1.0.109
[INFO] [stderr]     Checking value-bag v1.7.0
[INFO] [stderr]     Checking memchr v2.7.1
[INFO] [stderr]     Checking subtle v2.4.1
[INFO] [stderr]    Compiling generic-array v0.14.7
[INFO] [stderr]    Compiling num-traits v0.2.18
[INFO] [stderr]     Checking smallvec v1.13.1
[INFO] [stderr]    Compiling libc v0.2.153
[INFO] [stderr]     Checking getrandom v0.2.12
[INFO] [stderr]     Checking ahash v0.8.7
[INFO] [stderr]    Compiling anyhow v1.0.80
[INFO] [stderr]    Compiling serde_json v1.0.114
[INFO] [stderr]     Checking futures-io v0.3.30
[INFO] [stderr]     Checking slab v0.4.9
[INFO] [stderr]    Compiling thiserror v1.0.57
[INFO] [stderr]     Checking log v0.4.20
[INFO] [stderr]     Checking rand_core v0.6.4
[INFO] [stderr]     Checking parking_lot_core v0.9.9
[INFO] [stderr]    Compiling num-bigint v0.4.4
[INFO] [stderr]     Checking hashbrown v0.14.3
[INFO] [stderr]    Compiling rayon-core v1.12.1
[INFO] [stderr]     Checking bitflags v2.4.2
[INFO] [stderr]     Checking byteorder v1.5.0
[INFO] [stderr]     Checking rand_chacha v0.3.1
[INFO] [stderr]     Checking either v1.10.0
[INFO] [stderr]     Checking mio v0.8.10
[INFO] [stderr]     Checking parking_lot v0.12.1
[INFO] [stderr]     Checking aho-corasick v1.1.2
[INFO] [stderr]    Compiling itertools v0.11.0
[INFO] [stderr]     Checking rand v0.8.5
[INFO] [stderr]     Checking regex-syntax v0.8.2
[INFO] [stderr]    Compiling rustix v0.38.31
[INFO] [stderr]    Compiling zerocopy v0.7.32
[INFO] [stderr]     Checking spin v0.9.8
[INFO] [stderr]    Compiling quote v1.0.35
[INFO] [stderr]     Checking itertools v0.10.5
[INFO] [stderr]     Checking crossbeam-epoch v0.9.18
[INFO] [stderr]     Checking time v0.3.36
[INFO] [stderr]     Checking indexmap v2.2.3
[INFO] [stderr]    Compiling syn v2.0.51
[INFO] [stderr]     Checking base64 v0.21.7
[INFO] [stderr]    Compiling allocator-api2 v0.2.16
[INFO] [stderr]     Checking fastrand v2.0.1
[INFO] [stderr]    Compiling rustls v0.21.10
[INFO] [stderr]    Compiling cc v1.0.88
[INFO] [stderr]     Checking linux-raw-sys v0.4.13
[INFO] [stderr]     Checking crossbeam-deque v0.8.5
[INFO] [stderr]     Checking hashbrown v0.12.3
[INFO] [stderr]     Checking hashbrown v0.13.2
[INFO] [stderr]     Checking num-integer v0.1.46
[INFO] [stderr]     Checking rayon v1.8.1
[INFO] [stderr]     Checking indexmap v1.9.3
[INFO] [stderr]    Compiling eyre v0.6.12
[INFO] [stderr]     Checking indenter v0.3.3
[INFO] [stderr]     Checking regex-automata v0.4.5
[INFO] [stderr]    Compiling async-trait v0.1.77
[INFO] [stderr]     Checking rustls-pemfile v1.0.4
[INFO] [stderr]     Checking hdrhistogram v7.5.4
[INFO] [stderr]     Checking subtle-ng v2.5.0
[INFO] [stderr]     Checking arrayvec v0.7.4
[INFO] [stderr]     Checking tracing-log v0.1.4
[INFO] [stderr]    Compiling ring v0.17.8
[INFO] [stderr]    Compiling axum v0.6.20
[INFO] [stderr]    Compiling openssl-sys v0.9.101
[INFO] [stderr]     Checking webpki-roots v0.25.4
[INFO] [stderr]    Compiling blake3 v1.5.0
[INFO] [stderr]    Compiling safe-proc-macro2 v1.0.67
[INFO] [stderr]    Compiling prettyplease v0.2.16
[INFO] [stderr]    Compiling proc-macro-error-attr v1.0.4
[INFO] [stderr]     Checking flex-error v0.4.4
[INFO] [stderr]    Compiling minimal-lexical v0.2.1
[INFO] [stderr]    Compiling openssl v0.10.64
[INFO] [stderr]    Compiling zstd-sys v2.0.9+zstd.1.5.5
[INFO] [stderr]    Compiling nom v7.1.3
[INFO] [stderr]    Compiling clang-sys v1.7.0
[INFO] [stderr]    Compiling native-tls v0.2.11
[INFO] [stderr]     Checking fixed-hash v0.8.0
[INFO] [stderr]     Checking uint v0.9.5
[INFO] [stderr]    Compiling bzip2-sys v0.1.11+1.0.8
[INFO] [stderr]    Compiling pin-project-lite v0.2.13
[INFO] [stderr]    Compiling libloading v0.8.1
[INFO] [stderr]    Compiling safe-quote v1.0.15
[INFO] [stderr]    Compiling bindgen v0.65.1
[INFO] [stderr]    Compiling safe-regex-compiler v0.2.5
[INFO] [stderr]    Compiling libz-sys v1.1.15
[INFO] [stderr]    Compiling lz4-sys v1.9.4
[INFO] [stderr]    Compiling peeking_take_while v0.1.2
[INFO] [stderr]    Compiling rustc-hash v1.1.0
[INFO] [stderr]    Compiling lazycell v1.3.0
[INFO] [stderr]    Compiling semver v1.0.22
[INFO] [stderr]    Compiling itoa v1.0.10
[INFO] [stderr]     Checking ark-std v0.4.0
[INFO] [stderr]     Checking unicode-xid v0.1.0
[INFO] [stderr]     Checking proc-macro2 v0.1.10
[INFO] [stderr]    Compiling safe-regex-macro v0.2.5
[INFO] [stderr]    Compiling borsh v1.3.1
[INFO] [stderr]     Checking safe-regex v0.2.5
[INFO] [stderr]     Checking unicode-normalization v0.1.23
[INFO] [stderr]     Checking metrics v0.22.1
[INFO] [stderr]    Compiling const-oid v0.9.6
[INFO] [stdout] error[E0521]: borrowed data escapes outside of associated function
[INFO] [stdout]   --> /opt/rustwide/cargo-home/registry/src/index.crates.io-1949cf8c6b5b557f/metrics-0.22.1/src/recorder/mod.rs:77:9
[INFO] [stdout]    |
[INFO] [stdout] 71 |       fn new(recorder: &dyn Recorder) -> Self {
[INFO] [stdout]    |              --------  - let's call the lifetime of this reference `'1`
[INFO] [stdout]    |              |
[INFO] [stdout]    |              `recorder` is a reference that is only valid in the associated function body
[INFO] [stdout] ...
[INFO] [stdout] 77 | /         LOCAL_RECORDER.with(|local_recorder| {
[INFO] [stdout] 78 | |             local_recorder.set(Some(recorder_ptr));
[INFO] [stdout] 79 | |         });
[INFO] [stdout]    | |          ^
[INFO] [stdout]    | |          |
[INFO] [stdout]    | |__________`recorder` escapes the associated function body here
[INFO] [stdout]    |            argument requires that `'1` must outlive `'static`
[INFO] [stdout]    |
[INFO] [stdout] note: raw pointer casts of trait objects cannot extend lifetimes
[INFO] [stdout]   --> /opt/rustwide/cargo-home/registry/src/index.crates.io-1949cf8c6b5b557f/metrics-0.22.1/src/recorder/mod.rs:75:60
[INFO] [stdout]    |
[INFO] [stdout] 75 |         let recorder_ptr = unsafe { NonNull::new_unchecked(recorder as *const _ as *mut _) };
[INFO] [stdout]    |                                                            ^^^^^^^^^^^^^^^^^^^^^^^^^^^^^^
[INFO] [stdout]    = note: this was previously accepted by the compiler but was changed recently
[INFO] [stdout]    = help: see <https://github.com/rust-lang/rust/issues/141402> for more information
[INFO] [stdout] 
[INFO] [stdout] 
[INFO] [stdout] For more information about this error, try `rustc --explain E0521`.
[INFO] [stdout] 
[INFO] [stderr] error: could not compile `metrics` (lib) due to 1 previous error
[INFO] [stderr] warning: build failed, waiting for other jobs to finish...
[INFO] running `Command { std: "docker" "inspect" "e67ecfd1d93b0324ae80d9443bc3974109c02ddd5f766cad03ca74233491a829", kill_on_drop: false }`
[INFO] running `Command { std: "docker" "rm" "-f" "e67ecfd1d93b0324ae80d9443bc3974109c02ddd5f766cad03ca74233491a829", kill_on_drop: false }`
[INFO] [stdout] e67ecfd1d93b0324ae80d9443bc3974109c02ddd5f766cad03ca74233491a829
