[INFO] cloning repository https://github.com/whereistejas/rust-traits
[INFO] running `Command { std: "git" "-c" "credential.helper=" "-c" "credential.helper=/workspace/cargo-home/bin/git-credential-null" "clone" "--bare" "https://github.com/whereistejas/rust-traits" "/workspace/cache/git-repos/https%3A%2F%2Fgithub.com%2Fwhereistejas%2Frust-traits", kill_on_drop: false }`
[INFO] [stderr] Cloning into bare repository '/workspace/cache/git-repos/https%3A%2F%2Fgithub.com%2Fwhereistejas%2Frust-traits'...
[INFO] running `Command { std: "git" "rev-parse" "HEAD", kill_on_drop: false }`
[INFO] [stdout] e492b6e4ffa0ced7c62d3c33c6165ac5bfbf578b
[INFO] checking whereistejas/rust-traits against be3da1e8c043bb6f1f335463d3b1335cdf50b03c for pr-162597
[INFO] running `Command { std: "git" "clone" "/workspace/cache/git-repos/https%3A%2F%2Fgithub.com%2Fwhereistejas%2Frust-traits" "/workspace/builds/worker-6-tc2/source", kill_on_drop: false }`
[INFO] [stderr] Cloning into '/workspace/builds/worker-6-tc2/source'...
[INFO] [stderr] done.
[INFO] started tweaking git repo https://github.com/whereistejas/rust-traits
[INFO] finished tweaking git repo https://github.com/whereistejas/rust-traits
[INFO] tweaked toml for git repo https://github.com/whereistejas/rust-traits written to /workspace/builds/worker-6-tc2/source/Cargo.toml
[INFO] validating manifest of git repo https://github.com/whereistejas/rust-traits on toolchain be3da1e8c043bb6f1f335463d3b1335cdf50b03c
[INFO] running `Command { std: CARGO_HOME="/workspace/cargo-home" RUSTUP_HOME="/workspace/rustup-home" "/workspace/cargo-home/bin/cargo" "+be3da1e8c043bb6f1f335463d3b1335cdf50b03c" "metadata" "--manifest-path" "Cargo.toml" "--no-deps", kill_on_drop: false }`
[INFO] crate git repo https://github.com/whereistejas/rust-traits already has a lockfile, it will not be regenerated
[INFO] running `Command { std: CARGO_HOME="/workspace/cargo-home" RUSTUP_HOME="/workspace/rustup-home" "/workspace/cargo-home/bin/cargo" "+be3da1e8c043bb6f1f335463d3b1335cdf50b03c" "fetch" "--manifest-path" "Cargo.toml", kill_on_drop: false }`
[INFO] [stderr]     Blocking waiting for file lock on package cache
[INFO] [stderr]     Blocking waiting for file lock on package cache
[ERROR] error running command: no output for 300 seconds
[INFO] checking whereistejas/rust-traits against be3da1e8c043bb6f1f335463d3b1335cdf50b03c for pr-162597
[INFO] running `Command { std: "git" "clone" "/workspace/cache/git-repos/https%3A%2F%2Fgithub.com%2Fwhereistejas%2Frust-traits" "/workspace/builds/worker-6-tc2/source", kill_on_drop: false }`
[INFO] [stderr] Cloning into '/workspace/builds/worker-6-tc2/source'...
[INFO] [stderr] done.
[INFO] started tweaking git repo https://github.com/whereistejas/rust-traits
[INFO] finished tweaking git repo https://github.com/whereistejas/rust-traits
[INFO] tweaked toml for git repo https://github.com/whereistejas/rust-traits written to /workspace/builds/worker-6-tc2/source/Cargo.toml
[INFO] validating manifest of git repo https://github.com/whereistejas/rust-traits on toolchain be3da1e8c043bb6f1f335463d3b1335cdf50b03c
[INFO] running `Command { std: CARGO_HOME="/workspace/cargo-home" RUSTUP_HOME="/workspace/rustup-home" "/workspace/cargo-home/bin/cargo" "+be3da1e8c043bb6f1f335463d3b1335cdf50b03c" "metadata" "--manifest-path" "Cargo.toml" "--no-deps", kill_on_drop: false }`
[INFO] crate git repo https://github.com/whereistejas/rust-traits already has a lockfile, it will not be regenerated
[INFO] running `Command { std: CARGO_HOME="/workspace/cargo-home" RUSTUP_HOME="/workspace/rustup-home" "/workspace/cargo-home/bin/cargo" "+be3da1e8c043bb6f1f335463d3b1335cdf50b03c" "fetch" "--manifest-path" "Cargo.toml", kill_on_drop: false }`
[INFO] [stderr]     Blocking waiting for file lock on package cache
[INFO] [stderr]     Blocking waiting for file lock on package cache
[INFO] running `Command { std: "docker" "create" "-v" "/var/lib/crater-agent-workspace/builds/worker-6-tc2/source:/opt/rustwide/workdir:ro,Z" "-v" "/var/lib/crater-agent-workspace/builds/worker-6-tc2/target:/opt/rustwide/target:rw,Z" "-v" "/var/lib/crater-agent-workspace/cargo-home:/opt/rustwide/cargo-home:ro,Z" "-v" "/var/lib/crater-agent-workspace/rustup-home:/opt/rustwide/rustup-home:ro,Z" "-m" "1610612736" "--network" "none" "ghcr.io/rust-lang/crates-build-env/linux@sha256:8683fc1fc2eb5c9ac98e0d076ab094b2ffac7f99da555d2b6a2e27f346de2ec7" "sleep" "infinity", kill_on_drop: false }`
[INFO] [stdout] d0ac4308f704278b820a2145f999a4d4170674b46770e63b07c82e84efe7a047
[INFO] running `Command { std: "docker" "start" "d0ac4308f704278b820a2145f999a4d4170674b46770e63b07c82e84efe7a047", kill_on_drop: false }`
[INFO] running `Command { std: "docker" "inspect" "d0ac4308f704278b820a2145f999a4d4170674b46770e63b07c82e84efe7a047", kill_on_drop: false }`
[INFO] running `Command { std: "docker" "exec" "-e" "SOURCE_DIR=/opt/rustwide/workdir" "-e" "CARGO_HOME=/opt/rustwide/cargo-home" "-e" "RUSTUP_HOME=/opt/rustwide/rustup-home" "-e" "CARGO_TARGET_DIR=/opt/rustwide/target" "-w" "/opt/rustwide/workdir" "--user" "0:0" "d0ac4308f704278b820a2145f999a4d4170674b46770e63b07c82e84efe7a047" "/opt/rustwide/cargo-home/bin/cargo" "+be3da1e8c043bb6f1f335463d3b1335cdf50b03c" "metadata" "--no-deps" "--format-version=1", kill_on_drop: false }`
[INFO] running `Command { std: "docker" "inspect" "d0ac4308f704278b820a2145f999a4d4170674b46770e63b07c82e84efe7a047", kill_on_drop: false }`
[INFO] running `Command { std: "docker" "exec" "-e" "SOURCE_DIR=/opt/rustwide/workdir" "-e" "CARGO_HOME=/opt/rustwide/cargo-home" "-e" "RUSTUP_HOME=/opt/rustwide/rustup-home" "-e" "CARGO_TARGET_DIR=/opt/rustwide/target" "-e" "CARGO_INCREMENTAL=0" "-e" "RUST_BACKTRACE=full" "-e" "RUSTFLAGS=--cap-lints=forbid" "-e" "RUSTDOCFLAGS=--cap-lints=forbid" "-w" "/opt/rustwide/workdir" "--user" "0:0" "d0ac4308f704278b820a2145f999a4d4170674b46770e63b07c82e84efe7a047" "/opt/rustwide/cargo-home/bin/cargo" "+be3da1e8c043bb6f1f335463d3b1335cdf50b03c" "check" "--frozen" "--all" "--all-targets" "--message-format=json", kill_on_drop: false }`
[INFO] [stderr]     Checking nutrition v0.1.0 (/opt/rustwide/workdir)
[INFO] [stdout] error[E0277]: the trait bound `dyn traits::Runs: traits::Organism` is not satisfied
[INFO] [stdout]    --> src/main.rs:101:30
[INFO] [stdout]     |
[INFO] [stdout] 101 |     let living = is_a_runner(animals);
[INFO] [stdout]     |                  ----------- ^^^^^^^ the trait `traits::Organism` is not implemented for `dyn traits::Runs`
[INFO] [stdout]     |                  |
[INFO] [stdout]     |                  required by a bound introduced by this call
[INFO] [stdout]     |
[INFO] [stdout] help: the following other types implement trait `traits::Organism`
[INFO] [stdout]    --> src/birds.rs:11:1
[INFO] [stdout]     |
[INFO] [stdout]  11 | impl Organism for Birds {
[INFO] [stdout]     | ^^^^^^^^^^^^^^^^^^^^^^^ `birds::Birds`
[INFO] [stdout]     |
[INFO] [stdout]    ::: src/traits.rs:6:1
[INFO] [stdout]     |
[INFO] [stdout]   6 | impl Organism for Living {
[INFO] [stdout]     | ^^^^^^^^^^^^^^^^^^^^^^^^ `Living`
[INFO] [stdout]     |
[INFO] [stdout]    ::: src/fish.rs:11:1
[INFO] [stdout]     |
[INFO] [stdout]  11 | impl Organism for Fish {
[INFO] [stdout]     | ^^^^^^^^^^^^^^^^^^^^^^ `fish::Fish`
[INFO] [stdout]     |
[INFO] [stdout]    ::: src/mammals.rs:11:1
[INFO] [stdout]     |
[INFO] [stdout]  11 | impl Organism for Mammals {
[INFO] [stdout]     | ^^^^^^^^^^^^^^^^^^^^^^^^^ `mammals::Mammals`
[INFO] [stdout] note: required by a bound in `is_a_runner`
[INFO] [stdout]    --> src/main.rs:63:15
[INFO] [stdout]     |
[INFO] [stdout]  61 | fn is_a_runner<T>(organisms: Vec<Box<T>>) -> Vec<bool>
[INFO] [stdout]     |    ----------- required by a bound in this function
[INFO] [stdout]  62 | where
[INFO] [stdout]  63 |     T: Runs + Organism + ?Sized,
[INFO] [stdout]     |               ^^^^^^^^ required by this bound in `is_a_runner`
[INFO] [stdout] 
[INFO] [stdout] 
[INFO] [stdout] error[E0277]: the trait bound `dyn traits::Runs: traits::Organism` is not satisfied
[INFO] [stdout]    --> src/main.rs:101:30
[INFO] [stdout]     |
[INFO] [stdout] 101 |     let living = is_a_runner(animals);
[INFO] [stdout]     |                  ----------- ^^^^^^^ the trait `traits::Organism` is not implemented for `dyn traits::Runs`
[INFO] [stdout]     |                  |
[INFO] [stdout]     |                  required by a bound introduced by this call
[INFO] [stdout]     |
[INFO] [stdout] help: the following other types implement trait `traits::Organism`
[INFO] [stdout]    --> src/birds.rs:11:1
[INFO] [stdout]     |
[INFO] [stdout]  11 | impl Organism for Birds {
[INFO] [stdout]     | ^^^^^^^^^^^^^^^^^^^^^^^ `birds::Birds`
[INFO] [stdout]     |
[INFO] [stdout]    ::: src/traits.rs:6:1
[INFO] [stdout]     |
[INFO] [stdout]   6 | impl Organism for Living {
[INFO] [stdout]     | ^^^^^^^^^^^^^^^^^^^^^^^^ `Living`
[INFO] [stdout]     |
[INFO] [stdout]    ::: src/fish.rs:11:1
[INFO] [stdout]     |
[INFO] [stdout]  11 | impl Organism for Fish {
[INFO] [stdout]     | ^^^^^^^^^^^^^^^^^^^^^^ `fish::Fish`
[INFO] [stdout]     |
[INFO] [stdout]    ::: src/mammals.rs:11:1
[INFO] [stdout]     |
[INFO] [stdout]  11 | impl Organism for Mammals {
[INFO] [stdout]     | ^^^^^^^^^^^^^^^^^^^^^^^^^ `mammals::Mammals`
[INFO] [stdout] note: required by a bound in `is_a_runner`
[INFO] [stdout]    --> src/main.rs:63:15
[INFO] [stdout]     |
[INFO] [stdout]  61 | fn is_a_runner<T>(organisms: Vec<Box<T>>) -> Vec<bool>
[INFO] [stdout]     |    ----------- required by a bound in this function
[INFO] [stdout]  62 | where
[INFO] [stdout]  63 |     T: Runs + Organism + ?Sized,
[INFO] [stdout]     |               ^^^^^^^^ required by this bound in `is_a_runner`
[INFO] [stdout] 
[INFO] [stdout] 
[INFO] [stdout] For more information about this error, try `rustc --explain E0277`.
[INFO] [stdout] 
[INFO] [stdout] For more information about this error, try `rustc --explain E0277`.
[INFO] [stdout] 
[INFO] [stderr] error: could not compile `nutrition` (bin "nutrition") due to 1 previous error
[INFO] [stderr] warning: build failed, waiting for other jobs to finish...
[INFO] [stderr] error: could not compile `nutrition` (bin "nutrition" test) due to 1 previous error
[INFO] running `Command { std: "docker" "inspect" "d0ac4308f704278b820a2145f999a4d4170674b46770e63b07c82e84efe7a047", kill_on_drop: false }`
[INFO] running `Command { std: "docker" "rm" "-f" "d0ac4308f704278b820a2145f999a4d4170674b46770e63b07c82e84efe7a047", kill_on_drop: false }`
[INFO] [stdout] d0ac4308f704278b820a2145f999a4d4170674b46770e63b07c82e84efe7a047
