[INFO] cloning repository https://github.com/tonegawa07/mirudake
[INFO] running `Command { std: "git" "-c" "credential.helper=" "-c" "credential.helper=/workspace/cargo-home/bin/git-credential-null" "clone" "--bare" "https://github.com/tonegawa07/mirudake" "/workspace/cache/git-repos/https%3A%2F%2Fgithub.com%2Ftonegawa07%2Fmirudake", kill_on_drop: false }`
[INFO] [stderr] Cloning into bare repository '/workspace/cache/git-repos/https%3A%2F%2Fgithub.com%2Ftonegawa07%2Fmirudake'...
[INFO] running `Command { std: "git" "rev-parse" "HEAD", kill_on_drop: false }`
[INFO] [stdout] 602a2d014d7ad8fd7889e69f2d130ab013e2005b
[INFO] checking tonegawa07/mirudake against be3da1e8c043bb6f1f335463d3b1335cdf50b03c for pr-162597
[INFO] running `Command { std: "git" "clone" "/workspace/cache/git-repos/https%3A%2F%2Fgithub.com%2Ftonegawa07%2Fmirudake" "/workspace/builds/worker-3-tc2/source", kill_on_drop: false }`
[INFO] [stderr] Cloning into '/workspace/builds/worker-3-tc2/source'...
[INFO] [stderr] done.
[INFO] started tweaking git repo https://github.com/tonegawa07/mirudake
[INFO] finished tweaking git repo https://github.com/tonegawa07/mirudake
[INFO] tweaked toml for git repo https://github.com/tonegawa07/mirudake written to /workspace/builds/worker-3-tc2/source/Cargo.toml
[INFO] validating manifest of git repo https://github.com/tonegawa07/mirudake on toolchain be3da1e8c043bb6f1f335463d3b1335cdf50b03c
[INFO] running `Command { std: CARGO_HOME="/workspace/cargo-home" RUSTUP_HOME="/workspace/rustup-home" "/workspace/cargo-home/bin/cargo" "+be3da1e8c043bb6f1f335463d3b1335cdf50b03c" "metadata" "--manifest-path" "Cargo.toml" "--no-deps", kill_on_drop: false }`
[INFO] crate git repo https://github.com/tonegawa07/mirudake already has a lockfile, it will not be regenerated
[INFO] running `Command { std: CARGO_HOME="/workspace/cargo-home" RUSTUP_HOME="/workspace/rustup-home" "/workspace/cargo-home/bin/cargo" "+be3da1e8c043bb6f1f335463d3b1335cdf50b03c" "fetch" "--manifest-path" "Cargo.toml", kill_on_drop: false }`
[INFO] [stderr]     Blocking waiting for file lock on package cache
[INFO] [stderr]     Blocking waiting for file lock on package cache
[ERROR] error running command: no output for 300 seconds
[INFO] checking tonegawa07/mirudake against be3da1e8c043bb6f1f335463d3b1335cdf50b03c for pr-162597
[INFO] running `Command { std: "git" "clone" "/workspace/cache/git-repos/https%3A%2F%2Fgithub.com%2Ftonegawa07%2Fmirudake" "/workspace/builds/worker-3-tc2/source", kill_on_drop: false }`
[INFO] [stderr] Cloning into '/workspace/builds/worker-3-tc2/source'...
[INFO] [stderr] done.
[INFO] started tweaking git repo https://github.com/tonegawa07/mirudake
[INFO] finished tweaking git repo https://github.com/tonegawa07/mirudake
[INFO] tweaked toml for git repo https://github.com/tonegawa07/mirudake written to /workspace/builds/worker-3-tc2/source/Cargo.toml
[INFO] validating manifest of git repo https://github.com/tonegawa07/mirudake on toolchain be3da1e8c043bb6f1f335463d3b1335cdf50b03c
[INFO] running `Command { std: CARGO_HOME="/workspace/cargo-home" RUSTUP_HOME="/workspace/rustup-home" "/workspace/cargo-home/bin/cargo" "+be3da1e8c043bb6f1f335463d3b1335cdf50b03c" "metadata" "--manifest-path" "Cargo.toml" "--no-deps", kill_on_drop: false }`
[INFO] crate git repo https://github.com/tonegawa07/mirudake already has a lockfile, it will not be regenerated
[INFO] running `Command { std: CARGO_HOME="/workspace/cargo-home" RUSTUP_HOME="/workspace/rustup-home" "/workspace/cargo-home/bin/cargo" "+be3da1e8c043bb6f1f335463d3b1335cdf50b03c" "fetch" "--manifest-path" "Cargo.toml", kill_on_drop: false }`
[INFO] [stderr]     Blocking waiting for file lock on package cache
[INFO] [stderr]     Blocking waiting for file lock on package cache
[INFO] [stderr]  Downloading crates ...
[INFO] [stderr]   Downloaded notify-types v1.0.1
[INFO] [stderr]   Downloaded notify v7.0.0
[INFO] [stderr]   Downloaded kqueue v1.1.1
[INFO] [stderr]   Downloaded inotify v0.10.2
[INFO] [stderr]   Downloaded zerocopy-derive v0.8.40
[INFO] [stderr]   Downloaded zerocopy v0.8.40
[INFO] running `Command { std: "docker" "create" "-v" "/var/lib/crater-agent-workspace/builds/worker-3-tc2/source:/opt/rustwide/workdir:ro,Z" "-v" "/var/lib/crater-agent-workspace/builds/worker-3-tc2/target:/opt/rustwide/target:rw,Z" "-v" "/var/lib/crater-agent-workspace/cargo-home:/opt/rustwide/cargo-home:ro,Z" "-v" "/var/lib/crater-agent-workspace/rustup-home:/opt/rustwide/rustup-home:ro,Z" "-m" "1610612736" "--network" "none" "ghcr.io/rust-lang/crates-build-env/linux@sha256:8683fc1fc2eb5c9ac98e0d076ab094b2ffac7f99da555d2b6a2e27f346de2ec7" "sleep" "infinity", kill_on_drop: false }`
[INFO] [stdout] 0d2e34d003bbe296f425a9dfb6ebd8fe702a0d3b1e561ec9f88e648ca2c6207a
[INFO] running `Command { std: "docker" "start" "0d2e34d003bbe296f425a9dfb6ebd8fe702a0d3b1e561ec9f88e648ca2c6207a", kill_on_drop: false }`
[INFO] running `Command { std: "docker" "inspect" "0d2e34d003bbe296f425a9dfb6ebd8fe702a0d3b1e561ec9f88e648ca2c6207a", kill_on_drop: false }`
[INFO] running `Command { std: "docker" "exec" "-e" "SOURCE_DIR=/opt/rustwide/workdir" "-e" "CARGO_HOME=/opt/rustwide/cargo-home" "-e" "RUSTUP_HOME=/opt/rustwide/rustup-home" "-e" "CARGO_TARGET_DIR=/opt/rustwide/target" "-w" "/opt/rustwide/workdir" "--user" "0:0" "0d2e34d003bbe296f425a9dfb6ebd8fe702a0d3b1e561ec9f88e648ca2c6207a" "/opt/rustwide/cargo-home/bin/cargo" "+be3da1e8c043bb6f1f335463d3b1335cdf50b03c" "metadata" "--no-deps" "--format-version=1", kill_on_drop: false }`
[INFO] running `Command { std: "docker" "inspect" "0d2e34d003bbe296f425a9dfb6ebd8fe702a0d3b1e561ec9f88e648ca2c6207a", kill_on_drop: false }`
[INFO] running `Command { std: "docker" "exec" "-e" "SOURCE_DIR=/opt/rustwide/workdir" "-e" "CARGO_HOME=/opt/rustwide/cargo-home" "-e" "RUSTUP_HOME=/opt/rustwide/rustup-home" "-e" "CARGO_TARGET_DIR=/opt/rustwide/target" "-e" "CARGO_INCREMENTAL=0" "-e" "RUST_BACKTRACE=full" "-e" "RUSTFLAGS=--cap-lints=forbid" "-e" "RUSTDOCFLAGS=--cap-lints=forbid" "-w" "/opt/rustwide/workdir" "--user" "0:0" "0d2e34d003bbe296f425a9dfb6ebd8fe702a0d3b1e561ec9f88e648ca2c6207a" "/opt/rustwide/cargo-home/bin/cargo" "+be3da1e8c043bb6f1f335463d3b1335cdf50b03c" "check" "--frozen" "--all" "--all-targets" "--message-format=json", kill_on_drop: false }`
[INFO] [stderr]     Checking http v1.4.0
[INFO] [stderr]    Compiling zerocopy v0.8.40
[INFO] [stderr]    Compiling serde_core v1.0.228
[INFO] [stderr]     Checking parking_lot_core v0.9.12
[INFO] [stderr]     Checking errno v0.3.14
[INFO] [stderr]     Checking mio v1.1.1
[INFO] [stderr]     Checking getrandom v0.3.4
[INFO] [stderr]     Checking socket2 v0.6.2
[INFO] [stderr]    Compiling generic-array v0.14.7
[INFO] [stderr]     Checking aho-corasick v1.1.4
[INFO] [stderr]    Compiling syn v2.0.117
[INFO] [stderr]     Checking regex-syntax v0.8.10
[INFO] [stderr]     Checking futures-util v0.3.32
[INFO] [stderr]     Checking sha1 v0.10.6
[INFO] [stderr]    Compiling walkdir v2.5.0
[INFO] [stderr]     Checking tracing v0.1.44
[INFO] [stderr]     Checking signal-hook-registry v1.4.8
[INFO] [stderr]     Checking futures-channel v0.3.32
[INFO] [stderr]     Checking parking_lot v0.12.5
[INFO] [stderr]     Checking rand_core v0.9.5
[INFO] [stderr]     Checking data-encoding v2.10.0
[INFO] [stderr]     Checking sync_wrapper v1.0.2
[INFO] [stderr]    Compiling mime_guess v2.0.5
[INFO] [stderr]     Checking crossbeam-epoch v0.9.18
[INFO] [stderr]     Checking bstr v1.12.1
[INFO] [stderr]     Checking inotify-sys v0.1.5
[INFO] [stderr]     Checking instant v0.1.13
[INFO] [stderr]     Checking is-docker v0.2.0
[INFO] [stderr]     Checking clap_lex v1.0.0
[INFO] [stderr]     Checking notify-types v1.0.1
[INFO] [stderr]     Checking is-wsl v0.4.0
[INFO] [stderr]     Checking inotify v0.10.2
[INFO] [stderr]     Checking crossbeam-deque v0.8.6
[INFO] [stderr]     Checking rust-embed-utils v8.11.0
[INFO] [stderr]     Checking filetime v0.2.27
[INFO] [stderr]     Checking pathdiff v0.2.3
[INFO] [stderr]     Checking bitflags v2.11.0
[INFO] [stderr]     Checking clap_builder v4.5.60
[INFO] [stderr]     Checking open v5.3.3
[INFO] [stderr]     Checking notify v7.0.0
[INFO] [stderr]    Compiling crypto-common v0.1.7
[INFO] [stderr]    Compiling block-buffer v0.10.4
[INFO] [stderr]     Checking http-body v1.0.1
[INFO] [stderr]     Checking tower-http v0.6.8
[INFO] [stderr]    Compiling digest v0.10.7
[INFO] [stderr]     Checking http-body-util v0.1.3
[INFO] [stderr]    Compiling sha2 v0.10.9
[INFO] [stderr]     Checking axum-core v0.5.6
[INFO] [stderr]     Checking regex-automata v0.4.14
[INFO] [stderr]     Checking serde_path_to_error v0.1.20
[INFO] [stderr]     Checking serde_json v1.0.149
[INFO] [stderr]    Compiling tokio-macros v2.6.1
[INFO] [stderr]    Compiling thiserror-impl v2.0.18
[INFO] [stderr]    Compiling serde_derive v1.0.228
[INFO] [stderr]    Compiling rust-embed-impl v8.11.0
[INFO] [stderr]    Compiling clap_derive v4.5.55
[INFO] [stderr]     Checking tokio v1.50.0
[INFO] [stderr]     Checking globset v0.4.18
[INFO] [stderr]     Checking regex v1.12.3
[INFO] [stderr]     Checking rust-embed v8.11.0
[INFO] [stderr]     Checking ignore v0.4.25
[INFO] [stderr]     Checking thiserror v2.0.18
[INFO] [stderr]     Checking clap v4.5.60
[INFO] [stderr]     Checking ppv-lite86 v0.2.21
[INFO] [stderr]     Checking rand_chacha v0.9.0
[INFO] [stderr]     Checking serde v1.0.228
[INFO] [stderr]     Checking rand v0.9.2
[INFO] [stderr]     Checking serde_urlencoded v0.7.1
[INFO] [stderr]     Checking tungstenite v0.28.0
[INFO] [stderr]     Checking hyper v1.8.1
[INFO] [stderr]     Checking tower v0.5.3
[INFO] [stderr]     Checking tokio-tungstenite v0.28.0
[INFO] [stderr]     Checking hyper-util v0.1.20
[INFO] [stderr]     Checking axum v0.8.8
[INFO] [stderr]     Checking mirudake v0.1.0 (/opt/rustwide/workdir)
[INFO] [stdout] error: #[derive(RustEmbed)] folder '/opt/rustwide/workdir/frontend/dist' does not exist. cwd: '/opt/rustwide/workdir'
[INFO] [stdout]   --> src/server.rs:16:1
[INFO] [stdout]    |
[INFO] [stdout] 16 | / /// Embed the built frontend assets into the binary
[INFO] [stdout] 17 | | #[derive(Embed)]
[INFO] [stdout] 18 | | #[folder = "frontend/dist"]
[INFO] [stdout] 19 | | struct FrontendAssets;
[INFO] [stdout]    | |______________________^
[INFO] [stdout] 
[INFO] [stdout] 
[INFO] [stdout] error: #[derive(RustEmbed)] folder '/opt/rustwide/workdir/frontend/dist' does not exist. cwd: '/opt/rustwide/workdir'
[INFO] [stdout]   --> src/server.rs:16:1
[INFO] [stdout]    |
[INFO] [stdout] 16 | / /// Embed the built frontend assets into the binary
[INFO] [stdout] 17 | | #[derive(Embed)]
[INFO] [stdout] 18 | | #[folder = "frontend/dist"]
[INFO] [stdout] 19 | | struct FrontendAssets;
[INFO] [stdout]    | |______________________^
[INFO] [stdout] 
[INFO] [stdout] 
[INFO] [stdout] error[E0599]: no associated function or constant named `get` found for struct `FrontendAssets` in the current scope
[INFO] [stdout]   --> src/server.rs:60:41
[INFO] [stdout]    |
[INFO] [stdout] 19 | struct FrontendAssets;
[INFO] [stdout]    | --------------------- associated function or constant `get` not found for this struct
[INFO] [stdout] ...
[INFO] [stdout] 60 |     if let Some(file) = FrontendAssets::get(path) {
[INFO] [stdout]    |                                         ^^^ associated function or constant not found in `FrontendAssets`
[INFO] [stdout]    |
[INFO] [stdout]    = help: items from traits can only be used if the trait is implemented and in scope
[INFO] [stdout]    = note: the following traits define an item `get`, perhaps you need to implement one of them:
[INFO] [stdout]            candidate #1: `Embed`
[INFO] [stdout]            candidate #2: `SliceIndex`
[INFO] [stdout] 
[INFO] [stdout] 
[INFO] [stdout] error[E0599]: no associated function or constant named `get` found for struct `FrontendAssets` in the current scope
[INFO] [stdout]   --> src/server.rs:60:41
[INFO] [stdout]    |
[INFO] [stdout] 19 | struct FrontendAssets;
[INFO] [stdout]    | --------------------- associated function or constant `get` not found for this struct
[INFO] [stdout] ...
[INFO] [stdout] 60 |     if let Some(file) = FrontendAssets::get(path) {
[INFO] [stdout]    |                                         ^^^ associated function or constant not found in `FrontendAssets`
[INFO] [stdout]    |
[INFO] [stdout]    = help: items from traits can only be used if the trait is implemented and in scope
[INFO] [stdout]    = note: the following traits define an item `get`, perhaps you need to implement one of them:
[INFO] [stdout]            candidate #1: `Embed`
[INFO] [stdout]            candidate #2: `SliceIndex`
[INFO] [stdout] 
[INFO] [stdout] 
[INFO] [stdout] error[E0599]: no associated function or constant named `get` found for struct `FrontendAssets` in the current scope
[INFO] [stdout]   --> src/server.rs:71:27
[INFO] [stdout]    |
[INFO] [stdout] 19 | struct FrontendAssets;
[INFO] [stdout]    | --------------------- associated function or constant `get` not found for this struct
[INFO] [stdout] ...
[INFO] [stdout] 71 |     match FrontendAssets::get("index.html") {
[INFO] [stdout]    |                           ^^^ associated function or constant not found in `FrontendAssets`
[INFO] [stdout]    |
[INFO] [stdout]    = help: items from traits can only be used if the trait is implemented and in scope
[INFO] [stdout]    = note: the following traits define an item `get`, perhaps you need to implement one of them:
[INFO] [stdout]            candidate #1: `Embed`
[INFO] [stdout]            candidate #2: `SliceIndex`
[INFO] [stdout] 
[INFO] [stdout] 
[INFO] [stdout] error[E0599]: no associated function or constant named `get` found for struct `FrontendAssets` in the current scope
[INFO] [stdout]   --> src/server.rs:71:27
[INFO] [stdout]    |
[INFO] [stdout] 19 | struct FrontendAssets;
[INFO] [stdout]    | --------------------- associated function or constant `get` not found for this struct
[INFO] [stdout] ...
[INFO] [stdout] 71 |     match FrontendAssets::get("index.html") {
[INFO] [stdout]    |                           ^^^ associated function or constant not found in `FrontendAssets`
[INFO] [stdout]    |
[INFO] [stdout]    = help: items from traits can only be used if the trait is implemented and in scope
[INFO] [stdout]    = note: the following traits define an item `get`, perhaps you need to implement one of them:
[INFO] [stdout]            candidate #1: `Embed`
[INFO] [stdout]            candidate #2: `SliceIndex`
[INFO] [stdout] 
[INFO] [stdout] 
[INFO] [stdout] For more information about this error, try `rustc --explain E0599`.
[INFO] [stdout] 
[INFO] [stderr] error: could not compile `mirudake` (bin "mirudake") due to 3 previous errors
[INFO] [stderr] warning: build failed, waiting for other jobs to finish...
[INFO] [stdout] For more information about this error, try `rustc --explain E0599`.
[INFO] [stdout] 
[INFO] [stderr] error: could not compile `mirudake` (bin "mirudake" test) due to 3 previous errors
[INFO] running `Command { std: "docker" "inspect" "0d2e34d003bbe296f425a9dfb6ebd8fe702a0d3b1e561ec9f88e648ca2c6207a", kill_on_drop: false }`
[INFO] running `Command { std: "docker" "rm" "-f" "0d2e34d003bbe296f425a9dfb6ebd8fe702a0d3b1e561ec9f88e648ca2c6207a", kill_on_drop: false }`
[INFO] [stdout] 0d2e34d003bbe296f425a9dfb6ebd8fe702a0d3b1e561ec9f88e648ca2c6207a
