[INFO] cloning repository https://github.com/tipsypastels/faerie
[INFO] running `Command { std: "git" "-c" "credential.helper=" "-c" "credential.helper=/workspace/cargo-home/bin/git-credential-null" "clone" "--bare" "https://github.com/tipsypastels/faerie" "/workspace/cache/git-repos/https%3A%2F%2Fgithub.com%2Ftipsypastels%2Ffaerie", kill_on_drop: false }`
[INFO] [stderr] Cloning into bare repository '/workspace/cache/git-repos/https%3A%2F%2Fgithub.com%2Ftipsypastels%2Ffaerie'...
[INFO] running `Command { std: "git" "rev-parse" "HEAD", kill_on_drop: false }`
[INFO] [stdout] f6a973b9a03194b2c2b8db2bc2f5fc61625e1d93
[INFO] checking tipsypastels/faerie against be3da1e8c043bb6f1f335463d3b1335cdf50b03c for pr-162597
[INFO] running `Command { std: "git" "clone" "/workspace/cache/git-repos/https%3A%2F%2Fgithub.com%2Ftipsypastels%2Ffaerie" "/workspace/builds/worker-5-tc2/source", kill_on_drop: false }`
[INFO] [stderr] Cloning into '/workspace/builds/worker-5-tc2/source'...
[INFO] [stderr] done.
[INFO] started tweaking git repo https://github.com/tipsypastels/faerie
[INFO] finished tweaking git repo https://github.com/tipsypastels/faerie
[INFO] tweaked toml for git repo https://github.com/tipsypastels/faerie written to /workspace/builds/worker-5-tc2/source/Cargo.toml
[INFO] validating manifest of git repo https://github.com/tipsypastels/faerie on toolchain be3da1e8c043bb6f1f335463d3b1335cdf50b03c
[INFO] running `Command { std: CARGO_HOME="/workspace/cargo-home" RUSTUP_HOME="/workspace/rustup-home" "/workspace/cargo-home/bin/cargo" "+be3da1e8c043bb6f1f335463d3b1335cdf50b03c" "metadata" "--manifest-path" "Cargo.toml" "--no-deps", kill_on_drop: false }`
[INFO] crate git repo https://github.com/tipsypastels/faerie already has a lockfile, it will not be regenerated
[INFO] running `Command { std: CARGO_HOME="/workspace/cargo-home" RUSTUP_HOME="/workspace/rustup-home" "/workspace/cargo-home/bin/cargo" "+be3da1e8c043bb6f1f335463d3b1335cdf50b03c" "fetch" "--manifest-path" "Cargo.toml", kill_on_drop: false }`
[INFO] [stderr]     Blocking waiting for file lock on package cache
[INFO] [stderr]     Blocking waiting for file lock on package cache
[INFO] [stderr]  Downloading crates ...
[INFO] [stderr]   Downloaded typeid v1.0.2
[INFO] [stderr]   Downloaded bevy_core v0.15.1
[INFO] [stderr]   Downloaded gloo-worker v0.5.0
[INFO] [stderr]   Downloaded bevy_internal v0.15.1
[INFO] [stderr]   Downloaded bevy_derive v0.15.1
[INFO] [stderr]   Downloaded bevy_diagnostic v0.15.1
[INFO] [stderr]   Downloaded bevy_hierarchy v0.15.1
[INFO] [stderr]   Downloaded tracing-oslog v0.2.0
[INFO] [stderr]   Downloaded bevy_macro_utils v0.15.1
[INFO] [stderr]   Downloaded bevy_log v0.15.1
[INFO] [stderr]   Downloaded ctrlc v3.4.5
[INFO] [stderr]   Downloaded bevy_ptr v0.15.1
[INFO] [stderr]   Downloaded bevy_utils_proc_macros v0.15.1
[INFO] [stderr]   Downloaded gloo-net v0.5.0
[INFO] [stderr]   Downloaded pin-project-internal v1.1.8
[INFO] [stderr]   Downloaded bevy_utils v0.15.1
[INFO] [stderr]   Downloaded bevy_ecs_macros v0.15.1
[INFO] [stderr]   Downloaded bevy_transform v0.15.1
[INFO] [stderr]   Downloaded bevy_tasks v0.15.1
[INFO] [stderr]   Downloaded bevy_time v0.15.1
[INFO] [stderr]   Downloaded bevy_input v0.15.1
[INFO] [stderr]   Downloaded pin-project v1.1.8
[INFO] [stderr]   Downloaded bevy_app v0.15.1
[INFO] [stderr]   Downloaded bevy_reflect_derive v0.15.1
[INFO] [stderr]   Downloaded bevy_reflect v0.15.1
[INFO] [stderr]   Downloaded bevy_math v0.15.1
[INFO] [stderr]   Downloaded gloo v0.11.0
[INFO] [stderr]   Downloaded bevy_ecs v0.15.1
[INFO] [stderr]   Downloaded bevy v0.15.1
[INFO] [stderr]   Downloaded glam v0.29.2
[INFO] running `Command { std: "docker" "create" "-v" "/var/lib/crater-agent-workspace/builds/worker-5-tc2/source:/opt/rustwide/workdir:ro,Z" "-v" "/var/lib/crater-agent-workspace/builds/worker-5-tc2/target:/opt/rustwide/target:rw,Z" "-v" "/var/lib/crater-agent-workspace/cargo-home:/opt/rustwide/cargo-home:ro,Z" "-v" "/var/lib/crater-agent-workspace/rustup-home:/opt/rustwide/rustup-home:ro,Z" "-m" "1610612736" "--network" "none" "ghcr.io/rust-lang/crates-build-env/linux@sha256:8683fc1fc2eb5c9ac98e0d076ab094b2ffac7f99da555d2b6a2e27f346de2ec7" "sleep" "infinity", kill_on_drop: false }`
[INFO] [stdout] 2037be706d1bb2a5fc543822956b7805af6c7a6c3ed6fce669e8e545a2804ea0
[INFO] running `Command { std: "docker" "start" "2037be706d1bb2a5fc543822956b7805af6c7a6c3ed6fce669e8e545a2804ea0", kill_on_drop: false }`
[INFO] running `Command { std: "docker" "inspect" "2037be706d1bb2a5fc543822956b7805af6c7a6c3ed6fce669e8e545a2804ea0", kill_on_drop: false }`
[INFO] running `Command { std: "docker" "exec" "-e" "SOURCE_DIR=/opt/rustwide/workdir" "-e" "CARGO_HOME=/opt/rustwide/cargo-home" "-e" "RUSTUP_HOME=/opt/rustwide/rustup-home" "-e" "CARGO_TARGET_DIR=/opt/rustwide/target" "-w" "/opt/rustwide/workdir" "--user" "0:0" "2037be706d1bb2a5fc543822956b7805af6c7a6c3ed6fce669e8e545a2804ea0" "/opt/rustwide/cargo-home/bin/cargo" "+be3da1e8c043bb6f1f335463d3b1335cdf50b03c" "metadata" "--no-deps" "--format-version=1", kill_on_drop: false }`
[INFO] running `Command { std: "docker" "inspect" "2037be706d1bb2a5fc543822956b7805af6c7a6c3ed6fce669e8e545a2804ea0", kill_on_drop: false }`
[INFO] running `Command { std: "docker" "exec" "-e" "SOURCE_DIR=/opt/rustwide/workdir" "-e" "CARGO_HOME=/opt/rustwide/cargo-home" "-e" "RUSTUP_HOME=/opt/rustwide/rustup-home" "-e" "CARGO_TARGET_DIR=/opt/rustwide/target" "-e" "CARGO_INCREMENTAL=0" "-e" "RUST_BACKTRACE=full" "-e" "RUSTFLAGS=--cap-lints=forbid" "-e" "RUSTDOCFLAGS=--cap-lints=forbid" "-w" "/opt/rustwide/workdir" "--user" "0:0" "2037be706d1bb2a5fc543822956b7805af6c7a6c3ed6fce669e8e545a2804ea0" "/opt/rustwide/cargo-home/bin/cargo" "+be3da1e8c043bb6f1f335463d3b1335cdf50b03c" "check" "--frozen" "--all" "--all-targets" "--message-format=json", kill_on_drop: false }`
[INFO] [stderr]    Compiling proc-macro2 v1.0.93
[INFO] [stderr]    Compiling serde v1.0.217
[INFO] [stderr]    Compiling libc v0.2.169
[INFO] [stderr]    Compiling hashbrown v0.15.2
[INFO] [stderr]    Compiling equivalent v1.0.1
[INFO] [stderr]    Compiling toml_datetime v0.6.8
[INFO] [stderr]    Compiling once_cell v1.20.2
[INFO] [stderr]    Compiling wasm-bindgen-shared v0.2.100
[INFO] [stderr]    Compiling bumpalo v3.16.0
[INFO] [stderr]    Compiling tiny-keccak v2.0.2
[INFO] [stderr]    Compiling rustversion v1.0.19
[INFO] [stderr]    Compiling log v0.4.25
[INFO] [stderr]    Compiling winnow v0.6.24
[INFO] [stderr]    Compiling wasm-bindgen v0.2.100
[INFO] [stderr]    Compiling ahash v0.8.11
[INFO] [stderr]     Checking tracing-core v0.1.33
[INFO] [stderr]    Compiling crossbeam-utils v0.8.21
[INFO] [stderr]    Compiling typeid v1.0.2
[INFO] [stderr]     Checking thread_local v1.1.8
[INFO] [stderr]     Checking smallvec v1.13.2
[INFO] [stderr]     Checking bytemuck v1.21.0
[INFO] [stderr]    Compiling nix v0.29.0
[INFO] [stderr]     Checking bitflags v2.8.0
[INFO] [stderr]     Checking bevy_ptr v0.15.1
[INFO] [stderr]     Checking disqualified v1.0.0
[INFO] [stderr]     Checking indexmap v2.7.1
[INFO] [stderr]     Checking fixedbitset v0.4.2
[INFO] [stderr]     Checking fixedbitset v0.5.7
[INFO] [stderr]     Checking tracing v0.1.41
[INFO] [stderr]     Checking nonmax v0.5.5
[INFO] [stderr]    Compiling serde_json v1.0.137
[INFO] [stderr]    Compiling libm v0.2.11
[INFO] [stderr]    Compiling num-traits v0.2.19
[INFO] [stderr]    Compiling quote v1.0.38
[INFO] [stderr]     Checking uuid v1.12.1
[INFO] [stderr]     Checking futures-channel v0.3.31
[INFO] [stderr]     Checking either v1.13.0
[INFO] [stderr]     Checking regex-syntax v0.8.5
[INFO] [stderr]    Compiling winnow v0.5.40
[INFO] [stderr]     Checking concurrent-queue v2.5.0
[INFO] [stderr]    Compiling syn v2.0.96
[INFO] [stderr]     Checking async-executor v1.13.1
[INFO] [stderr]     Checking itertools v0.13.0
[INFO] [stderr]     Checking crossbeam-channel v0.5.14
[INFO] [stderr]     Checking percent-encoding v2.3.1
[INFO] [stderr]     Checking const-fnv1a-hash v1.1.0
[INFO] [stderr]     Checking bevy_tasks v0.15.1
[INFO] [stderr]     Checking form_urlencoded v1.2.1
[INFO] [stderr]     Checking tracing-log v0.2.0
[INFO] [stderr]    Compiling getrandom v0.2.15
[INFO] [stderr]    Compiling const-random-macro v0.1.16
[INFO] [stderr]     Checking petgraph v0.6.5
[INFO] [stderr]     Checking const-random v0.1.18
[INFO] [stderr]    Compiling toml_edit v0.22.22
[INFO] [stderr]     Checking regex-automata v0.4.9
[INFO] [stderr]     Checking rand_core v0.6.4
[INFO] [stderr]    Compiling toml_edit v0.19.15
[INFO] [stderr]     Checking regex v1.11.1
[INFO] [stderr]     Checking ctrlc v3.4.5
[INFO] [stderr]     Checking tracing-subscriber v0.3.19
[INFO] [stderr]    Compiling wasm-bindgen-backend v0.2.100
[INFO] [stderr]    Compiling bevy_macro_utils v0.15.1
[INFO] [stderr]    Compiling proc-macro-crate v1.3.1
[INFO] [stderr]    Compiling serde_derive v1.0.217
[INFO] [stderr]    Compiling zerocopy-derive v0.7.35
[INFO] [stderr]    Compiling derive_more-impl v1.0.0
[INFO] [stderr]    Compiling bevy_utils_proc_macros v0.15.1
[INFO] [stderr]    Compiling bevy_reflect_derive v0.15.1
[INFO] [stderr]    Compiling assert_type_match v0.1.1
[INFO] [stderr]    Compiling bevy_ecs_macros v0.15.1
[INFO] [stderr]    Compiling bevy_derive v0.15.1
[INFO] [stderr]    Compiling thiserror-impl v1.0.69
[INFO] [stderr]    Compiling futures-macro v0.3.31
[INFO] [stderr]    Compiling pin-project-internal v1.1.8
[INFO] [stderr]    Compiling gloo-worker-macros v0.1.0
[INFO] [stderr]     Checking zerocopy v0.7.35
[INFO] [stderr]    Compiling wasm-bindgen-macro-support v0.2.100
[INFO] [stderr]     Checking thiserror v1.0.69
[INFO] [stderr]     Checking futures-util v0.3.31
[INFO] [stderr]     Checking pin-project v1.1.8
[INFO] [stderr]    Compiling wasm-bindgen-macro v0.2.100
[INFO] [stderr]     Checking ppv-lite86 v0.2.20
[INFO] [stderr]     Checking rand_chacha v0.3.1
[INFO] [stderr]     Checking rand v0.8.5
[INFO] [stderr]     Checking derive_more v1.0.0
[INFO] [stderr]     Checking js-sys v0.3.77
[INFO] [stderr]     Checking rand_distr v0.4.3
[INFO] [stderr]     Checking futures v0.3.31
[INFO] [stderr]     Checking pinned v0.1.0
[INFO] [stderr]     Checking hashbrown v0.14.5
[INFO] [stderr]     Checking erased-serde v0.4.5
[INFO] [stderr]     Checking smol_str v0.2.2
[INFO] [stderr]     Checking glam v0.29.2
[INFO] [stderr]     Checking bincode v1.3.3
[INFO] [stderr]     Checking serde_urlencoded v0.7.1
[INFO] [stderr]     Checking web-sys v0.3.77
[INFO] [stderr]     Checking wasm-bindgen-futures v0.4.50
[INFO] [stderr]     Checking serde-wasm-bindgen v0.6.5
[INFO] [stderr]     Checking gloo-timers v0.3.0
[INFO] [stderr]     Checking bevy_utils v0.15.1
[INFO] [stderr]     Checking bevy_reflect v0.15.1
[INFO] [stderr]     Checking gloo-utils v0.2.0
[INFO] [stderr]     Checking gloo-events v0.2.0
[INFO] [stderr]     Checking gloo-render v0.2.0
[INFO] [stderr]     Checking gloo-dialogs v0.2.0
[INFO] [stderr]     Checking gloo-storage v0.3.0
[INFO] [stderr]     Checking gloo-worker v0.5.0
[INFO] [stderr]     Checking gloo-net v0.5.0
[INFO] [stderr]     Checking gloo-console v0.3.0
[INFO] [stderr]     Checking gloo-history v0.2.2
[INFO] [stderr]     Checking gloo-file v0.3.0
[INFO] [stderr]     Checking gloo v0.11.0
[INFO] [stderr]     Checking bevy_ecs v0.15.1
[INFO] [stderr]     Checking bevy_math v0.15.1
[INFO] [stdout] error[E0283]: type annotations needed
[INFO] [stdout]    --> /opt/rustwide/cargo-home/registry/src/index.crates.io-1949cf8c6b5b557f/bevy_ecs-0.15.1/src/system/exclusive_function_system.rs:280:17
[INFO] [stdout]     |
[INFO] [stdout] 280 |                 call_inner(self, input, world, $($param),*)
[INFO] [stdout]     |                 ^^^^^^^^^^^^^^^^^^^^^^^^^^^^^^^^^^^^^^^^^^^ cannot infer type
[INFO] [stdout] ...
[INFO] [stdout] 287 | all_tuples!(impl_exclusive_system_function, 0, 16, F);
[INFO] [stdout]     | ----------------------------------------------------- in this macro invocation
[INFO] [stdout]     |
[INFO] [stdout]     = note: the type must implement `input::SystemInput`
[INFO] [stdout]     = help: the following types implement trait `input::SystemInput`:
[INFO] [stdout]               ()
[INFO] [stdout]               StaticSystemInput<'a, I>
[INFO] [stdout]               input::In<T>
[INFO] [stdout]               input::InMut<'_, T>
[INFO] [stdout]               input::InRef<'_, T>
[INFO] [stdout]               observer::Trigger<'_, E, B>
[INFO] [stdout]     = note: cannot satisfy `for<'a> <In as input::SystemInput>::Param<'a> == _`
[INFO] [stdout]     = note: cannot satisfy `for<'a, 'b> &mut Func: FnOnce(<In as input::SystemInput>::Param<'a>, &'b mut world::World)`
[INFO] [stdout]     = note: cannot satisfy `<In as input::SystemInput>::Inner<'_> == <In as input::SystemInput>::Inner<'_>`
[INFO] [stdout] note: required by a bound in `<Func as exclusive_function_system::ExclusiveSystemParamFunction<(HasExclusiveSystemInput, fn(In) -> Out)>>::run::call_inner`
[INFO] [stdout]    --> /opt/rustwide/cargo-home/registry/src/index.crates.io-1949cf8c6b5b557f/bevy_ecs-0.15.1/src/system/exclusive_function_system.rs:271:35
[INFO] [stdout]     |
[INFO] [stdout] 271 |                 fn call_inner<In: SystemInput, Out, $($param,)*>(
[INFO] [stdout]     |                                   ^^^^^^^^^^^ required by this bound in `call_inner`
[INFO] [stdout] ...
[INFO] [stdout] 287 | all_tuples!(impl_exclusive_system_function, 0, 16, F);
[INFO] [stdout]     | ----------------------------------------------------- in this macro invocation
[INFO] [stdout] note: required by a bound in `<Func as exclusive_function_system::ExclusiveSystemParamFunction<(HasExclusiveSystemInput, fn(In) -> Out)>>::run::call_inner`
[INFO] [stdout]    --> /opt/rustwide/cargo-home/registry/src/index.crates.io-1949cf8c6b5b557f/bevy_ecs-0.15.1/src/system/exclusive_function_system.rs:272:82
[INFO] [stdout]     |
[INFO] [stdout] 271 |                 fn call_inner<In: SystemInput, Out, $($param,)*>(
[INFO] [stdout]     |                    ---------- required by a bound in this function
[INFO] [stdout] 272 |                     mut f: impl FnMut(In::Param<'_>, &mut World, $($param,)*) -> Out,
[INFO] [stdout]     |                                                                                  ^^^ required by this bound in `call_inner`
[INFO] [stdout] ...
[INFO] [stdout] 287 | all_tuples!(impl_exclusive_system_function, 0, 16, F);
[INFO] [stdout]     | ----------------------------------------------------- in this macro invocation
[INFO] [stdout]     = note: this error originates in the macro `impl_exclusive_system_function` which comes from the expansion of the macro `all_tuples` (in Nightly builds, run with -Z macro-backtrace for more info)
[INFO] [stdout] 
[INFO] [stdout] 
[INFO] [stdout] error[E0283]: type annotations needed
[INFO] [stdout]    --> /opt/rustwide/cargo-home/registry/src/index.crates.io-1949cf8c6b5b557f/bevy_ecs-0.15.1/src/system/exclusive_function_system.rs:280:17
[INFO] [stdout]     |
[INFO] [stdout] 280 |                 call_inner(self, input, world, $($param),*)
[INFO] [stdout]     |                 ^^^^^^^^^^^^^^^^^^^^^^^^^^^^^^^^^^^^^^^^^^^ cannot infer type
[INFO] [stdout] ...
[INFO] [stdout] 287 | all_tuples!(impl_exclusive_system_function, 0, 16, F);
[INFO] [stdout]     | ----------------------------------------------------- in this macro invocation
[INFO] [stdout]     |
[INFO] [stdout]     = note: the type must implement `input::SystemInput`
[INFO] [stdout]     = help: the following types implement trait `input::SystemInput`:
[INFO] [stdout]               ()
[INFO] [stdout]               StaticSystemInput<'a, I>
[INFO] [stdout]               input::In<T>
[INFO] [stdout]               input::InMut<'_, T>
[INFO] [stdout]               input::InRef<'_, T>
[INFO] [stdout]               observer::Trigger<'_, E, B>
[INFO] [stdout]     = note: cannot satisfy `for<'a> <In as input::SystemInput>::Param<'a> == _`
[INFO] [stdout]     = note: cannot satisfy `&mut Func: FnOnce(<In as SystemInput>::Param<'a>, &mut World, _)`
[INFO] [stdout]     = note: cannot satisfy `<In as input::SystemInput>::Inner<'_> == <In as input::SystemInput>::Inner<'_>`
[INFO] [stdout] note: required by a bound in `<Func as exclusive_function_system::ExclusiveSystemParamFunction<(HasExclusiveSystemInput, fn(In, F0) -> Out)>>::run::call_inner`
[INFO] [stdout]    --> /opt/rustwide/cargo-home/registry/src/index.crates.io-1949cf8c6b5b557f/bevy_ecs-0.15.1/src/system/exclusive_function_system.rs:271:35
[INFO] [stdout]     |
[INFO] [stdout] 271 |                 fn call_inner<In: SystemInput, Out, $($param,)*>(
[INFO] [stdout]     |                                   ^^^^^^^^^^^ required by this bound in `call_inner`
[INFO] [stdout] ...
[INFO] [stdout] 287 | all_tuples!(impl_exclusive_system_function, 0, 16, F);
[INFO] [stdout]     | ----------------------------------------------------- in this macro invocation
[INFO] [stdout] note: required by a bound in `<Func as exclusive_function_system::ExclusiveSystemParamFunction<(HasExclusiveSystemInput, fn(In, F0) -> Out)>>::run::call_inner`
[INFO] [stdout]    --> /opt/rustwide/cargo-home/registry/src/index.crates.io-1949cf8c6b5b557f/bevy_ecs-0.15.1/src/system/exclusive_function_system.rs:272:82
[INFO] [stdout]     |
[INFO] [stdout] 271 |                 fn call_inner<In: SystemInput, Out, $($param,)*>(
[INFO] [stdout]     |                    ---------- required by a bound in this function
[INFO] [stdout] 272 |                     mut f: impl FnMut(In::Param<'_>, &mut World, $($param,)*) -> Out,
[INFO] [stdout]     |                                                                                  ^^^ required by this bound in `call_inner`
[INFO] [stdout] ...
[INFO] [stdout] 287 | all_tuples!(impl_exclusive_system_function, 0, 16, F);
[INFO] [stdout]     | ----------------------------------------------------- in this macro invocation
[INFO] [stdout]     = note: the full name for the type has been written to '/opt/rustwide/target/debug/build/bevy_ecs/4efdca2c0920d195/out/bevy_ecs-4efdca2c0920d195.long-type-18299230455113300884.txt'
[INFO] [stdout]     = note: consider using `--verbose` to print the full type name to the console
[INFO] [stdout]     = note: this error originates in the macro `impl_exclusive_system_function` which comes from the expansion of the macro `all_tuples` (in Nightly builds, run with -Z macro-backtrace for more info)
[INFO] [stdout] 
[INFO] [stdout] 
[INFO] [stdout] error[E0283]: type annotations needed
[INFO] [stdout]    --> /opt/rustwide/cargo-home/registry/src/index.crates.io-1949cf8c6b5b557f/bevy_ecs-0.15.1/src/system/exclusive_function_system.rs:280:17
[INFO] [stdout]     |
[INFO] [stdout] 280 |                 call_inner(self, input, world, $($param),*)
[INFO] [stdout]     |                 ^^^^^^^^^^^^^^^^^^^^^^^^^^^^^^^^^^^^^^^^^^^ cannot infer type
[INFO] [stdout] ...
[INFO] [stdout] 287 | all_tuples!(impl_exclusive_system_function, 0, 16, F);
[INFO] [stdout]     | ----------------------------------------------------- in this macro invocation
[INFO] [stdout]     |
[INFO] [stdout]     = note: the type must implement `input::SystemInput`
[INFO] [stdout]     = help: the following types implement trait `input::SystemInput`:
[INFO] [stdout]               ()
[INFO] [stdout]               StaticSystemInput<'a, I>
[INFO] [stdout]               input::In<T>
[INFO] [stdout]               input::InMut<'_, T>
[INFO] [stdout]               input::InRef<'_, T>
[INFO] [stdout]               observer::Trigger<'_, E, B>
[INFO] [stdout]     = note: cannot satisfy `for<'a> <In as input::SystemInput>::Param<'a> == _`
[INFO] [stdout]     = note: cannot satisfy `&mut Func: FnOnce(<In as SystemInput>::Param<'a>, &mut World, _, _)`
[INFO] [stdout]     = note: cannot satisfy `<In as input::SystemInput>::Inner<'_> == <In as input::SystemInput>::Inner<'_>`
[INFO] [stdout] note: required by a bound in `<Func as exclusive_function_system::ExclusiveSystemParamFunction<(HasExclusiveSystemInput, fn(In, F0, F1) -> Out)>>::run::call_inner`
[INFO] [stdout]    --> /opt/rustwide/cargo-home/registry/src/index.crates.io-1949cf8c6b5b557f/bevy_ecs-0.15.1/src/system/exclusive_function_system.rs:271:35
[INFO] [stdout]     |
[INFO] [stdout] 271 |                 fn call_inner<In: SystemInput, Out, $($param,)*>(
[INFO] [stdout]     |                                   ^^^^^^^^^^^ required by this bound in `call_inner`
[INFO] [stdout] ...
[INFO] [stdout] 287 | all_tuples!(impl_exclusive_system_function, 0, 16, F);
[INFO] [stdout]     | ----------------------------------------------------- in this macro invocation
[INFO] [stdout] note: required by a bound in `<Func as exclusive_function_system::ExclusiveSystemParamFunction<(HasExclusiveSystemInput, fn(In, F0, F1) -> Out)>>::run::call_inner`
[INFO] [stdout]    --> /opt/rustwide/cargo-home/registry/src/index.crates.io-1949cf8c6b5b557f/bevy_ecs-0.15.1/src/system/exclusive_function_system.rs:272:82
[INFO] [stdout]     |
[INFO] [stdout] 271 |                 fn call_inner<In: SystemInput, Out, $($param,)*>(
[INFO] [stdout]     |                    ---------- required by a bound in this function
[INFO] [stdout] 272 |                     mut f: impl FnMut(In::Param<'_>, &mut World, $($param,)*) -> Out,
[INFO] [stdout]     |                                                                                  ^^^ required by this bound in `call_inner`
[INFO] [stdout] ...
[INFO] [stdout] 287 | all_tuples!(impl_exclusive_system_function, 0, 16, F);
[INFO] [stdout]     | ----------------------------------------------------- in this macro invocation
[INFO] [stdout]     = note: the full name for the type has been written to '/opt/rustwide/target/debug/build/bevy_ecs/4efdca2c0920d195/out/bevy_ecs-4efdca2c0920d195.long-type-3309872034393341448.txt'
[INFO] [stdout]     = note: consider using `--verbose` to print the full type name to the console
[INFO] [stdout]     = note: this error originates in the macro `impl_exclusive_system_function` which comes from the expansion of the macro `all_tuples` (in Nightly builds, run with -Z macro-backtrace for more info)
[INFO] [stdout] 
[INFO] [stdout] 
[INFO] [stdout] error[E0283]: type annotations needed
[INFO] [stdout]    --> /opt/rustwide/cargo-home/registry/src/index.crates.io-1949cf8c6b5b557f/bevy_ecs-0.15.1/src/system/exclusive_function_system.rs:280:17
[INFO] [stdout]     |
[INFO] [stdout] 280 |                 call_inner(self, input, world, $($param),*)
[INFO] [stdout]     |                 ^^^^^^^^^^^^^^^^^^^^^^^^^^^^^^^^^^^^^^^^^^^ cannot infer type
[INFO] [stdout] ...
[INFO] [stdout] 287 | all_tuples!(impl_exclusive_system_function, 0, 16, F);
[INFO] [stdout]     | ----------------------------------------------------- in this macro invocation
[INFO] [stdout]     |
[INFO] [stdout]     = note: the type must implement `input::SystemInput`
[INFO] [stdout]     = help: the following types implement trait `input::SystemInput`:
[INFO] [stdout]               ()
[INFO] [stdout]               StaticSystemInput<'a, I>
[INFO] [stdout]               input::In<T>
[INFO] [stdout]               input::InMut<'_, T>
[INFO] [stdout]               input::InRef<'_, T>
[INFO] [stdout]               observer::Trigger<'_, E, B>
[INFO] [stdout]     = note: cannot satisfy `for<'a> <In as input::SystemInput>::Param<'a> == _`
[INFO] [stdout]     = note: cannot satisfy `&mut Func: FnOnce(<In as SystemInput>::Param<'a>, &mut World, _, _, _)`
[INFO] [stdout]     = note: cannot satisfy `<In as input::SystemInput>::Inner<'_> == <In as input::SystemInput>::Inner<'_>`
[INFO] [stdout] note: required by a bound in `<Func as exclusive_function_system::ExclusiveSystemParamFunction<(HasExclusiveSystemInput, fn(In, F0, F1, F2) -> Out)>>::run::call_inner`
[INFO] [stdout]    --> /opt/rustwide/cargo-home/registry/src/index.crates.io-1949cf8c6b5b557f/bevy_ecs-0.15.1/src/system/exclusive_function_system.rs:271:35
[INFO] [stdout]     |
[INFO] [stdout] 271 |                 fn call_inner<In: SystemInput, Out, $($param,)*>(
[INFO] [stdout]     |                                   ^^^^^^^^^^^ required by this bound in `call_inner`
[INFO] [stdout] ...
[INFO] [stdout] 287 | all_tuples!(impl_exclusive_system_function, 0, 16, F);
[INFO] [stdout]     | ----------------------------------------------------- in this macro invocation
[INFO] [stdout] note: required by a bound in `<Func as exclusive_function_system::ExclusiveSystemParamFunction<(HasExclusiveSystemInput, fn(In, F0, F1, F2) -> Out)>>::run::call_inner`
[INFO] [stdout]    --> /opt/rustwide/cargo-home/registry/src/index.crates.io-1949cf8c6b5b557f/bevy_ecs-0.15.1/src/system/exclusive_function_system.rs:272:82
[INFO] [stdout]     |
[INFO] [stdout] 271 |                 fn call_inner<In: SystemInput, Out, $($param,)*>(
[INFO] [stdout]     |                    ---------- required by a bound in this function
[INFO] [stdout] 272 |                     mut f: impl FnMut(In::Param<'_>, &mut World, $($param,)*) -> Out,
[INFO] [stdout]     |                                                                                  ^^^ required by this bound in `call_inner`
[INFO] [stdout] ...
[INFO] [stdout] 287 | all_tuples!(impl_exclusive_system_function, 0, 16, F);
[INFO] [stdout]     | ----------------------------------------------------- in this macro invocation
[INFO] [stdout]     = note: the full name for the type has been written to '/opt/rustwide/target/debug/build/bevy_ecs/4efdca2c0920d195/out/bevy_ecs-4efdca2c0920d195.long-type-457504748506520929.txt'
[INFO] [stdout]     = note: consider using `--verbose` to print the full type name to the console
[INFO] [stdout]     = note: this error originates in the macro `impl_exclusive_system_function` which comes from the expansion of the macro `all_tuples` (in Nightly builds, run with -Z macro-backtrace for more info)
[INFO] [stdout] 
[INFO] [stdout] 
[INFO] [stdout] error[E0283]: type annotations needed
[INFO] [stdout]    --> /opt/rustwide/cargo-home/registry/src/index.crates.io-1949cf8c6b5b557f/bevy_ecs-0.15.1/src/system/exclusive_function_system.rs:280:17
[INFO] [stdout]     |
[INFO] [stdout] 280 |                 call_inner(self, input, world, $($param),*)
[INFO] [stdout]     |                 ^^^^^^^^^^^^^^^^^^^^^^^^^^^^^^^^^^^^^^^^^^^ cannot infer type
[INFO] [stdout] ...
[INFO] [stdout] 287 | all_tuples!(impl_exclusive_system_function, 0, 16, F);
[INFO] [stdout]     | ----------------------------------------------------- in this macro invocation
[INFO] [stdout]     |
[INFO] [stdout]     = note: the type must implement `input::SystemInput`
[INFO] [stdout]     = help: the following types implement trait `input::SystemInput`:
[INFO] [stdout]               ()
[INFO] [stdout]               StaticSystemInput<'a, I>
[INFO] [stdout]               input::In<T>
[INFO] [stdout]               input::InMut<'_, T>
[INFO] [stdout]               input::InRef<'_, T>
[INFO] [stdout]               observer::Trigger<'_, E, B>
[INFO] [stdout]     = note: cannot satisfy `for<'a> <In as input::SystemInput>::Param<'a> == _`
[INFO] [stdout]     = note: cannot satisfy `&mut Func: FnOnce(<In as SystemInput>::Param<'a>, _, _, _, _, _)`
[INFO] [stdout]     = note: cannot satisfy `<In as input::SystemInput>::Inner<'_> == <In as input::SystemInput>::Inner<'_>`
[INFO] [stdout] note: required by a bound in `<Func as exclusive_function_system::ExclusiveSystemParamFunction<(HasExclusiveSystemInput, fn(In, F0, F1, F2, F3) -> Out)>>::run::call_inner`
[INFO] [stdout]    --> /opt/rustwide/cargo-home/registry/src/index.crates.io-1949cf8c6b5b557f/bevy_ecs-0.15.1/src/system/exclusive_function_system.rs:271:35
[INFO] [stdout]     |
[INFO] [stdout] 271 |                 fn call_inner<In: SystemInput, Out, $($param,)*>(
[INFO] [stdout]     |                                   ^^^^^^^^^^^ required by this bound in `call_inner`
[INFO] [stdout] ...
[INFO] [stdout] 287 | all_tuples!(impl_exclusive_system_function, 0, 16, F);
[INFO] [stdout]     | ----------------------------------------------------- in this macro invocation
[INFO] [stdout] note: required by a bound in `<Func as exclusive_function_system::ExclusiveSystemParamFunction<(HasExclusiveSystemInput, fn(In, F0, F1, F2, F3) -> Out)>>::run::call_inner`
[INFO] [stdout]    --> /opt/rustwide/cargo-home/registry/src/index.crates.io-1949cf8c6b5b557f/bevy_ecs-0.15.1/src/system/exclusive_function_system.rs:272:82
[INFO] [stdout]     |
[INFO] [stdout] 271 |                 fn call_inner<In: SystemInput, Out, $($param,)*>(
[INFO] [stdout]     |                    ---------- required by a bound in this function
[INFO] [stdout] 272 |                     mut f: impl FnMut(In::Param<'_>, &mut World, $($param,)*) -> Out,
[INFO] [stdout]     |                                                                                  ^^^ required by this bound in `call_inner`
[INFO] [stdout] ...
[INFO] [stdout] 287 | all_tuples!(impl_exclusive_system_function, 0, 16, F);
[INFO] [stdout]     | ----------------------------------------------------- in this macro invocation
[INFO] [stdout]     = note: the full name for the type has been written to '/opt/rustwide/target/debug/build/bevy_ecs/4efdca2c0920d195/out/bevy_ecs-4efdca2c0920d195.long-type-16785430914969949677.txt'
[INFO] [stdout]     = note: consider using `--verbose` to print the full type name to the console
[INFO] [stdout]     = note: this error originates in the macro `impl_exclusive_system_function` which comes from the expansion of the macro `all_tuples` (in Nightly builds, run with -Z macro-backtrace for more info)
[INFO] [stdout] 
[INFO] [stdout] 
[INFO] [stdout] error[E0283]: type annotations needed
[INFO] [stdout]    --> /opt/rustwide/cargo-home/registry/src/index.crates.io-1949cf8c6b5b557f/bevy_ecs-0.15.1/src/system/exclusive_function_system.rs:280:17
[INFO] [stdout]     |
[INFO] [stdout] 280 |                 call_inner(self, input, world, $($param),*)
[INFO] [stdout]     |                 ^^^^^^^^^^^^^^^^^^^^^^^^^^^^^^^^^^^^^^^^^^^ cannot infer type
[INFO] [stdout] ...
[INFO] [stdout] 287 | all_tuples!(impl_exclusive_system_function, 0, 16, F);
[INFO] [stdout]     | ----------------------------------------------------- in this macro invocation
[INFO] [stdout]     |
[INFO] [stdout]     = note: the type must implement `input::SystemInput`
[INFO] [stdout]     = help: the following types implement trait `input::SystemInput`:
[INFO] [stdout]               ()
[INFO] [stdout]               StaticSystemInput<'a, I>
[INFO] [stdout]               input::In<T>
[INFO] [stdout]               input::InMut<'_, T>
[INFO] [stdout]               input::InRef<'_, T>
[INFO] [stdout]               observer::Trigger<'_, E, B>
[INFO] [stdout]     = note: cannot satisfy `for<'a> <In as input::SystemInput>::Param<'a> == _`
[INFO] [stdout]     = note: cannot satisfy `&mut Func: FnOnce(<In as SystemInput>::Param<'a>, _, _, _, _, _, _)`
[INFO] [stdout]     = note: cannot satisfy `<In as input::SystemInput>::Inner<'_> == <In as input::SystemInput>::Inner<'_>`
[INFO] [stdout] note: required by a bound in `<Func as exclusive_function_system::ExclusiveSystemParamFunction<(HasExclusiveSystemInput, fn(In, F0, F1, F2, F3, F4) -> Out)>>::run::call_inner`
[INFO] [stdout]    --> /opt/rustwide/cargo-home/registry/src/index.crates.io-1949cf8c6b5b557f/bevy_ecs-0.15.1/src/system/exclusive_function_system.rs:271:35
[INFO] [stdout]     |
[INFO] [stdout] 271 |                 fn call_inner<In: SystemInput, Out, $($param,)*>(
[INFO] [stdout]     |                                   ^^^^^^^^^^^ required by this bound in `call_inner`
[INFO] [stdout] ...
[INFO] [stdout] 287 | all_tuples!(impl_exclusive_system_function, 0, 16, F);
[INFO] [stdout]     | ----------------------------------------------------- in this macro invocation
[INFO] [stdout] note: required by a bound in `<Func as exclusive_function_system::ExclusiveSystemParamFunction<(HasExclusiveSystemInput, fn(In, F0, F1, F2, F3, F4) -> Out)>>::run::call_inner`
[INFO] [stdout]    --> /opt/rustwide/cargo-home/registry/src/index.crates.io-1949cf8c6b5b557f/bevy_ecs-0.15.1/src/system/exclusive_function_system.rs:272:82
[INFO] [stdout]     |
[INFO] [stdout] 271 |                 fn call_inner<In: SystemInput, Out, $($param,)*>(
[INFO] [stdout]     |                    ---------- required by a bound in this function
[INFO] [stdout] 272 |                     mut f: impl FnMut(In::Param<'_>, &mut World, $($param,)*) -> Out,
[INFO] [stdout]     |                                                                                  ^^^ required by this bound in `call_inner`
[INFO] [stdout] ...
[INFO] [stdout] 287 | all_tuples!(impl_exclusive_system_function, 0, 16, F);
[INFO] [stdout]     | ----------------------------------------------------- in this macro invocation
[INFO] [stdout]     = note: the full name for the type has been written to '/opt/rustwide/target/debug/build/bevy_ecs/4efdca2c0920d195/out/bevy_ecs-4efdca2c0920d195.long-type-6582347652103004535.txt'
[INFO] [stdout]     = note: consider using `--verbose` to print the full type name to the console
[INFO] [stdout]     = note: this error originates in the macro `impl_exclusive_system_function` which comes from the expansion of the macro `all_tuples` (in Nightly builds, run with -Z macro-backtrace for more info)
[INFO] [stdout] 
[INFO] [stdout] 
[INFO] [stdout] error[E0283]: type annotations needed
[INFO] [stdout]    --> /opt/rustwide/cargo-home/registry/src/index.crates.io-1949cf8c6b5b557f/bevy_ecs-0.15.1/src/system/exclusive_function_system.rs:280:17
[INFO] [stdout]     |
[INFO] [stdout] 280 |                 call_inner(self, input, world, $($param),*)
[INFO] [stdout]     |                 ^^^^^^^^^^^^^^^^^^^^^^^^^^^^^^^^^^^^^^^^^^^ cannot infer type
[INFO] [stdout] ...
[INFO] [stdout] 287 | all_tuples!(impl_exclusive_system_function, 0, 16, F);
[INFO] [stdout]     | ----------------------------------------------------- in this macro invocation
[INFO] [stdout]     |
[INFO] [stdout]     = note: the type must implement `input::SystemInput`
[INFO] [stdout]     = help: the following types implement trait `input::SystemInput`:
[INFO] [stdout]               ()
[INFO] [stdout]               StaticSystemInput<'a, I>
[INFO] [stdout]               input::In<T>
[INFO] [stdout]               input::InMut<'_, T>
[INFO] [stdout]               input::InRef<'_, T>
[INFO] [stdout]               observer::Trigger<'_, E, B>
[INFO] [stdout]     = note: cannot satisfy `for<'a> <In as input::SystemInput>::Param<'a> == _`
[INFO] [stdout]     = note: cannot satisfy `&mut Func: FnOnce(<In as SystemInput>::Param<'a>, _, _, _, _, _, _, _)`
[INFO] [stdout]     = note: cannot satisfy `<In as input::SystemInput>::Inner<'_> == <In as input::SystemInput>::Inner<'_>`
[INFO] [stdout] note: required by a bound in `<Func as exclusive_function_system::ExclusiveSystemParamFunction<(HasExclusiveSystemInput, fn(In, F0, F1, F2, F3, F4, F5) -> Out)>>::run::call_inner`
[INFO] [stdout]    --> /opt/rustwide/cargo-home/registry/src/index.crates.io-1949cf8c6b5b557f/bevy_ecs-0.15.1/src/system/exclusive_function_system.rs:271:35
[INFO] [stdout]     |
[INFO] [stdout] 271 |                 fn call_inner<In: SystemInput, Out, $($param,)*>(
[INFO] [stdout]     |                                   ^^^^^^^^^^^ required by this bound in `call_inner`
[INFO] [stdout] ...
[INFO] [stdout] 287 | all_tuples!(impl_exclusive_system_function, 0, 16, F);
[INFO] [stdout]     | ----------------------------------------------------- in this macro invocation
[INFO] [stdout] note: required by a bound in `<Func as exclusive_function_system::ExclusiveSystemParamFunction<(HasExclusiveSystemInput, fn(In, F0, F1, F2, F3, F4, F5) -> Out)>>::run::call_inner`
[INFO] [stdout]    --> /opt/rustwide/cargo-home/registry/src/index.crates.io-1949cf8c6b5b557f/bevy_ecs-0.15.1/src/system/exclusive_function_system.rs:272:82
[INFO] [stdout]     |
[INFO] [stdout] 271 |                 fn call_inner<In: SystemInput, Out, $($param,)*>(
[INFO] [stdout]     |                    ---------- required by a bound in this function
[INFO] [stdout] 272 |                     mut f: impl FnMut(In::Param<'_>, &mut World, $($param,)*) -> Out,
[INFO] [stdout]     |                                                                                  ^^^ required by this bound in `call_inner`
[INFO] [stdout] ...
[INFO] [stdout] 287 | all_tuples!(impl_exclusive_system_function, 0, 16, F);
[INFO] [stdout]     | ----------------------------------------------------- in this macro invocation
[INFO] [stdout]     = note: the full name for the type has been written to '/opt/rustwide/target/debug/build/bevy_ecs/4efdca2c0920d195/out/bevy_ecs-4efdca2c0920d195.long-type-9009466851772864309.txt'
[INFO] [stdout]     = note: consider using `--verbose` to print the full type name to the console
[INFO] [stdout]     = note: this error originates in the macro `impl_exclusive_system_function` which comes from the expansion of the macro `all_tuples` (in Nightly builds, run with -Z macro-backtrace for more info)
[INFO] [stdout] 
[INFO] [stdout] 
[INFO] [stdout] error[E0283]: type annotations needed
[INFO] [stdout]    --> /opt/rustwide/cargo-home/registry/src/index.crates.io-1949cf8c6b5b557f/bevy_ecs-0.15.1/src/system/exclusive_function_system.rs:280:17
[INFO] [stdout]     |
[INFO] [stdout] 280 |                 call_inner(self, input, world, $($param),*)
[INFO] [stdout]     |                 ^^^^^^^^^^^^^^^^^^^^^^^^^^^^^^^^^^^^^^^^^^^ cannot infer type
[INFO] [stdout] ...
[INFO] [stdout] 287 | all_tuples!(impl_exclusive_system_function, 0, 16, F);
[INFO] [stdout]     | ----------------------------------------------------- in this macro invocation
[INFO] [stdout]     |
[INFO] [stdout]     = note: the type must implement `input::SystemInput`
[INFO] [stdout]     = help: the following types implement trait `input::SystemInput`:
[INFO] [stdout]               ()
[INFO] [stdout]               StaticSystemInput<'a, I>
[INFO] [stdout]               input::In<T>
[INFO] [stdout]               input::InMut<'_, T>
[INFO] [stdout]               input::InRef<'_, T>
[INFO] [stdout]               observer::Trigger<'_, E, B>
[INFO] [stdout]     = note: cannot satisfy `for<'a> <In as input::SystemInput>::Param<'a> == _`
[INFO] [stdout]     = note: cannot satisfy `&mut Func: FnOnce(_, _, _, _, _, _, _, _, _)`
[INFO] [stdout]     = note: cannot satisfy `<In as input::SystemInput>::Inner<'_> == <In as input::SystemInput>::Inner<'_>`
[INFO] [stdout] note: required by a bound in `<Func as exclusive_function_system::ExclusiveSystemParamFunction<(HasExclusiveSystemInput, fn(In, F0, F1, F2, F3, F4, F5, F6) -> Out)>>::run::call_inner`
[INFO] [stdout]    --> /opt/rustwide/cargo-home/registry/src/index.crates.io-1949cf8c6b5b557f/bevy_ecs-0.15.1/src/system/exclusive_function_system.rs:271:35
[INFO] [stdout]     |
[INFO] [stdout] 271 |                 fn call_inner<In: SystemInput, Out, $($param,)*>(
[INFO] [stdout]     |                                   ^^^^^^^^^^^ required by this bound in `call_inner`
[INFO] [stdout] ...
[INFO] [stdout] 287 | all_tuples!(impl_exclusive_system_function, 0, 16, F);
[INFO] [stdout]     | ----------------------------------------------------- in this macro invocation
[INFO] [stdout] note: required by a bound in `<Func as exclusive_function_system::ExclusiveSystemParamFunction<(HasExclusiveSystemInput, fn(In, F0, F1, F2, F3, F4, F5, F6) -> Out)>>::run::call_inner`
[INFO] [stdout]    --> /opt/rustwide/cargo-home/registry/src/index.crates.io-1949cf8c6b5b557f/bevy_ecs-0.15.1/src/system/exclusive_function_system.rs:272:82
[INFO] [stdout]     |
[INFO] [stdout] 271 |                 fn call_inner<In: SystemInput, Out, $($param,)*>(
[INFO] [stdout]     |                    ---------- required by a bound in this function
[INFO] [stdout] 272 |                     mut f: impl FnMut(In::Param<'_>, &mut World, $($param,)*) -> Out,
[INFO] [stdout]     |                                                                                  ^^^ required by this bound in `call_inner`
[INFO] [stdout] ...
[INFO] [stdout] 287 | all_tuples!(impl_exclusive_system_function, 0, 16, F);
[INFO] [stdout]     | ----------------------------------------------------- in this macro invocation
[INFO] [stdout]     = note: the full name for the type has been written to '/opt/rustwide/target/debug/build/bevy_ecs/4efdca2c0920d195/out/bevy_ecs-4efdca2c0920d195.long-type-790386246781927937.txt'
[INFO] [stdout]     = note: consider using `--verbose` to print the full type name to the console
[INFO] [stdout]     = note: this error originates in the macro `impl_exclusive_system_function` which comes from the expansion of the macro `all_tuples` (in Nightly builds, run with -Z macro-backtrace for more info)
[INFO] [stdout] 
[INFO] [stdout] 
[INFO] [stdout] error[E0283]: type annotations needed
[INFO] [stdout]    --> /opt/rustwide/cargo-home/registry/src/index.crates.io-1949cf8c6b5b557f/bevy_ecs-0.15.1/src/system/exclusive_function_system.rs:280:17
[INFO] [stdout]     |
[INFO] [stdout] 280 |                 call_inner(self, input, world, $($param),*)
[INFO] [stdout]     |                 ^^^^^^^^^^^^^^^^^^^^^^^^^^^^^^^^^^^^^^^^^^^ cannot infer type
[INFO] [stdout] ...
[INFO] [stdout] 287 | all_tuples!(impl_exclusive_system_function, 0, 16, F);
[INFO] [stdout]     | ----------------------------------------------------- in this macro invocation
[INFO] [stdout]     |
[INFO] [stdout]     = note: the type must implement `input::SystemInput`
[INFO] [stdout]     = help: the following types implement trait `input::SystemInput`:
[INFO] [stdout]               ()
[INFO] [stdout]               StaticSystemInput<'a, I>
[INFO] [stdout]               input::In<T>
[INFO] [stdout]               input::InMut<'_, T>
[INFO] [stdout]               input::InRef<'_, T>
[INFO] [stdout]               observer::Trigger<'_, E, B>
[INFO] [stdout]     = note: cannot satisfy `for<'a> <In as input::SystemInput>::Param<'a> == _`
[INFO] [stdout]     = note: cannot satisfy `&mut Func: FnOnce(_, _, _, _, _, _, _, _, _, _)`
[INFO] [stdout]     = note: cannot satisfy `<In as input::SystemInput>::Inner<'_> == <In as input::SystemInput>::Inner<'_>`
[INFO] [stdout] note: required by a bound in `<Func as exclusive_function_system::ExclusiveSystemParamFunction<(HasExclusiveSystemInput, fn(In, F0, F1, F2, F3, F4, F5, F6, F7) -> Out)>>::run::call_inner`
[INFO] [stdout]    --> /opt/rustwide/cargo-home/registry/src/index.crates.io-1949cf8c6b5b557f/bevy_ecs-0.15.1/src/system/exclusive_function_system.rs:271:35
[INFO] [stdout]     |
[INFO] [stdout] 271 |                 fn call_inner<In: SystemInput, Out, $($param,)*>(
[INFO] [stdout]     |                                   ^^^^^^^^^^^ required by this bound in `call_inner`
[INFO] [stdout] ...
[INFO] [stdout] 287 | all_tuples!(impl_exclusive_system_function, 0, 16, F);
[INFO] [stdout]     | ----------------------------------------------------- in this macro invocation
[INFO] [stdout] note: required by a bound in `<Func as exclusive_function_system::ExclusiveSystemParamFunction<(HasExclusiveSystemInput, fn(In, F0, F1, F2, F3, F4, F5, F6, F7) -> Out)>>::run::call_inner`
[INFO] [stdout]    --> /opt/rustwide/cargo-home/registry/src/index.crates.io-1949cf8c6b5b557f/bevy_ecs-0.15.1/src/system/exclusive_function_system.rs:272:82
[INFO] [stdout]     |
[INFO] [stdout] 271 |                 fn call_inner<In: SystemInput, Out, $($param,)*>(
[INFO] [stdout]     |                    ---------- required by a bound in this function
[INFO] [stdout] 272 |                     mut f: impl FnMut(In::Param<'_>, &mut World, $($param,)*) -> Out,
[INFO] [stdout]     |                                                                                  ^^^ required by this bound in `call_inner`
[INFO] [stdout] ...
[INFO] [stdout] 287 | all_tuples!(impl_exclusive_system_function, 0, 16, F);
[INFO] [stdout]     | ----------------------------------------------------- in this macro invocation
[INFO] [stdout]     = note: the full name for the type has been written to '/opt/rustwide/target/debug/build/bevy_ecs/4efdca2c0920d195/out/bevy_ecs-4efdca2c0920d195.long-type-1071024488579547921.txt'
[INFO] [stdout]     = note: consider using `--verbose` to print the full type name to the console
[INFO] [stdout]     = note: this error originates in the macro `impl_exclusive_system_function` which comes from the expansion of the macro `all_tuples` (in Nightly builds, run with -Z macro-backtrace for more info)
[INFO] [stdout] 
[INFO] [stdout] 
[INFO] [stdout] error[E0283]: type annotations needed
[INFO] [stdout]    --> /opt/rustwide/cargo-home/registry/src/index.crates.io-1949cf8c6b5b557f/bevy_ecs-0.15.1/src/system/exclusive_function_system.rs:280:17
[INFO] [stdout]     |
[INFO] [stdout] 280 |                 call_inner(self, input, world, $($param),*)
[INFO] [stdout]     |                 ^^^^^^^^^^^^^^^^^^^^^^^^^^^^^^^^^^^^^^^^^^^ cannot infer type
[INFO] [stdout] ...
[INFO] [stdout] 287 | all_tuples!(impl_exclusive_system_function, 0, 16, F);
[INFO] [stdout]     | ----------------------------------------------------- in this macro invocation
[INFO] [stdout]     |
[INFO] [stdout]     = note: the type must implement `input::SystemInput`
[INFO] [stdout]     = help: the following types implement trait `input::SystemInput`:
[INFO] [stdout]               ()
[INFO] [stdout]               StaticSystemInput<'a, I>
[INFO] [stdout]               input::In<T>
[INFO] [stdout]               input::InMut<'_, T>
[INFO] [stdout]               input::InRef<'_, T>
[INFO] [stdout]               observer::Trigger<'_, E, B>
[INFO] [stdout]     = note: cannot satisfy `for<'a> <In as input::SystemInput>::Param<'a> == _`
[INFO] [stdout]     = note: cannot satisfy `&mut Func: FnOnce(_, _, _, _, _, _, _, _, _, _, _)`
[INFO] [stdout]     = note: cannot satisfy `<In as input::SystemInput>::Inner<'_> == <In as input::SystemInput>::Inner<'_>`
[INFO] [stdout] note: required by a bound in `<Func as exclusive_function_system::ExclusiveSystemParamFunction<(HasExclusiveSystemInput, fn(In, F0, F1, F2, F3, F4, F5, F6, F7, F8) -> Out)>>::run::call_inner`
[INFO] [stdout]    --> /opt/rustwide/cargo-home/registry/src/index.crates.io-1949cf8c6b5b557f/bevy_ecs-0.15.1/src/system/exclusive_function_system.rs:271:35
[INFO] [stdout]     |
[INFO] [stdout] 271 |                 fn call_inner<In: SystemInput, Out, $($param,)*>(
[INFO] [stdout]     |                                   ^^^^^^^^^^^ required by this bound in `call_inner`
[INFO] [stdout] ...
[INFO] [stdout] 287 | all_tuples!(impl_exclusive_system_function, 0, 16, F);
[INFO] [stdout]     | ----------------------------------------------------- in this macro invocation
[INFO] [stdout] note: required by a bound in `<Func as exclusive_function_system::ExclusiveSystemParamFunction<(HasExclusiveSystemInput, fn(In, F0, F1, F2, F3, F4, F5, F6, F7, F8) -> Out)>>::run::call_inner`
[INFO] [stdout]    --> /opt/rustwide/cargo-home/registry/src/index.crates.io-1949cf8c6b5b557f/bevy_ecs-0.15.1/src/system/exclusive_function_system.rs:272:82
[INFO] [stdout]     |
[INFO] [stdout] 271 |                 fn call_inner<In: SystemInput, Out, $($param,)*>(
[INFO] [stdout]     |                    ---------- required by a bound in this function
[INFO] [stdout] 272 |                     mut f: impl FnMut(In::Param<'_>, &mut World, $($param,)*) -> Out,
[INFO] [stdout]     |                                                                                  ^^^ required by this bound in `call_inner`
[INFO] [stdout] ...
[INFO] [stdout] 287 | all_tuples!(impl_exclusive_system_function, 0, 16, F);
[INFO] [stdout]     | ----------------------------------------------------- in this macro invocation
[INFO] [stdout]     = note: the full name for the type has been written to '/opt/rustwide/target/debug/build/bevy_ecs/4efdca2c0920d195/out/bevy_ecs-4efdca2c0920d195.long-type-12002452247114920527.txt'
[INFO] [stdout]     = note: consider using `--verbose` to print the full type name to the console
[INFO] [stdout]     = note: this error originates in the macro `impl_exclusive_system_function` which comes from the expansion of the macro `all_tuples` (in Nightly builds, run with -Z macro-backtrace for more info)
[INFO] [stdout] 
[INFO] [stdout] 
[INFO] [stdout] error[E0283]: type annotations needed
[INFO] [stdout]    --> /opt/rustwide/cargo-home/registry/src/index.crates.io-1949cf8c6b5b557f/bevy_ecs-0.15.1/src/system/exclusive_function_system.rs:280:17
[INFO] [stdout]     |
[INFO] [stdout] 280 |                 call_inner(self, input, world, $($param),*)
[INFO] [stdout]     |                 ^^^^^^^^^^^^^^^^^^^^^^^^^^^^^^^^^^^^^^^^^^^ cannot infer type
[INFO] [stdout] ...
[INFO] [stdout] 287 | all_tuples!(impl_exclusive_system_function, 0, 16, F);
[INFO] [stdout]     | ----------------------------------------------------- in this macro invocation
[INFO] [stdout]     |
[INFO] [stdout]     = note: the type must implement `input::SystemInput`
[INFO] [stdout]     = help: the following types implement trait `input::SystemInput`:
[INFO] [stdout]               ()
[INFO] [stdout]               StaticSystemInput<'a, I>
[INFO] [stdout]               input::In<T>
[INFO] [stdout]               input::InMut<'_, T>
[INFO] [stdout]               input::InRef<'_, T>
[INFO] [stdout]               observer::Trigger<'_, E, B>
[INFO] [stdout]     = note: cannot satisfy `for<'a> <In as input::SystemInput>::Param<'a> == _`
[INFO] [stdout]     = note: cannot satisfy `&mut Func: FnOnce(_, _, _, _, _, _, _, _, _, _, _, _)`
[INFO] [stdout]     = note: cannot satisfy `<In as input::SystemInput>::Inner<'_> == <In as input::SystemInput>::Inner<'_>`
[INFO] [stdout] note: required by a bound in `<Func as exclusive_function_system::ExclusiveSystemParamFunction<(HasExclusiveSystemInput, fn(In, F0, F1, F2, F3, F4, F5, F6, F7, F8, F9) -> Out)>>::run::call_inner`
[INFO] [stdout]    --> /opt/rustwide/cargo-home/registry/src/index.crates.io-1949cf8c6b5b557f/bevy_ecs-0.15.1/src/system/exclusive_function_system.rs:271:35
[INFO] [stdout]     |
[INFO] [stdout] 271 |                 fn call_inner<In: SystemInput, Out, $($param,)*>(
[INFO] [stdout]     |                                   ^^^^^^^^^^^ required by this bound in `call_inner`
[INFO] [stdout] ...
[INFO] [stdout] 287 | all_tuples!(impl_exclusive_system_function, 0, 16, F);
[INFO] [stdout]     | ----------------------------------------------------- in this macro invocation
[INFO] [stdout] note: required by a bound in `<Func as exclusive_function_system::ExclusiveSystemParamFunction<(HasExclusiveSystemInput, fn(In, F0, F1, F2, F3, F4, F5, F6, F7, F8, F9) -> Out)>>::run::call_inner`
[INFO] [stdout]    --> /opt/rustwide/cargo-home/registry/src/index.crates.io-1949cf8c6b5b557f/bevy_ecs-0.15.1/src/system/exclusive_function_system.rs:272:82
[INFO] [stdout]     |
[INFO] [stdout] 271 |                 fn call_inner<In: SystemInput, Out, $($param,)*>(
[INFO] [stdout]     |                    ---------- required by a bound in this function
[INFO] [stdout] 272 |                     mut f: impl FnMut(In::Param<'_>, &mut World, $($param,)*) -> Out,
[INFO] [stdout]     |                                                                                  ^^^ required by this bound in `call_inner`
[INFO] [stdout] ...
[INFO] [stdout] 287 | all_tuples!(impl_exclusive_system_function, 0, 16, F);
[INFO] [stdout]     | ----------------------------------------------------- in this macro invocation
[INFO] [stdout]     = note: the full name for the type has been written to '/opt/rustwide/target/debug/build/bevy_ecs/4efdca2c0920d195/out/bevy_ecs-4efdca2c0920d195.long-type-8336598671190582465.txt'
[INFO] [stdout]     = note: consider using `--verbose` to print the full type name to the console
[INFO] [stdout]     = note: this error originates in the macro `impl_exclusive_system_function` which comes from the expansion of the macro `all_tuples` (in Nightly builds, run with -Z macro-backtrace for more info)
[INFO] [stdout] 
[INFO] [stdout] 
[INFO] [stdout] error[E0283]: type annotations needed
[INFO] [stdout]    --> /opt/rustwide/cargo-home/registry/src/index.crates.io-1949cf8c6b5b557f/bevy_ecs-0.15.1/src/system/exclusive_function_system.rs:280:17
[INFO] [stdout]     |
[INFO] [stdout] 280 |                 call_inner(self, input, world, $($param),*)
[INFO] [stdout]     |                 ^^^^^^^^^^^^^^^^^^^^^^^^^^^^^^^^^^^^^^^^^^^ cannot infer type
[INFO] [stdout] ...
[INFO] [stdout] 287 | all_tuples!(impl_exclusive_system_function, 0, 16, F);
[INFO] [stdout]     | ----------------------------------------------------- in this macro invocation
[INFO] [stdout]     |
[INFO] [stdout]     = note: the type must implement `input::SystemInput`
[INFO] [stdout]     = help: the following types implement trait `input::SystemInput`:
[INFO] [stdout]               ()
[INFO] [stdout]               StaticSystemInput<'a, I>
[INFO] [stdout]               input::In<T>
[INFO] [stdout]               input::InMut<'_, T>
[INFO] [stdout]               input::InRef<'_, T>
[INFO] [stdout]               observer::Trigger<'_, E, B>
[INFO] [stdout]     = note: cannot satisfy `for<'a> <In as input::SystemInput>::Param<'a> == _`
[INFO] [stdout]     = note: cannot satisfy `&mut Func: FnOnce(_, _, _, _, _, _, _, _, _, _, _, _, _)`
[INFO] [stdout]     = note: cannot satisfy `<In as input::SystemInput>::Inner<'_> == <In as input::SystemInput>::Inner<'_>`
[INFO] [stdout] note: required by a bound in `<Func as exclusive_function_system::ExclusiveSystemParamFunction<(HasExclusiveSystemInput, fn(In, F0, F1, F2, F3, F4, F5, F6, F7, F8, F9, F10) -> Out)>>::run::call_inner`
[INFO] [stdout]    --> /opt/rustwide/cargo-home/registry/src/index.crates.io-1949cf8c6b5b557f/bevy_ecs-0.15.1/src/system/exclusive_function_system.rs:271:35
[INFO] [stdout]     |
[INFO] [stdout] 271 |                 fn call_inner<In: SystemInput, Out, $($param,)*>(
[INFO] [stdout]     |                                   ^^^^^^^^^^^ required by this bound in `call_inner`
[INFO] [stdout] ...
[INFO] [stdout] 287 | all_tuples!(impl_exclusive_system_function, 0, 16, F);
[INFO] [stdout]     | ----------------------------------------------------- in this macro invocation
[INFO] [stdout] note: required by a bound in `<Func as exclusive_function_system::ExclusiveSystemParamFunction<(HasExclusiveSystemInput, fn(In, F0, F1, F2, F3, F4, F5, F6, F7, F8, F9, F10) -> Out)>>::run::call_inner`
[INFO] [stdout]    --> /opt/rustwide/cargo-home/registry/src/index.crates.io-1949cf8c6b5b557f/bevy_ecs-0.15.1/src/system/exclusive_function_system.rs:272:82
[INFO] [stdout]     |
[INFO] [stdout] 271 |                 fn call_inner<In: SystemInput, Out, $($param,)*>(
[INFO] [stdout]     |                    ---------- required by a bound in this function
[INFO] [stdout] 272 |                     mut f: impl FnMut(In::Param<'_>, &mut World, $($param,)*) -> Out,
[INFO] [stdout]     |                                                                                  ^^^ required by this bound in `call_inner`
[INFO] [stdout] ...
[INFO] [stdout] 287 | all_tuples!(impl_exclusive_system_function, 0, 16, F);
[INFO] [stdout]     | ----------------------------------------------------- in this macro invocation
[INFO] [stdout]     = note: the full name for the type has been written to '/opt/rustwide/target/debug/build/bevy_ecs/4efdca2c0920d195/out/bevy_ecs-4efdca2c0920d195.long-type-11523978941709418642.txt'
[INFO] [stdout]     = note: consider using `--verbose` to print the full type name to the console
[INFO] [stdout]     = note: this error originates in the macro `impl_exclusive_system_function` which comes from the expansion of the macro `all_tuples` (in Nightly builds, run with -Z macro-backtrace for more info)
[INFO] [stdout] 
[INFO] [stdout] 
[INFO] [stdout] error[E0283]: type annotations needed
[INFO] [stdout]    --> /opt/rustwide/cargo-home/registry/src/index.crates.io-1949cf8c6b5b557f/bevy_ecs-0.15.1/src/system/exclusive_function_system.rs:280:17
[INFO] [stdout]     |
[INFO] [stdout] 280 |                 call_inner(self, input, world, $($param),*)
[INFO] [stdout]     |                 ^^^^^^^^^^^^^^^^^^^^^^^^^^^^^^^^^^^^^^^^^^^ cannot infer type
[INFO] [stdout] ...
[INFO] [stdout] 287 | all_tuples!(impl_exclusive_system_function, 0, 16, F);
[INFO] [stdout]     | ----------------------------------------------------- in this macro invocation
[INFO] [stdout]     |
[INFO] [stdout]     = note: the type must implement `input::SystemInput`
[INFO] [stdout]     = help: the following types implement trait `input::SystemInput`:
[INFO] [stdout]               ()
[INFO] [stdout]               StaticSystemInput<'a, I>
[INFO] [stdout]               input::In<T>
[INFO] [stdout]               input::InMut<'_, T>
[INFO] [stdout]               input::InRef<'_, T>
[INFO] [stdout]               observer::Trigger<'_, E, B>
[INFO] [stdout]     = note: cannot satisfy `for<'a> <In as input::SystemInput>::Param<'a> == _`
[INFO] [stdout]     = note: cannot satisfy `&mut Func: FnOnce(_, _, _, _, _, _, _, _, _, _, _, _, _, _)`
[INFO] [stdout]     = note: cannot satisfy `<In as input::SystemInput>::Inner<'_> == <In as input::SystemInput>::Inner<'_>`
[INFO] [stdout] note: required by a bound in `<Func as exclusive_function_system::ExclusiveSystemParamFunction<(HasExclusiveSystemInput, fn(In, F0, F1, F2, F3, F4, F5, F6, F7, F8, F9, F10, F11) -> Out)>>::run::call_inner`
[INFO] [stdout]    --> /opt/rustwide/cargo-home/registry/src/index.crates.io-1949cf8c6b5b557f/bevy_ecs-0.15.1/src/system/exclusive_function_system.rs:271:35
[INFO] [stdout]     |
[INFO] [stdout] 271 |                 fn call_inner<In: SystemInput, Out, $($param,)*>(
[INFO] [stdout]     |                                   ^^^^^^^^^^^ required by this bound in `call_inner`
[INFO] [stdout] ...
[INFO] [stdout] 287 | all_tuples!(impl_exclusive_system_function, 0, 16, F);
[INFO] [stdout]     | ----------------------------------------------------- in this macro invocation
[INFO] [stdout] note: required by a bound in `<Func as exclusive_function_system::ExclusiveSystemParamFunction<(HasExclusiveSystemInput, fn(In, F0, F1, F2, F3, F4, F5, F6, F7, F8, F9, F10, F11) -> Out)>>::run::call_inner`
[INFO] [stdout]    --> /opt/rustwide/cargo-home/registry/src/index.crates.io-1949cf8c6b5b557f/bevy_ecs-0.15.1/src/system/exclusive_function_system.rs:272:82
[INFO] [stdout]     |
[INFO] [stdout] 271 |                 fn call_inner<In: SystemInput, Out, $($param,)*>(
[INFO] [stdout]     |                    ---------- required by a bound in this function
[INFO] [stdout] 272 |                     mut f: impl FnMut(In::Param<'_>, &mut World, $($param,)*) -> Out,
[INFO] [stdout]     |                                                                                  ^^^ required by this bound in `call_inner`
[INFO] [stdout] ...
[INFO] [stdout] 287 | all_tuples!(impl_exclusive_system_function, 0, 16, F);
[INFO] [stdout]     | ----------------------------------------------------- in this macro invocation
[INFO] [stdout]     = note: the full name for the type has been written to '/opt/rustwide/target/debug/build/bevy_ecs/4efdca2c0920d195/out/bevy_ecs-4efdca2c0920d195.long-type-13214321734225895685.txt'
[INFO] [stdout]     = note: consider using `--verbose` to print the full type name to the console
[INFO] [stdout]     = note: this error originates in the macro `impl_exclusive_system_function` which comes from the expansion of the macro `all_tuples` (in Nightly builds, run with -Z macro-backtrace for more info)
[INFO] [stdout] 
[INFO] [stdout] 
[INFO] [stdout] error[E0283]: type annotations needed
[INFO] [stdout]    --> /opt/rustwide/cargo-home/registry/src/index.crates.io-1949cf8c6b5b557f/bevy_ecs-0.15.1/src/system/exclusive_function_system.rs:280:17
[INFO] [stdout]     |
[INFO] [stdout] 280 |                 call_inner(self, input, world, $($param),*)
[INFO] [stdout]     |                 ^^^^^^^^^^^^^^^^^^^^^^^^^^^^^^^^^^^^^^^^^^^ cannot infer type
[INFO] [stdout] ...
[INFO] [stdout] 287 | all_tuples!(impl_exclusive_system_function, 0, 16, F);
[INFO] [stdout]     | ----------------------------------------------------- in this macro invocation
[INFO] [stdout]     |
[INFO] [stdout]     = note: the type must implement `input::SystemInput`
[INFO] [stdout]     = help: the following types implement trait `input::SystemInput`:
[INFO] [stdout]               ()
[INFO] [stdout]               StaticSystemInput<'a, I>
[INFO] [stdout]               input::In<T>
[INFO] [stdout]               input::InMut<'_, T>
[INFO] [stdout]               input::InRef<'_, T>
[INFO] [stdout]               observer::Trigger<'_, E, B>
[INFO] [stdout]     = note: cannot satisfy `for<'a> <In as input::SystemInput>::Param<'a> == _`
[INFO] [stdout]     = note: cannot satisfy `&mut Func: FnOnce(_, _, _, _, _, _, _, _, _, _, _, _, _, _, _)`
[INFO] [stdout]     = note: cannot satisfy `<In as input::SystemInput>::Inner<'_> == <In as input::SystemInput>::Inner<'_>`
[INFO] [stdout] note: required by a bound in `<Func as exclusive_function_system::ExclusiveSystemParamFunction<(HasExclusiveSystemInput, fn(In, F0, F1, F2, F3, F4, F5, F6, F7, F8, F9, F10, F11, F12) -> Out)>>::run::call_inner`
[INFO] [stdout]    --> /opt/rustwide/cargo-home/registry/src/index.crates.io-1949cf8c6b5b557f/bevy_ecs-0.15.1/src/system/exclusive_function_system.rs:271:35
[INFO] [stdout]     |
[INFO] [stdout] 271 |                 fn call_inner<In: SystemInput, Out, $($param,)*>(
[INFO] [stdout]     |                                   ^^^^^^^^^^^ required by this bound in `call_inner`
[INFO] [stdout] ...
[INFO] [stdout] 287 | all_tuples!(impl_exclusive_system_function, 0, 16, F);
[INFO] [stdout]     | ----------------------------------------------------- in this macro invocation
[INFO] [stdout] note: required by a bound in `<Func as exclusive_function_system::ExclusiveSystemParamFunction<(HasExclusiveSystemInput, fn(In, F0, F1, F2, F3, F4, F5, F6, F7, F8, F9, F10, F11, F12) -> Out)>>::run::call_inner`
[INFO] [stdout]    --> /opt/rustwide/cargo-home/registry/src/index.crates.io-1949cf8c6b5b557f/bevy_ecs-0.15.1/src/system/exclusive_function_system.rs:272:82
[INFO] [stdout]     |
[INFO] [stdout] 271 |                 fn call_inner<In: SystemInput, Out, $($param,)*>(
[INFO] [stdout]     |                    ---------- required by a bound in this function
[INFO] [stdout] 272 |                     mut f: impl FnMut(In::Param<'_>, &mut World, $($param,)*) -> Out,
[INFO] [stdout]     |                                                                                  ^^^ required by this bound in `call_inner`
[INFO] [stdout] ...
[INFO] [stdout] 287 | all_tuples!(impl_exclusive_system_function, 0, 16, F);
[INFO] [stdout]     | ----------------------------------------------------- in this macro invocation
[INFO] [stdout]     = note: the full name for the type has been written to '/opt/rustwide/target/debug/build/bevy_ecs/4efdca2c0920d195/out/bevy_ecs-4efdca2c0920d195.long-type-5554144663173455707.txt'
[INFO] [stdout]     = note: consider using `--verbose` to print the full type name to the console
[INFO] [stdout]     = note: this error originates in the macro `impl_exclusive_system_function` which comes from the expansion of the macro `all_tuples` (in Nightly builds, run with -Z macro-backtrace for more info)
[INFO] [stdout] 
[INFO] [stdout] 
[INFO] [stdout] error[E0283]: type annotations needed
[INFO] [stdout]    --> /opt/rustwide/cargo-home/registry/src/index.crates.io-1949cf8c6b5b557f/bevy_ecs-0.15.1/src/system/exclusive_function_system.rs:280:17
[INFO] [stdout]     |
[INFO] [stdout] 280 |                 call_inner(self, input, world, $($param),*)
[INFO] [stdout]     |                 ^^^^^^^^^^^^^^^^^^^^^^^^^^^^^^^^^^^^^^^^^^^ cannot infer type
[INFO] [stdout] ...
[INFO] [stdout] 287 | all_tuples!(impl_exclusive_system_function, 0, 16, F);
[INFO] [stdout]     | ----------------------------------------------------- in this macro invocation
[INFO] [stdout]     |
[INFO] [stdout]     = note: the type must implement `input::SystemInput`
[INFO] [stdout]     = help: the following types implement trait `input::SystemInput`:
[INFO] [stdout]               ()
[INFO] [stdout]               StaticSystemInput<'a, I>
[INFO] [stdout]               input::In<T>
[INFO] [stdout]               input::InMut<'_, T>
[INFO] [stdout]               input::InRef<'_, T>
[INFO] [stdout]               observer::Trigger<'_, E, B>
[INFO] [stdout]     = note: cannot satisfy `for<'a> <In as input::SystemInput>::Param<'a> == _`
[INFO] [stdout]     = note: cannot satisfy `&mut Func: FnOnce(_, _, _, _, _, _, _, _, _, _, _, _, _, _, _, _)`
[INFO] [stdout]     = note: cannot satisfy `<In as input::SystemInput>::Inner<'_> == <In as input::SystemInput>::Inner<'_>`
[INFO] [stdout] note: required by a bound in `<Func as exclusive_function_system::ExclusiveSystemParamFunction<(HasExclusiveSystemInput, fn(In, F0, F1, F2, F3, F4, F5, F6, F7, F8, F9, F10, F11, F12, F13) -> Out)>>::run::call_inner`
[INFO] [stdout]    --> /opt/rustwide/cargo-home/registry/src/index.crates.io-1949cf8c6b5b557f/bevy_ecs-0.15.1/src/system/exclusive_function_system.rs:271:35
[INFO] [stdout]     |
[INFO] [stdout] 271 |                 fn call_inner<In: SystemInput, Out, $($param,)*>(
[INFO] [stdout]     |                                   ^^^^^^^^^^^ required by this bound in `call_inner`
[INFO] [stdout] ...
[INFO] [stdout] 287 | all_tuples!(impl_exclusive_system_function, 0, 16, F);
[INFO] [stdout]     | ----------------------------------------------------- in this macro invocation
[INFO] [stdout] note: required by a bound in `<Func as exclusive_function_system::ExclusiveSystemParamFunction<(HasExclusiveSystemInput, fn(In, F0, F1, F2, F3, F4, F5, F6, F7, F8, F9, F10, F11, F12, F13) -> Out)>>::run::call_inner`
[INFO] [stdout]    --> /opt/rustwide/cargo-home/registry/src/index.crates.io-1949cf8c6b5b557f/bevy_ecs-0.15.1/src/system/exclusive_function_system.rs:272:82
[INFO] [stdout]     |
[INFO] [stdout] 271 |                 fn call_inner<In: SystemInput, Out, $($param,)*>(
[INFO] [stdout]     |                    ---------- required by a bound in this function
[INFO] [stdout] 272 |                     mut f: impl FnMut(In::Param<'_>, &mut World, $($param,)*) -> Out,
[INFO] [stdout]     |                                                                                  ^^^ required by this bound in `call_inner`
[INFO] [stdout] ...
[INFO] [stdout] 287 | all_tuples!(impl_exclusive_system_function, 0, 16, F);
[INFO] [stdout]     | ----------------------------------------------------- in this macro invocation
[INFO] [stdout]     = note: the full name for the type has been written to '/opt/rustwide/target/debug/build/bevy_ecs/4efdca2c0920d195/out/bevy_ecs-4efdca2c0920d195.long-type-14088035657020634495.txt'
[INFO] [stdout]     = note: consider using `--verbose` to print the full type name to the console
[INFO] [stdout]     = note: this error originates in the macro `impl_exclusive_system_function` which comes from the expansion of the macro `all_tuples` (in Nightly builds, run with -Z macro-backtrace for more info)
[INFO] [stdout] 
[INFO] [stdout] 
[INFO] [stdout] error[E0283]: type annotations needed
[INFO] [stdout]    --> /opt/rustwide/cargo-home/registry/src/index.crates.io-1949cf8c6b5b557f/bevy_ecs-0.15.1/src/system/exclusive_function_system.rs:280:17
[INFO] [stdout]     |
[INFO] [stdout] 280 |                 call_inner(self, input, world, $($param),*)
[INFO] [stdout]     |                 ^^^^^^^^^^^^^^^^^^^^^^^^^^^^^^^^^^^^^^^^^^^ cannot infer type
[INFO] [stdout] ...
[INFO] [stdout] 287 | all_tuples!(impl_exclusive_system_function, 0, 16, F);
[INFO] [stdout]     | ----------------------------------------------------- in this macro invocation
[INFO] [stdout]     |
[INFO] [stdout]     = note: the type must implement `input::SystemInput`
[INFO] [stdout]     = help: the following types implement trait `input::SystemInput`:
[INFO] [stdout]               ()
[INFO] [stdout]               StaticSystemInput<'a, I>
[INFO] [stdout]               input::In<T>
[INFO] [stdout]               input::InMut<'_, T>
[INFO] [stdout]               input::InRef<'_, T>
[INFO] [stdout]               observer::Trigger<'_, E, B>
[INFO] [stdout]     = note: cannot satisfy `for<'a> <In as input::SystemInput>::Param<'a> == _`
[INFO] [stdout]     = note: cannot satisfy `&mut Func: FnOnce(_, _, _, _, _, _, _, _, _, _, _, _, _, _, _, _, _)`
[INFO] [stdout]     = note: cannot satisfy `<In as input::SystemInput>::Inner<'_> == <In as input::SystemInput>::Inner<'_>`
[INFO] [stdout] note: required by a bound in `<Func as exclusive_function_system::ExclusiveSystemParamFunction<(HasExclusiveSystemInput, fn(In, F0, F1, F2, F3, F4, F5, F6, F7, F8, F9, F10, F11, F12, F13, F14) -> Out)>>::run::call_inner`
[INFO] [stdout]    --> /opt/rustwide/cargo-home/registry/src/index.crates.io-1949cf8c6b5b557f/bevy_ecs-0.15.1/src/system/exclusive_function_system.rs:271:35
[INFO] [stdout]     |
[INFO] [stdout] 271 |                 fn call_inner<In: SystemInput, Out, $($param,)*>(
[INFO] [stdout]     |                                   ^^^^^^^^^^^ required by this bound in `call_inner`
[INFO] [stdout] ...
[INFO] [stdout] 287 | all_tuples!(impl_exclusive_system_function, 0, 16, F);
[INFO] [stdout]     | ----------------------------------------------------- in this macro invocation
[INFO] [stdout] note: required by a bound in `<Func as exclusive_function_system::ExclusiveSystemParamFunction<(HasExclusiveSystemInput, fn(In, F0, F1, F2, F3, F4, F5, F6, F7, F8, F9, F10, F11, F12, F13, F14) -> Out)>>::run::call_inner`
[INFO] [stdout]    --> /opt/rustwide/cargo-home/registry/src/index.crates.io-1949cf8c6b5b557f/bevy_ecs-0.15.1/src/system/exclusive_function_system.rs:272:82
[INFO] [stdout]     |
[INFO] [stdout] 271 |                 fn call_inner<In: SystemInput, Out, $($param,)*>(
[INFO] [stdout]     |                    ---------- required by a bound in this function
[INFO] [stdout] 272 |                     mut f: impl FnMut(In::Param<'_>, &mut World, $($param,)*) -> Out,
[INFO] [stdout]     |                                                                                  ^^^ required by this bound in `call_inner`
[INFO] [stdout] ...
[INFO] [stdout] 287 | all_tuples!(impl_exclusive_system_function, 0, 16, F);
[INFO] [stdout]     | ----------------------------------------------------- in this macro invocation
[INFO] [stdout]     = note: the full name for the type has been written to '/opt/rustwide/target/debug/build/bevy_ecs/4efdca2c0920d195/out/bevy_ecs-4efdca2c0920d195.long-type-9498150163984727525.txt'
[INFO] [stdout]     = note: consider using `--verbose` to print the full type name to the console
[INFO] [stdout]     = note: this error originates in the macro `impl_exclusive_system_function` which comes from the expansion of the macro `all_tuples` (in Nightly builds, run with -Z macro-backtrace for more info)
[INFO] [stdout] 
[INFO] [stdout] 
[INFO] [stdout] error[E0283]: type annotations needed
[INFO] [stdout]    --> /opt/rustwide/cargo-home/registry/src/index.crates.io-1949cf8c6b5b557f/bevy_ecs-0.15.1/src/system/exclusive_function_system.rs:280:17
[INFO] [stdout]     |
[INFO] [stdout] 280 |                 call_inner(self, input, world, $($param),*)
[INFO] [stdout]     |                 ^^^^^^^^^^^^^^^^^^^^^^^^^^^^^^^^^^^^^^^^^^^ cannot infer type
[INFO] [stdout] ...
[INFO] [stdout] 287 | all_tuples!(impl_exclusive_system_function, 0, 16, F);
[INFO] [stdout]     | ----------------------------------------------------- in this macro invocation
[INFO] [stdout]     |
[INFO] [stdout]     = note: the type must implement `input::SystemInput`
[INFO] [stdout]     = help: the following types implement trait `input::SystemInput`:
[INFO] [stdout]               ()
[INFO] [stdout]               StaticSystemInput<'a, I>
[INFO] [stdout]               input::In<T>
[INFO] [stdout]               input::InMut<'_, T>
[INFO] [stdout]               input::InRef<'_, T>
[INFO] [stdout]               observer::Trigger<'_, E, B>
[INFO] [stdout]     = note: cannot satisfy `for<'a> <In as input::SystemInput>::Param<'a> == _`
[INFO] [stdout]     = note: cannot satisfy `&mut Func: FnOnce(_, _, _, _, _, _, _, _, _, _, _, _, _, _, _, _, _, _)`
[INFO] [stdout]     = note: cannot satisfy `<In as input::SystemInput>::Inner<'_> == <In as input::SystemInput>::Inner<'_>`
[INFO] [stdout] note: required by a bound in `<Func as exclusive_function_system::ExclusiveSystemParamFunction<(HasExclusiveSystemInput, fn(In, F0, F1, F2, F3, F4, F5, F6, F7, F8, F9, F10, F11, F12, F13, F14, F15) -> Out)>>::run::call_inner`
[INFO] [stdout]    --> /opt/rustwide/cargo-home/registry/src/index.crates.io-1949cf8c6b5b557f/bevy_ecs-0.15.1/src/system/exclusive_function_system.rs:271:35
[INFO] [stdout]     |
[INFO] [stdout] 271 |                 fn call_inner<In: SystemInput, Out, $($param,)*>(
[INFO] [stdout]     |                                   ^^^^^^^^^^^ required by this bound in `call_inner`
[INFO] [stdout] ...
[INFO] [stdout] 287 | all_tuples!(impl_exclusive_system_function, 0, 16, F);
[INFO] [stdout]     | ----------------------------------------------------- in this macro invocation
[INFO] [stdout] note: required by a bound in `<Func as exclusive_function_system::ExclusiveSystemParamFunction<(HasExclusiveSystemInput, fn(In, F0, F1, F2, F3, F4, F5, F6, F7, F8, F9, F10, F11, F12, F13, F14, F15) -> Out)>>::run::call_inner`
[INFO] [stdout]    --> /opt/rustwide/cargo-home/registry/src/index.crates.io-1949cf8c6b5b557f/bevy_ecs-0.15.1/src/system/exclusive_function_system.rs:272:82
[INFO] [stdout]     |
[INFO] [stdout] 271 |                 fn call_inner<In: SystemInput, Out, $($param,)*>(
[INFO] [stdout]     |                    ---------- required by a bound in this function
[INFO] [stdout] 272 |                     mut f: impl FnMut(In::Param<'_>, &mut World, $($param,)*) -> Out,
[INFO] [stdout]     |                                                                                  ^^^ required by this bound in `call_inner`
[INFO] [stdout] ...
[INFO] [stdout] 287 | all_tuples!(impl_exclusive_system_function, 0, 16, F);
[INFO] [stdout]     | ----------------------------------------------------- in this macro invocation
[INFO] [stdout]     = note: the full name for the type has been written to '/opt/rustwide/target/debug/build/bevy_ecs/4efdca2c0920d195/out/bevy_ecs-4efdca2c0920d195.long-type-8419884514913849231.txt'
[INFO] [stdout]     = note: consider using `--verbose` to print the full type name to the console
[INFO] [stdout]     = note: this error originates in the macro `impl_exclusive_system_function` which comes from the expansion of the macro `all_tuples` (in Nightly builds, run with -Z macro-backtrace for more info)
[INFO] [stdout] 
[INFO] [stdout] 
[INFO] [stdout] error[E0283]: type annotations needed
[INFO] [stdout]     --> /opt/rustwide/cargo-home/registry/src/index.crates.io-1949cf8c6b5b557f/bevy_ecs-0.15.1/src/system/function_system.rs:1033:17
[INFO] [stdout]      |
[INFO] [stdout] 1033 |                 call_inner(self, input, $($param),*)
[INFO] [stdout]      |                 ^^^^^^^^^^^^^^^^^^^^^^^^^^^^^^^^^^^^ cannot infer type
[INFO] [stdout] ...
[INFO] [stdout] 1041 | all_tuples!(impl_system_function, 0, 16, F);
[INFO] [stdout]      | ------------------------------------------- in this macro invocation
[INFO] [stdout]      |
[INFO] [stdout]      = note: the type must implement `input::SystemInput`
[INFO] [stdout]      = help: the following types implement trait `input::SystemInput`:
[INFO] [stdout]                ()
[INFO] [stdout]                StaticSystemInput<'a, I>
[INFO] [stdout]                input::In<T>
[INFO] [stdout]                input::InMut<'_, T>
[INFO] [stdout]                input::InRef<'_, T>
[INFO] [stdout]                observer::Trigger<'_, E, B>
[INFO] [stdout]      = note: cannot satisfy `for<'a> <In as input::SystemInput>::Param<'a> == _`
[INFO] [stdout]      = note: cannot satisfy `for<'a> &mut Func: FnOnce(<In as input::SystemInput>::Param<'a>)`
[INFO] [stdout]      = note: cannot satisfy `<In as input::SystemInput>::Inner<'_> == <In as input::SystemInput>::Inner<'_>`
[INFO] [stdout] note: required by a bound in `<Func as function_system::SystemParamFunction<(HasSystemInput, fn(In) -> Out)>>::run::call_inner`
[INFO] [stdout]     --> /opt/rustwide/cargo-home/registry/src/index.crates.io-1949cf8c6b5b557f/bevy_ecs-0.15.1/src/system/function_system.rs:1025:35
[INFO] [stdout]      |
[INFO] [stdout] 1025 |                 fn call_inner<In: SystemInput, Out, $($param,)*>(
[INFO] [stdout]      |                                   ^^^^^^^^^^^ required by this bound in `call_inner`
[INFO] [stdout] ...
[INFO] [stdout] 1041 | all_tuples!(impl_system_function, 0, 16, F);
[INFO] [stdout]      | ------------------------------------------- in this macro invocation
[INFO] [stdout] note: required by a bound in `<Func as function_system::SystemParamFunction<(HasSystemInput, fn(In) -> Out)>>::run::call_inner`
[INFO] [stdout]     --> /opt/rustwide/cargo-home/registry/src/index.crates.io-1949cf8c6b5b557f/bevy_ecs-0.15.1/src/system/function_system.rs:1026:68
[INFO] [stdout]      |
[INFO] [stdout] 1025 |                 fn call_inner<In: SystemInput, Out, $($param,)*>(
[INFO] [stdout]      |                    ---------- required by a bound in this function
[INFO] [stdout] 1026 |                     mut f: impl FnMut(In::Param<'_>, $($param,)*)->Out,
[INFO] [stdout]      |                                                                    ^^^ required by this bound in `call_inner`
[INFO] [stdout] ...
[INFO] [stdout] 1041 | all_tuples!(impl_system_function, 0, 16, F);
[INFO] [stdout]      | ------------------------------------------- in this macro invocation
[INFO] [stdout]      = note: this error originates in the macro `impl_system_function` which comes from the expansion of the macro `all_tuples` (in Nightly builds, run with -Z macro-backtrace for more info)
[INFO] [stdout] 
[INFO] [stdout] 
[INFO] [stdout] error[E0283]: type annotations needed
[INFO] [stdout]     --> /opt/rustwide/cargo-home/registry/src/index.crates.io-1949cf8c6b5b557f/bevy_ecs-0.15.1/src/system/function_system.rs:1033:17
[INFO] [stdout]      |
[INFO] [stdout] 1033 |                 call_inner(self, input, $($param),*)
[INFO] [stdout]      |                 ^^^^^^^^^^^^^^^^^^^^^^^^^^^^^^^^^^^^ cannot infer type
[INFO] [stdout] ...
[INFO] [stdout] 1041 | all_tuples!(impl_system_function, 0, 16, F);
[INFO] [stdout]      | ------------------------------------------- in this macro invocation
[INFO] [stdout]      |
[INFO] [stdout]      = note: the type must implement `input::SystemInput`
[INFO] [stdout]      = help: the following types implement trait `input::SystemInput`:
[INFO] [stdout]                ()
[INFO] [stdout]                StaticSystemInput<'a, I>
[INFO] [stdout]                input::In<T>
[INFO] [stdout]                input::InMut<'_, T>
[INFO] [stdout]                input::InRef<'_, T>
[INFO] [stdout]                observer::Trigger<'_, E, B>
[INFO] [stdout]      = note: cannot satisfy `for<'a> <In as input::SystemInput>::Param<'a> == _`
[INFO] [stdout]      = note: cannot satisfy `&mut Func: FnOnce(<In as SystemInput>::Param<'a>, _)`
[INFO] [stdout]      = note: cannot satisfy `<In as input::SystemInput>::Inner<'_> == <In as input::SystemInput>::Inner<'_>`
[INFO] [stdout] note: required by a bound in `<Func as function_system::SystemParamFunction<(HasSystemInput, fn(In, F0) -> Out)>>::run::call_inner`
[INFO] [stdout]     --> /opt/rustwide/cargo-home/registry/src/index.crates.io-1949cf8c6b5b557f/bevy_ecs-0.15.1/src/system/function_system.rs:1025:35
[INFO] [stdout]      |
[INFO] [stdout] 1025 |                 fn call_inner<In: SystemInput, Out, $($param,)*>(
[INFO] [stdout]      |                                   ^^^^^^^^^^^ required by this bound in `call_inner`
[INFO] [stdout] ...
[INFO] [stdout] 1041 | all_tuples!(impl_system_function, 0, 16, F);
[INFO] [stdout]      | ------------------------------------------- in this macro invocation
[INFO] [stdout] note: required by a bound in `<Func as function_system::SystemParamFunction<(HasSystemInput, fn(In, F0) -> Out)>>::run::call_inner`
[INFO] [stdout]     --> /opt/rustwide/cargo-home/registry/src/index.crates.io-1949cf8c6b5b557f/bevy_ecs-0.15.1/src/system/function_system.rs:1026:68
[INFO] [stdout]      |
[INFO] [stdout] 1025 |                 fn call_inner<In: SystemInput, Out, $($param,)*>(
[INFO] [stdout]      |                    ---------- required by a bound in this function
[INFO] [stdout] 1026 |                     mut f: impl FnMut(In::Param<'_>, $($param,)*)->Out,
[INFO] [stdout]      |                                                                    ^^^ required by this bound in `call_inner`
[INFO] [stdout] ...
[INFO] [stdout] 1041 | all_tuples!(impl_system_function, 0, 16, F);
[INFO] [stdout]      | ------------------------------------------- in this macro invocation
[INFO] [stdout]      = note: the full name for the type has been written to '/opt/rustwide/target/debug/build/bevy_ecs/4efdca2c0920d195/out/bevy_ecs-4efdca2c0920d195.long-type-9708788130915356650.txt'
[INFO] [stdout]      = note: consider using `--verbose` to print the full type name to the console
[INFO] [stdout]      = note: this error originates in the macro `impl_system_function` which comes from the expansion of the macro `all_tuples` (in Nightly builds, run with -Z macro-backtrace for more info)
[INFO] [stdout] 
[INFO] [stdout] 
[INFO] [stdout] error[E0283]: type annotations needed
[INFO] [stdout]     --> /opt/rustwide/cargo-home/registry/src/index.crates.io-1949cf8c6b5b557f/bevy_ecs-0.15.1/src/system/function_system.rs:1033:17
[INFO] [stdout]      |
[INFO] [stdout] 1033 |                 call_inner(self, input, $($param),*)
[INFO] [stdout]      |                 ^^^^^^^^^^^^^^^^^^^^^^^^^^^^^^^^^^^^ cannot infer type
[INFO] [stdout] ...
[INFO] [stdout] 1041 | all_tuples!(impl_system_function, 0, 16, F);
[INFO] [stdout]      | ------------------------------------------- in this macro invocation
[INFO] [stdout]      |
[INFO] [stdout]      = note: the type must implement `input::SystemInput`
[INFO] [stdout]      = help: the following types implement trait `input::SystemInput`:
[INFO] [stdout]                ()
[INFO] [stdout]                StaticSystemInput<'a, I>
[INFO] [stdout]                input::In<T>
[INFO] [stdout]                input::InMut<'_, T>
[INFO] [stdout]                input::InRef<'_, T>
[INFO] [stdout]                observer::Trigger<'_, E, B>
[INFO] [stdout]      = note: cannot satisfy `for<'a> <In as input::SystemInput>::Param<'a> == _`
[INFO] [stdout]      = note: cannot satisfy `&mut Func: FnOnce(<In as SystemInput>::Param<'a>, _, _)`
[INFO] [stdout]      = note: cannot satisfy `<In as input::SystemInput>::Inner<'_> == <In as input::SystemInput>::Inner<'_>`
[INFO] [stdout] note: required by a bound in `<Func as function_system::SystemParamFunction<(HasSystemInput, fn(In, F0, F1) -> Out)>>::run::call_inner`
[INFO] [stdout]     --> /opt/rustwide/cargo-home/registry/src/index.crates.io-1949cf8c6b5b557f/bevy_ecs-0.15.1/src/system/function_system.rs:1025:35
[INFO] [stdout]      |
[INFO] [stdout] 1025 |                 fn call_inner<In: SystemInput, Out, $($param,)*>(
[INFO] [stdout]      |                                   ^^^^^^^^^^^ required by this bound in `call_inner`
[INFO] [stdout] ...
[INFO] [stdout] 1041 | all_tuples!(impl_system_function, 0, 16, F);
[INFO] [stdout]      | ------------------------------------------- in this macro invocation
[INFO] [stdout] note: required by a bound in `<Func as function_system::SystemParamFunction<(HasSystemInput, fn(In, F0, F1) -> Out)>>::run::call_inner`
[INFO] [stdout]     --> /opt/rustwide/cargo-home/registry/src/index.crates.io-1949cf8c6b5b557f/bevy_ecs-0.15.1/src/system/function_system.rs:1026:68
[INFO] [stdout]      |
[INFO] [stdout] 1025 |                 fn call_inner<In: SystemInput, Out, $($param,)*>(
[INFO] [stdout]      |                    ---------- required by a bound in this function
[INFO] [stdout] 1026 |                     mut f: impl FnMut(In::Param<'_>, $($param,)*)->Out,
[INFO] [stdout]      |                                                                    ^^^ required by this bound in `call_inner`
[INFO] [stdout] ...
[INFO] [stdout] 1041 | all_tuples!(impl_system_function, 0, 16, F);
[INFO] [stdout]      | ------------------------------------------- in this macro invocation
[INFO] [stdout]      = note: the full name for the type has been written to '/opt/rustwide/target/debug/build/bevy_ecs/4efdca2c0920d195/out/bevy_ecs-4efdca2c0920d195.long-type-201430566885127339.txt'
[INFO] [stdout]      = note: consider using `--verbose` to print the full type name to the console
[INFO] [stdout]      = note: this error originates in the macro `impl_system_function` which comes from the expansion of the macro `all_tuples` (in Nightly builds, run with -Z macro-backtrace for more info)
[INFO] [stdout] 
[INFO] [stdout] 
[INFO] [stdout] error[E0283]: type annotations needed
[INFO] [stdout]     --> /opt/rustwide/cargo-home/registry/src/index.crates.io-1949cf8c6b5b557f/bevy_ecs-0.15.1/src/system/function_system.rs:1033:17
[INFO] [stdout]      |
[INFO] [stdout] 1033 |                 call_inner(self, input, $($param),*)
[INFO] [stdout]      |                 ^^^^^^^^^^^^^^^^^^^^^^^^^^^^^^^^^^^^ cannot infer type
[INFO] [stdout] ...
[INFO] [stdout] 1041 | all_tuples!(impl_system_function, 0, 16, F);
[INFO] [stdout]      | ------------------------------------------- in this macro invocation
[INFO] [stdout]      |
[INFO] [stdout]      = note: the type must implement `input::SystemInput`
[INFO] [stdout]      = help: the following types implement trait `input::SystemInput`:
[INFO] [stdout]                ()
[INFO] [stdout]                StaticSystemInput<'a, I>
[INFO] [stdout]                input::In<T>
[INFO] [stdout]                input::InMut<'_, T>
[INFO] [stdout]                input::InRef<'_, T>
[INFO] [stdout]                observer::Trigger<'_, E, B>
[INFO] [stdout]      = note: cannot satisfy `for<'a> <In as input::SystemInput>::Param<'a> == _`
[INFO] [stdout]      = note: cannot satisfy `&mut Func: FnOnce(<In as SystemInput>::Param<'a>, _, _, _)`
[INFO] [stdout]      = note: cannot satisfy `<In as input::SystemInput>::Inner<'_> == <In as input::SystemInput>::Inner<'_>`
[INFO] [stdout] note: required by a bound in `<Func as function_system::SystemParamFunction<(HasSystemInput, fn(In, F0, F1, F2) -> Out)>>::run::call_inner`
[INFO] [stdout]     --> /opt/rustwide/cargo-home/registry/src/index.crates.io-1949cf8c6b5b557f/bevy_ecs-0.15.1/src/system/function_system.rs:1025:35
[INFO] [stdout]      |
[INFO] [stdout] 1025 |                 fn call_inner<In: SystemInput, Out, $($param,)*>(
[INFO] [stdout]      |                                   ^^^^^^^^^^^ required by this bound in `call_inner`
[INFO] [stdout] ...
[INFO] [stdout] 1041 | all_tuples!(impl_system_function, 0, 16, F);
[INFO] [stdout]      | ------------------------------------------- in this macro invocation
[INFO] [stdout] note: required by a bound in `<Func as function_system::SystemParamFunction<(HasSystemInput, fn(In, F0, F1, F2) -> Out)>>::run::call_inner`
[INFO] [stdout]     --> /opt/rustwide/cargo-home/registry/src/index.crates.io-1949cf8c6b5b557f/bevy_ecs-0.15.1/src/system/function_system.rs:1026:68
[INFO] [stdout]      |
[INFO] [stdout] 1025 |                 fn call_inner<In: SystemInput, Out, $($param,)*>(
[INFO] [stdout]      |                    ---------- required by a bound in this function
[INFO] [stdout] 1026 |                     mut f: impl FnMut(In::Param<'_>, $($param,)*)->Out,
[INFO] [stdout]      |                                                                    ^^^ required by this bound in `call_inner`
[INFO] [stdout] ...
[INFO] [stdout] 1041 | all_tuples!(impl_system_function, 0, 16, F);
[INFO] [stdout]      | ------------------------------------------- in this macro invocation
[INFO] [stdout]      = note: the full name for the type has been written to '/opt/rustwide/target/debug/build/bevy_ecs/4efdca2c0920d195/out/bevy_ecs-4efdca2c0920d195.long-type-14920333226661511831.txt'
[INFO] [stdout]      = note: consider using `--verbose` to print the full type name to the console
[INFO] [stdout]      = note: this error originates in the macro `impl_system_function` which comes from the expansion of the macro `all_tuples` (in Nightly builds, run with -Z macro-backtrace for more info)
[INFO] [stdout] 
[INFO] [stdout] 
[INFO] [stdout] error[E0283]: type annotations needed
[INFO] [stdout]     --> /opt/rustwide/cargo-home/registry/src/index.crates.io-1949cf8c6b5b557f/bevy_ecs-0.15.1/src/system/function_system.rs:1033:17
[INFO] [stdout]      |
[INFO] [stdout] 1033 |                 call_inner(self, input, $($param),*)
[INFO] [stdout]      |                 ^^^^^^^^^^^^^^^^^^^^^^^^^^^^^^^^^^^^ cannot infer type
[INFO] [stdout] ...
[INFO] [stdout] 1041 | all_tuples!(impl_system_function, 0, 16, F);
[INFO] [stdout]      | ------------------------------------------- in this macro invocation
[INFO] [stdout]      |
[INFO] [stdout]      = note: the type must implement `input::SystemInput`
[INFO] [stdout]      = help: the following types implement trait `input::SystemInput`:
[INFO] [stdout]                ()
[INFO] [stdout]                StaticSystemInput<'a, I>
[INFO] [stdout]                input::In<T>
[INFO] [stdout]                input::InMut<'_, T>
[INFO] [stdout]                input::InRef<'_, T>
[INFO] [stdout]                observer::Trigger<'_, E, B>
[INFO] [stdout]      = note: cannot satisfy `for<'a> <In as input::SystemInput>::Param<'a> == _`
[INFO] [stdout]      = note: cannot satisfy `&mut Func: FnOnce(<In as SystemInput>::Param<'a>, _, _, _, _)`
[INFO] [stdout]      = note: cannot satisfy `<In as input::SystemInput>::Inner<'_> == <In as input::SystemInput>::Inner<'_>`
[INFO] [stdout] note: required by a bound in `<Func as function_system::SystemParamFunction<(HasSystemInput, fn(In, F0, F1, F2, F3) -> Out)>>::run::call_inner`
[INFO] [stdout]     --> /opt/rustwide/cargo-home/registry/src/index.crates.io-1949cf8c6b5b557f/bevy_ecs-0.15.1/src/system/function_system.rs:1025:35
[INFO] [stdout]      |
[INFO] [stdout] 1025 |                 fn call_inner<In: SystemInput, Out, $($param,)*>(
[INFO] [stdout]      |                                   ^^^^^^^^^^^ required by this bound in `call_inner`
[INFO] [stdout] ...
[INFO] [stdout] 1041 | all_tuples!(impl_system_function, 0, 16, F);
[INFO] [stdout]      | ------------------------------------------- in this macro invocation
[INFO] [stdout] note: required by a bound in `<Func as function_system::SystemParamFunction<(HasSystemInput, fn(In, F0, F1, F2, F3) -> Out)>>::run::call_inner`
[INFO] [stdout]     --> /opt/rustwide/cargo-home/registry/src/index.crates.io-1949cf8c6b5b557f/bevy_ecs-0.15.1/src/system/function_system.rs:1026:68
[INFO] [stdout]      |
[INFO] [stdout] 1025 |                 fn call_inner<In: SystemInput, Out, $($param,)*>(
[INFO] [stdout]      |                    ---------- required by a bound in this function
[INFO] [stdout] 1026 |                     mut f: impl FnMut(In::Param<'_>, $($param,)*)->Out,
[INFO] [stdout]      |                                                                    ^^^ required by this bound in `call_inner`
[INFO] [stdout] ...
[INFO] [stdout] 1041 | all_tuples!(impl_system_function, 0, 16, F);
[INFO] [stdout]      | ------------------------------------------- in this macro invocation
[INFO] [stdout]      = note: the full name for the type has been written to '/opt/rustwide/target/debug/build/bevy_ecs/4efdca2c0920d195/out/bevy_ecs-4efdca2c0920d195.long-type-17530424149651109782.txt'
[INFO] [stdout]      = note: consider using `--verbose` to print the full type name to the console
[INFO] [stdout]      = note: this error originates in the macro `impl_system_function` which comes from the expansion of the macro `all_tuples` (in Nightly builds, run with -Z macro-backtrace for more info)
[INFO] [stdout] 
[INFO] [stdout] 
[INFO] [stdout] error[E0283]: type annotations needed
[INFO] [stdout]     --> /opt/rustwide/cargo-home/registry/src/index.crates.io-1949cf8c6b5b557f/bevy_ecs-0.15.1/src/system/function_system.rs:1033:17
[INFO] [stdout]      |
[INFO] [stdout] 1033 |                 call_inner(self, input, $($param),*)
[INFO] [stdout]      |                 ^^^^^^^^^^^^^^^^^^^^^^^^^^^^^^^^^^^^ cannot infer type
[INFO] [stdout] ...
[INFO] [stdout] 1041 | all_tuples!(impl_system_function, 0, 16, F);
[INFO] [stdout]      | ------------------------------------------- in this macro invocation
[INFO] [stdout]      |
[INFO] [stdout]      = note: the type must implement `input::SystemInput`
[INFO] [stdout]      = help: the following types implement trait `input::SystemInput`:
[INFO] [stdout]                ()
[INFO] [stdout]                StaticSystemInput<'a, I>
[INFO] [stdout]                input::In<T>
[INFO] [stdout]                input::InMut<'_, T>
[INFO] [stdout]                input::InRef<'_, T>
[INFO] [stdout]                observer::Trigger<'_, E, B>
[INFO] [stdout]      = note: cannot satisfy `for<'a> <In as input::SystemInput>::Param<'a> == _`
[INFO] [stdout]      = note: cannot satisfy `&mut Func: FnOnce(<In as SystemInput>::Param<'a>, _, _, _, _, _)`
[INFO] [stdout]      = note: cannot satisfy `<In as input::SystemInput>::Inner<'_> == <In as input::SystemInput>::Inner<'_>`
[INFO] [stdout] note: required by a bound in `<Func as function_system::SystemParamFunction<(HasSystemInput, fn(In, F0, F1, F2, F3, F4) -> Out)>>::run::call_inner`
[INFO] [stdout]     --> /opt/rustwide/cargo-home/registry/src/index.crates.io-1949cf8c6b5b557f/bevy_ecs-0.15.1/src/system/function_system.rs:1025:35
[INFO] [stdout]      |
[INFO] [stdout] 1025 |                 fn call_inner<In: SystemInput, Out, $($param,)*>(
[INFO] [stdout]      |                                   ^^^^^^^^^^^ required by this bound in `call_inner`
[INFO] [stdout] ...
[INFO] [stdout] 1041 | all_tuples!(impl_system_function, 0, 16, F);
[INFO] [stdout]      | ------------------------------------------- in this macro invocation
[INFO] [stdout] note: required by a bound in `<Func as function_system::SystemParamFunction<(HasSystemInput, fn(In, F0, F1, F2, F3, F4) -> Out)>>::run::call_inner`
[INFO] [stdout]     --> /opt/rustwide/cargo-home/registry/src/index.crates.io-1949cf8c6b5b557f/bevy_ecs-0.15.1/src/system/function_system.rs:1026:68
[INFO] [stdout]      |
[INFO] [stdout] 1025 |                 fn call_inner<In: SystemInput, Out, $($param,)*>(
[INFO] [stdout]      |                    ---------- required by a bound in this function
[INFO] [stdout] 1026 |                     mut f: impl FnMut(In::Param<'_>, $($param,)*)->Out,
[INFO] [stdout]      |                                                                    ^^^ required by this bound in `call_inner`
[INFO] [stdout] ...
[INFO] [stdout] 1041 | all_tuples!(impl_system_function, 0, 16, F);
[INFO] [stdout]      | ------------------------------------------- in this macro invocation
[INFO] [stdout]      = note: the full name for the type has been written to '/opt/rustwide/target/debug/build/bevy_ecs/4efdca2c0920d195/out/bevy_ecs-4efdca2c0920d195.long-type-15022219089191069874.txt'
[INFO] [stdout]      = note: consider using `--verbose` to print the full type name to the console
[INFO] [stdout]      = note: this error originates in the macro `impl_system_function` which comes from the expansion of the macro `all_tuples` (in Nightly builds, run with -Z macro-backtrace for more info)
[INFO] [stdout] 
[INFO] [stdout] 
[INFO] [stdout] error[E0283]: type annotations needed
[INFO] [stdout]     --> /opt/rustwide/cargo-home/registry/src/index.crates.io-1949cf8c6b5b557f/bevy_ecs-0.15.1/src/system/function_system.rs:1033:17
[INFO] [stdout]      |
[INFO] [stdout] 1033 |                 call_inner(self, input, $($param),*)
[INFO] [stdout]      |                 ^^^^^^^^^^^^^^^^^^^^^^^^^^^^^^^^^^^^ cannot infer type
[INFO] [stdout] ...
[INFO] [stdout] 1041 | all_tuples!(impl_system_function, 0, 16, F);
[INFO] [stdout]      | ------------------------------------------- in this macro invocation
[INFO] [stdout]      |
[INFO] [stdout]      = note: the type must implement `input::SystemInput`
[INFO] [stdout]      = help: the following types implement trait `input::SystemInput`:
[INFO] [stdout]                ()
[INFO] [stdout]                StaticSystemInput<'a, I>
[INFO] [stdout]                input::In<T>
[INFO] [stdout]                input::InMut<'_, T>
[INFO] [stdout]                input::InRef<'_, T>
[INFO] [stdout]                observer::Trigger<'_, E, B>
[INFO] [stdout]      = note: cannot satisfy `for<'a> <In as input::SystemInput>::Param<'a> == _`
[INFO] [stdout]      = note: cannot satisfy `&mut Func: FnOnce(<In as SystemInput>::Param<'a>, _, _, _, _, _, _)`
[INFO] [stdout]      = note: cannot satisfy `<In as input::SystemInput>::Inner<'_> == <In as input::SystemInput>::Inner<'_>`
[INFO] [stdout] note: required by a bound in `<Func as function_system::SystemParamFunction<(HasSystemInput, fn(In, F0, F1, F2, F3, F4, F5) -> Out)>>::run::call_inner`
[INFO] [stdout]     --> /opt/rustwide/cargo-home/registry/src/index.crates.io-1949cf8c6b5b557f/bevy_ecs-0.15.1/src/system/function_system.rs:1025:35
[INFO] [stdout]      |
[INFO] [stdout] 1025 |                 fn call_inner<In: SystemInput, Out, $($param,)*>(
[INFO] [stdout]      |                                   ^^^^^^^^^^^ required by this bound in `call_inner`
[INFO] [stdout] ...
[INFO] [stdout] 1041 | all_tuples!(impl_system_function, 0, 16, F);
[INFO] [stdout]      | ------------------------------------------- in this macro invocation
[INFO] [stdout] note: required by a bound in `<Func as function_system::SystemParamFunction<(HasSystemInput, fn(In, F0, F1, F2, F3, F4, F5) -> Out)>>::run::call_inner`
[INFO] [stdout]     --> /opt/rustwide/cargo-home/registry/src/index.crates.io-1949cf8c6b5b557f/bevy_ecs-0.15.1/src/system/function_system.rs:1026:68
[INFO] [stdout]      |
[INFO] [stdout] 1025 |                 fn call_inner<In: SystemInput, Out, $($param,)*>(
[INFO] [stdout]      |                    ---------- required by a bound in this function
[INFO] [stdout] 1026 |                     mut f: impl FnMut(In::Param<'_>, $($param,)*)->Out,
[INFO] [stdout]      |                                                                    ^^^ required by this bound in `call_inner`
[INFO] [stdout] ...
[INFO] [stdout] 1041 | all_tuples!(impl_system_function, 0, 16, F);
[INFO] [stdout]      | ------------------------------------------- in this macro invocation
[INFO] [stdout]      = note: the full name for the type has been written to '/opt/rustwide/target/debug/build/bevy_ecs/4efdca2c0920d195/out/bevy_ecs-4efdca2c0920d195.long-type-7767876081261702642.txt'
[INFO] [stdout]      = note: consider using `--verbose` to print the full type name to the console
[INFO] [stdout]      = note: this error originates in the macro `impl_system_function` which comes from the expansion of the macro `all_tuples` (in Nightly builds, run with -Z macro-backtrace for more info)
[INFO] [stdout] 
[INFO] [stdout] 
[INFO] [stdout] error[E0283]: type annotations needed
[INFO] [stdout]     --> /opt/rustwide/cargo-home/registry/src/index.crates.io-1949cf8c6b5b557f/bevy_ecs-0.15.1/src/system/function_system.rs:1033:17
[INFO] [stdout]      |
[INFO] [stdout] 1033 |                 call_inner(self, input, $($param),*)
[INFO] [stdout]      |                 ^^^^^^^^^^^^^^^^^^^^^^^^^^^^^^^^^^^^ cannot infer type
[INFO] [stdout] ...
[INFO] [stdout] 1041 | all_tuples!(impl_system_function, 0, 16, F);
[INFO] [stdout]      | ------------------------------------------- in this macro invocation
[INFO] [stdout]      |
[INFO] [stdout]      = note: the type must implement `input::SystemInput`
[INFO] [stdout]      = help: the following types implement trait `input::SystemInput`:
[INFO] [stdout]                ()
[INFO] [stdout]                StaticSystemInput<'a, I>
[INFO] [stdout]                input::In<T>
[INFO] [stdout]                input::InMut<'_, T>
[INFO] [stdout]                input::InRef<'_, T>
[INFO] [stdout]                observer::Trigger<'_, E, B>
[INFO] [stdout]      = note: cannot satisfy `for<'a> <In as input::SystemInput>::Param<'a> == _`
[INFO] [stdout]      = note: cannot satisfy `&mut Func: FnOnce(<In as SystemInput>::Param<'a>, _, _, _, _, _, _, _)`
[INFO] [stdout]      = note: cannot satisfy `<In as input::SystemInput>::Inner<'_> == <In as input::SystemInput>::Inner<'_>`
[INFO] [stdout] note: required by a bound in `<Func as function_system::SystemParamFunction<(HasSystemInput, fn(In, F0, F1, F2, F3, F4, F5, F6) -> Out)>>::run::call_inner`
[INFO] [stdout]     --> /opt/rustwide/cargo-home/registry/src/index.crates.io-1949cf8c6b5b557f/bevy_ecs-0.15.1/src/system/function_system.rs:1025:35
[INFO] [stdout]      |
[INFO] [stdout] 1025 |                 fn call_inner<In: SystemInput, Out, $($param,)*>(
[INFO] [stdout]      |                                   ^^^^^^^^^^^ required by this bound in `call_inner`
[INFO] [stdout] ...
[INFO] [stdout] 1041 | all_tuples!(impl_system_function, 0, 16, F);
[INFO] [stdout]      | ------------------------------------------- in this macro invocation
[INFO] [stdout] note: required by a bound in `<Func as function_system::SystemParamFunction<(HasSystemInput, fn(In, F0, F1, F2, F3, F4, F5, F6) -> Out)>>::run::call_inner`
[INFO] [stdout]     --> /opt/rustwide/cargo-home/registry/src/index.crates.io-1949cf8c6b5b557f/bevy_ecs-0.15.1/src/system/function_system.rs:1026:68
[INFO] [stdout]      |
[INFO] [stdout] 1025 |                 fn call_inner<In: SystemInput, Out, $($param,)*>(
[INFO] [stdout]      |                    ---------- required by a bound in this function
[INFO] [stdout] 1026 |                     mut f: impl FnMut(In::Param<'_>, $($param,)*)->Out,
[INFO] [stdout]      |                                                                    ^^^ required by this bound in `call_inner`
[INFO] [stdout] ...
[INFO] [stdout] 1041 | all_tuples!(impl_system_function, 0, 16, F);
[INFO] [stdout]      | ------------------------------------------- in this macro invocation
[INFO] [stdout]      = note: the full name for the type has been written to '/opt/rustwide/target/debug/build/bevy_ecs/4efdca2c0920d195/out/bevy_ecs-4efdca2c0920d195.long-type-9919495022669002019.txt'
[INFO] [stdout]      = note: consider using `--verbose` to print the full type name to the console
[INFO] [stdout]      = note: this error originates in the macro `impl_system_function` which comes from the expansion of the macro `all_tuples` (in Nightly builds, run with -Z macro-backtrace for more info)
[INFO] [stdout] 
[INFO] [stdout] 
[INFO] [stdout] error[E0283]: type annotations needed
[INFO] [stdout]     --> /opt/rustwide/cargo-home/registry/src/index.crates.io-1949cf8c6b5b557f/bevy_ecs-0.15.1/src/system/function_system.rs:1033:17
[INFO] [stdout]      |
[INFO] [stdout] 1033 |                 call_inner(self, input, $($param),*)
[INFO] [stdout]      |                 ^^^^^^^^^^^^^^^^^^^^^^^^^^^^^^^^^^^^ cannot infer type
[INFO] [stdout] ...
[INFO] [stdout] 1041 | all_tuples!(impl_system_function, 0, 16, F);
[INFO] [stdout]      | ------------------------------------------- in this macro invocation
[INFO] [stdout]      |
[INFO] [stdout]      = note: the type must implement `input::SystemInput`
[INFO] [stdout]      = help: the following types implement trait `input::SystemInput`:
[INFO] [stdout]                ()
[INFO] [stdout]                StaticSystemInput<'a, I>
[INFO] [stdout]                input::In<T>
[INFO] [stdout]                input::InMut<'_, T>
[INFO] [stdout]                input::InRef<'_, T>
[INFO] [stdout]                observer::Trigger<'_, E, B>
[INFO] [stdout]      = note: cannot satisfy `for<'a> <In as input::SystemInput>::Param<'a> == _`
[INFO] [stdout]      = note: cannot satisfy `&mut Func: FnOnce(_, _, _, _, _, _, _, _, _)`
[INFO] [stdout]      = note: cannot satisfy `<In as input::SystemInput>::Inner<'_> == <In as input::SystemInput>::Inner<'_>`
[INFO] [stdout] note: required by a bound in `<Func as function_system::SystemParamFunction<(HasSystemInput, fn(In, F0, F1, F2, F3, F4, F5, F6, F7) -> Out)>>::run::call_inner`
[INFO] [stdout]     --> /opt/rustwide/cargo-home/registry/src/index.crates.io-1949cf8c6b5b557f/bevy_ecs-0.15.1/src/system/function_system.rs:1025:35
[INFO] [stdout]      |
[INFO] [stdout] 1025 |                 fn call_inner<In: SystemInput, Out, $($param,)*>(
[INFO] [stdout]      |                                   ^^^^^^^^^^^ required by this bound in `call_inner`
[INFO] [stdout] ...
[INFO] [stdout] 1041 | all_tuples!(impl_system_function, 0, 16, F);
[INFO] [stdout]      | ------------------------------------------- in this macro invocation
[INFO] [stdout] note: required by a bound in `<Func as function_system::SystemParamFunction<(HasSystemInput, fn(In, F0, F1, F2, F3, F4, F5, F6, F7) -> Out)>>::run::call_inner`
[INFO] [stdout]     --> /opt/rustwide/cargo-home/registry/src/index.crates.io-1949cf8c6b5b557f/bevy_ecs-0.15.1/src/system/function_system.rs:1026:68
[INFO] [stdout]      |
[INFO] [stdout] 1025 |                 fn call_inner<In: SystemInput, Out, $($param,)*>(
[INFO] [stdout]      |                    ---------- required by a bound in this function
[INFO] [stdout] 1026 |                     mut f: impl FnMut(In::Param<'_>, $($param,)*)->Out,
[INFO] [stdout]      |                                                                    ^^^ required by this bound in `call_inner`
[INFO] [stdout] ...
[INFO] [stdout] 1041 | all_tuples!(impl_system_function, 0, 16, F);
[INFO] [stdout]      | ------------------------------------------- in this macro invocation
[INFO] [stdout]      = note: the full name for the type has been written to '/opt/rustwide/target/debug/build/bevy_ecs/4efdca2c0920d195/out/bevy_ecs-4efdca2c0920d195.long-type-10108546134182592407.txt'
[INFO] [stdout]      = note: consider using `--verbose` to print the full type name to the console
[INFO] [stdout]      = note: this error originates in the macro `impl_system_function` which comes from the expansion of the macro `all_tuples` (in Nightly builds, run with -Z macro-backtrace for more info)
[INFO] [stdout] 
[INFO] [stdout] 
[INFO] [stdout] error[E0283]: type annotations needed
[INFO] [stdout]     --> /opt/rustwide/cargo-home/registry/src/index.crates.io-1949cf8c6b5b557f/bevy_ecs-0.15.1/src/system/function_system.rs:1033:17
[INFO] [stdout]      |
[INFO] [stdout] 1033 |                 call_inner(self, input, $($param),*)
[INFO] [stdout]      |                 ^^^^^^^^^^^^^^^^^^^^^^^^^^^^^^^^^^^^ cannot infer type
[INFO] [stdout] ...
[INFO] [stdout] 1041 | all_tuples!(impl_system_function, 0, 16, F);
[INFO] [stdout]      | ------------------------------------------- in this macro invocation
[INFO] [stdout]      |
[INFO] [stdout]      = note: the type must implement `input::SystemInput`
[INFO] [stdout]      = help: the following types implement trait `input::SystemInput`:
[INFO] [stdout]                ()
[INFO] [stdout]                StaticSystemInput<'a, I>
[INFO] [stdout]                input::In<T>
[INFO] [stdout]                input::InMut<'_, T>
[INFO] [stdout]                input::InRef<'_, T>
[INFO] [stdout]                observer::Trigger<'_, E, B>
[INFO] [stdout]      = note: cannot satisfy `for<'a> <In as input::SystemInput>::Param<'a> == _`
[INFO] [stdout]      = note: cannot satisfy `&mut Func: FnOnce(_, _, _, _, _, _, _, _, _, _)`
[INFO] [stdout]      = note: cannot satisfy `<In as input::SystemInput>::Inner<'_> == <In as input::SystemInput>::Inner<'_>`
[INFO] [stdout] note: required by a bound in `<Func as function_system::SystemParamFunction<(HasSystemInput, fn(In, F0, F1, F2, F3, F4, F5, F6, F7, F8) -> Out)>>::run::call_inner`
[INFO] [stdout]     --> /opt/rustwide/cargo-home/registry/src/index.crates.io-1949cf8c6b5b557f/bevy_ecs-0.15.1/src/system/function_system.rs:1025:35
[INFO] [stdout]      |
[INFO] [stdout] 1025 |                 fn call_inner<In: SystemInput, Out, $($param,)*>(
[INFO] [stdout]      |                                   ^^^^^^^^^^^ required by this bound in `call_inner`
[INFO] [stdout] ...
[INFO] [stdout] 1041 | all_tuples!(impl_system_function, 0, 16, F);
[INFO] [stdout]      | ------------------------------------------- in this macro invocation
[INFO] [stdout] note: required by a bound in `<Func as function_system::SystemParamFunction<(HasSystemInput, fn(In, F0, F1, F2, F3, F4, F5, F6, F7, F8) -> Out)>>::run::call_inner`
[INFO] [stdout]     --> /opt/rustwide/cargo-home/registry/src/index.crates.io-1949cf8c6b5b557f/bevy_ecs-0.15.1/src/system/function_system.rs:1026:68
[INFO] [stdout]      |
[INFO] [stdout] 1025 |                 fn call_inner<In: SystemInput, Out, $($param,)*>(
[INFO] [stdout]      |                    ---------- required by a bound in this function
[INFO] [stdout] 1026 |                     mut f: impl FnMut(In::Param<'_>, $($param,)*)->Out,
[INFO] [stdout]      |                                                                    ^^^ required by this bound in `call_inner`
[INFO] [stdout] ...
[INFO] [stdout] 1041 | all_tuples!(impl_system_function, 0, 16, F);
[INFO] [stdout]      | ------------------------------------------- in this macro invocation
[INFO] [stdout]      = note: the full name for the type has been written to '/opt/rustwide/target/debug/build/bevy_ecs/4efdca2c0920d195/out/bevy_ecs-4efdca2c0920d195.long-type-5843257506973644738.txt'
[INFO] [stdout]      = note: consider using `--verbose` to print the full type name to the console
[INFO] [stdout]      = note: this error originates in the macro `impl_system_function` which comes from the expansion of the macro `all_tuples` (in Nightly builds, run with -Z macro-backtrace for more info)
[INFO] [stdout] 
[INFO] [stdout] 
[INFO] [stdout] error[E0283]: type annotations needed
[INFO] [stdout]     --> /opt/rustwide/cargo-home/registry/src/index.crates.io-1949cf8c6b5b557f/bevy_ecs-0.15.1/src/system/function_system.rs:1033:17
[INFO] [stdout]      |
[INFO] [stdout] 1033 |                 call_inner(self, input, $($param),*)
[INFO] [stdout]      |                 ^^^^^^^^^^^^^^^^^^^^^^^^^^^^^^^^^^^^ cannot infer type
[INFO] [stdout] ...
[INFO] [stdout] 1041 | all_tuples!(impl_system_function, 0, 16, F);
[INFO] [stdout]      | ------------------------------------------- in this macro invocation
[INFO] [stdout]      |
[INFO] [stdout]      = note: the type must implement `input::SystemInput`
[INFO] [stdout]      = help: the following types implement trait `input::SystemInput`:
[INFO] [stdout]                ()
[INFO] [stdout]                StaticSystemInput<'a, I>
[INFO] [stdout]                input::In<T>
[INFO] [stdout]                input::InMut<'_, T>
[INFO] [stdout]                input::InRef<'_, T>
[INFO] [stdout]                observer::Trigger<'_, E, B>
[INFO] [stdout]      = note: cannot satisfy `for<'a> <In as input::SystemInput>::Param<'a> == _`
[INFO] [stdout]      = note: cannot satisfy `&mut Func: FnOnce(_, _, _, _, _, _, _, _, _, _, _)`
[INFO] [stdout]      = note: cannot satisfy `<In as input::SystemInput>::Inner<'_> == <In as input::SystemInput>::Inner<'_>`
[INFO] [stdout] note: required by a bound in `<Func as function_system::SystemParamFunction<(HasSystemInput, fn(In, F0, F1, F2, F3, F4, F5, F6, F7, F8, F9) -> Out)>>::run::call_inner`
[INFO] [stdout]     --> /opt/rustwide/cargo-home/registry/src/index.crates.io-1949cf8c6b5b557f/bevy_ecs-0.15.1/src/system/function_system.rs:1025:35
[INFO] [stdout]      |
[INFO] [stdout] 1025 |                 fn call_inner<In: SystemInput, Out, $($param,)*>(
[INFO] [stdout]      |                                   ^^^^^^^^^^^ required by this bound in `call_inner`
[INFO] [stdout] ...
[INFO] [stdout] 1041 | all_tuples!(impl_system_function, 0, 16, F);
[INFO] [stdout]      | ------------------------------------------- in this macro invocation
[INFO] [stdout] note: required by a bound in `<Func as function_system::SystemParamFunction<(HasSystemInput, fn(In, F0, F1, F2, F3, F4, F5, F6, F7, F8, F9) -> Out)>>::run::call_inner`
[INFO] [stdout]     --> /opt/rustwide/cargo-home/registry/src/index.crates.io-1949cf8c6b5b557f/bevy_ecs-0.15.1/src/system/function_system.rs:1026:68
[INFO] [stdout]      |
[INFO] [stdout] 1025 |                 fn call_inner<In: SystemInput, Out, $($param,)*>(
[INFO] [stdout]      |                    ---------- required by a bound in this function
[INFO] [stdout] 1026 |                     mut f: impl FnMut(In::Param<'_>, $($param,)*)->Out,
[INFO] [stdout]      |                                                                    ^^^ required by this bound in `call_inner`
[INFO] [stdout] ...
[INFO] [stdout] 1041 | all_tuples!(impl_system_function, 0, 16, F);
[INFO] [stdout]      | ------------------------------------------- in this macro invocation
[INFO] [stdout]      = note: the full name for the type has been written to '/opt/rustwide/target/debug/build/bevy_ecs/4efdca2c0920d195/out/bevy_ecs-4efdca2c0920d195.long-type-8618911694647189955.txt'
[INFO] [stdout]      = note: consider using `--verbose` to print the full type name to the console
[INFO] [stdout]      = note: this error originates in the macro `impl_system_function` which comes from the expansion of the macro `all_tuples` (in Nightly builds, run with -Z macro-backtrace for more info)
[INFO] [stdout] 
[INFO] [stdout] 
[INFO] [stdout] error[E0283]: type annotations needed
[INFO] [stdout]     --> /opt/rustwide/cargo-home/registry/src/index.crates.io-1949cf8c6b5b557f/bevy_ecs-0.15.1/src/system/function_system.rs:1033:17
[INFO] [stdout]      |
[INFO] [stdout] 1033 |                 call_inner(self, input, $($param),*)
[INFO] [stdout]      |                 ^^^^^^^^^^^^^^^^^^^^^^^^^^^^^^^^^^^^ cannot infer type
[INFO] [stdout] ...
[INFO] [stdout] 1041 | all_tuples!(impl_system_function, 0, 16, F);
[INFO] [stdout]      | ------------------------------------------- in this macro invocation
[INFO] [stdout]      |
[INFO] [stdout]      = note: the type must implement `input::SystemInput`
[INFO] [stdout]      = help: the following types implement trait `input::SystemInput`:
[INFO] [stdout]                ()
[INFO] [stdout]                StaticSystemInput<'a, I>
[INFO] [stdout]                input::In<T>
[INFO] [stdout]                input::InMut<'_, T>
[INFO] [stdout]                input::InRef<'_, T>
[INFO] [stdout]                observer::Trigger<'_, E, B>
[INFO] [stdout]      = note: cannot satisfy `for<'a> <In as input::SystemInput>::Param<'a> == _`
[INFO] [stdout]      = note: cannot satisfy `&mut Func: FnOnce(_, _, _, _, _, _, _, _, _, _, _, _)`
[INFO] [stdout]      = note: cannot satisfy `<In as input::SystemInput>::Inner<'_> == <In as input::SystemInput>::Inner<'_>`
[INFO] [stdout] note: required by a bound in `<Func as function_system::SystemParamFunction<(HasSystemInput, fn(In, F0, F1, F2, F3, F4, F5, F6, F7, F8, F9, F10) -> Out)>>::run::call_inner`
[INFO] [stdout]     --> /opt/rustwide/cargo-home/registry/src/index.crates.io-1949cf8c6b5b557f/bevy_ecs-0.15.1/src/system/function_system.rs:1025:35
[INFO] [stdout]      |
[INFO] [stdout] 1025 |                 fn call_inner<In: SystemInput, Out, $($param,)*>(
[INFO] [stdout]      |                                   ^^^^^^^^^^^ required by this bound in `call_inner`
[INFO] [stdout] ...
[INFO] [stdout] 1041 | all_tuples!(impl_system_function, 0, 16, F);
[INFO] [stdout]      | ------------------------------------------- in this macro invocation
[INFO] [stdout] note: required by a bound in `<Func as function_system::SystemParamFunction<(HasSystemInput, fn(In, F0, F1, F2, F3, F4, F5, F6, F7, F8, F9, F10) -> Out)>>::run::call_inner`
[INFO] [stdout]     --> /opt/rustwide/cargo-home/registry/src/index.crates.io-1949cf8c6b5b557f/bevy_ecs-0.15.1/src/system/function_system.rs:1026:68
[INFO] [stdout]      |
[INFO] [stdout] 1025 |                 fn call_inner<In: SystemInput, Out, $($param,)*>(
[INFO] [stdout]      |                    ---------- required by a bound in this function
[INFO] [stdout] 1026 |                     mut f: impl FnMut(In::Param<'_>, $($param,)*)->Out,
[INFO] [stdout]      |                                                                    ^^^ required by this bound in `call_inner`
[INFO] [stdout] ...
[INFO] [stdout] 1041 | all_tuples!(impl_system_function, 0, 16, F);
[INFO] [stdout]      | ------------------------------------------- in this macro invocation
[INFO] [stdout]      = note: the full name for the type has been written to '/opt/rustwide/target/debug/build/bevy_ecs/4efdca2c0920d195/out/bevy_ecs-4efdca2c0920d195.long-type-10285820443758624387.txt'
[INFO] [stdout]      = note: consider using `--verbose` to print the full type name to the console
[INFO] [stdout]      = note: this error originates in the macro `impl_system_function` which comes from the expansion of the macro `all_tuples` (in Nightly builds, run with -Z macro-backtrace for more info)
[INFO] [stdout] 
[INFO] [stdout] 
[INFO] [stdout] error[E0283]: type annotations needed
[INFO] [stdout]     --> /opt/rustwide/cargo-home/registry/src/index.crates.io-1949cf8c6b5b557f/bevy_ecs-0.15.1/src/system/function_system.rs:1033:17
[INFO] [stdout]      |
[INFO] [stdout] 1033 |                 call_inner(self, input, $($param),*)
[INFO] [stdout]      |                 ^^^^^^^^^^^^^^^^^^^^^^^^^^^^^^^^^^^^ cannot infer type
[INFO] [stdout] ...
[INFO] [stdout] 1041 | all_tuples!(impl_system_function, 0, 16, F);
[INFO] [stdout]      | ------------------------------------------- in this macro invocation
[INFO] [stdout]      |
[INFO] [stdout]      = note: the type must implement `input::SystemInput`
[INFO] [stdout]      = help: the following types implement trait `input::SystemInput`:
[INFO] [stdout]                ()
[INFO] [stdout]                StaticSystemInput<'a, I>
[INFO] [stdout]                input::In<T>
[INFO] [stdout]                input::InMut<'_, T>
[INFO] [stdout]                input::InRef<'_, T>
[INFO] [stdout]                observer::Trigger<'_, E, B>
[INFO] [stdout]      = note: cannot satisfy `for<'a> <In as input::SystemInput>::Param<'a> == _`
[INFO] [stdout]      = note: cannot satisfy `&mut Func: FnOnce(_, _, _, _, _, _, _, _, _, _, _, _, _)`
[INFO] [stdout]      = note: cannot satisfy `<In as input::SystemInput>::Inner<'_> == <In as input::SystemInput>::Inner<'_>`
[INFO] [stdout] note: required by a bound in `<Func as function_system::SystemParamFunction<(HasSystemInput, fn(In, F0, F1, F2, F3, F4, F5, F6, F7, F8, F9, F10, F11) -> Out)>>::run::call_inner`
[INFO] [stdout]     --> /opt/rustwide/cargo-home/registry/src/index.crates.io-1949cf8c6b5b557f/bevy_ecs-0.15.1/src/system/function_system.rs:1025:35
[INFO] [stdout]      |
[INFO] [stdout] 1025 |                 fn call_inner<In: SystemInput, Out, $($param,)*>(
[INFO] [stdout]      |                                   ^^^^^^^^^^^ required by this bound in `call_inner`
[INFO] [stdout] ...
[INFO] [stdout] 1041 | all_tuples!(impl_system_function, 0, 16, F);
[INFO] [stdout]      | ------------------------------------------- in this macro invocation
[INFO] [stdout] note: required by a bound in `<Func as function_system::SystemParamFunction<(HasSystemInput, fn(In, F0, F1, F2, F3, F4, F5, F6, F7, F8, F9, F10, F11) -> Out)>>::run::call_inner`
[INFO] [stdout]     --> /opt/rustwide/cargo-home/registry/src/index.crates.io-1949cf8c6b5b557f/bevy_ecs-0.15.1/src/system/function_system.rs:1026:68
[INFO] [stdout]      |
[INFO] [stdout] 1025 |                 fn call_inner<In: SystemInput, Out, $($param,)*>(
[INFO] [stdout]      |                    ---------- required by a bound in this function
[INFO] [stdout] 1026 |                     mut f: impl FnMut(In::Param<'_>, $($param,)*)->Out,
[INFO] [stdout]      |                                                                    ^^^ required by this bound in `call_inner`
[INFO] [stdout] ...
[INFO] [stdout] 1041 | all_tuples!(impl_system_function, 0, 16, F);
[INFO] [stdout]      | ------------------------------------------- in this macro invocation
[INFO] [stdout]      = note: the full name for the type has been written to '/opt/rustwide/target/debug/build/bevy_ecs/4efdca2c0920d195/out/bevy_ecs-4efdca2c0920d195.long-type-6939241203925396091.txt'
[INFO] [stdout]      = note: consider using `--verbose` to print the full type name to the console
[INFO] [stdout]      = note: this error originates in the macro `impl_system_function` which comes from the expansion of the macro `all_tuples` (in Nightly builds, run with -Z macro-backtrace for more info)
[INFO] [stdout] 
[INFO] [stdout] 
[INFO] [stdout] error[E0283]: type annotations needed
[INFO] [stdout]     --> /opt/rustwide/cargo-home/registry/src/index.crates.io-1949cf8c6b5b557f/bevy_ecs-0.15.1/src/system/function_system.rs:1033:17
[INFO] [stdout]      |
[INFO] [stdout] 1033 |                 call_inner(self, input, $($param),*)
[INFO] [stdout]      |                 ^^^^^^^^^^^^^^^^^^^^^^^^^^^^^^^^^^^^ cannot infer type
[INFO] [stdout] ...
[INFO] [stdout] 1041 | all_tuples!(impl_system_function, 0, 16, F);
[INFO] [stdout]      | ------------------------------------------- in this macro invocation
[INFO] [stdout]      |
[INFO] [stdout]      = note: the type must implement `input::SystemInput`
[INFO] [stdout]      = help: the following types implement trait `input::SystemInput`:
[INFO] [stdout]                ()
[INFO] [stdout]                StaticSystemInput<'a, I>
[INFO] [stdout]                input::In<T>
[INFO] [stdout]                input::InMut<'_, T>
[INFO] [stdout]                input::InRef<'_, T>
[INFO] [stdout]                observer::Trigger<'_, E, B>
[INFO] [stdout]      = note: cannot satisfy `for<'a> <In as input::SystemInput>::Param<'a> == _`
[INFO] [stdout]      = note: cannot satisfy `&mut Func: FnOnce(_, _, _, _, _, _, _, _, _, _, _, _, _, _)`
[INFO] [stdout]      = note: cannot satisfy `<In as input::SystemInput>::Inner<'_> == <In as input::SystemInput>::Inner<'_>`
[INFO] [stdout] note: required by a bound in `<Func as function_system::SystemParamFunction<(HasSystemInput, fn(In, F0, F1, F2, F3, F4, F5, F6, F7, F8, F9, F10, F11, F12) -> Out)>>::run::call_inner`
[INFO] [stdout]     --> /opt/rustwide/cargo-home/registry/src/index.crates.io-1949cf8c6b5b557f/bevy_ecs-0.15.1/src/system/function_system.rs:1025:35
[INFO] [stdout]      |
[INFO] [stdout] 1025 |                 fn call_inner<In: SystemInput, Out, $($param,)*>(
[INFO] [stdout]      |                                   ^^^^^^^^^^^ required by this bound in `call_inner`
[INFO] [stdout] ...
[INFO] [stdout] 1041 | all_tuples!(impl_system_function, 0, 16, F);
[INFO] [stdout]      | ------------------------------------------- in this macro invocation
[INFO] [stdout] note: required by a bound in `<Func as function_system::SystemParamFunction<(HasSystemInput, fn(In, F0, F1, F2, F3, F4, F5, F6, F7, F8, F9, F10, F11, F12) -> Out)>>::run::call_inner`
[INFO] [stdout]     --> /opt/rustwide/cargo-home/registry/src/index.crates.io-1949cf8c6b5b557f/bevy_ecs-0.15.1/src/system/function_system.rs:1026:68
[INFO] [stdout]      |
[INFO] [stdout] 1025 |                 fn call_inner<In: SystemInput, Out, $($param,)*>(
[INFO] [stdout]      |                    ---------- required by a bound in this function
[INFO] [stdout] 1026 |                     mut f: impl FnMut(In::Param<'_>, $($param,)*)->Out,
[INFO] [stdout]      |                                                                    ^^^ required by this bound in `call_inner`
[INFO] [stdout] ...
[INFO] [stdout] 1041 | all_tuples!(impl_system_function, 0, 16, F);
[INFO] [stdout]      | ------------------------------------------- in this macro invocation
[INFO] [stdout]      = note: the full name for the type has been written to '/opt/rustwide/target/debug/build/bevy_ecs/4efdca2c0920d195/out/bevy_ecs-4efdca2c0920d195.long-type-11618264659317317623.txt'
[INFO] [stdout]      = note: consider using `--verbose` to print the full type name to the console
[INFO] [stdout]      = note: this error originates in the macro `impl_system_function` which comes from the expansion of the macro `all_tuples` (in Nightly builds, run with -Z macro-backtrace for more info)
[INFO] [stdout] 
[INFO] [stdout] 
[INFO] [stdout] error[E0283]: type annotations needed
[INFO] [stdout]     --> /opt/rustwide/cargo-home/registry/src/index.crates.io-1949cf8c6b5b557f/bevy_ecs-0.15.1/src/system/function_system.rs:1033:17
[INFO] [stdout]      |
[INFO] [stdout] 1033 |                 call_inner(self, input, $($param),*)
[INFO] [stdout]      |                 ^^^^^^^^^^^^^^^^^^^^^^^^^^^^^^^^^^^^ cannot infer type
[INFO] [stdout] ...
[INFO] [stdout] 1041 | all_tuples!(impl_system_function, 0, 16, F);
[INFO] [stdout]      | ------------------------------------------- in this macro invocation
[INFO] [stdout]      |
[INFO] [stdout]      = note: the type must implement `input::SystemInput`
[INFO] [stdout]      = help: the following types implement trait `input::SystemInput`:
[INFO] [stdout]                ()
[INFO] [stdout]                StaticSystemInput<'a, I>
[INFO] [stdout]                input::In<T>
[INFO] [stdout]                input::InMut<'_, T>
[INFO] [stdout]                input::InRef<'_, T>
[INFO] [stdout]                observer::Trigger<'_, E, B>
[INFO] [stdout]      = note: cannot satisfy `for<'a> <In as input::SystemInput>::Param<'a> == _`
[INFO] [stdout]      = note: cannot satisfy `&mut Func: FnOnce(_, _, _, _, _, _, _, _, _, _, _, _, _, _, _)`
[INFO] [stdout]      = note: cannot satisfy `<In as input::SystemInput>::Inner<'_> == <In as input::SystemInput>::Inner<'_>`
[INFO] [stdout] note: required by a bound in `<Func as function_system::SystemParamFunction<(HasSystemInput, fn(In, F0, F1, F2, F3, F4, F5, F6, F7, F8, F9, F10, F11, F12, F13) -> Out)>>::run::call_inner`
[INFO] [stdout]     --> /opt/rustwide/cargo-home/registry/src/index.crates.io-1949cf8c6b5b557f/bevy_ecs-0.15.1/src/system/function_system.rs:1025:35
[INFO] [stdout]      |
[INFO] [stdout] 1025 |                 fn call_inner<In: SystemInput, Out, $($param,)*>(
[INFO] [stdout]      |                                   ^^^^^^^^^^^ required by this bound in `call_inner`
[INFO] [stdout] ...
[INFO] [stdout] 1041 | all_tuples!(impl_system_function, 0, 16, F);
[INFO] [stdout]      | ------------------------------------------- in this macro invocation
[INFO] [stdout] note: required by a bound in `<Func as function_system::SystemParamFunction<(HasSystemInput, fn(In, F0, F1, F2, F3, F4, F5, F6, F7, F8, F9, F10, F11, F12, F13) -> Out)>>::run::call_inner`
[INFO] [stdout]     --> /opt/rustwide/cargo-home/registry/src/index.crates.io-1949cf8c6b5b557f/bevy_ecs-0.15.1/src/system/function_system.rs:1026:68
[INFO] [stdout]      |
[INFO] [stdout] 1025 |                 fn call_inner<In: SystemInput, Out, $($param,)*>(
[INFO] [stdout]      |                    ---------- required by a bound in this function
[INFO] [stdout] 1026 |                     mut f: impl FnMut(In::Param<'_>, $($param,)*)->Out,
[INFO] [stdout]      |                                                                    ^^^ required by this bound in `call_inner`
[INFO] [stdout] ...
[INFO] [stdout] 1041 | all_tuples!(impl_system_function, 0, 16, F);
[INFO] [stdout]      | ------------------------------------------- in this macro invocation
[INFO] [stdout]      = note: the full name for the type has been written to '/opt/rustwide/target/debug/build/bevy_ecs/4efdca2c0920d195/out/bevy_ecs-4efdca2c0920d195.long-type-2325981196597980780.txt'
[INFO] [stdout]      = note: consider using `--verbose` to print the full type name to the console
[INFO] [stdout]      = note: this error originates in the macro `impl_system_function` which comes from the expansion of the macro `all_tuples` (in Nightly builds, run with -Z macro-backtrace for more info)
[INFO] [stdout] 
[INFO] [stdout] 
[INFO] [stdout] error[E0283]: type annotations needed
[INFO] [stdout]     --> /opt/rustwide/cargo-home/registry/src/index.crates.io-1949cf8c6b5b557f/bevy_ecs-0.15.1/src/system/function_system.rs:1033:17
[INFO] [stdout]      |
[INFO] [stdout] 1033 |                 call_inner(self, input, $($param),*)
[INFO] [stdout]      |                 ^^^^^^^^^^^^^^^^^^^^^^^^^^^^^^^^^^^^ cannot infer type
[INFO] [stdout] ...
[INFO] [stdout] 1041 | all_tuples!(impl_system_function, 0, 16, F);
[INFO] [stdout]      | ------------------------------------------- in this macro invocation
[INFO] [stdout]      |
[INFO] [stdout]      = note: the type must implement `input::SystemInput`
[INFO] [stdout]      = help: the following types implement trait `input::SystemInput`:
[INFO] [stdout]                ()
[INFO] [stdout]                StaticSystemInput<'a, I>
[INFO] [stdout]                input::In<T>
[INFO] [stdout]                input::InMut<'_, T>
[INFO] [stdout]                input::InRef<'_, T>
[INFO] [stdout]                observer::Trigger<'_, E, B>
[INFO] [stdout]      = note: cannot satisfy `for<'a> <In as input::SystemInput>::Param<'a> == _`
[INFO] [stdout]      = note: cannot satisfy `&mut Func: FnOnce(_, _, _, _, _, _, _, _, _, _, _, _, _, _, _, _)`
[INFO] [stdout]      = note: cannot satisfy `<In as input::SystemInput>::Inner<'_> == <In as input::SystemInput>::Inner<'_>`
[INFO] [stdout] note: required by a bound in `<Func as function_system::SystemParamFunction<(HasSystemInput, fn(In, F0, F1, F2, F3, F4, F5, F6, F7, F8, F9, F10, F11, F12, F13, F14) -> Out)>>::run::call_inner`
[INFO] [stdout]     --> /opt/rustwide/cargo-home/registry/src/index.crates.io-1949cf8c6b5b557f/bevy_ecs-0.15.1/src/system/function_system.rs:1025:35
[INFO] [stdout]      |
[INFO] [stdout] 1025 |                 fn call_inner<In: SystemInput, Out, $($param,)*>(
[INFO] [stdout]      |                                   ^^^^^^^^^^^ required by this bound in `call_inner`
[INFO] [stdout] ...
[INFO] [stdout] 1041 | all_tuples!(impl_system_function, 0, 16, F);
[INFO] [stdout]      | ------------------------------------------- in this macro invocation
[INFO] [stdout] note: required by a bound in `<Func as function_system::SystemParamFunction<(HasSystemInput, fn(In, F0, F1, F2, F3, F4, F5, F6, F7, F8, F9, F10, F11, F12, F13, F14) -> Out)>>::run::call_inner`
[INFO] [stdout]     --> /opt/rustwide/cargo-home/registry/src/index.crates.io-1949cf8c6b5b557f/bevy_ecs-0.15.1/src/system/function_system.rs:1026:68
[INFO] [stdout]      |
[INFO] [stdout] 1025 |                 fn call_inner<In: SystemInput, Out, $($param,)*>(
[INFO] [stdout]      |                    ---------- required by a bound in this function
[INFO] [stdout] 1026 |                     mut f: impl FnMut(In::Param<'_>, $($param,)*)->Out,
[INFO] [stdout]      |                                                                    ^^^ required by this bound in `call_inner`
[INFO] [stdout] ...
[INFO] [stdout] 1041 | all_tuples!(impl_system_function, 0, 16, F);
[INFO] [stdout]      | ------------------------------------------- in this macro invocation
[INFO] [stdout]      = note: the full name for the type has been written to '/opt/rustwide/target/debug/build/bevy_ecs/4efdca2c0920d195/out/bevy_ecs-4efdca2c0920d195.long-type-15988160500949695025.txt'
[INFO] [stdout]      = note: consider using `--verbose` to print the full type name to the console
[INFO] [stdout]      = note: this error originates in the macro `impl_system_function` which comes from the expansion of the macro `all_tuples` (in Nightly builds, run with -Z macro-backtrace for more info)
[INFO] [stdout] 
[INFO] [stdout] 
[INFO] [stdout] error[E0283]: type annotations needed
[INFO] [stdout]     --> /opt/rustwide/cargo-home/registry/src/index.crates.io-1949cf8c6b5b557f/bevy_ecs-0.15.1/src/system/function_system.rs:1033:17
[INFO] [stdout]      |
[INFO] [stdout] 1033 |                 call_inner(self, input, $($param),*)
[INFO] [stdout]      |                 ^^^^^^^^^^^^^^^^^^^^^^^^^^^^^^^^^^^^ cannot infer type
[INFO] [stdout] ...
[INFO] [stdout] 1041 | all_tuples!(impl_system_function, 0, 16, F);
[INFO] [stdout]      | ------------------------------------------- in this macro invocation
[INFO] [stdout]      |
[INFO] [stdout]      = note: the type must implement `input::SystemInput`
[INFO] [stdout]      = help: the following types implement trait `input::SystemInput`:
[INFO] [stdout]                ()
[INFO] [stdout]                StaticSystemInput<'a, I>
[INFO] [stdout]                input::In<T>
[INFO] [stdout]                input::InMut<'_, T>
[INFO] [stdout]                input::InRef<'_, T>
[INFO] [stdout]                observer::Trigger<'_, E, B>
[INFO] [stdout]      = note: cannot satisfy `for<'a> <In as input::SystemInput>::Param<'a> == _`
[INFO] [stdout]      = note: cannot satisfy `&mut Func: FnOnce(_, _, _, _, _, _, _, _, _, _, _, _, _, _, _, _, _)`
[INFO] [stdout]      = note: cannot satisfy `<In as input::SystemInput>::Inner<'_> == <In as input::SystemInput>::Inner<'_>`
[INFO] [stdout] note: required by a bound in `<Func as function_system::SystemParamFunction<(HasSystemInput, fn(In, F0, F1, F2, F3, F4, F5, F6, F7, F8, F9, F10, F11, F12, F13, F14, F15) -> Out)>>::run::call_inner`
[INFO] [stdout]     --> /opt/rustwide/cargo-home/registry/src/index.crates.io-1949cf8c6b5b557f/bevy_ecs-0.15.1/src/system/function_system.rs:1025:35
[INFO] [stdout]      |
[INFO] [stdout] 1025 |                 fn call_inner<In: SystemInput, Out, $($param,)*>(
[INFO] [stdout]      |                                   ^^^^^^^^^^^ required by this bound in `call_inner`
[INFO] [stdout] ...
[INFO] [stdout] 1041 | all_tuples!(impl_system_function, 0, 16, F);
[INFO] [stdout]      | ------------------------------------------- in this macro invocation
[INFO] [stdout] note: required by a bound in `<Func as function_system::SystemParamFunction<(HasSystemInput, fn(In, F0, F1, F2, F3, F4, F5, F6, F7, F8, F9, F10, F11, F12, F13, F14, F15) -> Out)>>::run::call_inner`
[INFO] [stdout]     --> /opt/rustwide/cargo-home/registry/src/index.crates.io-1949cf8c6b5b557f/bevy_ecs-0.15.1/src/system/function_system.rs:1026:68
[INFO] [stdout]      |
[INFO] [stdout] 1025 |                 fn call_inner<In: SystemInput, Out, $($param,)*>(
[INFO] [stdout]      |                    ---------- required by a bound in this function
[INFO] [stdout] 1026 |                     mut f: impl FnMut(In::Param<'_>, $($param,)*)->Out,
[INFO] [stdout]      |                                                                    ^^^ required by this bound in `call_inner`
[INFO] [stdout] ...
[INFO] [stdout] 1041 | all_tuples!(impl_system_function, 0, 16, F);
[INFO] [stdout]      | ------------------------------------------- in this macro invocation
[INFO] [stdout]      = note: the full name for the type has been written to '/opt/rustwide/target/debug/build/bevy_ecs/4efdca2c0920d195/out/bevy_ecs-4efdca2c0920d195.long-type-57914633968827675.txt'
[INFO] [stdout]      = note: consider using `--verbose` to print the full type name to the console
[INFO] [stdout]      = note: this error originates in the macro `impl_system_function` which comes from the expansion of the macro `all_tuples` (in Nightly builds, run with -Z macro-backtrace for more info)
[INFO] [stdout] 
[INFO] [stdout] 
[INFO] [stdout] For more information about this error, try `rustc --explain E0283`.
[INFO] [stdout] 
[INFO] [stderr] error: could not compile `bevy_ecs` (lib) due to 34 previous errors
[INFO] running `Command { std: "docker" "inspect" "2037be706d1bb2a5fc543822956b7805af6c7a6c3ed6fce669e8e545a2804ea0", kill_on_drop: false }`
[INFO] running `Command { std: "docker" "rm" "-f" "2037be706d1bb2a5fc543822956b7805af6c7a6c3ed6fce669e8e545a2804ea0", kill_on_drop: false }`
[INFO] [stdout] 2037be706d1bb2a5fc543822956b7805af6c7a6c3ed6fce669e8e545a2804ea0
