[INFO] cloning repository https://github.com/thundertheidiot/tankille-rs
[INFO] running `Command { std: "git" "-c" "credential.helper=" "-c" "credential.helper=/workspace/cargo-home/bin/git-credential-null" "clone" "--bare" "https://github.com/thundertheidiot/tankille-rs" "/workspace/cache/git-repos/https%3A%2F%2Fgithub.com%2Fthundertheidiot%2Ftankille-rs", kill_on_drop: false }`
[INFO] [stderr] Cloning into bare repository '/workspace/cache/git-repos/https%3A%2F%2Fgithub.com%2Fthundertheidiot%2Ftankille-rs'...
[INFO] running `Command { std: "git" "rev-parse" "HEAD", kill_on_drop: false }`
[INFO] [stdout] fb338fdba46db19e127d4b41e415af1dc871e700
[INFO] checking thundertheidiot/tankille-rs against be3da1e8c043bb6f1f335463d3b1335cdf50b03c for pr-162597
[INFO] running `Command { std: "git" "clone" "/workspace/cache/git-repos/https%3A%2F%2Fgithub.com%2Fthundertheidiot%2Ftankille-rs" "/workspace/builds/worker-4-tc2/source", kill_on_drop: false }`
[INFO] [stderr] Cloning into '/workspace/builds/worker-4-tc2/source'...
[INFO] [stderr] done.
[INFO] removed /workspace/builds/worker-4-tc2/source/rust-toolchain.toml
[INFO] started tweaking git repo https://github.com/thundertheidiot/tankille-rs
[INFO] finished tweaking git repo https://github.com/thundertheidiot/tankille-rs
[INFO] tweaked toml for git repo https://github.com/thundertheidiot/tankille-rs written to /workspace/builds/worker-4-tc2/source/Cargo.toml
[INFO] validating manifest of git repo https://github.com/thundertheidiot/tankille-rs on toolchain be3da1e8c043bb6f1f335463d3b1335cdf50b03c
[INFO] running `Command { std: CARGO_HOME="/workspace/cargo-home" RUSTUP_HOME="/workspace/rustup-home" "/workspace/cargo-home/bin/cargo" "+be3da1e8c043bb6f1f335463d3b1335cdf50b03c" "metadata" "--manifest-path" "Cargo.toml" "--no-deps", kill_on_drop: false }`
[INFO] crate git repo https://github.com/thundertheidiot/tankille-rs already has a lockfile, it will not be regenerated
[INFO] running `Command { std: CARGO_HOME="/workspace/cargo-home" RUSTUP_HOME="/workspace/rustup-home" "/workspace/cargo-home/bin/cargo" "+be3da1e8c043bb6f1f335463d3b1335cdf50b03c" "fetch" "--manifest-path" "Cargo.toml", kill_on_drop: false }`
[INFO] [stderr]     Blocking waiting for file lock on package cache
[INFO] [stderr]     Blocking waiting for file lock on package cache
[ERROR] error running command: no output for 300 seconds
[INFO] checking thundertheidiot/tankille-rs against be3da1e8c043bb6f1f335463d3b1335cdf50b03c for pr-162597
[INFO] running `Command { std: "git" "clone" "/workspace/cache/git-repos/https%3A%2F%2Fgithub.com%2Fthundertheidiot%2Ftankille-rs" "/workspace/builds/worker-4-tc2/source", kill_on_drop: false }`
[INFO] [stderr] Cloning into '/workspace/builds/worker-4-tc2/source'...
[INFO] [stderr] done.
[INFO] removed /workspace/builds/worker-4-tc2/source/rust-toolchain.toml
[INFO] started tweaking git repo https://github.com/thundertheidiot/tankille-rs
[INFO] finished tweaking git repo https://github.com/thundertheidiot/tankille-rs
[INFO] tweaked toml for git repo https://github.com/thundertheidiot/tankille-rs written to /workspace/builds/worker-4-tc2/source/Cargo.toml
[INFO] validating manifest of git repo https://github.com/thundertheidiot/tankille-rs on toolchain be3da1e8c043bb6f1f335463d3b1335cdf50b03c
[INFO] running `Command { std: CARGO_HOME="/workspace/cargo-home" RUSTUP_HOME="/workspace/rustup-home" "/workspace/cargo-home/bin/cargo" "+be3da1e8c043bb6f1f335463d3b1335cdf50b03c" "metadata" "--manifest-path" "Cargo.toml" "--no-deps", kill_on_drop: false }`
[INFO] crate git repo https://github.com/thundertheidiot/tankille-rs already has a lockfile, it will not be regenerated
[INFO] running `Command { std: CARGO_HOME="/workspace/cargo-home" RUSTUP_HOME="/workspace/rustup-home" "/workspace/cargo-home/bin/cargo" "+be3da1e8c043bb6f1f335463d3b1335cdf50b03c" "fetch" "--manifest-path" "Cargo.toml", kill_on_drop: false }`
[INFO] [stderr]     Blocking waiting for file lock on package cache
[INFO] [stderr]     Blocking waiting for file lock on package cache
[INFO] running `Command { std: "docker" "create" "-v" "/var/lib/crater-agent-workspace/builds/worker-4-tc2/source:/opt/rustwide/workdir:ro,Z" "-v" "/var/lib/crater-agent-workspace/builds/worker-4-tc2/target:/opt/rustwide/target:rw,Z" "-v" "/var/lib/crater-agent-workspace/cargo-home:/opt/rustwide/cargo-home:ro,Z" "-v" "/var/lib/crater-agent-workspace/rustup-home:/opt/rustwide/rustup-home:ro,Z" "-m" "1610612736" "--network" "none" "ghcr.io/rust-lang/crates-build-env/linux@sha256:8683fc1fc2eb5c9ac98e0d076ab094b2ffac7f99da555d2b6a2e27f346de2ec7" "sleep" "infinity", kill_on_drop: false }`
[INFO] [stdout] 057e75a42221917ce5ce58ec10c79dea90318bee08f043bf3e8ab3646420109f
[INFO] running `Command { std: "docker" "start" "057e75a42221917ce5ce58ec10c79dea90318bee08f043bf3e8ab3646420109f", kill_on_drop: false }`
[INFO] running `Command { std: "docker" "inspect" "057e75a42221917ce5ce58ec10c79dea90318bee08f043bf3e8ab3646420109f", kill_on_drop: false }`
[INFO] running `Command { std: "docker" "exec" "-e" "SOURCE_DIR=/opt/rustwide/workdir" "-e" "CARGO_HOME=/opt/rustwide/cargo-home" "-e" "RUSTUP_HOME=/opt/rustwide/rustup-home" "-e" "CARGO_TARGET_DIR=/opt/rustwide/target" "-w" "/opt/rustwide/workdir" "--user" "0:0" "057e75a42221917ce5ce58ec10c79dea90318bee08f043bf3e8ab3646420109f" "/opt/rustwide/cargo-home/bin/cargo" "+be3da1e8c043bb6f1f335463d3b1335cdf50b03c" "metadata" "--no-deps" "--format-version=1", kill_on_drop: false }`
[INFO] running `Command { std: "docker" "inspect" "057e75a42221917ce5ce58ec10c79dea90318bee08f043bf3e8ab3646420109f", kill_on_drop: false }`
[INFO] running `Command { std: "docker" "exec" "-e" "SOURCE_DIR=/opt/rustwide/workdir" "-e" "CARGO_HOME=/opt/rustwide/cargo-home" "-e" "RUSTUP_HOME=/opt/rustwide/rustup-home" "-e" "CARGO_TARGET_DIR=/opt/rustwide/target" "-e" "CARGO_INCREMENTAL=0" "-e" "RUST_BACKTRACE=full" "-e" "RUSTFLAGS=--cap-lints=forbid" "-e" "RUSTDOCFLAGS=--cap-lints=forbid" "-w" "/opt/rustwide/workdir" "--user" "0:0" "057e75a42221917ce5ce58ec10c79dea90318bee08f043bf3e8ab3646420109f" "/opt/rustwide/cargo-home/bin/cargo" "+be3da1e8c043bb6f1f335463d3b1335cdf50b03c" "check" "--frozen" "--all" "--all-targets" "--message-format=json", kill_on_drop: false }`
[INFO] [stderr]    Compiling syn v2.0.106
[INFO] [stderr]    Compiling cc v1.2.34
[INFO] [stderr]     Checking bitflags v2.9.3
[INFO] [stderr]     Checking tracing v0.1.41
[INFO] [stderr]    Compiling anyhow v1.0.99
[INFO] [stderr]     Checking iana-time-zone v0.1.63
[INFO] [stderr]     Checking chrono v0.4.41
[INFO] [stderr]    Compiling openssl-sys v0.9.109
[INFO] [stderr]    Compiling openssl v0.10.73
[INFO] [stderr]    Compiling native-tls v0.2.14
[INFO] [stderr]    Compiling synstructure v0.13.2
[INFO] [stderr]    Compiling zerofrom-derive v0.1.6
[INFO] [stderr]    Compiling yoke-derive v0.8.0
[INFO] [stderr]    Compiling zerovec-derive v0.11.1
[INFO] [stderr]    Compiling displaydoc v0.2.5
[INFO] [stderr]    Compiling tokio-macros v2.5.0
[INFO] [stderr]    Compiling openssl-macros v0.1.1
[INFO] [stderr]    Compiling serde_derive v1.0.219
[INFO] [stderr]     Checking tokio v1.47.1
[INFO] [stderr]     Checking zerofrom v0.1.6
[INFO] [stderr]     Checking yoke v0.8.0
[INFO] [stderr]     Checking zerovec v0.11.4
[INFO] [stderr]     Checking zerotrie v0.2.2
[INFO] [stderr]     Checking tinystr v0.8.1
[INFO] [stderr]     Checking potential_utf v0.1.3
[INFO] [stderr]     Checking icu_collections v2.0.0
[INFO] [stderr]     Checking icu_locale_core v2.0.0
[INFO] [stderr]     Checking serde v1.0.219
[INFO] [stderr]     Checking icu_provider v2.0.0
[INFO] [stderr]     Checking icu_properties v2.0.1
[INFO] [stderr]     Checking icu_normalizer v2.0.0
[INFO] [stderr]     Checking idna_adapter v1.2.1
[INFO] [stderr]     Checking idna v1.1.0
[INFO] [stderr]     Checking serde_urlencoded v0.7.1
[INFO] [stderr]     Checking url v2.5.7
[INFO] [stderr]     Checking serde_json v1.0.143
[INFO] [stderr]     Checking tokio-util v0.7.16
[INFO] [stderr]     Checking tokio-native-tls v0.3.1
[INFO] [stderr]     Checking tower v0.5.2
[INFO] [stderr]     Checking tower-http v0.6.6
[INFO] [stderr]     Checking h2 v0.4.12
[INFO] [stderr]     Checking hyper v1.7.0
[INFO] [stderr]     Checking hyper-util v0.1.16
[INFO] [stderr]     Checking hyper-tls v0.6.0
[INFO] [stderr]     Checking reqwest v0.12.23
[INFO] [stderr]     Checking tankille v0.1.0 (/opt/rustwide/workdir)
[INFO] [stdout] error[E0277]: the `?` operator can only be applied to values that implement `Try`
[INFO] [stdout]    --> src/client.rs:124:46
[INFO] [stdout]     |
[INFO] [stdout] 124 |                     self.access_token = Some(token?.access_token);
[INFO] [stdout]     |                                              ^^^^^^ the `?` operator cannot be applied to type `ApiResponse<client::Client::refresh_token::{closure#0}::Response>`
[INFO] [stdout]     |
[INFO] [stdout] help: the nightly-only, unstable trait `Try` is not implemented for `ApiResponse<client::Client::refresh_token::{closure#0}::Response>`
[INFO] [stdout]    --> src/client.rs:13:1
[INFO] [stdout]     |
[INFO] [stdout]  13 | pub enum ApiResponse<T> {
[INFO] [stdout]     | ^^^^^^^^^^^^^^^^^^^^^^^
[INFO] [stdout] 
[INFO] [stdout] 
[INFO] [stdout] error[E0277]: the `?` operator can only be used in an async function that returns `Result` or `Option` (or another type that implements `FromResidual`)
[INFO] [stdout]    --> src/client.rs:124:46
[INFO] [stdout]     |
[INFO] [stdout]  95 |       pub async fn refresh_token(&mut self) -> Result<()> {
[INFO] [stdout]     |  _________________________________________________________-
[INFO] [stdout]  96 | |         match &self.refresh_token {
[INFO] [stdout]  97 | |             Some(token) => match self.last_token_fetch {
[INFO] [stdout] ...   |
[INFO] [stdout] 124 | |                     self.access_token = Some(token?.access_token);
[INFO] [stdout]     | |                                              ^^^^^^ cannot use the `?` operator in an async function that returns `ApiResponse<client::Client::refresh_token::{closure#0}::Response>`
[INFO] [stdout] ...   |
[INFO] [stdout] 132 | |     }
[INFO] [stdout]     | |_____- this function should return `Result` or `Option` to accept `?`
[INFO] [stdout] 
[INFO] [stdout] 
[INFO] [stdout] error[E0277]: the `?` operator can only be applied to values that implement `Try`
[INFO] [stdout]    --> src/client.rs:124:46
[INFO] [stdout]     |
[INFO] [stdout] 124 |                     self.access_token = Some(token?.access_token);
[INFO] [stdout]     |                                              ^^^^^^ the `?` operator cannot be applied to type `ApiResponse<client::Client::refresh_token::{closure#0}::Response>`
[INFO] [stdout]     |
[INFO] [stdout] help: the nightly-only, unstable trait `Try` is not implemented for `ApiResponse<client::Client::refresh_token::{closure#0}::Response>`
[INFO] [stdout]    --> src/client.rs:13:1
[INFO] [stdout]     |
[INFO] [stdout]  13 | pub enum ApiResponse<T> {
[INFO] [stdout]     | ^^^^^^^^^^^^^^^^^^^^^^^
[INFO] [stdout] 
[INFO] [stdout] 
[INFO] [stdout] error[E0277]: the `?` operator can only be used in an async function that returns `Result` or `Option` (or another type that implements `FromResidual`)
[INFO] [stdout]    --> src/client.rs:124:46
[INFO] [stdout]     |
[INFO] [stdout]  95 |       pub async fn refresh_token(&mut self) -> Result<()> {
[INFO] [stdout]     |  _________________________________________________________-
[INFO] [stdout]  96 | |         match &self.refresh_token {
[INFO] [stdout]  97 | |             Some(token) => match self.last_token_fetch {
[INFO] [stdout] ...   |
[INFO] [stdout] 124 | |                     self.access_token = Some(token?.access_token);
[INFO] [stdout]     | |                                              ^^^^^^ cannot use the `?` operator in an async function that returns `ApiResponse<client::Client::refresh_token::{closure#0}::Response>`
[INFO] [stdout] ...   |
[INFO] [stdout] 132 | |     }
[INFO] [stdout]     | |_____- this function should return `Result` or `Option` to accept `?`
[INFO] [stdout] 
[INFO] [stdout] 
[INFO] [stdout] For more information about this error, try `rustc --explain E0277`.
[INFO] [stdout] 
[INFO] [stderr] error: could not compile `tankille` (lib test) due to 2 previous errors
[INFO] [stderr] warning: build failed, waiting for other jobs to finish...
[INFO] [stdout] For more information about this error, try `rustc --explain E0277`.
[INFO] [stdout] 
[INFO] [stderr] error: could not compile `tankille` (lib) due to 2 previous errors
[INFO] running `Command { std: "docker" "inspect" "057e75a42221917ce5ce58ec10c79dea90318bee08f043bf3e8ab3646420109f", kill_on_drop: false }`
[INFO] running `Command { std: "docker" "rm" "-f" "057e75a42221917ce5ce58ec10c79dea90318bee08f043bf3e8ab3646420109f", kill_on_drop: false }`
[INFO] [stdout] 057e75a42221917ce5ce58ec10c79dea90318bee08f043bf3e8ab3646420109f
