[INFO] cloning repository https://github.com/tfxq/safe-client-gateway
[INFO] running `Command { std: "git" "-c" "credential.helper=" "-c" "credential.helper=/workspace/cargo-home/bin/git-credential-null" "clone" "--bare" "https://github.com/tfxq/safe-client-gateway" "/workspace/cache/git-repos/https%3A%2F%2Fgithub.com%2Ftfxq%2Fsafe-client-gateway", kill_on_drop: false }`
[INFO] [stderr] Cloning into bare repository '/workspace/cache/git-repos/https%3A%2F%2Fgithub.com%2Ftfxq%2Fsafe-client-gateway'...
[INFO] running `Command { std: "git" "rev-parse" "HEAD", kill_on_drop: false }`
[INFO] [stdout] 5148de9a9c91e0f996ee48c0c5940ece598e941b
[INFO] checking tfxq/safe-client-gateway/5148de9a9c91e0f996ee48c0c5940ece598e941b against 018018e881e2db0956f229dbb543e21f058d1ce7 for pr-162597
[INFO] running `Command { std: "git" "clone" "/workspace/cache/git-repos/https%3A%2F%2Fgithub.com%2Ftfxq%2Fsafe-client-gateway" "/workspace/builds/worker-6-tc1/source", kill_on_drop: false }`
[INFO] [stderr] Cloning into '/workspace/builds/worker-6-tc1/source'...
[INFO] [stderr] done.
[INFO] removed /workspace/builds/worker-6-tc1/source/rust-toolchain.toml
[INFO] started tweaking git repo https://github.com/tfxq/safe-client-gateway
[INFO] finished tweaking git repo https://github.com/tfxq/safe-client-gateway
[INFO] tweaked toml for git repo https://github.com/tfxq/safe-client-gateway written to /workspace/builds/worker-6-tc1/source/Cargo.toml
[INFO] validating manifest of git repo https://github.com/tfxq/safe-client-gateway on toolchain 018018e881e2db0956f229dbb543e21f058d1ce7
[INFO] running `Command { std: CARGO_HOME="/workspace/cargo-home" RUSTUP_HOME="/workspace/rustup-home" "/workspace/cargo-home/bin/cargo" "+018018e881e2db0956f229dbb543e21f058d1ce7" "metadata" "--manifest-path" "Cargo.toml" "--no-deps", kill_on_drop: false }`
[INFO] crate git repo https://github.com/tfxq/safe-client-gateway already has a lockfile, it will not be regenerated
[INFO] running `Command { std: CARGO_HOME="/workspace/cargo-home" RUSTUP_HOME="/workspace/rustup-home" "/workspace/cargo-home/bin/cargo" "+018018e881e2db0956f229dbb543e21f058d1ce7" "fetch" "--manifest-path" "Cargo.toml", kill_on_drop: false }`
[INFO] [stderr]     Updating crates.io index
[INFO] [stderr]  Downloading crates ...
[INFO] [stderr]   Downloaded serde_repr v0.1.9
[INFO] [stderr]   Downloaded dyn-clone v1.0.6
[INFO] [stderr]   Downloaded rocket_okapi_codegen v0.8.0-rc.2
[INFO] [stderr]   Downloaded uncased v0.9.6
[INFO] [stderr]   Downloaded quote v1.0.19
[INFO] [stderr]   Downloaded parking_lot_core v0.8.1
[INFO] [stderr]   Downloaded http-body v0.4.0
[INFO] [stderr]   Downloaded miow v0.3.6
[INFO] [stderr]   Downloaded schemars_derive v0.8.10
[INFO] [stderr]   Downloaded generator v0.7.0
[INFO] [stderr]   Downloaded rustversion v1.0.4
[INFO] [stderr]   Downloaded inlinable_string v0.1.14
[INFO] [stderr]   Downloaded semver v1.0.13
[INFO] [stderr]   Downloaded ubyte v0.10.1
[INFO] [stderr]   Downloaded futures-executor v0.3.8
[INFO] [stderr]   Downloaded loom v0.5.0
[INFO] [stderr]   Downloaded schemars v0.8.10
[INFO] [stderr]   Downloaded tracing-attributes v0.1.21
[INFO] [stderr]   Downloaded futures v0.3.8
[INFO] [stderr]   Downloaded socket2 v0.3.17
[INFO] [stderr]   Downloaded time v0.3.9
[INFO] [stderr]   Downloaded tokio-stream v0.1.6
[INFO] [stderr]   Downloaded mio v0.7.9
[INFO] [stderr]   Downloaded okapi v0.7.0-rc.1
[INFO] [stderr]   Downloaded security-framework-sys v2.0.0
[INFO] [stderr]   Downloaded wasm-bindgen-futures v0.4.19
[INFO] [stderr]   Downloaded spin v0.9.0
[INFO] [stderr]   Downloaded termion v1.5.5
[INFO] [stderr]   Downloaded multer v2.0.0
[INFO] [stderr]   Downloaded async-trait v0.1.49
[INFO] [stderr]   Downloaded fragile v1.0.0
[INFO] [stderr]   Downloaded rlp v0.5.0
[INFO] [stderr]   Downloaded ethbloom v0.11.0
[INFO] [stderr]   Downloaded ethereum-types v0.11.0
[INFO] [stderr]   Downloaded primitive-types v0.9.1
[INFO] [stderr]   Downloaded primitive-types v0.10.1
[INFO] [stderr]   Downloaded impl-codec v0.5.1
[INFO] [stderr]   Downloaded parity-scale-codec-derive v2.2.0
[INFO] [stderr]   Downloaded proc-macro-crate v1.0.0
[INFO] [stderr]   Downloaded ethereum-types v0.12.0
[INFO] [stderr]   Downloaded tinyvec v1.1.0
[INFO] [stderr]   Downloaded tokio-util v0.6.3
[INFO] [stderr]   Downloaded security-framework v2.0.0
[INFO] [stderr]   Downloaded openssl-sys v0.9.59
[INFO] [stderr]   Downloaded mockall v0.11.2
[INFO] [stderr]   Downloaded pin-project-internal v1.0.2
[INFO] [stderr]   Downloaded arrayvec v0.7.1
[INFO] [stderr]   Downloaded ethabi v14.1.0
[INFO] [stderr]   Downloaded anyhow v1.0.35
[INFO] [stderr]   Downloaded bb8-redis v0.11.0
[INFO] [stderr]   Downloaded bb8 v0.8.0
[INFO] [stderr]   Downloaded mockall_derive v0.11.2
[INFO] [stderr]   Downloaded ethabi v16.0.0
[INFO] [stderr]   Downloaded pin-project v1.0.2
[INFO] [stderr]   Downloaded parity-scale-codec v2.2.0
[INFO] [stderr]   Downloaded iana-time-zone v0.1.47
[INFO] [stderr]   Downloaded unicode-normalization v0.1.16
[INFO] [stderr]   Downloaded syn v1.0.93
[INFO] [stderr]   Downloaded web3 v0.17.0
[INFO] [stderr]   Downloaded redis v0.21.5
[INFO] [stderr]   Downloaded combine v4.6.1
[INFO] [stderr]   Downloaded tokio v1.16.1
[INFO] [stderr]   Downloaded libc v0.2.131
[INFO] [stderr]   Downloaded web-sys v0.3.46
[INFO] [stderr]   Downloaded rocket_okapi v0.8.0-rc.2
[INFO] [stderr]   Downloaded encoding_rs v0.8.26
[INFO] [stderr]   Downloaded ethcontract-common v0.15.4
[INFO] running `Command { std: "docker" "create" "-v" "/var/lib/crater-agent-workspace/builds/worker-6-tc1/source:/opt/rustwide/workdir:ro,Z" "-v" "/var/lib/crater-agent-workspace/builds/worker-6-tc1/target:/opt/rustwide/target:rw,Z" "-v" "/var/lib/crater-agent-workspace/cargo-home:/opt/rustwide/cargo-home:ro,Z" "-v" "/var/lib/crater-agent-workspace/rustup-home:/opt/rustwide/rustup-home:ro,Z" "-m" "1610612736" "--network" "none" "ghcr.io/rust-lang/crates-build-env/linux@sha256:8683fc1fc2eb5c9ac98e0d076ab094b2ffac7f99da555d2b6a2e27f346de2ec7" "sleep" "infinity", kill_on_drop: false }`
[INFO] [stdout] 6a5f6c251ff1f6f493f50205f7d50907dd93f86a3d5dbf80a7ca96615761b546
[INFO] running `Command { std: "docker" "start" "6a5f6c251ff1f6f493f50205f7d50907dd93f86a3d5dbf80a7ca96615761b546", kill_on_drop: false }`
[INFO] running `Command { std: "docker" "inspect" "6a5f6c251ff1f6f493f50205f7d50907dd93f86a3d5dbf80a7ca96615761b546", kill_on_drop: false }`
[INFO] running `Command { std: "docker" "exec" "-e" "SOURCE_DIR=/opt/rustwide/workdir" "-e" "CARGO_HOME=/opt/rustwide/cargo-home" "-e" "RUSTUP_HOME=/opt/rustwide/rustup-home" "-e" "CARGO_TARGET_DIR=/opt/rustwide/target" "-w" "/opt/rustwide/workdir" "--user" "0:0" "6a5f6c251ff1f6f493f50205f7d50907dd93f86a3d5dbf80a7ca96615761b546" "/opt/rustwide/cargo-home/bin/cargo" "+018018e881e2db0956f229dbb543e21f058d1ce7" "metadata" "--no-deps" "--format-version=1", kill_on_drop: false }`
[INFO] running `Command { std: "docker" "inspect" "6a5f6c251ff1f6f493f50205f7d50907dd93f86a3d5dbf80a7ca96615761b546", kill_on_drop: false }`
[INFO] running `Command { std: "docker" "exec" "-e" "SOURCE_DIR=/opt/rustwide/workdir" "-e" "CARGO_HOME=/opt/rustwide/cargo-home" "-e" "RUSTUP_HOME=/opt/rustwide/rustup-home" "-e" "CARGO_TARGET_DIR=/opt/rustwide/target" "-e" "CARGO_INCREMENTAL=0" "-e" "RUST_BACKTRACE=full" "-e" "RUSTFLAGS=--cap-lints=forbid" "-e" "RUSTDOCFLAGS=--cap-lints=forbid" "-w" "/opt/rustwide/workdir" "--user" "0:0" "6a5f6c251ff1f6f493f50205f7d50907dd93f86a3d5dbf80a7ca96615761b546" "/opt/rustwide/cargo-home/bin/cargo" "+018018e881e2db0956f229dbb543e21f058d1ce7" "check" "--frozen" "--all" "--all-targets" "--message-format=json", kill_on_drop: false }`
[INFO] [stderr]    Compiling unicode-xid v0.2.1
[INFO] [stderr]    Compiling syn v1.0.93
[INFO] [stderr]    Compiling libc v0.2.131
[INFO] [stderr]    Compiling version_check v0.9.2
[INFO] [stderr]    Compiling memchr v2.4.1
[INFO] [stderr]    Compiling serde_derive v1.0.145
[INFO] [stderr]    Compiling serde v1.0.145
[INFO] [stderr]     Checking bytes v1.0.1
[INFO] [stderr]    Compiling proc-macro2 v1.0.36
[INFO] [stderr]    Compiling cc v1.0.66
[INFO] [stderr]    Compiling futures-channel v0.3.21
[INFO] [stderr]    Compiling getrandom v0.2.2
[INFO] [stderr]    Compiling generic-array v0.14.4
[INFO] [stderr]     Checking pin-project-lite v0.2.6
[INFO] [stderr]     Checking instant v0.1.9
[INFO] [stderr]     Checking once_cell v1.13.1
[INFO] [stderr]     Checking ppv-lite86 v0.2.10
[INFO] [stderr]    Compiling quote v1.0.19
[INFO] [stderr]     Checking parking_lot_core v0.8.1
[INFO] [stderr]     Checking signal-hook-registry v1.3.0
[INFO] [stderr]     Checking parking_lot v0.11.1
[INFO] [stderr]     Checking num_cpus v1.13.0
[INFO] [stderr]     Checking mio v0.7.9
[INFO] [stderr]    Compiling indexmap v1.6.0
[INFO] [stderr]     Checking itoa v1.0.1
[INFO] [stderr]    Compiling proc-macro2-diagnostics v0.9.1
[INFO] [stderr]     Checking rand_core v0.6.2
[INFO] [stderr]    Compiling thiserror v1.0.37
[INFO] [stderr]     Checking rand_chacha v0.3.0
[INFO] [stderr]    Compiling ring v0.16.20
[INFO] [stderr]     Checking rand v0.8.5
[INFO] [stderr]    Compiling subtle v2.4.1
[INFO] [stderr]    Compiling ryu v1.0.5
[INFO] [stderr]    Compiling httparse v1.7.1
[INFO] [stderr]    Compiling log v0.4.17
[INFO] [stderr]    Compiling crunchy v0.2.2
[INFO] [stderr]    Compiling byteorder v1.3.4
[INFO] [stderr]    Compiling futures-core v0.3.21
[INFO] [stderr]    Compiling futures-sink v0.3.21
[INFO] [stderr]    Compiling scopeguard v1.1.0
[INFO] [stderr]     Checking itoa v0.4.6
[INFO] [stderr]    Compiling serde_json v1.0.85
[INFO] [stderr]    Compiling smallvec v1.8.0
[INFO] [stderr]    Compiling lock_api v0.4.7
[INFO] [stderr]    Compiling cpufeatures v0.2.2
[INFO] [stderr]     Checking wyz v0.2.0
[INFO] [stderr]    Compiling rustls v0.20.4
[INFO] [stderr]     Checking bitvec v0.20.4
[INFO] [stderr]     Checking rlp v0.5.0
[INFO] [stderr]    Compiling crypto-common v0.1.3
[INFO] [stderr]    Compiling block-buffer v0.10.2
[INFO] [stderr]    Compiling uncased v0.9.6
[INFO] [stderr]    Compiling futures-task v0.3.21
[INFO] [stderr]    Compiling time-macros v0.2.4
[INFO] [stderr]    Compiling pkg-config v0.3.19
[INFO] [stderr]     Checking byte-slice-cast v1.0.0
[INFO] [stderr]    Compiling slab v0.4.2
[INFO] [stderr]     Checking hashbrown v0.9.1
[INFO] [stderr]    Compiling untrusted v0.7.1
[INFO] [stderr]    Compiling futures-io v0.3.21
[INFO] [stderr]    Compiling spin v0.5.2
[INFO] [stderr]     Checking arrayvec v0.7.1
[INFO] [stderr]    Compiling openssl-sys v0.9.59
[INFO] [stderr]     Checking http v0.2.1
[INFO] [stderr]    Compiling tracing-core v0.1.26
[INFO] [stderr]    Compiling digest v0.10.3
[INFO] [stderr]     Checking fixed-hash v0.7.0
[INFO] [stderr]     Checking impl-rlp v0.3.0
[INFO] [stderr]    Compiling universal-hash v0.4.1
[INFO] [stderr]    Compiling cipher v0.3.0
[INFO] [stderr]    Compiling cookie v0.16.0
[INFO] [stderr]    Compiling num-traits v0.2.14
[INFO] [stderr]    Compiling ref-cast v1.0.6
[INFO] [stderr]    Compiling bytes v0.5.6
[INFO] [stderr]     Checking uint v0.9.0
[INFO] [stderr]    Compiling polyval v0.5.3
[INFO] [stderr] warning: openssl-sys@0.9.59: build/expando.c:4:24: error: pasting "RUST_VERSION_OPENSSL_" and "(" does not give a valid preprocessing token
[INFO] [stderr] warning: openssl-sys@0.9.59:     4 | #define VERSION2(n, v) RUST_VERSION_##n##_##v
[INFO] [stderr] warning: openssl-sys@0.9.59:       |                        ^~~~~~~~~~~~~
[INFO] [stderr] warning: openssl-sys@0.9.59: build/expando.c:5:23: note: in expansion of macro 'VERSION2'
[INFO] [stderr] warning: openssl-sys@0.9.59:     5 | #define VERSION(n, v) VERSION2(n, v)
[INFO] [stderr] warning: openssl-sys@0.9.59:       |                       ^~~~~~~~
[INFO] [stderr] warning: openssl-sys@0.9.59: build/expando.c:10:1: note: in expansion of macro 'VERSION'
[INFO] [stderr] warning: openssl-sys@0.9.59:    10 | VERSION(OPENSSL, OPENSSL_VERSION_NUMBER)
[INFO] [stderr] warning: openssl-sys@0.9.59:       | ^~~~~~~
[INFO] [stderr] error: failed to run custom build command for `openssl-sys v0.9.59`
[INFO] [stderr] note: To improve backtraces for build dependencies, set the CARGO_PROFILE_DEV_BUILD_OVERRIDE_DEBUG=true environment variable to enable debug information generation.
[INFO] [stderr] 
[INFO] [stderr] Caused by:
[INFO] [stderr]   process didn't exit successfully: `/opt/rustwide/target/debug/build/openssl-sys/e02ec8e0047a0c2b/out/build_script_main` (exit status: 101)
[INFO] [stderr]   --- stdout
[INFO] [stderr]   cargo:rustc-cfg=const_fn
[INFO] [stderr]   cargo:rerun-if-env-changed=X86_64_UNKNOWN_LINUX_GNU_OPENSSL_LIB_DIR
[INFO] [stderr]   X86_64_UNKNOWN_LINUX_GNU_OPENSSL_LIB_DIR unset
[INFO] [stderr]   cargo:rerun-if-env-changed=OPENSSL_LIB_DIR
[INFO] [stderr]   OPENSSL_LIB_DIR unset
[INFO] [stderr]   cargo:rerun-if-env-changed=X86_64_UNKNOWN_LINUX_GNU_OPENSSL_INCLUDE_DIR
[INFO] [stderr]   X86_64_UNKNOWN_LINUX_GNU_OPENSSL_INCLUDE_DIR unset
[INFO] [stderr]   cargo:rerun-if-env-changed=OPENSSL_INCLUDE_DIR
[INFO] [stderr]   OPENSSL_INCLUDE_DIR unset
[INFO] [stderr]   cargo:rerun-if-env-changed=X86_64_UNKNOWN_LINUX_GNU_OPENSSL_DIR
[INFO] [stderr]   X86_64_UNKNOWN_LINUX_GNU_OPENSSL_DIR unset
[INFO] [stderr]   cargo:rerun-if-env-changed=OPENSSL_DIR
[INFO] [stderr]   OPENSSL_DIR unset
[INFO] [stderr]   cargo:rerun-if-env-changed=OPENSSL_NO_PKG_CONFIG
[INFO] [stderr]   cargo:rerun-if-env-changed=PKG_CONFIG
[INFO] [stderr]   cargo:rerun-if-env-changed=OPENSSL_STATIC
[INFO] [stderr]   cargo:rerun-if-env-changed=OPENSSL_DYNAMIC
[INFO] [stderr]   cargo:rerun-if-env-changed=PKG_CONFIG_ALL_STATIC
[INFO] [stderr]   cargo:rerun-if-env-changed=PKG_CONFIG_ALL_DYNAMIC
[INFO] [stderr]   cargo:rerun-if-env-changed=PKG_CONFIG_PATH_x86_64-unknown-linux-gnu
[INFO] [stderr]   cargo:rerun-if-env-changed=PKG_CONFIG_PATH_x86_64_unknown_linux_gnu
[INFO] [stderr]   cargo:rerun-if-env-changed=HOST_PKG_CONFIG_PATH
[INFO] [stderr]   cargo:rerun-if-env-changed=PKG_CONFIG_PATH
[INFO] [stderr]   cargo:rerun-if-env-changed=PKG_CONFIG_LIBDIR_x86_64-unknown-linux-gnu
[INFO] [stderr]   cargo:rerun-if-env-changed=PKG_CONFIG_LIBDIR_x86_64_unknown_linux_gnu
[INFO] [stderr]   cargo:rerun-if-env-changed=HOST_PKG_CONFIG_LIBDIR
[INFO] [stderr]   cargo:rerun-if-env-changed=PKG_CONFIG_LIBDIR
[INFO] [stderr]   cargo:rerun-if-env-changed=PKG_CONFIG_SYSROOT_DIR_x86_64-unknown-linux-gnu
[INFO] [stderr]   cargo:rerun-if-env-changed=PKG_CONFIG_SYSROOT_DIR_x86_64_unknown_linux_gnu
[INFO] [stderr]   cargo:rerun-if-env-changed=HOST_PKG_CONFIG_SYSROOT_DIR
[INFO] [stderr]   cargo:rerun-if-env-changed=PKG_CONFIG_SYSROOT_DIR
[INFO] [stderr]   cargo:rerun-if-env-changed=PKG_CONFIG_SYSROOT_DIR
[INFO] [stderr]   cargo:rerun-if-env-changed=SYSROOT
[INFO] [stderr]   cargo:rerun-if-env-changed=OPENSSL_STATIC
[INFO] [stderr]   cargo:rerun-if-env-changed=OPENSSL_DYNAMIC
[INFO] [stderr]   cargo:rerun-if-env-changed=PKG_CONFIG_ALL_STATIC
[INFO] [stderr]   cargo:rerun-if-env-changed=PKG_CONFIG_ALL_DYNAMIC
[INFO] [stderr]   cargo:rustc-link-lib=ssl
[INFO] [stderr]   cargo:rustc-link-lib=crypto
[INFO] [stderr]   cargo:rerun-if-env-changed=PKG_CONFIG
[INFO] [stderr]   cargo:rerun-if-env-changed=OPENSSL_STATIC
[INFO] [stderr]   cargo:rerun-if-env-changed=OPENSSL_DYNAMIC
[INFO] [stderr]   cargo:rerun-if-env-changed=PKG_CONFIG_ALL_STATIC
[INFO] [stderr]   cargo:rerun-if-env-changed=PKG_CONFIG_ALL_DYNAMIC
[INFO] [stderr]   cargo:rerun-if-env-changed=PKG_CONFIG_PATH_x86_64-unknown-linux-gnu
[INFO] [stderr]   cargo:rerun-if-env-changed=PKG_CONFIG_PATH_x86_64_unknown_linux_gnu
[INFO] [stderr]   cargo:rerun-if-env-changed=HOST_PKG_CONFIG_PATH
[INFO] [stderr]   cargo:rerun-if-env-changed=PKG_CONFIG_PATH
[INFO] [stderr]   cargo:rerun-if-env-changed=PKG_CONFIG_LIBDIR_x86_64-unknown-linux-gnu
[INFO] [stderr]   cargo:rerun-if-env-changed=PKG_CONFIG_LIBDIR_x86_64_unknown_linux_gnu
[INFO] [stderr]   cargo:rerun-if-env-changed=HOST_PKG_CONFIG_LIBDIR
[INFO] [stderr]   cargo:rerun-if-env-changed=PKG_CONFIG_LIBDIR
[INFO] [stderr]   cargo:rerun-if-env-changed=PKG_CONFIG_SYSROOT_DIR_x86_64-unknown-linux-gnu
[INFO] [stderr]   cargo:rerun-if-env-changed=PKG_CONFIG_SYSROOT_DIR_x86_64_unknown_linux_gnu
[INFO] [stderr]   cargo:rerun-if-env-changed=HOST_PKG_CONFIG_SYSROOT_DIR
[INFO] [stderr]   cargo:rerun-if-env-changed=PKG_CONFIG_SYSROOT_DIR
[INFO] [stderr]   OPT_LEVEL = Some("0")
[INFO] [stderr]   TARGET = Some("x86_64-unknown-linux-gnu")
[INFO] [stderr]   HOST = Some("x86_64-unknown-linux-gnu")
[INFO] [stderr]   CC_x86_64-unknown-linux-gnu = None
[INFO] [stderr]   CC_x86_64_unknown_linux_gnu = None
[INFO] [stderr]   HOST_CC = None
[INFO] [stderr]   CC = None
[INFO] [stderr]   CFLAGS_x86_64-unknown-linux-gnu = None
[INFO] [stderr]   CFLAGS_x86_64_unknown_linux_gnu = None
[INFO] [stderr]   HOST_CFLAGS = None
[INFO] [stderr]   CFLAGS = None
[INFO] [stderr]   CRATE_CC_NO_DEFAULTS = None
[INFO] [stderr]   DEBUG = Some("true")
[INFO] [stderr]   CARGO_CFG_TARGET_FEATURE = Some("fxsr,sse,sse2,x87")
[INFO] [stderr]   running: "cc" "-O0" "-ffunction-sections" "-fdata-sections" "-fPIC" "-g" "-fno-omit-frame-pointer" "-m64" "-I" "/usr/include" "-Wall" "-Wextra" "-E" "build/expando.c"
[INFO] [stderr]   cargo:warning=build/expando.c:4:24: error: pasting "RUST_VERSION_OPENSSL_" and "(" does not give a valid preprocessing token
[INFO] [stderr]   cargo:warning=    4 | #define VERSION2(n, v) RUST_VERSION_##n##_##v
[INFO] [stderr]   cargo:warning=      |                        ^~~~~~~~~~~~~
[INFO] [stderr]   cargo:warning=build/expando.c:5:23: note: in expansion of macro 'VERSION2'
[INFO] [stderr]   cargo:warning=    5 | #define VERSION(n, v) VERSION2(n, v)
[INFO] [stderr]   cargo:warning=      |                       ^~~~~~~~
[INFO] [stderr]   cargo:warning=build/expando.c:10:1: note: in expansion of macro 'VERSION'
[INFO] [stderr]   cargo:warning=   10 | VERSION(OPENSSL, OPENSSL_VERSION_NUMBER)
[INFO] [stderr]   cargo:warning=      | ^~~~~~~
[INFO] [stderr]   exit status: 1
[INFO] [stderr] 
[INFO] [stderr]   --- stderr
[INFO] [stderr] 
[INFO] [stderr]   thread 'main' (1132) panicked at /opt/rustwide/cargo-home/registry/src/index.crates.io-1949cf8c6b5b557f/openssl-sys-0.9.59/build/main.rs:141:13:
[INFO] [stderr] 
[INFO] [stderr]   Header expansion error:
[INFO] [stderr]   Error { kind: ToolExecError, message: "Command \"cc\" \"-O0\" \"-ffunction-sections\" \"-fdata-sections\" \"-fPIC\" \"-g\" \"-fno-omit-frame-pointer\" \"-m64\" \"-I\" \"/usr/include\" \"-Wall\" \"-Wextra\" \"-E\" \"build/expando.c\" with args \"cc\" did not execute successfully (status code exit status: 1)." }
[INFO] [stderr] 
[INFO] [stderr]   Failed to find OpenSSL development headers.
[INFO] [stderr] 
[INFO] [stderr]   You can try fixing this setting the `OPENSSL_DIR` environment variable
[INFO] [stderr]   pointing to your OpenSSL installation or installing OpenSSL headers package
[INFO] [stderr]   specific to your distribution:
[INFO] [stderr] 
[INFO] [stderr]       # On Ubuntu
[INFO] [stderr]       sudo apt-get install libssl-dev
[INFO] [stderr]       # On Arch Linux
[INFO] [stderr]       sudo pacman -S openssl
[INFO] [stderr]       # On Fedora
[INFO] [stderr]       sudo dnf install openssl-devel
[INFO] [stderr] 
[INFO] [stderr]   See rust-openssl README for more information:
[INFO] [stderr] 
[INFO] [stderr]       https://github.com/sfackler/rust-openssl#linux
[INFO] [stderr] 
[INFO] [stderr]   stack backtrace:
[INFO] [stderr]      0:     0x5b8652448b01 - std[dcd3b59013b76480]::backtrace_rs::backtrace::libunwind::trace
[INFO] [stderr]                                  at /rustc/018018e881e2db0956f229dbb543e21f058d1ce7/library/std/src/../../backtrace/src/backtrace/libunwind.rs:117:9
[INFO] [stderr]      1:     0x5b8652448b01 - std[dcd3b59013b76480]::backtrace_rs::backtrace::trace_unsynchronized::<std[dcd3b59013b76480]::sys::backtrace::_print_fmt::{closure#1}>
[INFO] [stderr]                                  at /rustc/018018e881e2db0956f229dbb543e21f058d1ce7/library/std/src/../../backtrace/src/backtrace/mod.rs:66:14
[INFO] [stderr]      2:     0x5b8652448b01 - std[dcd3b59013b76480]::sys::backtrace::_print_fmt
[INFO] [stderr]                                  at /rustc/018018e881e2db0956f229dbb543e21f058d1ce7/library/std/src/sys/backtrace.rs:74:9
[INFO] [stderr]      3:     0x5b8652448b01 - <<std[dcd3b59013b76480]::sys::backtrace::BacktraceLock>::print::DisplayBacktrace as core[8037452b210bb549]::fmt::Display>::fmt
[INFO] [stderr]                                  at /rustc/018018e881e2db0956f229dbb543e21f058d1ce7/library/std/src/sys/backtrace.rs:44:26
[INFO] [stderr]      4:     0x5b865245d16a - <core[8037452b210bb549]::fmt::rt::Argument>::fmt
[INFO] [stderr]                                  at /rustc/018018e881e2db0956f229dbb543e21f058d1ce7/library/core/src/fmt/rt.rs:152:76
[INFO] [stderr]      5:     0x5b865245d16a - core[8037452b210bb549]::fmt::write
[INFO] [stderr]      6:     0x5b865244e8fc - core[8037452b210bb549]::io::write::default_write_fmt::<std[dcd3b59013b76480]::sys::stdio::unix::Stderr>
[INFO] [stderr]                                  at /rustc/018018e881e2db0956f229dbb543e21f058d1ce7/library/core/src/io/write.rs:402:11
[INFO] [stderr]      7:     0x5b865244e8fc - <std[dcd3b59013b76480]::sys::stdio::unix::Stderr as core[8037452b210bb549]::io::write::Write>::write_fmt
[INFO] [stderr]                                  at /rustc/018018e881e2db0956f229dbb543e21f058d1ce7/library/core/src/io/write.rs:335:13
[INFO] [stderr]      8:     0x5b8652427ce6 - <std[dcd3b59013b76480]::sys::backtrace::BacktraceLock>::print
[INFO] [stderr]                                  at /rustc/018018e881e2db0956f229dbb543e21f058d1ce7/library/std/src/sys/backtrace.rs:47:9
[INFO] [stderr]      9:     0x5b8652427ce6 - std[dcd3b59013b76480]::panicking::default_hook::{closure#0}
[INFO] [stderr]                                  at /rustc/018018e881e2db0956f229dbb543e21f058d1ce7/library/std/src/panicking.rs:289:27
[INFO] [stderr]     10:     0x5b8652443681 - std[dcd3b59013b76480]::panicking::default_hook
[INFO] [stderr]                                  at /rustc/018018e881e2db0956f229dbb543e21f058d1ce7/library/std/src/panicking.rs:316:9
[INFO] [stderr]     11:     0x5b865244383b - std[dcd3b59013b76480]::panicking::panic_with_hook
[INFO] [stderr]                                  at /rustc/018018e881e2db0956f229dbb543e21f058d1ce7/library/std/src/panicking.rs:811:13
[INFO] [stderr]     12:     0x5b8652427d92 - std[dcd3b59013b76480]::panicking::panic_handler::{closure#0}
[INFO] [stderr]                                  at /rustc/018018e881e2db0956f229dbb543e21f058d1ce7/library/std/src/panicking.rs:685:13
[INFO] [stderr]     13:     0x5b8652421999 - std[dcd3b59013b76480]::sys::backtrace::__rust_end_short_backtrace::<std[dcd3b59013b76480]::panicking::panic_handler::{closure#0}, !>
[INFO] [stderr]                                  at /rustc/018018e881e2db0956f229dbb543e21f058d1ce7/library/std/src/sys/backtrace.rs:182:18
[INFO] [stderr]     14:     0x5b865242866d - __rustc[cc27b9c236b2089c]::rust_begin_unwind
[INFO] [stderr]                                  at /rustc/018018e881e2db0956f229dbb543e21f058d1ce7/library/std/src/panicking.rs:676:5
[INFO] [stderr]     15:     0x5b865245d93c - core[8037452b210bb549]::panicking::panic_fmt
[INFO] [stderr]                                  at /rustc/018018e881e2db0956f229dbb543e21f058d1ce7/library/core/src/panicking.rs:80:14
[INFO] [stderr]     16:     0x5b86523b7619 - build_script_main[4ee5f65b20958a5c]::validate_headers
[INFO] [stderr]     17:     0x5b86523b0da3 - build_script_main[4ee5f65b20958a5c]::find_normal::try_pkg_config
[INFO] [stderr]     18:     0x5b86523b1168 - build_script_main[4ee5f65b20958a5c]::find_normal::find_openssl_dir
[INFO] [stderr]     19:     0x5b86523aefe7 - build_script_main[4ee5f65b20958a5c]::find_normal::get_openssl::{closure#0}
[INFO] [stderr]     20:     0x5b86523ac940 - <core[8037452b210bb549]::option::Option<std[dcd3b59013b76480]::ffi::os_str::OsString>>::unwrap_or_else::<build_script_main[4ee5f65b20958a5c]::find_normal::get_openssl::{closure#0}>
[INFO] [stderr]     21:     0x5b86523b066c - build_script_main[4ee5f65b20958a5c]::find_normal::get_openssl
[INFO] [stderr]     22:     0x5b86523b592d - build_script_main[4ee5f65b20958a5c]::find_openssl
[INFO] [stderr]     23:     0x5b86523b7c31 - build_script_main[4ee5f65b20958a5c]::main
[INFO] [stderr]     24:     0x5b86523b3e53 - <fn() as core[8037452b210bb549]::ops::function::FnOnce<()>>::call_once
[INFO] [stderr]     25:     0x5b86523ae3be - std[dcd3b59013b76480]::sys::backtrace::__rust_begin_short_backtrace::<fn(), ()>
[INFO] [stderr]     26:     0x5b86523aeae9 - std[dcd3b59013b76480]::rt::lang_start::<()>::{closure#0}
[INFO] [stderr]     27:     0x5b8652442a88 - <&dyn core[8037452b210bb549]::ops::function::Fn<(), Output = i32> + core[8037452b210bb549]::panic::unwind_safe::RefUnwindSafe + core[8037452b210bb549]::marker::Sync as core[8037452b210bb549]::ops::function::FnOnce<()>>::call_once
[INFO] [stderr]                                  at /rustc/018018e881e2db0956f229dbb543e21f058d1ce7/library/core/src/ops/function.rs:287:21
[INFO] [stderr]     28:     0x5b8652442a88 - std[dcd3b59013b76480]::panicking::catch_unwind::do_call::<&dyn core[8037452b210bb549]::ops::function::Fn<(), Output = i32> + core[8037452b210bb549]::panic::unwind_safe::RefUnwindSafe + core[8037452b210bb549]::marker::Sync, i32>
[INFO] [stderr]                                  at /rustc/018018e881e2db0956f229dbb543e21f058d1ce7/library/std/src/panicking.rs:573:43
[INFO] [stderr]     29:     0x5b8652442a88 - std[dcd3b59013b76480]::panicking::catch_unwind::<i32, &dyn core[8037452b210bb549]::ops::function::Fn<(), Output = i32> + core[8037452b210bb549]::panic::unwind_safe::RefUnwindSafe + core[8037452b210bb549]::marker::Sync>
[INFO] [stderr]                                  at /rustc/018018e881e2db0956f229dbb543e21f058d1ce7/library/std/src/panicking.rs:541:19
[INFO] [stderr]     30:     0x5b8652442a88 - std[dcd3b59013b76480]::panic::catch_unwind::<&dyn core[8037452b210bb549]::ops::function::Fn<(), Output = i32> + core[8037452b210bb549]::panic::unwind_safe::RefUnwindSafe + core[8037452b210bb549]::marker::Sync, i32>
[INFO] [stderr]                                  at /rustc/018018e881e2db0956f229dbb543e21f058d1ce7/library/std/src/panic.rs:359:14
[INFO] [stderr]     31:     0x5b8652442a88 - std[dcd3b59013b76480]::rt::lang_start_internal::{closure#0}
[INFO] [stderr]                                  at /rustc/018018e881e2db0956f229dbb543e21f058d1ce7/library/std/src/rt.rs:175:24
[INFO] [stderr]     32:     0x5b8652442a88 - std[dcd3b59013b76480]::panicking::catch_unwind::do_call::<std[dcd3b59013b76480]::rt::lang_start_internal::{closure#0}, isize>
[INFO] [stderr]                                  at /rustc/018018e881e2db0956f229dbb543e21f058d1ce7/library/std/src/panicking.rs:573:43
[INFO] [stderr]     33:     0x5b8652442a88 - std[dcd3b59013b76480]::panicking::catch_unwind::<isize, std[dcd3b59013b76480]::rt::lang_start_internal::{closure#0}>
[INFO] [stderr]                                  at /rustc/018018e881e2db0956f229dbb543e21f058d1ce7/library/std/src/panicking.rs:541:19
[INFO] [stderr]     34:     0x5b8652442a88 - std[dcd3b59013b76480]::panic::catch_unwind::<std[dcd3b59013b76480]::rt::lang_start_internal::{closure#0}, isize>
[INFO] [stderr]                                  at /rustc/018018e881e2db0956f229dbb543e21f058d1ce7/library/std/src/panic.rs:359:14
[INFO] [stderr]     35:     0x5b8652442a88 - std[dcd3b59013b76480]::rt::lang_start_internal
[INFO] [stderr]                                  at /rustc/018018e881e2db0956f229dbb543e21f058d1ce7/library/std/src/rt.rs:171:5
[INFO] [stderr]     36:     0x5b86523ae2c1 - std[dcd3b59013b76480]::rt::lang_start::<()>
[INFO] [stderr]     37:     0x5b86523b9ba5 - main
[INFO] [stderr]     38:     0x73ba2f6ae601 - <unknown>
[INFO] [stderr]     39:     0x73ba2f6ae718 - __libc_start_main
[INFO] [stderr]     40:     0x5b86523ac6b5 - _start
[INFO] [stderr]     41:                0x0 - <unknown>
[INFO] [stderr] warning: build failed, waiting for other jobs to finish...
[INFO] running `Command { std: "docker" "inspect" "6a5f6c251ff1f6f493f50205f7d50907dd93f86a3d5dbf80a7ca96615761b546", kill_on_drop: false }`
[INFO] running `Command { std: "docker" "rm" "-f" "6a5f6c251ff1f6f493f50205f7d50907dd93f86a3d5dbf80a7ca96615761b546", kill_on_drop: false }`
[INFO] [stdout] 6a5f6c251ff1f6f493f50205f7d50907dd93f86a3d5dbf80a7ca96615761b546
