[INFO] cloning repository https://github.com/sucy1/feat-night-rust-gping
[INFO] running `Command { std: "git" "-c" "credential.helper=" "-c" "credential.helper=/workspace/cargo-home/bin/git-credential-null" "clone" "--bare" "https://github.com/sucy1/feat-night-rust-gping" "/workspace/cache/git-repos/https%3A%2F%2Fgithub.com%2Fsucy1%2Ffeat-night-rust-gping", kill_on_drop: false }`
[INFO] [stderr] Cloning into bare repository '/workspace/cache/git-repos/https%3A%2F%2Fgithub.com%2Fsucy1%2Ffeat-night-rust-gping'...
[INFO] running `Command { std: "git" "rev-parse" "HEAD", kill_on_drop: false }`
[INFO] [stdout] ec65ffe0c9a3450b2344c57761be0d17c7246ae7
[INFO] checking sucy1/feat-night-rust-gping/ec65ffe0c9a3450b2344c57761be0d17c7246ae7 against 018018e881e2db0956f229dbb543e21f058d1ce7 for pr-162597
[INFO] running `Command { std: "git" "clone" "/workspace/cache/git-repos/https%3A%2F%2Fgithub.com%2Fsucy1%2Ffeat-night-rust-gping" "/workspace/builds/worker-6-tc1/source", kill_on_drop: false }`
[INFO] [stderr] Cloning into '/workspace/builds/worker-6-tc1/source'...
[INFO] [stderr] done.
[INFO] started tweaking git repo https://github.com/sucy1/feat-night-rust-gping
[INFO] finished tweaking git repo https://github.com/sucy1/feat-night-rust-gping
[INFO] tweaked toml for git repo https://github.com/sucy1/feat-night-rust-gping written to /workspace/builds/worker-6-tc1/source/Cargo.toml
[INFO] validating manifest of git repo https://github.com/sucy1/feat-night-rust-gping on toolchain 018018e881e2db0956f229dbb543e21f058d1ce7
[INFO] running `Command { std: CARGO_HOME="/workspace/cargo-home" RUSTUP_HOME="/workspace/rustup-home" "/workspace/cargo-home/bin/cargo" "+018018e881e2db0956f229dbb543e21f058d1ce7" "metadata" "--manifest-path" "Cargo.toml" "--no-deps", kill_on_drop: false }`
[INFO] crate git repo https://github.com/sucy1/feat-night-rust-gping already has a lockfile, it will not be regenerated
[INFO] running `Command { std: CARGO_HOME="/workspace/cargo-home" RUSTUP_HOME="/workspace/rustup-home" "/workspace/cargo-home/bin/cargo" "+018018e881e2db0956f229dbb543e21f058d1ce7" "fetch" "--manifest-path" "Cargo.toml", kill_on_drop: false }`
[INFO] [stderr]     Blocking waiting for file lock on package cache
[INFO] [stderr]     Updating crates.io index
[INFO] [stderr]     Blocking waiting for file lock on package cache
[INFO] [stderr]  Downloading crates ...
[INFO] [stderr]   Downloaded winping v0.10.1
[INFO] [stderr]   Downloaded os_info v3.15.0
[INFO] [stderr]   Downloaded ntest v0.9.5
[INFO] [stderr]   Downloaded ntest_timeout v0.9.5
[INFO] [stderr]   Downloaded ratatui v0.30.1
[INFO] [stderr]   Downloaded ntest_test_cases v0.9.5
[INFO] [stderr]   Downloaded clap_mangen v0.3.0
[INFO] [stderr]   Downloaded ratatui-crossterm v0.1.1
[INFO] [stderr]   Downloaded ratatui-widgets v0.3.1
[INFO] [stderr]   Downloaded roff v1.1.1
[INFO] [stderr]   Downloaded ratatui-core v0.1.1
[INFO] [stderr]   Downloaded winapi_forked_icmpapi v0.3.7
[INFO] running `Command { std: "docker" "create" "-v" "/var/lib/crater-agent-workspace/builds/worker-6-tc1/source:/opt/rustwide/workdir:ro,Z" "-v" "/var/lib/crater-agent-workspace/builds/worker-6-tc1/target:/opt/rustwide/target:rw,Z" "-v" "/var/lib/crater-agent-workspace/cargo-home:/opt/rustwide/cargo-home:ro,Z" "-v" "/var/lib/crater-agent-workspace/rustup-home:/opt/rustwide/rustup-home:ro,Z" "-m" "1610612736" "--network" "none" "ghcr.io/rust-lang/crates-build-env/linux@sha256:8683fc1fc2eb5c9ac98e0d076ab094b2ffac7f99da555d2b6a2e27f346de2ec7" "sleep" "infinity", kill_on_drop: false }`
[INFO] [stdout] 8230c710cff96b75f35f580fc8e5e471401ab70275afae6d23944599c3a124ac
[INFO] running `Command { std: "docker" "start" "8230c710cff96b75f35f580fc8e5e471401ab70275afae6d23944599c3a124ac", kill_on_drop: false }`
[INFO] running `Command { std: "docker" "inspect" "8230c710cff96b75f35f580fc8e5e471401ab70275afae6d23944599c3a124ac", kill_on_drop: false }`
[INFO] running `Command { std: "docker" "exec" "-e" "SOURCE_DIR=/opt/rustwide/workdir" "-e" "CARGO_HOME=/opt/rustwide/cargo-home" "-e" "RUSTUP_HOME=/opt/rustwide/rustup-home" "-e" "CARGO_TARGET_DIR=/opt/rustwide/target" "-w" "/opt/rustwide/workdir" "--user" "0:0" "8230c710cff96b75f35f580fc8e5e471401ab70275afae6d23944599c3a124ac" "/opt/rustwide/cargo-home/bin/cargo" "+018018e881e2db0956f229dbb543e21f058d1ce7" "metadata" "--no-deps" "--format-version=1", kill_on_drop: false }`
[INFO] running `Command { std: "docker" "inspect" "8230c710cff96b75f35f580fc8e5e471401ab70275afae6d23944599c3a124ac", kill_on_drop: false }`
[INFO] running `Command { std: "docker" "exec" "-e" "SOURCE_DIR=/opt/rustwide/workdir" "-e" "CARGO_HOME=/opt/rustwide/cargo-home" "-e" "RUSTUP_HOME=/opt/rustwide/rustup-home" "-e" "CARGO_TARGET_DIR=/opt/rustwide/target" "-e" "CARGO_INCREMENTAL=0" "-e" "RUST_BACKTRACE=full" "-e" "RUSTFLAGS=--cap-lints=forbid" "-e" "RUSTDOCFLAGS=--cap-lints=forbid" "-w" "/opt/rustwide/workdir" "--user" "0:0" "8230c710cff96b75f35f580fc8e5e471401ab70275afae6d23944599c3a124ac" "/opt/rustwide/cargo-home/bin/cargo" "+018018e881e2db0956f229dbb543e21f058d1ce7" "check" "--frozen" "--all" "--all-targets" "--message-format=json", kill_on_drop: false }`
[INFO] [stderr]     Checking log v0.4.32
[INFO] [stderr]     Checking smallvec v1.15.2
[INFO] [stderr]    Compiling aho-corasick v1.1.4
[INFO] [stderr]    Compiling foldhash v0.2.0
[INFO] [stderr]     Checking either v1.16.0
[INFO] [stderr]    Compiling unicode-segmentation v1.13.3
[INFO] [stderr]     Checking regex-automata v0.4.14
[INFO] [stderr]    Compiling zerovec-derive v0.11.3
[INFO] [stderr]    Compiling displaydoc v0.2.6
[INFO] [stderr]    Compiling darling_core v0.23.0
[INFO] [stderr]    Compiling strum_macros v0.28.0
[INFO] [stderr]    Compiling zerofrom-derive v0.1.7
[INFO] [stderr]    Compiling yoke-derive v0.8.2
[INFO] [stderr]    Compiling syn v1.0.109
[INFO] [stderr]    Compiling rustix v1.1.4
[INFO] [stderr]    Compiling instability v0.3.12
[INFO] [stderr]    Compiling hashbrown v0.17.1
[INFO] [stderr]     Checking mio v1.2.1
[INFO] [stderr]     Checking parking_lot_core v0.9.12
[INFO] [stderr]     Checking itertools v0.14.0
[INFO] [stderr]     Checking compact_str v0.9.1
[INFO] [stderr]     Checking kasuari v0.4.12
[INFO] [stderr]     Checking signal-hook v0.3.18
[INFO] [stderr]     Checking lru v0.18.0
[INFO] [stderr]    Compiling litrs v1.0.0
[INFO] [stderr]    Compiling nix v0.31.3
[INFO] [stderr]    Compiling convert_case v0.10.0
[INFO] [stderr]     Checking signal-hook-mio v0.2.5
[INFO] [stderr]     Checking parking_lot v0.12.5
[INFO] [stderr]    Compiling clap_derive v4.6.1
[INFO] [stderr]     Checking line-clipping v0.3.7
[INFO] [stderr]    Compiling derive_more-impl v2.1.1
[INFO] [stderr]    Compiling indexmap v2.14.0
[INFO] [stderr]    Compiling document-features v0.2.12
[INFO] [stderr]     Checking serde v1.0.228
[INFO] [stderr]     Checking roff v1.1.1
[INFO] [stderr]     Checking zerofrom v0.1.8
[INFO] [stderr]     Checking yoke v0.8.3
[INFO] [stderr]     Checking derive_more v2.1.1
[INFO] [stderr]     Checking zerovec v0.11.6
[INFO] [stderr]     Checking zerotrie v0.2.4
[INFO] [stderr]     Checking crossterm v0.29.0
[INFO] [stderr]     Checking strum v0.28.0
[INFO] [stderr]     Checking clap v4.6.1
[INFO] [stderr]     Checking clap-cargo v0.18.3
[INFO] [stderr]     Checking clap_mangen v0.3.0
[INFO] [stderr]     Checking os_info v3.15.0
[INFO] [stderr]     Checking tinystr v0.8.3
[INFO] [stderr]     Checking potential_utf v0.1.5
[INFO] [stderr]     Checking icu_locale_core v2.2.0
[INFO] [stderr]     Checking icu_collections v2.2.0
[INFO] [stderr]    Compiling darling_macro v0.23.0
[INFO] [stderr]    Compiling toml_edit v0.25.12+spec-1.1.0
[INFO] [stderr]    Compiling darling v0.23.0
[INFO] [stderr]     Checking regex v1.12.4
[INFO] [stderr]     Checking unicode-truncate v2.0.1
[INFO] [stderr]     Checking ratatui-core v0.1.1
[INFO] [stderr]    Compiling proc-macro-crate v3.5.0
[INFO] [stderr]     Checking ratatui-crossterm v0.1.1
[INFO] [stderr]     Checking ratatui-widgets v0.3.1
[INFO] [stderr]     Checking icu_provider v2.2.0
[INFO] [stderr]    Compiling lazy-regex-proc_macros v3.6.0
[INFO] [stderr]     Checking icu_normalizer v2.2.0
[INFO] [stderr]     Checking icu_properties v2.2.0
[INFO] [stderr]    Compiling ntest_timeout v0.9.5
[INFO] [stderr]    Compiling ntest_test_cases v0.9.5
[INFO] [stderr]     Checking lazy-regex v3.6.0
[INFO] [stderr]     Checking pinger v2.1.2 (/opt/rustwide/workdir/pinger)
[INFO] [stderr]     Checking ratatui v0.30.1
[INFO] [stderr]     Checking ntest v0.9.5
[INFO] [stderr]     Checking idna_adapter v1.2.2
[INFO] [stderr]     Checking idna v1.1.0
[INFO] [stderr]     Checking gping v1.20.2 (/opt/rustwide/workdir/gping)
[INFO] [stdout] error[E0107]: struct takes 0 generic arguments but 1 generic argument was supplied
[INFO] [stdout]     --> gping/src/main.rs:1004:47
[INFO] [stdout]      |
[INFO] [stdout] 1004 | fn render_bottom_bar<B: Backend>(f: &mut tui::Frame<B>, area: tui::layout::Rect, app: &App) {
[INFO] [stdout]      |                                               ^^^^^ - help: remove the unnecessary generic argument
[INFO] [stdout]      |                                               |
[INFO] [stdout]      |                                               expected 0 generic arguments
[INFO] [stdout]      |
[INFO] [stdout] note: struct defined here, with 0 generic parameters
[INFO] [stdout]     --> /opt/rustwide/cargo-home/registry/src/index.crates.io-1949cf8c6b5b557f/ratatui-core-0.1.1/src/terminal/frame.rs:22:12
[INFO] [stdout]      |
[INFO] [stdout]   22 | pub struct Frame<'a> {
[INFO] [stdout]      |            ^^^^^
[INFO] [stdout] 
[INFO] [stdout] 
[INFO] [stdout] error[E0107]: struct takes 0 generic arguments but 1 generic argument was supplied
[INFO] [stdout]     --> gping/src/main.rs:1004:47
[INFO] [stdout]      |
[INFO] [stdout] 1004 | fn render_bottom_bar<B: Backend>(f: &mut tui::Frame<B>, area: tui::layout::Rect, app: &App) {
[INFO] [stdout]      |                                               ^^^^^ - help: remove the unnecessary generic argument
[INFO] [stdout]      |                                               |
[INFO] [stdout]      |                                               expected 0 generic arguments
[INFO] [stdout]      |
[INFO] [stdout] note: struct defined here, with 0 generic parameters
[INFO] [stdout]     --> /opt/rustwide/cargo-home/registry/src/index.crates.io-1949cf8c6b5b557f/ratatui-core-0.1.1/src/terminal/frame.rs:22:12
[INFO] [stdout]      |
[INFO] [stdout]   22 | pub struct Frame<'a> {
[INFO] [stdout]      |            ^^^^^
[INFO] [stdout] 
[INFO] [stdout] 
[INFO] [stdout] error[E0283]: type annotations needed
[INFO] [stdout]     --> gping/src/main.rs:838:21
[INFO] [stdout]      |
[INFO] [stdout]  838 |                     render_bottom_bar(f, *bottom_chunk, &app);
[INFO] [stdout]      |                     ^^^^^^^^^^^^^^^^^ cannot infer type of the type parameter `B` declared on the function `render_bottom_bar`
[INFO] [stdout]      |
[INFO] [stdout]      = note: the type must implement `Backend`
[INFO] [stdout] help: the following types implement trait `Backend`
[INFO] [stdout]     --> /opt/rustwide/cargo-home/registry/src/index.crates.io-1949cf8c6b5b557f/ratatui-crossterm-0.1.1/src/lib.rs:226:1
[INFO] [stdout]      |
[INFO] [stdout]  226 | / impl<W> Backend for CrosstermBackend<W>
[INFO] [stdout]  227 | | where
[INFO] [stdout]  228 | |     W: Write,
[INFO] [stdout]      | |_____________^ `CrosstermBackend<W>`
[INFO] [stdout]      |
[INFO] [stdout]     ::: /opt/rustwide/cargo-home/registry/src/index.crates.io-1949cf8c6b5b557f/ratatui-core-0.1.1/src/backend/test.rs:249:1
[INFO] [stdout]      |
[INFO] [stdout]  249 |   impl Backend for TestBackend {
[INFO] [stdout]      |   ^^^^^^^^^^^^^^^^^^^^^^^^^^^^ `TestBackend`
[INFO] [stdout] note: required by a bound in `render_bottom_bar`
[INFO] [stdout]     --> gping/src/main.rs:1004:25
[INFO] [stdout]      |
[INFO] [stdout] 1004 | fn render_bottom_bar<B: Backend>(f: &mut tui::Frame<B>, area: tui::layout::Rect, app: &App) {
[INFO] [stdout]      |                         ^^^^^^^ required by this bound in `render_bottom_bar`
[INFO] [stdout] help: consider specifying a concrete type for the type parameter `B`
[INFO] [stdout]      |
[INFO] [stdout]  838 |                     render_bottom_bar::</* Type */>(f, *bottom_chunk, &app);
[INFO] [stdout]      |                                      ++++++++++++++
[INFO] [stdout] 
[INFO] [stdout] 
[INFO] [stdout] error[E0283]: type annotations needed
[INFO] [stdout]     --> gping/src/main.rs:838:21
[INFO] [stdout]      |
[INFO] [stdout]  838 |                     render_bottom_bar(f, *bottom_chunk, &app);
[INFO] [stdout]      |                     ^^^^^^^^^^^^^^^^^ cannot infer type of the type parameter `B` declared on the function `render_bottom_bar`
[INFO] [stdout]      |
[INFO] [stdout]      = note: the type must implement `Backend`
[INFO] [stdout] help: the following types implement trait `Backend`
[INFO] [stdout]     --> /opt/rustwide/cargo-home/registry/src/index.crates.io-1949cf8c6b5b557f/ratatui-crossterm-0.1.1/src/lib.rs:226:1
[INFO] [stdout]      |
[INFO] [stdout]  226 | / impl<W> Backend for CrosstermBackend<W>
[INFO] [stdout]  227 | | where
[INFO] [stdout]  228 | |     W: Write,
[INFO] [stdout]      | |_____________^ `CrosstermBackend<W>`
[INFO] [stdout]      |
[INFO] [stdout]     ::: /opt/rustwide/cargo-home/registry/src/index.crates.io-1949cf8c6b5b557f/ratatui-core-0.1.1/src/backend/test.rs:249:1
[INFO] [stdout]      |
[INFO] [stdout]  249 |   impl Backend for TestBackend {
[INFO] [stdout]      |   ^^^^^^^^^^^^^^^^^^^^^^^^^^^^ `TestBackend`
[INFO] [stdout] note: required by a bound in `render_bottom_bar`
[INFO] [stdout]     --> gping/src/main.rs:1004:25
[INFO] [stdout]      |
[INFO] [stdout] 1004 | fn render_bottom_bar<B: Backend>(f: &mut tui::Frame<B>, area: tui::layout::Rect, app: &App) {
[INFO] [stdout]      |                         ^^^^^^^ required by this bound in `render_bottom_bar`
[INFO] [stdout] help: consider specifying a concrete type for the type parameter `B`
[INFO] [stdout]      |
[INFO] [stdout]  838 |                     render_bottom_bar::</* Type */>(f, *bottom_chunk, &app);
[INFO] [stdout]      |                                      ++++++++++++++
[INFO] [stdout] 
[INFO] [stdout] 
[INFO] [stdout] error[E0502]: cannot borrow `self.id_to_idx` as mutable because it is also borrowed as immutable
[INFO] [stdout]    --> gping/src/main.rs:204:21
[INFO] [stdout]     |
[INFO] [stdout] 200 |               for (&id, &cur_idx) in &self.id_to_idx {
[INFO] [stdout]     |               -                      ---------------
[INFO] [stdout]     |               |                      |
[INFO] [stdout]     |               |                      immutable borrow occurs here
[INFO] [stdout]     |  _____________|                      immutable borrow later used here
[INFO] [stdout]     | |
[INFO] [stdout] 201 | |                 if cur_idx == idx {
[INFO] [stdout] 202 | |                     to_remove.push(id);
[INFO] [stdout] 203 | |                 } else if cur_idx > idx {
[INFO] [stdout] 204 | |                     self.id_to_idx.insert(id, cur_idx - 1);
[INFO] [stdout]     | |                     ^^^^^^^^^^^^^^^^^^^^^^^^^^^^^^^^^^^^^^ mutable borrow occurs here
[INFO] [stdout] 205 | |                 }
[INFO] [stdout] 206 | |             }
[INFO] [stdout]     | |_____________- this for loop borrows `self.id_to_idx` immutably, preventing mutation within its body
[INFO] [stdout]     |
[INFO] [stdout]     = help: consider using an index-based loop instead, or collecting modifications into a separate collection
[INFO] [stdout] 
[INFO] [stdout] 
[INFO] [stdout] Some errors have detailed explanations: E0107, E0283, E0502.
[INFO] [stdout] 
[INFO] [stdout] For more information about an error, try `rustc --explain E0107`.
[INFO] [stdout] 
[INFO] [stdout] error[E0502]: cannot borrow `self.id_to_idx` as mutable because it is also borrowed as immutable
[INFO] [stdout]    --> gping/src/main.rs:204:21
[INFO] [stdout]     |
[INFO] [stdout] 200 |               for (&id, &cur_idx) in &self.id_to_idx {
[INFO] [stdout]     |               -                      ---------------
[INFO] [stdout]     |               |                      |
[INFO] [stdout]     |               |                      immutable borrow occurs here
[INFO] [stdout]     |  _____________|                      immutable borrow later used here
[INFO] [stdout]     | |
[INFO] [stdout] 201 | |                 if cur_idx == idx {
[INFO] [stdout] 202 | |                     to_remove.push(id);
[INFO] [stdout] 203 | |                 } else if cur_idx > idx {
[INFO] [stdout] 204 | |                     self.id_to_idx.insert(id, cur_idx - 1);
[INFO] [stdout]     | |                     ^^^^^^^^^^^^^^^^^^^^^^^^^^^^^^^^^^^^^^ mutable borrow occurs here
[INFO] [stdout] 205 | |                 }
[INFO] [stdout] 206 | |             }
[INFO] [stdout]     | |_____________- this for loop borrows `self.id_to_idx` immutably, preventing mutation within its body
[INFO] [stdout]     |
[INFO] [stdout]     = help: consider using an index-based loop instead, or collecting modifications into a separate collection
[INFO] [stdout] 
[INFO] [stdout] 
[INFO] [stderr] error: could not compile `gping` (bin "gping") due to 3 previous errors
[INFO] [stderr] warning: build failed, waiting for other jobs to finish...
[INFO] [stdout] Some errors have detailed explanations: E0107, E0283, E0502.
[INFO] [stdout] 
[INFO] [stdout] For more information about an error, try `rustc --explain E0107`.
[INFO] [stdout] 
[INFO] [stderr] error: could not compile `gping` (bin "gping" test) due to 3 previous errors
[INFO] running `Command { std: "docker" "inspect" "8230c710cff96b75f35f580fc8e5e471401ab70275afae6d23944599c3a124ac", kill_on_drop: false }`
[INFO] running `Command { std: "docker" "rm" "-f" "8230c710cff96b75f35f580fc8e5e471401ab70275afae6d23944599c3a124ac", kill_on_drop: false }`
[INFO] [stdout] 8230c710cff96b75f35f580fc8e5e471401ab70275afae6d23944599c3a124ac
