[INFO] cloning repository https://github.com/ryescholin/signal_test
[INFO] running `Command { std: "git" "-c" "credential.helper=" "-c" "credential.helper=/workspace/cargo-home/bin/git-credential-null" "clone" "--bare" "https://github.com/ryescholin/signal_test" "/workspace/cache/git-repos/https%3A%2F%2Fgithub.com%2Fryescholin%2Fsignal_test", kill_on_drop: false }`
[INFO] [stderr] Cloning into bare repository '/workspace/cache/git-repos/https%3A%2F%2Fgithub.com%2Fryescholin%2Fsignal_test'...
[INFO] running `Command { std: "git" "rev-parse" "HEAD", kill_on_drop: false }`
[INFO] [stdout] 84a9ca207411f2bc17acc7462263ae7ca3cf4de8
[INFO] checking ryescholin/signal_test against be3da1e8c043bb6f1f335463d3b1335cdf50b03c for pr-162597
[INFO] running `Command { std: "git" "clone" "/workspace/cache/git-repos/https%3A%2F%2Fgithub.com%2Fryescholin%2Fsignal_test" "/workspace/builds/worker-1-tc2/source", kill_on_drop: false }`
[INFO] [stderr] Cloning into '/workspace/builds/worker-1-tc2/source'...
[INFO] [stderr] done.
[INFO] started tweaking git repo https://github.com/ryescholin/signal_test
[INFO] finished tweaking git repo https://github.com/ryescholin/signal_test
[INFO] tweaked toml for git repo https://github.com/ryescholin/signal_test written to /workspace/builds/worker-1-tc2/source/Cargo.toml
[INFO] validating manifest of git repo https://github.com/ryescholin/signal_test on toolchain be3da1e8c043bb6f1f335463d3b1335cdf50b03c
[INFO] running `Command { std: CARGO_HOME="/workspace/cargo-home" RUSTUP_HOME="/workspace/rustup-home" "/workspace/cargo-home/bin/cargo" "+be3da1e8c043bb6f1f335463d3b1335cdf50b03c" "metadata" "--manifest-path" "Cargo.toml" "--no-deps", kill_on_drop: false }`
[INFO] crate git repo https://github.com/ryescholin/signal_test already has a lockfile, it will not be regenerated
[INFO] running `Command { std: CARGO_HOME="/workspace/cargo-home" RUSTUP_HOME="/workspace/rustup-home" "/workspace/cargo-home/bin/cargo" "+be3da1e8c043bb6f1f335463d3b1335cdf50b03c" "fetch" "--manifest-path" "Cargo.toml", kill_on_drop: false }`
[INFO] [stderr] warning: binary `signal_test` should have a kebab-case name
[INFO] [stderr]    |
[INFO] [stderr]  1 | /workspace/builds/worker-1-tc2/source/target/.../signal_test
[INFO] [stderr]    |                                                  ^^^^^^^^^^^
[INFO] [stderr]    |
[INFO] [stderr]    = note: `cargo::non_kebab_case_bins` is set to `warn` by default
[INFO] [stderr] help: to change the binary name to `signal-test`, convert `package.name`
[INFO] [stderr]   --> Cargo.toml:22:8
[INFO] [stderr]    |
[INFO] [stderr] 22 - name = "signal_test"
[INFO] [stderr] 22 + name = "signal-test"
[INFO] [stderr]    |
[INFO] [stderr] help: to change the binary name to `signal-test`, specify `bin.name`
[INFO] [stderr]   --> Cargo.toml:23:19
[INFO] [stderr]    |
[INFO] [stderr] 23 ~ version = "0.1.0"
[INFO] [stderr] 24 + [[bin]]
[INFO] [stderr] 25 + name = "signal-test"
[INFO] [stderr] 26 + path = "src/main.rs"
[INFO] [stderr]    |
[INFO] [stderr] warning: `signal_test` (manifest) generated 1 warning
[INFO] [stderr]     Blocking waiting for file lock on package cache
[INFO] [stderr]     Updating crates.io index
[INFO] [stderr]     Blocking waiting for file lock on package cache
[ERROR] error running command: no output for 300 seconds
[INFO] checking ryescholin/signal_test against be3da1e8c043bb6f1f335463d3b1335cdf50b03c for pr-162597
[INFO] running `Command { std: "git" "clone" "/workspace/cache/git-repos/https%3A%2F%2Fgithub.com%2Fryescholin%2Fsignal_test" "/workspace/builds/worker-1-tc2/source", kill_on_drop: false }`
[INFO] [stderr] Cloning into '/workspace/builds/worker-1-tc2/source'...
[INFO] [stderr] done.
[INFO] started tweaking git repo https://github.com/ryescholin/signal_test
[INFO] finished tweaking git repo https://github.com/ryescholin/signal_test
[INFO] tweaked toml for git repo https://github.com/ryescholin/signal_test written to /workspace/builds/worker-1-tc2/source/Cargo.toml
[INFO] validating manifest of git repo https://github.com/ryescholin/signal_test on toolchain be3da1e8c043bb6f1f335463d3b1335cdf50b03c
[INFO] running `Command { std: CARGO_HOME="/workspace/cargo-home" RUSTUP_HOME="/workspace/rustup-home" "/workspace/cargo-home/bin/cargo" "+be3da1e8c043bb6f1f335463d3b1335cdf50b03c" "metadata" "--manifest-path" "Cargo.toml" "--no-deps", kill_on_drop: false }`
[INFO] crate git repo https://github.com/ryescholin/signal_test already has a lockfile, it will not be regenerated
[INFO] running `Command { std: CARGO_HOME="/workspace/cargo-home" RUSTUP_HOME="/workspace/rustup-home" "/workspace/cargo-home/bin/cargo" "+be3da1e8c043bb6f1f335463d3b1335cdf50b03c" "fetch" "--manifest-path" "Cargo.toml", kill_on_drop: false }`
[INFO] [stderr] warning: binary `signal_test` should have a kebab-case name
[INFO] [stderr]    |
[INFO] [stderr]  1 | /workspace/builds/worker-1-tc2/source/target/.../signal_test
[INFO] [stderr]    |                                                  ^^^^^^^^^^^
[INFO] [stderr]    |
[INFO] [stderr]    = note: `cargo::non_kebab_case_bins` is set to `warn` by default
[INFO] [stderr] help: to change the binary name to `signal-test`, convert `package.name`
[INFO] [stderr]   --> Cargo.toml:22:8
[INFO] [stderr]    |
[INFO] [stderr] 22 - name = "signal_test"
[INFO] [stderr] 22 + name = "signal-test"
[INFO] [stderr]    |
[INFO] [stderr] help: to change the binary name to `signal-test`, specify `bin.name`
[INFO] [stderr]   --> Cargo.toml:23:19
[INFO] [stderr]    |
[INFO] [stderr] 23 ~ version = "0.1.0"
[INFO] [stderr] 24 + [[bin]]
[INFO] [stderr] 25 + name = "signal-test"
[INFO] [stderr] 26 + path = "src/main.rs"
[INFO] [stderr]    |
[INFO] [stderr] warning: `signal_test` (manifest) generated 1 warning
[INFO] [stderr]     Blocking waiting for file lock on package cache
[INFO] [stderr]     Blocking waiting for file lock on package cache
[INFO] [stderr]  Downloading crates ...
[INFO] [stderr]   Downloaded socketioxide v0.7.3
[INFO] [stderr]   Downloaded cc v1.0.89
[INFO] [stderr]   Downloaded serde_path_to_error v0.1.15
[INFO] [stderr]   Downloaded rppal v0.17.1
[INFO] [stderr]   Downloaded engineioxide v0.7.3
[INFO] running `Command { std: "docker" "create" "-v" "/var/lib/crater-agent-workspace/builds/worker-1-tc2/source:/opt/rustwide/workdir:ro,Z" "-v" "/var/lib/crater-agent-workspace/builds/worker-1-tc2/target:/opt/rustwide/target:rw,Z" "-v" "/var/lib/crater-agent-workspace/cargo-home:/opt/rustwide/cargo-home:ro,Z" "-v" "/var/lib/crater-agent-workspace/rustup-home:/opt/rustwide/rustup-home:ro,Z" "-m" "1610612736" "--network" "none" "ghcr.io/rust-lang/crates-build-env/linux@sha256:8683fc1fc2eb5c9ac98e0d076ab094b2ffac7f99da555d2b6a2e27f346de2ec7" "sleep" "infinity", kill_on_drop: false }`
[INFO] [stdout] defb3afc7f593308ac09075344f65cf72e2f1a354b7bfdc1b098ac0c16c7fd47
[INFO] running `Command { std: "docker" "start" "defb3afc7f593308ac09075344f65cf72e2f1a354b7bfdc1b098ac0c16c7fd47", kill_on_drop: false }`
[INFO] running `Command { std: "docker" "inspect" "defb3afc7f593308ac09075344f65cf72e2f1a354b7bfdc1b098ac0c16c7fd47", kill_on_drop: false }`
[INFO] running `Command { std: "docker" "exec" "-e" "SOURCE_DIR=/opt/rustwide/workdir" "-e" "CARGO_HOME=/opt/rustwide/cargo-home" "-e" "RUSTUP_HOME=/opt/rustwide/rustup-home" "-e" "CARGO_TARGET_DIR=/opt/rustwide/target" "-w" "/opt/rustwide/workdir" "--user" "0:0" "defb3afc7f593308ac09075344f65cf72e2f1a354b7bfdc1b098ac0c16c7fd47" "/opt/rustwide/cargo-home/bin/cargo" "+be3da1e8c043bb6f1f335463d3b1335cdf50b03c" "metadata" "--no-deps" "--format-version=1", kill_on_drop: false }`
[INFO] running `Command { std: "docker" "inspect" "defb3afc7f593308ac09075344f65cf72e2f1a354b7bfdc1b098ac0c16c7fd47", kill_on_drop: false }`
[INFO] running `Command { std: "docker" "exec" "-e" "SOURCE_DIR=/opt/rustwide/workdir" "-e" "CARGO_HOME=/opt/rustwide/cargo-home" "-e" "RUSTUP_HOME=/opt/rustwide/rustup-home" "-e" "CARGO_TARGET_DIR=/opt/rustwide/target" "-e" "CARGO_INCREMENTAL=0" "-e" "RUST_BACKTRACE=full" "-e" "RUSTFLAGS=--cap-lints=forbid" "-e" "RUSTDOCFLAGS=--cap-lints=forbid" "-w" "/opt/rustwide/workdir" "--user" "0:0" "defb3afc7f593308ac09075344f65cf72e2f1a354b7bfdc1b098ac0c16c7fd47" "/opt/rustwide/cargo-home/bin/cargo" "+be3da1e8c043bb6f1f335463d3b1335cdf50b03c" "check" "--frozen" "--all" "--all-targets" "--message-format=json", kill_on_drop: false }`
[INFO] [stderr] warning: binary `signal_test` should have a kebab-case name
[INFO] [stderr]    |
[INFO] [stderr]  1 | /opt/rustwide/target/.../signal_test
[INFO] [stderr]    |                          ^^^^^^^^^^^
[INFO] [stderr]    |
[INFO] [stderr]    = note: `cargo::non_kebab_case_bins` is set to `warn` by default
[INFO] [stderr] help: to change the binary name to `signal-test`, convert `package.name`
[INFO] [stderr]   --> Cargo.toml:22:8
[INFO] [stderr]    |
[INFO] [stderr] 22 - name = "signal_test"
[INFO] [stderr] 22 + name = "signal-test"
[INFO] [stderr]    |
[INFO] [stderr] help: to change the binary name to `signal-test`, specify `bin.name`
[INFO] [stderr]   --> Cargo.toml:23:19
[INFO] [stderr]    |
[INFO] [stderr] 23 ~ version = "0.1.0"
[INFO] [stderr] 24 + [[bin]]
[INFO] [stderr] 25 + name = "signal-test"
[INFO] [stderr] 26 + path = "src/main.rs"
[INFO] [stderr]    |
[INFO] [stderr] warning: `signal_test` (manifest) generated 1 warning
[INFO] [stderr]    Compiling proc-macro2 v1.0.78
[INFO] [stderr]    Compiling libc v0.2.153
[INFO] [stderr]     Checking futures-core v0.3.30
[INFO] [stderr]     Checking bytes v1.5.0
[INFO] [stderr]     Checking futures-sink v0.3.30
[INFO] [stderr]     Checking log v0.4.21
[INFO] [stderr]     Checking memchr v2.7.1
[INFO] [stderr]     Checking tracing-core v0.1.32
[INFO] [stderr]    Compiling serde v1.0.197
[INFO] [stderr]    Compiling rustversion v1.0.14
[INFO] [stderr]    Compiling thiserror v1.0.57
[INFO] [stderr]     Checking unicode-normalization v0.1.23
[INFO] [stderr]     Checking unicode-bidi v0.3.15
[INFO] [stderr]    Compiling serde_json v1.0.114
[INFO] [stderr]     Checking cpufeatures v0.2.12
[INFO] [stderr]     Checking ryu v1.0.17
[INFO] [stderr]     Checking sha1 v0.10.6
[INFO] [stderr]     Checking data-encoding v2.5.0
[INFO] [stderr]     Checking futures-channel v0.3.30
[INFO] [stderr]    Compiling async-trait v0.1.77
[INFO] [stderr]     Checking regex-syntax v0.6.29
[INFO] [stderr]     Checking regex-syntax v0.8.2
[INFO] [stderr]     Checking overload v0.1.1
[INFO] [stderr]     Checking sharded-slab v0.1.7
[INFO] [stderr]     Checking nu-ansi-term v0.46.0
[INFO] [stderr]     Checking thread_local v1.1.8
[INFO] [stderr]     Checking matchit v0.7.3
[INFO] [stderr]     Checking smallvec v1.13.1
[INFO] [stderr]     Checking tracing-log v0.2.0
[INFO] [stderr]     Checking http v0.2.12
[INFO] [stderr]     Checking idna v0.5.0
[INFO] [stderr]    Compiling quote v1.0.35
[INFO] [stderr]    Compiling axum-core v0.3.4
[INFO] [stderr]    Compiling axum v0.6.20
[INFO] [stderr]     Checking mio v0.8.11
[INFO] [stderr]     Checking socket2 v0.5.6
[INFO] [stderr]     Checking num_cpus v1.16.0
[INFO] [stderr]     Checking getrandom v0.2.12
[INFO] [stderr]     Checking rppal v0.17.1
[INFO] [stderr]     Checking url v2.5.0
[INFO] [stderr]    Compiling syn v2.0.52
[INFO] [stderr]     Checking rand_core v0.6.4
[INFO] [stderr]     Checking rand_chacha v0.3.1
[INFO] [stderr]     Checking http-body v0.4.6
[INFO] [stderr]     Checking rand v0.8.5
[INFO] [stderr]     Checking regex-automata v0.4.6
[INFO] [stderr]     Checking regex-automata v0.1.10
[INFO] [stderr]     Checking matchers v0.1.0
[INFO] [stderr]     Checking regex v1.10.3
[INFO] [stderr]    Compiling futures-macro v0.3.30
[INFO] [stderr]    Compiling tracing-attributes v0.1.27
[INFO] [stderr]    Compiling serde_derive v1.0.197
[INFO] [stderr]    Compiling tokio-macros v2.2.0
[INFO] [stderr]    Compiling thiserror-impl v1.0.57
[INFO] [stderr]    Compiling pin-project-internal v1.1.5
[INFO] [stderr]     Checking tokio v1.36.0
[INFO] [stderr]     Checking futures-util v0.3.30
[INFO] [stderr]     Checking pin-project v1.1.5
[INFO] [stderr]     Checking tungstenite v0.20.1
[INFO] [stderr]     Checking tracing v0.1.40
[INFO] [stderr]     Checking tracing-subscriber v0.3.18
[INFO] [stderr]     Checking futures-executor v0.3.30
[INFO] [stderr]     Checking futures v0.3.30
[INFO] [stderr]     Checking hyper v0.14.28
[INFO] [stderr]     Checking tower v0.4.13
[INFO] [stderr]     Checking tokio-tungstenite v0.20.1
[INFO] [stderr]     Checking serde_path_to_error v0.1.15
[INFO] [stderr]     Checking serde_urlencoded v0.7.1
[INFO] [stderr]     Checking engineioxide v0.7.3
[INFO] [stderr]     Checking socketioxide v0.7.3
[INFO] [stderr]     Checking signal_test v0.1.0 (/opt/rustwide/workdir)
[INFO] [stdout] error[E0432]: unresolved import `socketioxide::extract::SocketIo`
[INFO] [stdout]  --> src/main.rs:2:40
[INFO] [stdout]   |
[INFO] [stdout] 2 | use socketioxide::extract::{SocketRef, SocketIo, AckSender, Data};
[INFO] [stdout]   |                                        ^^^^^^^^ no `SocketIo` in `handler::extract`
[INFO] [stdout]   |
[INFO] [stdout]   = help: consider importing this struct instead:
[INFO] [stdout]           socketioxide::SocketIo
[INFO] [stdout] help: a similar name exists in the module
[INFO] [stdout]   |
[INFO] [stdout] 2 - use socketioxide::extract::{SocketRef, SocketIo, AckSender, Data};
[INFO] [stdout] 2 + use socketioxide::extract::{SocketRef, Socket, AckSender, Data};
[INFO] [stdout]   |
[INFO] [stdout] 
[INFO] [stdout] 
[INFO] [stdout] error[E0432]: unresolved import `socketioxide::extract::SocketIo`
[INFO] [stdout]  --> src/main.rs:2:40
[INFO] [stdout]   |
[INFO] [stdout] 2 | use socketioxide::extract::{SocketRef, SocketIo, AckSender, Data};
[INFO] [stdout]   |                                        ^^^^^^^^ no `SocketIo` in `handler::extract`
[INFO] [stdout]   |
[INFO] [stdout]   = help: consider importing this struct instead:
[INFO] [stdout]           socketioxide::SocketIo
[INFO] [stdout] help: a similar name exists in the module
[INFO] [stdout]   |
[INFO] [stdout] 2 - use socketioxide::extract::{SocketRef, SocketIo, AckSender, Data};
[INFO] [stdout] 2 + use socketioxide::extract::{SocketRef, Socket, AckSender, Data};
[INFO] [stdout]   |
[INFO] [stdout] 
[INFO] [stdout] 
[INFO] [stdout] warning: unused import: `std::thread`
[INFO] [stdout]  --> src/main.rs:7:5
[INFO] [stdout]   |
[INFO] [stdout] 7 | use std::thread;
[INFO] [stdout]   |     ^^^^^^^^^^^
[INFO] [stdout]   |
[INFO] [stdout]   = note: `#[warn(unused_imports)]` (part of `#[warn(unused)]`) on by default
[INFO] [stdout] 
[INFO] [stdout] 
[INFO] [stdout] warning: unused import: `std::time::Duration`
[INFO] [stdout]  --> src/main.rs:8:5
[INFO] [stdout]   |
[INFO] [stdout] 8 | use std::time::Duration;
[INFO] [stdout]   |     ^^^^^^^^^^^^^^^^^^^
[INFO] [stdout] 
[INFO] [stdout] 
[INFO] [stdout] warning: unused import: `std::thread`
[INFO] [stdout]  --> src/main.rs:7:5
[INFO] [stdout]   |
[INFO] [stdout] 7 | use std::thread;
[INFO] [stdout]   |     ^^^^^^^^^^^
[INFO] [stdout]   |
[INFO] [stdout]   = note: `#[warn(unused_imports)]` (part of `#[warn(unused)]`) on by default
[INFO] [stdout] 
[INFO] [stdout] 
[INFO] [stdout] warning: unused import: `std::time::Duration`
[INFO] [stdout]  --> src/main.rs:8:5
[INFO] [stdout]   |
[INFO] [stdout] 8 | use std::time::Duration;
[INFO] [stdout]   |     ^^^^^^^^^^^^^^^^^^^
[INFO] [stdout] 
[INFO] [stdout] 
[INFO] [stdout] For more information about this error, try `rustc --explain E0432`.
[INFO] [stdout] 
[INFO] [stdout] For more information about this error, try `rustc --explain E0432`.
[INFO] [stdout] 
[INFO] [stderr] error: could not compile `signal_test` (bin "signal_test" test) due to 1 previous error; 2 warnings emitted
[INFO] [stderr] warning: build failed, waiting for other jobs to finish...
[INFO] [stderr] error: could not compile `signal_test` (bin "signal_test") due to 1 previous error; 2 warnings emitted
[INFO] running `Command { std: "docker" "inspect" "defb3afc7f593308ac09075344f65cf72e2f1a354b7bfdc1b098ac0c16c7fd47", kill_on_drop: false }`
[INFO] running `Command { std: "docker" "rm" "-f" "defb3afc7f593308ac09075344f65cf72e2f1a354b7bfdc1b098ac0c16c7fd47", kill_on_drop: false }`
[INFO] [stdout] defb3afc7f593308ac09075344f65cf72e2f1a354b7bfdc1b098ac0c16c7fd47
