[INFO] cloning repository https://github.com/rohhann12/jerry
[INFO] running `Command { std: "git" "-c" "credential.helper=" "-c" "credential.helper=/workspace/cargo-home/bin/git-credential-null" "clone" "--bare" "https://github.com/rohhann12/jerry" "/workspace/cache/git-repos/https%3A%2F%2Fgithub.com%2Frohhann12%2Fjerry", kill_on_drop: false }`
[INFO] [stderr] Cloning into bare repository '/workspace/cache/git-repos/https%3A%2F%2Fgithub.com%2Frohhann12%2Fjerry'...
[INFO] running `Command { std: "git" "rev-parse" "HEAD", kill_on_drop: false }`
[INFO] [stdout] 5a679fff52440a96423738b6ac410905c724f65e
[INFO] checking rohhann12/jerry against be3da1e8c043bb6f1f335463d3b1335cdf50b03c for pr-162597
[INFO] running `Command { std: "git" "clone" "/workspace/cache/git-repos/https%3A%2F%2Fgithub.com%2Frohhann12%2Fjerry" "/workspace/builds/worker-3-tc2/source", kill_on_drop: false }`
[INFO] [stderr] Cloning into '/workspace/builds/worker-3-tc2/source'...
[INFO] [stderr] done.
[INFO] started tweaking git repo https://github.com/rohhann12/jerry
[INFO] finished tweaking git repo https://github.com/rohhann12/jerry
[INFO] tweaked toml for git repo https://github.com/rohhann12/jerry written to /workspace/builds/worker-3-tc2/source/Cargo.toml
[INFO] validating manifest of git repo https://github.com/rohhann12/jerry on toolchain be3da1e8c043bb6f1f335463d3b1335cdf50b03c
[INFO] running `Command { std: CARGO_HOME="/workspace/cargo-home" RUSTUP_HOME="/workspace/rustup-home" "/workspace/cargo-home/bin/cargo" "+be3da1e8c043bb6f1f335463d3b1335cdf50b03c" "metadata" "--manifest-path" "Cargo.toml" "--no-deps", kill_on_drop: false }`
[INFO] crate git repo https://github.com/rohhann12/jerry already has a lockfile, it will not be regenerated
[INFO] running `Command { std: CARGO_HOME="/workspace/cargo-home" RUSTUP_HOME="/workspace/rustup-home" "/workspace/cargo-home/bin/cargo" "+be3da1e8c043bb6f1f335463d3b1335cdf50b03c" "fetch" "--manifest-path" "Cargo.toml", kill_on_drop: false }`
[INFO] [stderr]     Blocking waiting for file lock on package cache
[INFO] [stderr]     Blocking waiting for file lock on package cache
[INFO] running `Command { std: "docker" "create" "-v" "/var/lib/crater-agent-workspace/builds/worker-3-tc2/source:/opt/rustwide/workdir:ro,Z" "-v" "/var/lib/crater-agent-workspace/builds/worker-3-tc2/target:/opt/rustwide/target:rw,Z" "-v" "/var/lib/crater-agent-workspace/cargo-home:/opt/rustwide/cargo-home:ro,Z" "-v" "/var/lib/crater-agent-workspace/rustup-home:/opt/rustwide/rustup-home:ro,Z" "-m" "1610612736" "--network" "none" "ghcr.io/rust-lang/crates-build-env/linux@sha256:8683fc1fc2eb5c9ac98e0d076ab094b2ffac7f99da555d2b6a2e27f346de2ec7" "sleep" "infinity", kill_on_drop: false }`
[INFO] [stdout] eb298f77c4e4b3f27a38e5af3811c2961dfd0dbf59cda84e11e1a267efea947b
[INFO] running `Command { std: "docker" "start" "eb298f77c4e4b3f27a38e5af3811c2961dfd0dbf59cda84e11e1a267efea947b", kill_on_drop: false }`
[INFO] running `Command { std: "docker" "inspect" "eb298f77c4e4b3f27a38e5af3811c2961dfd0dbf59cda84e11e1a267efea947b", kill_on_drop: false }`
[INFO] running `Command { std: "docker" "exec" "-e" "SOURCE_DIR=/opt/rustwide/workdir" "-e" "CARGO_HOME=/opt/rustwide/cargo-home" "-e" "RUSTUP_HOME=/opt/rustwide/rustup-home" "-e" "CARGO_TARGET_DIR=/opt/rustwide/target" "-w" "/opt/rustwide/workdir" "--user" "0:0" "eb298f77c4e4b3f27a38e5af3811c2961dfd0dbf59cda84e11e1a267efea947b" "/opt/rustwide/cargo-home/bin/cargo" "+be3da1e8c043bb6f1f335463d3b1335cdf50b03c" "metadata" "--no-deps" "--format-version=1", kill_on_drop: false }`
[INFO] running `Command { std: "docker" "inspect" "eb298f77c4e4b3f27a38e5af3811c2961dfd0dbf59cda84e11e1a267efea947b", kill_on_drop: false }`
[INFO] running `Command { std: "docker" "exec" "-e" "SOURCE_DIR=/opt/rustwide/workdir" "-e" "CARGO_HOME=/opt/rustwide/cargo-home" "-e" "RUSTUP_HOME=/opt/rustwide/rustup-home" "-e" "CARGO_TARGET_DIR=/opt/rustwide/target" "-e" "CARGO_INCREMENTAL=0" "-e" "RUST_BACKTRACE=full" "-e" "RUSTFLAGS=--cap-lints=forbid" "-e" "RUSTDOCFLAGS=--cap-lints=forbid" "-w" "/opt/rustwide/workdir" "--user" "0:0" "eb298f77c4e4b3f27a38e5af3811c2961dfd0dbf59cda84e11e1a267efea947b" "/opt/rustwide/cargo-home/bin/cargo" "+be3da1e8c043bb6f1f335463d3b1335cdf50b03c" "check" "--frozen" "--all" "--all-targets" "--message-format=json", kill_on_drop: false }`
[INFO] [stderr]     Checking clap_lex v1.0.0
[INFO] [stderr]    Compiling syn v2.0.117
[INFO] [stderr]     Checking clap_builder v4.5.60
[INFO] [stderr]    Compiling clap_derive v4.5.55
[INFO] [stderr]     Checking clap v4.5.60
[INFO] [stderr]     Checking jerry v0.1.0 (/opt/rustwide/workdir)
[INFO] [stdout] error: expected `;`, found keyword `if`
[INFO] [stdout]  --> src/utils/branch.rs:2:37
[INFO] [stdout]   |
[INFO] [stdout] 2 |     let cwd=std::Path::new(".jerry")
[INFO] [stdout]   |                                     ^ help: add `;` here
[INFO] [stdout] 3 |     if !cwd.is_dir(){
[INFO] [stdout]   |     -- unexpected token
[INFO] [stdout] 
[INFO] [stdout] 
[INFO] [stdout] error: expected one of `(`, `.`, `;`, `?`, `}`, or an operator, found `::`
[INFO] [stdout]   --> src/utils/branch.rs:14:12
[INFO] [stdout]    |
[INFO] [stdout] 14 |     cwd.std::fs.create_dir(branch_name).expect("folder creation may fail");
[INFO] [stdout]    |            ^^ expected one of `(`, `.`, `;`, `?`, `}`, or an operator
[INFO] [stdout] 
[INFO] [stdout] 
[INFO] [stdout] error[E0433]: cannot find `Path` in `std`
[INFO] [stdout]  --> src/utils/branch.rs:2:18
[INFO] [stdout]   |
[INFO] [stdout] 2 |     let cwd=std::Path::new(".jerry")
[INFO] [stdout]   |                  ^^^^ could not find `Path` in `std`
[INFO] [stdout]   |
[INFO] [stdout] help: consider importing this struct
[INFO] [stdout]   |
[INFO] [stdout] 1 + use std::path::Path;
[INFO] [stdout]   |
[INFO] [stdout] help: if you import `Path`, refer to it directly
[INFO] [stdout]   |
[INFO] [stdout] 2 -     let cwd=std::Path::new(".jerry")
[INFO] [stdout] 2 +     let cwd=Path::new(".jerry")
[INFO] [stdout]   |
[INFO] [stdout] 
[INFO] [stdout] 
[INFO] [stdout] error[E0425]: cannot find type `PathBuf` in this scope
[INFO] [stdout]  --> src/utils/branch.rs:9:21
[INFO] [stdout]   |
[INFO] [stdout] 9 |     let branch_name:PathBuf=cwd.join(&branch_name);
[INFO] [stdout]   |                     ^^^^^^^ not found in this scope
[INFO] [stdout]   |
[INFO] [stdout] help: consider importing this struct
[INFO] [stdout]   |
[INFO] [stdout] 1 + use std::path::PathBuf;
[INFO] [stdout]   |
[INFO] [stdout] 
[INFO] [stdout] 
[INFO] [stdout] error: expected `;`, found keyword `if`
[INFO] [stdout]  --> src/utils/branch.rs:2:37
[INFO] [stdout]   |
[INFO] [stdout] 2 |     let cwd=std::Path::new(".jerry")
[INFO] [stdout]   |                                     ^ help: add `;` here
[INFO] [stdout] 3 |     if !cwd.is_dir(){
[INFO] [stdout]   |     -- unexpected token
[INFO] [stdout] 
[INFO] [stdout] 
[INFO] [stdout] error: expected one of `(`, `.`, `;`, `?`, `}`, or an operator, found `::`
[INFO] [stdout]   --> src/utils/branch.rs:14:12
[INFO] [stdout]    |
[INFO] [stdout] 14 |     cwd.std::fs.create_dir(branch_name).expect("folder creation may fail");
[INFO] [stdout]    |            ^^ expected one of `(`, `.`, `;`, `?`, `}`, or an operator
[INFO] [stdout] 
[INFO] [stdout] 
[INFO] [stdout] Some errors have detailed explanations: E0425, E0433.
[INFO] [stdout] 
[INFO] [stdout] For more information about an error, try `rustc --explain E0425`.
[INFO] [stdout] 
[INFO] [stderr] error: could not compile `jerry` (bin "jerry") due to 4 previous errors
[INFO] [stderr] warning: build failed, waiting for other jobs to finish...
[INFO] [stdout] error[E0433]: cannot find `Path` in `std`
[INFO] [stdout]  --> src/utils/branch.rs:2:18
[INFO] [stdout]   |
[INFO] [stdout] 2 |     let cwd=std::Path::new(".jerry")
[INFO] [stdout]   |                  ^^^^ could not find `Path` in `std`
[INFO] [stdout]   |
[INFO] [stdout] help: consider importing this struct
[INFO] [stdout]   |
[INFO] [stdout] 1 + use std::path::Path;
[INFO] [stdout]   |
[INFO] [stdout] help: if you import `Path`, refer to it directly
[INFO] [stdout]   |
[INFO] [stdout] 2 -     let cwd=std::Path::new(".jerry")
[INFO] [stdout] 2 +     let cwd=Path::new(".jerry")
[INFO] [stdout]   |
[INFO] [stdout] 
[INFO] [stdout] 
[INFO] [stdout] error[E0425]: cannot find type `PathBuf` in this scope
[INFO] [stdout]  --> src/utils/branch.rs:9:21
[INFO] [stdout]   |
[INFO] [stdout] 9 |     let branch_name:PathBuf=cwd.join(&branch_name);
[INFO] [stdout]   |                     ^^^^^^^ not found in this scope
[INFO] [stdout]   |
[INFO] [stdout] help: consider importing this struct
[INFO] [stdout]   |
[INFO] [stdout] 1 + use std::path::PathBuf;
[INFO] [stdout]   |
[INFO] [stdout] 
[INFO] [stdout] 
[INFO] [stdout] Some errors have detailed explanations: E0425, E0433.
[INFO] [stdout] 
[INFO] [stdout] For more information about an error, try `rustc --explain E0425`.
[INFO] [stdout] 
[INFO] [stderr] error: could not compile `jerry` (bin "jerry" test) due to 4 previous errors
[INFO] running `Command { std: "docker" "inspect" "eb298f77c4e4b3f27a38e5af3811c2961dfd0dbf59cda84e11e1a267efea947b", kill_on_drop: false }`
[INFO] running `Command { std: "docker" "rm" "-f" "eb298f77c4e4b3f27a38e5af3811c2961dfd0dbf59cda84e11e1a267efea947b", kill_on_drop: false }`
[INFO] [stdout] eb298f77c4e4b3f27a38e5af3811c2961dfd0dbf59cda84e11e1a267efea947b
