[INFO] cloning repository https://github.com/ricardodarocha/rascal
[INFO] running `Command { std: "git" "-c" "credential.helper=" "-c" "credential.helper=/workspace/cargo-home/bin/git-credential-null" "clone" "--bare" "https://github.com/ricardodarocha/rascal" "/workspace/cache/git-repos/https%3A%2F%2Fgithub.com%2Fricardodarocha%2Frascal", kill_on_drop: false }`
[INFO] [stderr] Cloning into bare repository '/workspace/cache/git-repos/https%3A%2F%2Fgithub.com%2Fricardodarocha%2Frascal'...
[INFO] running `Command { std: "git" "rev-parse" "HEAD", kill_on_drop: false }`
[INFO] [stdout] 3792034b1e2523ab0f0b713515fc70c4155f97cf
[INFO] checking ricardodarocha/rascal against be3da1e8c043bb6f1f335463d3b1335cdf50b03c for pr-162597
[INFO] running `Command { std: "git" "clone" "/workspace/cache/git-repos/https%3A%2F%2Fgithub.com%2Fricardodarocha%2Frascal" "/workspace/builds/worker-7-tc2/source", kill_on_drop: false }`
[INFO] [stderr] Cloning into '/workspace/builds/worker-7-tc2/source'...
[INFO] [stderr] done.
[INFO] started tweaking git repo https://github.com/ricardodarocha/rascal
[INFO] finished tweaking git repo https://github.com/ricardodarocha/rascal
[INFO] tweaked toml for git repo https://github.com/ricardodarocha/rascal written to /workspace/builds/worker-7-tc2/source/Cargo.toml
[INFO] validating manifest of git repo https://github.com/ricardodarocha/rascal on toolchain be3da1e8c043bb6f1f335463d3b1335cdf50b03c
[INFO] running `Command { std: CARGO_HOME="/workspace/cargo-home" RUSTUP_HOME="/workspace/rustup-home" "/workspace/cargo-home/bin/cargo" "+be3da1e8c043bb6f1f335463d3b1335cdf50b03c" "metadata" "--manifest-path" "Cargo.toml" "--no-deps", kill_on_drop: false }`
[INFO] crate git repo https://github.com/ricardodarocha/rascal already has a lockfile, it will not be regenerated
[INFO] running `Command { std: CARGO_HOME="/workspace/cargo-home" RUSTUP_HOME="/workspace/rustup-home" "/workspace/cargo-home/bin/cargo" "+be3da1e8c043bb6f1f335463d3b1335cdf50b03c" "fetch" "--manifest-path" "Cargo.toml", kill_on_drop: false }`
[INFO] [stderr]     Blocking waiting for file lock on package cache
[INFO] [stderr]     Blocking waiting for file lock on package cache
[INFO] [stderr]     Blocking waiting for file lock on package cache
[INFO] running `Command { std: "docker" "create" "-v" "/var/lib/crater-agent-workspace/builds/worker-7-tc2/source:/opt/rustwide/workdir:ro,Z" "-v" "/var/lib/crater-agent-workspace/builds/worker-7-tc2/target:/opt/rustwide/target:rw,Z" "-v" "/var/lib/crater-agent-workspace/cargo-home:/opt/rustwide/cargo-home:ro,Z" "-v" "/var/lib/crater-agent-workspace/rustup-home:/opt/rustwide/rustup-home:ro,Z" "-m" "1610612736" "--network" "none" "ghcr.io/rust-lang/crates-build-env/linux@sha256:8683fc1fc2eb5c9ac98e0d076ab094b2ffac7f99da555d2b6a2e27f346de2ec7" "sleep" "infinity", kill_on_drop: false }`
[INFO] [stdout] 583baf4a5e4fc7fb83ef34107a73b18461e4d55deffe21b9769a3dde36de9082
[INFO] running `Command { std: "docker" "start" "583baf4a5e4fc7fb83ef34107a73b18461e4d55deffe21b9769a3dde36de9082", kill_on_drop: false }`
[INFO] running `Command { std: "docker" "inspect" "583baf4a5e4fc7fb83ef34107a73b18461e4d55deffe21b9769a3dde36de9082", kill_on_drop: false }`
[INFO] running `Command { std: "docker" "exec" "-e" "SOURCE_DIR=/opt/rustwide/workdir" "-e" "CARGO_HOME=/opt/rustwide/cargo-home" "-e" "RUSTUP_HOME=/opt/rustwide/rustup-home" "-e" "CARGO_TARGET_DIR=/opt/rustwide/target" "-w" "/opt/rustwide/workdir" "--user" "0:0" "583baf4a5e4fc7fb83ef34107a73b18461e4d55deffe21b9769a3dde36de9082" "/opt/rustwide/cargo-home/bin/cargo" "+be3da1e8c043bb6f1f335463d3b1335cdf50b03c" "metadata" "--no-deps" "--format-version=1", kill_on_drop: false }`
[INFO] running `Command { std: "docker" "inspect" "583baf4a5e4fc7fb83ef34107a73b18461e4d55deffe21b9769a3dde36de9082", kill_on_drop: false }`
[INFO] running `Command { std: "docker" "exec" "-e" "SOURCE_DIR=/opt/rustwide/workdir" "-e" "CARGO_HOME=/opt/rustwide/cargo-home" "-e" "RUSTUP_HOME=/opt/rustwide/rustup-home" "-e" "CARGO_TARGET_DIR=/opt/rustwide/target" "-e" "CARGO_INCREMENTAL=0" "-e" "RUST_BACKTRACE=full" "-e" "RUSTFLAGS=--cap-lints=forbid" "-e" "RUSTDOCFLAGS=--cap-lints=forbid" "-w" "/opt/rustwide/workdir" "--user" "0:0" "583baf4a5e4fc7fb83ef34107a73b18461e4d55deffe21b9769a3dde36de9082" "/opt/rustwide/cargo-home/bin/cargo" "+be3da1e8c043bb6f1f335463d3b1335cdf50b03c" "check" "--frozen" "--all" "--all-targets" "--message-format=json", kill_on_drop: false }`
[INFO] [stderr]     Checking rascal v0.0.1 (/opt/rustwide/workdir)
[INFO] [stdout] error[E0599]: no variant, associated function, or constant named `Integer` found for enum `Expr` in the current scope
[INFO] [stdout]    --> src/interpreter.rs:213:19
[INFO] [stdout]     |
[INFO] [stdout] 213 |             Expr::Integer(n) => Value::Integer(n),
[INFO] [stdout]     |                   ^^^^^^^ variant, associated function, or constant not found in `Expr`
[INFO] [stdout]     |
[INFO] [stdout]    ::: src/ast.rs:2:1
[INFO] [stdout]     |
[INFO] [stdout]   2 | pub enum Expr {
[INFO] [stdout]     | ------------- variant, associated function, or constant `Integer` not found for this enum
[INFO] [stdout] 
[INFO] [stdout] 
[INFO] [stdout] error[E0599]: no variant, associated function, or constant named `Integer` found for enum `Expr` in the current scope
[INFO] [stdout]    --> src/interpreter.rs:213:19
[INFO] [stdout]     |
[INFO] [stdout] 213 |             Expr::Integer(n) => Value::Integer(n),
[INFO] [stdout]     |                   ^^^^^^^ variant, associated function, or constant not found in `Expr`
[INFO] [stdout]     |
[INFO] [stdout]    ::: src/ast.rs:2:1
[INFO] [stdout]     |
[INFO] [stdout]   2 | pub enum Expr {
[INFO] [stdout]     | ------------- variant, associated function, or constant `Integer` not found for this enum
[INFO] [stdout] 
[INFO] [stdout] 
[INFO] [stdout] error[E0004]: non-exhaustive patterns: `&Value::Integer(_)` and `&Value::Date(_, _, _, _)` not covered
[INFO] [stdout]    --> src/interpreter.rs:565:15
[INFO] [stdout]     |
[INFO] [stdout] 565 |         match value {
[INFO] [stdout]     |               ^^^^^ patterns `&Value::Integer(_)` and `&Value::Date(_, _, _, _)` not covered
[INFO] [stdout]     |
[INFO] [stdout] note: `Value` defined here
[INFO] [stdout]    --> src/interpreter.rs:24:6
[INFO] [stdout]     |
[INFO] [stdout]  24 | enum Value {
[INFO] [stdout]     |      ^^^^^
[INFO] [stdout]  25 |     Number(f64),
[INFO] [stdout]  26 |     Integer(f64),
[INFO] [stdout]     |     ------- not covered
[INFO] [stdout]  27 |     Date(i64, i64, i64, String),
[INFO] [stdout]     |     ---- not covered
[INFO] [stdout]     = note: the matched value is of type `&Value`
[INFO] [stdout] help: ensure that all possible cases are being handled by adding a match arm with a wildcard pattern, a match arm with multiple or-patterns as shown, or multiple match arms
[INFO] [stdout]     |
[INFO] [stdout] 570 ~             Value::None => false,
[INFO] [stdout] 571 ~             &Value::Integer(_) | &Value::Date(_, _, _, _) => todo!(),
[INFO] [stdout]     |
[INFO] [stdout] 
[INFO] [stdout] 
[INFO] [stdout] error[E0004]: non-exhaustive patterns: `Value::Integer(_)` and `Value::Date(_, _, _, _)` not covered
[INFO] [stdout]    --> src/interpreter.rs:575:15
[INFO] [stdout]     |
[INFO] [stdout] 575 |         match value {
[INFO] [stdout]     |               ^^^^^ patterns `Value::Integer(_)` and `Value::Date(_, _, _, _)` not covered
[INFO] [stdout]     |
[INFO] [stdout] note: `Value` defined here
[INFO] [stdout]    --> src/interpreter.rs:24:6
[INFO] [stdout]     |
[INFO] [stdout]  24 | enum Value {
[INFO] [stdout]     |      ^^^^^
[INFO] [stdout]  25 |     Number(f64),
[INFO] [stdout]  26 |     Integer(f64),
[INFO] [stdout]     |     ------- not covered
[INFO] [stdout]  27 |     Date(i64, i64, i64, String),
[INFO] [stdout]     |     ---- not covered
[INFO] [stdout]     = note: the matched value is of type `Value`
[INFO] [stdout] help: ensure that all possible cases are being handled by adding a match arm with a wildcard pattern, a match arm with multiple or-patterns as shown, or multiple match arms
[INFO] [stdout]     |
[INFO] [stdout] 592 ~             Value::None => String::new(),
[INFO] [stdout] 593 ~             Value::Integer(_) | Value::Date(_, _, _, _) => todo!(),
[INFO] [stdout]     |
[INFO] [stdout] 
[INFO] [stdout] 
[INFO] [stdout] Some errors have detailed explanations: E0004, E0599.
[INFO] [stdout] 
[INFO] [stdout] For more information about an error, try `rustc --explain E0004`.
[INFO] [stdout] 
[INFO] [stderr] error: could not compile `rascal` (bin "rascal") due to 3 previous errors
[INFO] [stderr] warning: build failed, waiting for other jobs to finish...
[INFO] [stdout] error[E0004]: non-exhaustive patterns: `&Value::Integer(_)` and `&Value::Date(_, _, _, _)` not covered
[INFO] [stdout]    --> src/interpreter.rs:565:15
[INFO] [stdout]     |
[INFO] [stdout] 565 |         match value {
[INFO] [stdout]     |               ^^^^^ patterns `&Value::Integer(_)` and `&Value::Date(_, _, _, _)` not covered
[INFO] [stdout]     |
[INFO] [stdout] note: `Value` defined here
[INFO] [stdout]    --> src/interpreter.rs:24:6
[INFO] [stdout]     |
[INFO] [stdout]  24 | enum Value {
[INFO] [stdout]     |      ^^^^^
[INFO] [stdout]  25 |     Number(f64),
[INFO] [stdout]  26 |     Integer(f64),
[INFO] [stdout]     |     ------- not covered
[INFO] [stdout]  27 |     Date(i64, i64, i64, String),
[INFO] [stdout]     |     ---- not covered
[INFO] [stdout]     = note: the matched value is of type `&Value`
[INFO] [stdout] help: ensure that all possible cases are being handled by adding a match arm with a wildcard pattern, a match arm with multiple or-patterns as shown, or multiple match arms
[INFO] [stdout]     |
[INFO] [stdout] 570 ~             Value::None => false,
[INFO] [stdout] 571 ~             &Value::Integer(_) | &Value::Date(_, _, _, _) => todo!(),
[INFO] [stdout]     |
[INFO] [stdout] 
[INFO] [stdout] 
[INFO] [stdout] error[E0004]: non-exhaustive patterns: `Value::Integer(_)` and `Value::Date(_, _, _, _)` not covered
[INFO] [stdout]    --> src/interpreter.rs:575:15
[INFO] [stdout]     |
[INFO] [stdout] 575 |         match value {
[INFO] [stdout]     |               ^^^^^ patterns `Value::Integer(_)` and `Value::Date(_, _, _, _)` not covered
[INFO] [stdout]     |
[INFO] [stdout] note: `Value` defined here
[INFO] [stdout]    --> src/interpreter.rs:24:6
[INFO] [stdout]     |
[INFO] [stdout]  24 | enum Value {
[INFO] [stdout]     |      ^^^^^
[INFO] [stdout]  25 |     Number(f64),
[INFO] [stdout]  26 |     Integer(f64),
[INFO] [stdout]     |     ------- not covered
[INFO] [stdout]  27 |     Date(i64, i64, i64, String),
[INFO] [stdout]     |     ---- not covered
[INFO] [stdout]     = note: the matched value is of type `Value`
[INFO] [stdout] help: ensure that all possible cases are being handled by adding a match arm with a wildcard pattern, a match arm with multiple or-patterns as shown, or multiple match arms
[INFO] [stdout]     |
[INFO] [stdout] 592 ~             Value::None => String::new(),
[INFO] [stdout] 593 ~             Value::Integer(_) | Value::Date(_, _, _, _) => todo!(),
[INFO] [stdout]     |
[INFO] [stdout] 
[INFO] [stdout] 
[INFO] [stdout] Some errors have detailed explanations: E0004, E0599.
[INFO] [stdout] 
[INFO] [stdout] For more information about an error, try `rustc --explain E0004`.
[INFO] [stdout] 
[INFO] [stderr] error: could not compile `rascal` (bin "rascal" test) due to 3 previous errors
[INFO] running `Command { std: "docker" "inspect" "583baf4a5e4fc7fb83ef34107a73b18461e4d55deffe21b9769a3dde36de9082", kill_on_drop: false }`
[INFO] running `Command { std: "docker" "rm" "-f" "583baf4a5e4fc7fb83ef34107a73b18461e4d55deffe21b9769a3dde36de9082", kill_on_drop: false }`
[INFO] [stdout] 583baf4a5e4fc7fb83ef34107a73b18461e4d55deffe21b9769a3dde36de9082
