[INFO] cloning repository https://github.com/rcaelers/guardrail
[INFO] running `Command { std: "git" "-c" "credential.helper=" "-c" "credential.helper=/workspace/cargo-home/bin/git-credential-null" "clone" "--bare" "https://github.com/rcaelers/guardrail" "/workspace/cache/git-repos/https%3A%2F%2Fgithub.com%2Frcaelers%2Fguardrail", kill_on_drop: false }`
[INFO] [stderr] Cloning into bare repository '/workspace/cache/git-repos/https%3A%2F%2Fgithub.com%2Frcaelers%2Fguardrail'...
[INFO] running `Command { std: "git" "rev-parse" "HEAD", kill_on_drop: false }`
[INFO] [stdout] 8e3a2e56ea30acd97a8ceb58b5d94129360cf337
[INFO] checking rcaelers/guardrail/8e3a2e56ea30acd97a8ceb58b5d94129360cf337 against 018018e881e2db0956f229dbb543e21f058d1ce7 for pr-162597
[INFO] running `Command { std: "git" "clone" "/workspace/cache/git-repos/https%3A%2F%2Fgithub.com%2Frcaelers%2Fguardrail" "/workspace/builds/worker-0-tc1/source", kill_on_drop: false }`
[INFO] [stderr] Cloning into '/workspace/builds/worker-0-tc1/source'...
[INFO] [stderr] done.
[INFO] removed /workspace/builds/worker-0-tc1/source/.cargo/config.toml
[INFO] removed /workspace/builds/worker-0-tc1/source/rust-toolchain.toml
[INFO] started tweaking git repo https://github.com/rcaelers/guardrail
[INFO] finished tweaking git repo https://github.com/rcaelers/guardrail
[INFO] tweaked toml for git repo https://github.com/rcaelers/guardrail written to /workspace/builds/worker-0-tc1/source/Cargo.toml
[INFO] validating manifest of git repo https://github.com/rcaelers/guardrail on toolchain 018018e881e2db0956f229dbb543e21f058d1ce7
[INFO] running `Command { std: CARGO_HOME="/workspace/cargo-home" RUSTUP_HOME="/workspace/rustup-home" "/workspace/cargo-home/bin/cargo" "+018018e881e2db0956f229dbb543e21f058d1ce7" "metadata" "--manifest-path" "Cargo.toml" "--no-deps", kill_on_drop: false }`
[INFO] crate git repo https://github.com/rcaelers/guardrail already has a lockfile, it will not be regenerated
[INFO] running `Command { std: CARGO_HOME="/workspace/cargo-home" RUSTUP_HOME="/workspace/rustup-home" "/workspace/cargo-home/bin/cargo" "+018018e881e2db0956f229dbb543e21f058d1ce7" "fetch" "--manifest-path" "Cargo.toml", kill_on_drop: false }`
[INFO] [stderr] warning: unused workspace dependency `axum-extra`
[INFO] [stderr]   --> Cargo.toml:81:25
[INFO] [stderr]    |
[INFO] [stderr] 81 | [workspace.dependencies.axum-extra]
[INFO] [stderr]    |                         ^^^^^^^^^^
[INFO] [stderr]    |
[INFO] [stderr]    = note: `cargo::unused_workspace_dependencies` is set to `warn` by default
[INFO] [stderr] help: consider removing the workspace dependency `axum-extra`
[INFO] [stderr] warning: unused workspace dependency `dyn-clone`
[INFO] [stderr]   --> Cargo.toml:37:1
[INFO] [stderr]    |
[INFO] [stderr] 37 | dyn-clone = "1.0.20"
[INFO] [stderr]    | ^^^^^^^^^
[INFO] [stderr]    |
[INFO] [stderr] help: consider removing the workspace dependency `dyn-clone`
[INFO] [stderr] warning: unused workspace dependency `enumflags2`
[INFO] [stderr]    --> Cargo.toml:100:25
[INFO] [stderr]     |
[INFO] [stderr] 100 | [workspace.dependencies.enumflags2]
[INFO] [stderr]     |                         ^^^^^^^^^^
[INFO] [stderr]     |
[INFO] [stderr] help: consider removing the workspace dependency `enumflags2`
[INFO] [stderr] warning: unused workspace dependency `indexmap`
[INFO] [stderr]   --> Cargo.toml:42:1
[INFO] [stderr]    |
[INFO] [stderr] 42 | indexmap = "2.14.1"
[INFO] [stderr]    | ^^^^^^^^
[INFO] [stderr]    |
[INFO] [stderr] help: consider removing the workspace dependency `indexmap`
[INFO] [stderr] warning: unused workspace dependency `paste`
[INFO] [stderr]   --> Cargo.toml:45:1
[INFO] [stderr]    |
[INFO] [stderr] 45 | paste = "1.0.15"
[INFO] [stderr]    | ^^^^^
[INFO] [stderr]    |
[INFO] [stderr] help: consider removing the workspace dependency `paste`
[INFO] [stderr] warning: workspace (manifest) generated 5 warnings
[INFO] [stderr] warning: binary `import_mock` should have a kebab-case name
[INFO] [stderr]   |
[INFO] [stderr] 1 | /workspace/builds/worker-0-tc1/source/target/.../import_mock
[INFO] [stderr]   |                                                  ^^^^^^^^^^^
[INFO] [stderr]   |
[INFO] [stderr] help: to change the binary name to `import-mock`, convert the file stem
[INFO] [stderr]   |
[INFO] [stderr] 1 - src/bin/import_mock.rs
[INFO] [stderr] 1 + src/bin/import-mock.rs
[INFO] [stderr]   |
[INFO] [stderr] warning: `web` (manifest) generated 1 warning
[INFO] [stderr]     Updating crates.io index
[INFO] [stderr]  Downloading crates ...
[INFO] [stderr]   Downloaded uuid v1.26.0
[INFO] [stderr]   Downloaded tokio-tungstenite-wasm v0.8.2
[INFO] [stderr]   Downloaded surrealdb-types-derive v3.2.4
[INFO] [stderr]   Downloaded ulid v1.2.1
[INFO] [stderr]   Downloaded sif-itree v0.4.1
[INFO] [stderr]   Downloaded surrealdb-protocol v0.10.2
[INFO] [stderr]   Downloaded surrealdb-types v3.2.4
[INFO] [stderr]   Downloaded i_float v1.15.0
[INFO] [stderr]   Downloaded i_key_sort v0.6.0
[INFO] [stderr]   Downloaded surrealdb v3.2.4
[INFO] [stderr]   Downloaded i_shape v1.14.0
[INFO] [stderr]   Downloaded geo-types v0.7.19
[INFO] [stderr]   Downloaded rstar v0.11.0
[INFO] [stderr]   Downloaded rstar v0.10.0
[INFO] [stderr]   Downloaded rstar v0.9.3
[INFO] [stderr]   Downloaded as-slice v0.1.5
[INFO] [stderr]   Downloaded i_tree v0.16.0
[INFO] [stderr]   Downloaded geographiclib-rs v0.2.7
[INFO] [stderr]   Downloaded hash32 v0.1.1
[INFO] [stderr]   Downloaded generic-array v0.13.3
[INFO] [stderr]   Downloaded seize v0.5.1
[INFO] [stderr]   Downloaded rstar v0.8.4
[INFO] [stderr]   Downloaded heapless v0.6.1
[INFO] [stderr]   Downloaded papaya v0.2.4
[INFO] [stderr]   Downloaded i_overlay v4.0.7
[INFO] [stderr]   Downloaded crossbeam-skiplist v0.1.3
[INFO] [stderr]   Downloaded storekey-derive v0.11.0
[INFO] [stderr]   Downloaded revision-derive v0.30.0
[INFO] [stderr]   Downloaded geo v0.32.0
[INFO] [stderr]   Downloaded surrealdb-strand v3.2.4
[INFO] [stderr]   Downloaded storekey v0.11.0
[INFO] [stderr]   Downloaded surrealdb-collections v3.2.4
[INFO] [stderr]   Downloaded reblessive v0.4.3
[INFO] [stderr]   Downloaded surrealmx v0.22.0
[INFO] [stderr]   Downloaded quick_cache v0.6.21
[INFO] [stderr]   Downloaded revision v0.30.0
[INFO] [stderr]   Downloaded earcutr v0.4.3
[INFO] [stderr]   Downloaded noisy_float v0.2.1
[INFO] [stderr]   Downloaded vart v0.9.3
[INFO] [stderr]   Downloaded ndarray-stats v0.7.0
[INFO] [stderr]   Downloaded lexicmp v0.2.0
[INFO] [stderr]   Downloaded object_store v0.13.2
[INFO] [stderr]   Downloaded jsonwebtoken v10.4.0
[INFO] [stderr]   Downloaded surrealdb-core v3.2.4
[INFO] [stderr]   Downloaded ext-sort v0.1.5
[INFO] [stderr]   Downloaded dmp v0.2.3
[INFO] [stderr]   Downloaded fastnum v0.7.4
[INFO] [stderr]   Downloaded trice v0.4.0
[INFO] [stderr]   Downloaded diskann-utils v0.54.0
[INFO] [stderr]   Downloaded bcrypt v0.18.0
[INFO] [stderr]   Downloaded bnum v0.12.1
[INFO] [stderr]   Downloaded blake3 v1.8.4
[INFO] [stderr]   Downloaded diskann-vector v0.54.0
[INFO] [stderr]   Downloaded diskann v0.54.0
[INFO] [stderr]   Downloaded diskann-wide v0.54.0
[INFO] [stderr]   Downloaded ammonia v4.1.2
[INFO] [stderr]   Downloaded html5ever v0.35.0
[INFO] [stderr]   Downloaded markup5ever v0.35.0
[INFO] [stderr]   Downloaded web_atoms v0.1.3
[INFO] [stderr]   Downloaded match_token v0.35.0
[INFO] [stderr]   Downloaded cssparser v0.35.0
[INFO] [stderr]   Downloaded affinitypool v0.7.0
[INFO] [stderr]   Downloaded addr v0.15.6
[INFO] [stderr]   Downloaded password-hash v0.6.1
[INFO] [stderr]   Downloaded object_store v0.14.1
[INFO] [stderr]   Downloaded phc v0.6.1
[INFO] [stderr]   Downloaded hybrid-array v0.4.10
[INFO] [stderr]   Downloaded crc-fast v1.10.0
[INFO] [stderr]   Downloaded yaml-rust2 v0.11.0
[INFO] [stderr]   Downloaded config v0.15.25
[INFO] [stderr]   Downloaded toml v1.1.0+spec-1.1.0
[INFO] [stderr]   Downloaded rust-ini v0.21.3
[INFO] [stderr]   Downloaded unicode-segmentation v1.13.0
[INFO] [stderr]   Downloaded mockall v0.15.0
[INFO] [stderr]   Downloaded mockall_derive v0.15.0
[INFO] [stderr]   Downloaded num-bigint v0.5.1
[INFO] [stderr]   Downloaded redis v1.6.0
[INFO] [stderr]   Downloaded minidump-unwind v0.27.0
[INFO] [stderr]   Downloaded arcstr v1.2.0
[INFO] [stderr]   Downloaded circular v0.3.0
[INFO] [stderr]   Downloaded minidump-common v0.27.0
[INFO] [stderr]   Downloaded range-map v0.2.0
[INFO] [stderr]   Downloaded num-derive v0.5.1
[INFO] [stderr]   Downloaded minidump v0.27.0
[INFO] [stderr]   Downloaded procfs-core v0.18.0
[INFO] [stderr]   Downloaded breakpad-symbols v0.27.0
[INFO] [stderr]   Downloaded yaxpeax-arch v0.3.2
[INFO] [stderr]   Downloaded cachemap2 v0.3.0
[INFO] [stderr]   Downloaded minidump-processor v0.27.0
[INFO] [stderr]   Downloaded yaxpeax-x86 v2.0.0
[INFO] [stderr]   Downloaded apalis-redis v1.0.0-rc.8
[INFO] [stderr]   Downloaded apalis-core v1.0.0-rc.9
[INFO] [stderr]   Downloaded apalis-codec v0.1.0-rc.9
[INFO] [stderr]   Downloaded rhai v1.26.0
[INFO] [stderr]   Downloaded rhai_codegen v3.2.0
[INFO] [stderr]   Downloaded tower-http v0.7.0
[INFO] [stderr]   Downloaded resend-rs v0.32.0
[INFO] [stderr]   Downloaded maybe-async v0.2.11
[INFO] [stderr]   Downloaded cron v0.16.0
[INFO] [stderr]   Downloaded apalis-cron v1.0.0-rc.8
[INFO] [stderr]   Downloaded quoted_printable v0.5.2
[INFO] [stderr]   Downloaded ecow v0.3.0
[INFO] [stderr]   Downloaded tower-cookies v0.11.0
[INFO] [stderr]   Downloaded tower-sessions-core v0.15.0
[INFO] [stderr]   Downloaded tower-sessions-memory-store v0.15.0
[INFO] [stderr]   Downloaded askama_parser v0.16.0
[INFO] [stderr]   Downloaded askama_macros v0.16.0
[INFO] [stderr]   Downloaded tower-sessions v0.15.0
[INFO] [stderr]   Downloaded askama v0.16.0
[INFO] [stderr]   Downloaded askama_derive v0.16.0
[INFO] [stderr]   Downloaded jsonwebtoken v11.0.0
[INFO] [stderr]   Downloaded apalis v1.0.0-rc.9
[INFO] running `Command { std: "docker" "create" "-v" "/var/lib/crater-agent-workspace/builds/worker-0-tc1/source:/opt/rustwide/workdir:ro,Z" "-v" "/var/lib/crater-agent-workspace/builds/worker-0-tc1/target:/opt/rustwide/target:rw,Z" "-v" "/var/lib/crater-agent-workspace/cargo-home:/opt/rustwide/cargo-home:ro,Z" "-v" "/var/lib/crater-agent-workspace/rustup-home:/opt/rustwide/rustup-home:ro,Z" "-m" "1610612736" "--network" "none" "ghcr.io/rust-lang/crates-build-env/linux@sha256:8683fc1fc2eb5c9ac98e0d076ab094b2ffac7f99da555d2b6a2e27f346de2ec7" "sleep" "infinity", kill_on_drop: false }`
[INFO] [stdout] 030c831719014dafc51b9fcffa11d59dd82aac67793d8871fab7822878370e6f
[INFO] running `Command { std: "docker" "start" "030c831719014dafc51b9fcffa11d59dd82aac67793d8871fab7822878370e6f", kill_on_drop: false }`
[INFO] running `Command { std: "docker" "inspect" "030c831719014dafc51b9fcffa11d59dd82aac67793d8871fab7822878370e6f", kill_on_drop: false }`
[INFO] running `Command { std: "docker" "exec" "-e" "SOURCE_DIR=/opt/rustwide/workdir" "-e" "CARGO_HOME=/opt/rustwide/cargo-home" "-e" "RUSTUP_HOME=/opt/rustwide/rustup-home" "-e" "CARGO_TARGET_DIR=/opt/rustwide/target" "-w" "/opt/rustwide/workdir" "--user" "0:0" "030c831719014dafc51b9fcffa11d59dd82aac67793d8871fab7822878370e6f" "/opt/rustwide/cargo-home/bin/cargo" "+018018e881e2db0956f229dbb543e21f058d1ce7" "metadata" "--no-deps" "--format-version=1", kill_on_drop: false }`
[INFO] running `Command { std: "docker" "inspect" "030c831719014dafc51b9fcffa11d59dd82aac67793d8871fab7822878370e6f", kill_on_drop: false }`
[INFO] running `Command { std: "docker" "exec" "-e" "SOURCE_DIR=/opt/rustwide/workdir" "-e" "CARGO_HOME=/opt/rustwide/cargo-home" "-e" "RUSTUP_HOME=/opt/rustwide/rustup-home" "-e" "CARGO_TARGET_DIR=/opt/rustwide/target" "-e" "CARGO_INCREMENTAL=0" "-e" "RUST_BACKTRACE=full" "-e" "RUSTFLAGS=--cap-lints=forbid" "-e" "RUSTDOCFLAGS=--cap-lints=forbid" "-w" "/opt/rustwide/workdir" "--user" "0:0" "030c831719014dafc51b9fcffa11d59dd82aac67793d8871fab7822878370e6f" "/opt/rustwide/cargo-home/bin/cargo" "+018018e881e2db0956f229dbb543e21f058d1ce7" "check" "--frozen" "--all" "--all-targets" "--message-format=json", kill_on_drop: false }`
[INFO] [stderr] warning: unused workspace dependency `axum-extra`
[INFO] [stderr]   --> Cargo.toml:81:25
[INFO] [stderr]    |
[INFO] [stderr] 81 | [workspace.dependencies.axum-extra]
[INFO] [stderr]    |                         ^^^^^^^^^^
[INFO] [stderr]    |
[INFO] [stderr]    = note: `cargo::unused_workspace_dependencies` is set to `warn` by default
[INFO] [stderr] help: consider removing the workspace dependency `axum-extra`
[INFO] [stderr] warning: unused workspace dependency `dyn-clone`
[INFO] [stderr]   --> Cargo.toml:37:1
[INFO] [stderr]    |
[INFO] [stderr] 37 | dyn-clone = "1.0.20"
[INFO] [stderr]    | ^^^^^^^^^
[INFO] [stderr]    |
[INFO] [stderr] help: consider removing the workspace dependency `dyn-clone`
[INFO] [stderr] warning: unused workspace dependency `enumflags2`
[INFO] [stderr]    --> Cargo.toml:100:25
[INFO] [stderr]     |
[INFO] [stderr] 100 | [workspace.dependencies.enumflags2]
[INFO] [stderr]     |                         ^^^^^^^^^^
[INFO] [stderr]     |
[INFO] [stderr] help: consider removing the workspace dependency `enumflags2`
[INFO] [stderr] warning: unused workspace dependency `indexmap`
[INFO] [stderr]   --> Cargo.toml:42:1
[INFO] [stderr]    |
[INFO] [stderr] 42 | indexmap = "2.14.1"
[INFO] [stderr]    | ^^^^^^^^
[INFO] [stderr]    |
[INFO] [stderr] help: consider removing the workspace dependency `indexmap`
[INFO] [stderr] warning: unused workspace dependency `paste`
[INFO] [stderr]   --> Cargo.toml:45:1
[INFO] [stderr]    |
[INFO] [stderr] 45 | paste = "1.0.15"
[INFO] [stderr]    | ^^^^^
[INFO] [stderr]    |
[INFO] [stderr] help: consider removing the workspace dependency `paste`
[INFO] [stderr] warning: workspace (manifest) generated 5 warnings
[INFO] [stderr] warning: binary `import_mock` should have a kebab-case name
[INFO] [stderr]   |
[INFO] [stderr] 1 | /opt/rustwide/target/.../import_mock
[INFO] [stderr]   |                          ^^^^^^^^^^^
[INFO] [stderr]   |
[INFO] [stderr] help: to change the binary name to `import-mock`, convert the file stem
[INFO] [stderr]   |
[INFO] [stderr] 1 - src/bin/import_mock.rs
[INFO] [stderr] 1 + src/bin/import-mock.rs
[INFO] [stderr]   |
[INFO] [stderr] warning: `web` (manifest) generated 1 warning
[INFO] [stderr]    Compiling libc v0.2.186
[INFO] [stderr]     Checking cfg-if v1.0.4
[INFO] [stderr]    Compiling serde_core v1.0.229
[INFO] [stderr]    Compiling serde v1.0.229
[INFO] [stderr]    Compiling libm v0.2.16
[INFO] [stderr]    Compiling num-traits v0.2.19
[INFO] [stderr]    Compiling portable-atomic v1.13.1
[INFO] [stderr]    Compiling syn v3.0.3
[INFO] [stderr]     Checking memchr v2.8.0
[INFO] [stderr]     Checking log v0.4.34
[INFO] [stderr]     Checking pin-project-lite v0.2.17
[INFO] [stderr]     Checking scopeguard v1.2.0
[INFO] [stderr]    Compiling parking_lot_core v0.9.12
[INFO] [stderr]     Checking lock_api v0.4.14
[INFO] [stderr]     Checking itoa v1.0.18
[INFO] [stderr]     Checking futures-core v0.3.34
[INFO] [stderr]     Checking futures-sink v0.3.34
[INFO] [stderr]     Checking futures-io v0.3.34
[INFO] [stderr]     Checking slab v0.4.12
[INFO] [stderr]     Checking equivalent v1.0.2
[INFO] [stderr]     Checking futures-channel v0.3.34
[INFO] [stderr]    Compiling tokio-macros v2.7.0
[INFO] [stderr]     Checking futures-task v0.3.34
[INFO] [stderr]     Checking stable_deref_trait v1.2.1
[INFO] [stderr]    Compiling crossbeam-utils v0.8.21
[INFO] [stderr]    Compiling zerocopy v0.8.47
[INFO] [stderr]     Checking once_cell v1.21.4
[INFO] [stderr]    Compiling jobserver v0.1.34
[INFO] [stderr]     Checking tracing-core v0.1.36
[INFO] [stderr]    Compiling zerocopy-derive v0.8.47
[INFO] [stderr]     Checking percent-encoding v2.3.2
[INFO] [stderr]    Compiling cc v1.2.57
[INFO] [stderr]     Checking zerofrom v0.1.6
[INFO] [stderr]     Checking byteorder v1.5.0
[INFO] [stderr]     Checking tower-service v0.3.3
[INFO] [stderr]     Checking yoke v0.8.1
[INFO] [stderr]     Checking tracing v0.1.44
[INFO] [stderr]    Compiling typenum v1.19.0
[INFO] [stderr]     Checking base64 v0.22.1
[INFO] [stderr]     Checking subtle v2.6.1
[INFO] [stderr]    Compiling thiserror v2.0.20
[INFO] [stderr]     Checking errno v0.3.14
[INFO] [stderr]     Checking mio v1.2.0
[INFO] [stderr]     Checking socket2 v0.6.3
[INFO] [stderr]     Checking signal-hook-registry v1.4.8
[INFO] [stderr]     Checking getrandom v0.2.17
[INFO] [stderr]     Checking zerovec v0.11.5
[INFO] [stderr]    Compiling getrandom v0.3.4
[INFO] [stderr]     Checking tower-layer v0.3.3
[INFO] [stderr]     Checking hashbrown v0.17.1
[INFO] [stderr]    Compiling zeroize_derive v1.4.3
[INFO] [stderr]     Checking bitflags v2.11.0
[INFO] [stderr]     Checking rand_core v0.10.1
[INFO] [stderr]    Compiling getrandom v0.4.3
[INFO] [stderr]     Checking indexmap v2.14.0
[INFO] [stderr]    Compiling zmij v1.0.21
[INFO] [stderr]     Checking tinystr v0.8.2
[INFO] [stderr]     Checking zeroize v1.8.2
[INFO] [stderr]    Compiling cmake v0.1.57
[INFO] [stderr]     Checking writeable v0.6.2
[INFO] [stderr]    Compiling serde_json v1.0.151
[INFO] [stderr]     Checking litemap v0.8.1
[INFO] [stderr]    Compiling aws-lc-sys v0.39.0
[INFO] [stderr]     Checking icu_locale_core v2.1.1
[INFO] [stderr]     Checking potential_utf v0.1.4
[INFO] [stderr]     Checking zerotrie v0.2.3
[INFO] [stderr]     Checking form_urlencoded v1.2.2
[INFO] [stderr]     Checking sync_wrapper v1.0.2
[INFO] [stderr]     Checking cpufeatures v0.3.0
[INFO] [stderr]    Compiling httparse v1.10.1
[INFO] [stderr]    Compiling icu_properties_data v2.1.2
[INFO] [stderr]    Compiling icu_normalizer_data v2.1.1
[INFO] [stderr]     Checking icu_collections v2.1.1
[INFO] [stderr]    Compiling generic-array v0.14.9
[INFO] [stderr]    Compiling aws-lc-rs v1.16.2
[INFO] [stderr]     Checking chacha20 v0.10.0
[INFO] [stderr]     Checking rand_core v0.9.5
[INFO] [stderr]     Checking icu_provider v2.1.1
[INFO] [stderr]     Checking either v1.15.0
[INFO] [stderr]     Checking httpdate v1.0.3
[INFO] [stderr]     Checking fnv v1.0.7
[INFO] [stderr]    Compiling serde_derive v1.0.229
[INFO] [stderr]    Compiling futures-macro v0.3.34
[INFO] [stderr]    Compiling thiserror-impl v2.0.20
[INFO] [stderr]     Checking icu_properties v2.1.2
[INFO] [stderr]     Checking try-lock v0.2.5
[INFO] [stderr]     Checking untrusted v0.7.1
[INFO] [stderr]     Checking atomic-waker v1.1.2
[INFO] [stderr]     Checking utf8_iter v1.0.4
[INFO] [stderr]     Checking want v0.3.1
[INFO] [stderr]    Compiling ring v0.17.14
[INFO] [stderr]     Checking rustls-pki-types v1.14.0
[INFO] [stderr]     Checking futures-util v0.3.34
[INFO] [stderr]     Checking hdrhistogram v7.5.4
[INFO] [stderr]     Checking pin-utils v0.1.0
[INFO] [stderr]     Checking mime v0.3.17
[INFO] [stderr]     Checking crypto-common v0.1.6
[INFO] [stderr]     Checking encoding_rs v0.8.35
[INFO] [stderr]     Checking ipnet v2.12.0
[INFO] [stderr]     Checking allocator-api2 v0.2.21
[INFO] [stderr]     Checking ryu v1.0.23
[INFO] [stderr]     Checking foldhash v0.2.0
[INFO] [stderr]     Checking untrusted v0.9.0
[INFO] [stderr]    Compiling zstd-sys v2.0.16+zstd.1.5.7
[INFO] [stderr]     Checking hashbrown v0.16.1
[INFO] [stderr]    Compiling rustls v0.23.43
[INFO] [stderr]    Compiling async-trait v0.1.92
[INFO] [stderr]    Compiling num-conv v0.2.2
[INFO] [stderr]    Compiling time-core v0.1.9
[INFO] [stderr]     Checking block-buffer v0.10.4
[INFO] [stderr]    Compiling time-macros v0.2.32
[INFO] [stderr]     Checking deranged v0.5.8
[INFO] [stderr]    Compiling zstd-safe v7.2.4
[INFO] [stderr]     Checking smallvec v1.15.1
[INFO] [stderr]     Checking bytes v1.12.1
[INFO] [stderr]     Checking parking_lot v0.12.5
[INFO] [stderr]     Checking icu_normalizer v2.1.1
[INFO] [stderr]     Checking ppv-lite86 v0.2.21
[INFO] [stderr]     Checking tokio v1.53.1
[INFO] [stderr]     Checking http v1.5.0
[INFO] [stderr]     Checking idna_adapter v1.2.1
[INFO] [stderr]     Checking rand v0.10.2
[INFO] [stderr]     Checking idna v1.1.0
[INFO] [stderr]     Checking url v2.5.8
[INFO] [stderr]     Checking rand_chacha v0.9.0
[INFO] [stderr]     Checking serde_urlencoded v0.7.1
[INFO] [stderr]     Checking rand v0.9.4
[INFO] [stderr]     Checking http-body v1.0.1
[INFO] [stderr]     Checking alloc-no-stdlib v2.0.4
[INFO] [stderr]     Checking http-body-util v0.1.3
[INFO] [stderr]     Checking num_threads v0.1.7
[INFO] [stderr]     Checking powerfmt v0.2.0
[INFO] [stderr]    Compiling crc32fast v1.5.0
[INFO] [stderr]     Checking alloc-stdlib v0.2.2
[INFO] [stderr]     Checking time v0.3.55
[INFO] [stderr]     Checking digest v0.10.7
[INFO] [stderr]     Checking rand_core v0.6.4
[INFO] [stderr]     Checking uuid v1.26.0
[INFO] [stderr]     Checking adler2 v2.0.1
[INFO] [stderr]     Checking simd-adler32 v0.3.8
[INFO] [stderr]     Checking iana-time-zone v0.1.65
[INFO] [stderr]     Checking brotli-decompressor v5.0.0
[INFO] [stderr]     Checking miniz_oxide v0.8.9
[INFO] [stderr]     Checking chrono v0.4.45
[INFO] [stderr]    Compiling crunchy v0.2.4
[INFO] [stderr]     Checking webpki-roots v1.0.6
[INFO] [stderr]     Checking compression-core v0.4.31
[INFO] [stderr]     Checking flate2 v1.1.9
[INFO] [stderr]    Compiling tiny-keccak v2.0.2
[INFO] [stderr]     Checking aho-corasick v1.1.4
[INFO] [stderr]     Checking regex-syntax v0.8.10
[INFO] [stderr]     Checking brotli v8.0.2
[INFO] [stderr]     Checking axum-core v0.5.6
[INFO] [stderr]     Checking crossbeam-epoch v0.9.18
[INFO] [stderr]     Checking unicase v2.9.0
[INFO] [stderr]    Compiling const-random-macro v0.1.16
[INFO] [stderr]    Compiling anyhow v1.0.102
[INFO] [stderr]     Checking num-integer v0.1.46
[INFO] [stderr]    Compiling pin-project-internal v1.1.11
[INFO] [stderr]     Checking cpufeatures v0.2.17
[INFO] [stderr]     Checking hashbrown v0.14.5
[INFO] [stderr]     Checking regex-automata v0.4.16
[INFO] [stderr]     Checking const-random v0.1.18
[INFO] [stderr]     Checking crossbeam-deque v0.8.6
[INFO] [stderr]    Compiling multer v3.1.0
[INFO] [stderr]     Checking spin v0.9.8
[INFO] [stderr]     Checking fastrand v2.3.0
[INFO] [stderr]     Checking pin-project v1.1.11
[INFO] [stderr]    Compiling itertools v0.14.0
[INFO] [stderr]    Compiling rayon-core v1.13.0
[INFO] [stderr]    Compiling mime_guess v2.0.5
[INFO] [stderr]     Checking futures-executor v0.3.34
[INFO] [stderr]     Checking tokio-util v0.7.19
[INFO] [stderr]     Checking serde_path_to_error v0.1.20
[INFO] [stderr]     Checking concurrent-queue v2.5.0
[INFO] [stderr]    Compiling axum-macros v0.5.1
[INFO] [stderr]     Checking matchit v0.8.4
[INFO] [stderr]     Checking parking v2.2.1
[INFO] [stderr]     Checking openssl-probe v0.2.1
[INFO] [stderr]     Checking event-listener v5.4.1
[INFO] [stderr]     Checking rustls-native-certs v0.8.3
[INFO] [stderr]     Checking futures v0.3.34
[INFO] [stderr]     Checking h2 v0.4.13
[INFO] [stderr]     Checking tower v0.5.3
[INFO] [stderr]     Checking hybrid-array v0.4.10
[INFO] [stderr]    Compiling bytemuck_derive v1.10.2
[INFO] [stderr]    Compiling prost-derive v0.14.3
[INFO] [stderr]     Checking siphasher v1.0.2
[INFO] [stderr]     Checking base64ct v1.8.3
[INFO] [stderr]    Compiling typeid v1.0.3
[INFO] [stderr]     Checking rayon v1.12.0
[INFO] [stderr]     Checking password-hash v0.5.0
[INFO] [stderr]     Checking event-listener-strategy v0.5.4
[INFO] [stderr]     Checking arc-swap v1.9.1
[INFO] [stderr]     Checking thread_local v1.1.9
[INFO] [stderr]     Checking zstd v0.13.3
[INFO] [stderr]     Checking same-file v1.0.6
[INFO] [stderr]    Compiling rustix v1.1.4
[INFO] [stderr]     Checking walkdir v2.5.0
[INFO] [stderr]     Checking compression-codecs v0.4.37
[INFO] [stderr]     Checking crypto-common v0.2.1
[INFO] [stderr]     Checking block-buffer v0.12.0
[INFO] [stderr]     Checking async-compression v0.4.41
[INFO] [stderr]     Checking semver v1.0.28
[INFO] [stderr]     Checking bytemuck v1.25.0
[INFO] [stderr]     Checking const-oid v0.10.2
[INFO] [stderr]    Compiling heapless v0.8.0
[INFO] [stderr]     Checking prost v0.14.3
[INFO] [stderr]     Checking tower-http v0.6.11
[INFO] [stderr]     Checking humantime v2.3.0
[INFO] [stderr]    Compiling erased-serde v0.4.10
[INFO] [stderr]     Checking linux-raw-sys v0.12.1
[INFO] [stderr]    Compiling nix v0.31.3
[INFO] [stderr]     Checking phf_shared v0.11.3
[INFO] [stderr]     Checking dlv-list v0.5.2
[INFO] [stderr]     Checking blake2 v0.10.6
[INFO] [stderr]     Checking digest v0.11.2
[INFO] [stderr]     Checking ulid v1.2.1
[INFO] [stderr]     Checking hash32 v0.3.1
[INFO] [stderr]     Checking winnow v1.0.0
[INFO] [stderr]     Checking lazy_static v1.5.0
[INFO] [stderr]     Checking ucd-trie v0.1.7
[INFO] [stderr]     Checking hex v0.4.3
[INFO] [stderr]     Checking sharded-slab v0.1.7
[INFO] [stderr]     Checking pest v2.8.6
[INFO] [stderr]     Checking argon2 v0.5.3
[INFO] [stderr]     Checking ordered-multimap v0.7.3
[INFO] [stderr]     Checking matchers v0.2.0
[INFO] [stderr]    Compiling phf_macros v0.11.3
[INFO] [stderr]     Checking rand_chacha v0.3.1
[INFO] [stderr]     Checking tracing-serde v0.2.0
[INFO] [stderr]     Checking hyper v1.8.1
[INFO] [stderr]     Checking hashlink v0.11.0
[INFO] [stderr]     Checking toml_datetime v1.1.0+spec-1.1.0
[INFO] [stderr]     Checking serde_spanned v1.1.0
[INFO] [stderr]     Checking tracing-log v0.2.0
[INFO] [stderr]     Checking toml_parser v1.1.0+spec-1.1.0
[INFO] [stderr]     Checking i_float v1.15.0
[INFO] [stderr]     Checking unicode-ident v1.0.24
[INFO] [stderr]     Checking strsim v0.11.1
[INFO] [stderr]     Checking arraydeque v0.5.1
[INFO] [stderr]     Checking anstyle v1.0.14
[INFO] [stderr]     Checking unicode-segmentation v1.13.0
[INFO] [stderr]     Checking tempfile v3.27.0
[INFO] [stderr]     Checking nu-ansi-term v0.50.3
[INFO] [stderr]     Checking spin v0.10.1
[INFO] [stderr]     Checking yaml-rust2 v0.11.0
[INFO] [stderr]     Checking crc-fast v1.10.0
[INFO] [stderr]     Checking convert_case v0.6.0
[INFO] [stderr]     Checking toml v1.1.0+spec-1.1.0
[INFO] [stderr]     Checking i_shape v1.14.0
[INFO] [stderr]     Checking tracing-subscriber v0.3.23
[INFO] [stderr]     Checking ron v0.12.0
[INFO] [stderr]     Checking json5 v0.4.1
[INFO] [stderr]     Checking phf v0.11.3
[INFO] [stderr]     Checking serde-untagged v0.1.9
[INFO] [stderr]     Checking rand v0.8.5
[INFO] [stderr]     Checking hyper-util v0.1.20
[INFO] [stderr]     Checking rust-ini v0.21.3
[INFO] [stderr]     Checking rstar v0.12.2
[INFO] [stderr]     Checking md-5 v0.11.0
[INFO] [stderr]     Checking rand_distr v0.5.1
[INFO] [stderr]     Checking quick-xml v0.41.0
[INFO] [stderr]     Checking itertools v0.11.0
[INFO] [stderr]     Checking itertools v0.15.0
[INFO] [stderr]     Checking approx v0.5.1
[INFO] [stderr]     Checking crossbeam-channel v0.5.15
[INFO] [stderr]     Checking i_tree v0.16.0
[INFO] [stderr]    Compiling rust_decimal v1.42.0
[INFO] [stderr]     Checking i_key_sort v0.6.0
[INFO] [stderr]     Checking new_debug_unreachable v1.0.6
[INFO] [stderr]     Checking robust v1.2.0
[INFO] [stderr]     Checking symlink v0.1.0
[INFO] [stderr]     Checking pathdiff v0.2.3
[INFO] [stderr]     Checking arrayvec v0.7.6
[INFO] [stderr]     Checking data-encoding v2.11.1
[INFO] [stderr]     Checking axum v0.8.9
[INFO] [stderr]     Checking spade v2.15.1
[INFO] [stderr]     Checking config v0.15.25
[INFO] [stderr]     Checking tracing-appender v0.2.5
[INFO] [stderr]     Checking i_overlay v4.0.7
[INFO] [stderr]     Checking half v2.7.1
[INFO] [stderr]     Checking geo-types v0.7.19
[INFO] [stderr]     Checking earcutr v0.4.3
[INFO] [stderr]    Compiling phf_codegen v0.11.3
[INFO] [stderr]    Compiling string_cache_codegen v0.5.4
[INFO] [stderr]     Checking password-hash v0.6.1
[INFO] [stderr]     Checking geographiclib-rs v0.2.7
[INFO] [stderr]    Compiling ahash v0.8.12
[INFO] [stderr]     Checking float_next_after v1.0.0
[INFO] [stderr]     Checking base64 v0.23.1
[INFO] [stderr]     Checking sif-itree v0.4.1
[INFO] [stderr]     Checking glob v0.3.4
[INFO] [stderr]     Checking natord v1.0.9
[INFO] [stderr]     Checking utf-8 v0.7.6
[INFO] [stderr]     Checking geo v0.32.0
[INFO] [stderr]     Checking inout v0.1.4
[INFO] [stderr]    Compiling web_atoms v0.1.3
[INFO] [stderr]     Checking web-time v1.1.0
[INFO] [stderr]     Checking mac v0.1.1
[INFO] [stderr]     Checking precomputed-hash v0.1.1
[INFO] [stderr]     Checking cipher v0.4.4
[INFO] [stderr]     Checking futf v0.1.5
[INFO] [stderr]     Checking string_cache v0.8.9
[INFO] [stderr]    Compiling flatbuffers v25.12.19
[INFO] [stderr]     Checking hyper-timeout v0.5.2
[INFO] [stderr]     Checking regex v1.12.3
[INFO] [stderr]     Checking tokio-stream v0.1.18
[INFO] [stderr]     Checking dashmap v6.1.0
[INFO] [stderr]    Compiling lz4-sys v1.11.1+lz4-1.10.0
[INFO] [stderr]    Compiling matrixmultiply v0.3.10
[INFO] [stderr]     Checking urlencoding v2.1.3
[INFO] [stderr]     Checking tendril v0.4.3
[INFO] [stderr]     Checking diskann-wide v0.54.0
[INFO] [stderr]     Checking roaring v0.11.4
[INFO] [stderr]     Checking sha1 v0.10.6
[INFO] [stderr]     Checking num-bigint v0.4.6
[INFO] [stderr]    Compiling phf_shared v0.13.1
[INFO] [stderr]     Checking seize v0.5.1
[INFO] [stdout] error[E0283]: type annotations needed
[INFO] [stdout]    --> /opt/rustwide/cargo-home/registry/src/index.crates.io-1949cf8c6b5b557f/diskann-wide-0.54.0/src/arch/x86_64/v3/mod.rs:435:82
[INFO] [stdout]     |
[INFO] [stdout] 435 |         let f: unsafe fn(Self, T0::Of<'_>) -> R = Self::run_function_with_1::<F, _, _>;
[INFO] [stdout]     |                                                                                  ^ cannot infer type
[INFO] [stdout]     |
[INFO] [stdout]     = note: the type must implement `AddLifetime`
[INFO] [stdout]     = help: the following types implement trait `AddLifetime`:
[INFO] [stdout]               As<T>
[INFO] [stdout]               Mut<T>
[INFO] [stdout]               String
[INFO] [stdout]               bool
[INFO] [stdout]               f32
[INFO] [stdout]               f64
[INFO] [stdout]               half::f16
[INFO] [stdout]               i16
[INFO] [stdout]             and 9 others
[INFO] [stdout] note: required by a bound in `V3::run_function_with_1`
[INFO] [stdout]    --> /opt/rustwide/cargo-home/registry/src/index.crates.io-1949cf8c6b5b557f/diskann-wide-0.54.0/src/arch/x86_64/v3/mod.rs:296:17
[INFO] [stdout]     |
[INFO] [stdout] 294 |         pub(super) unsafe fn run_function_with_1<F, T0, R>(self, x0: T0::Of<'_>) -> R
[INFO] [stdout]     |                              ------------------- required by a bound in this associated function
[INFO] [stdout] 295 |         where
[INFO] [stdout] 296 |             T0: AddLifetime,
[INFO] [stdout]     |                 ^^^^^^^^^^^ required by this bound in `V3::run_function_with_1`
[INFO] [stdout] 
[INFO] [stdout] 
[INFO] [stdout] error[E0283]: type annotations needed
[INFO] [stdout]    --> /opt/rustwide/cargo-home/registry/src/index.crates.io-1949cf8c6b5b557f/diskann-wide-0.54.0/src/arch/x86_64/v3/mod.rs:450:44
[INFO] [stdout]     |
[INFO] [stdout] 450 |             Self::run_function_with_2::<F, _, _, _>;
[INFO] [stdout]     |                                            ^ cannot infer type
[INFO] [stdout]     |
[INFO] [stdout]     = note: the type must implement `AddLifetime`
[INFO] [stdout]     = help: the following types implement trait `AddLifetime`:
[INFO] [stdout]               As<T>
[INFO] [stdout]               Mut<T>
[INFO] [stdout]               String
[INFO] [stdout]               bool
[INFO] [stdout]               f32
[INFO] [stdout]               f64
[INFO] [stdout]               half::f16
[INFO] [stdout]               i16
[INFO] [stdout]             and 9 others
[INFO] [stdout] note: required by a bound in `V3::run_function_with_2`
[INFO] [stdout]    --> /opt/rustwide/cargo-home/registry/src/index.crates.io-1949cf8c6b5b557f/diskann-wide-0.54.0/src/arch/x86_64/v3/mod.rs:313:17
[INFO] [stdout]     |
[INFO] [stdout] 307 |         pub(super) unsafe fn run_function_with_2<F, T0, T1, R>(
[INFO] [stdout]     |                              ------------------- required by a bound in this associated function
[INFO] [stdout] ...
[INFO] [stdout] 313 |             T0: AddLifetime,
[INFO] [stdout]     |                 ^^^^^^^^^^^ required by this bound in `V3::run_function_with_2`
[INFO] [stdout] 
[INFO] [stdout] 
[INFO] [stdout] error[E0283]: type annotations needed
[INFO] [stdout]    --> /opt/rustwide/cargo-home/registry/src/index.crates.io-1949cf8c6b5b557f/diskann-wide-0.54.0/src/arch/x86_64/v3/mod.rs:466:44
[INFO] [stdout]     |
[INFO] [stdout] 466 |             Self::run_function_with_3::<F, _, _, _, _>;
[INFO] [stdout]     |                                            ^ cannot infer type
[INFO] [stdout]     |
[INFO] [stdout]     = note: the type must implement `AddLifetime`
[INFO] [stdout]     = help: the following types implement trait `AddLifetime`:
[INFO] [stdout]               As<T>
[INFO] [stdout]               Mut<T>
[INFO] [stdout]               String
[INFO] [stdout]               bool
[INFO] [stdout]               f32
[INFO] [stdout]               f64
[INFO] [stdout]               half::f16
[INFO] [stdout]               i16
[INFO] [stdout]             and 9 others
[INFO] [stdout] note: required by a bound in `V3::run_function_with_3`
[INFO] [stdout]    --> /opt/rustwide/cargo-home/registry/src/index.crates.io-1949cf8c6b5b557f/diskann-wide-0.54.0/src/arch/x86_64/v3/mod.rs:332:17
[INFO] [stdout]     |
[INFO] [stdout] 325 |         pub(super) unsafe fn run_function_with_3<F, T0, T1, T2, R>(
[INFO] [stdout]     |                              ------------------- required by a bound in this associated function
[INFO] [stdout] ...
[INFO] [stdout] 332 |             T0: AddLifetime,
[INFO] [stdout]     |                 ^^^^^^^^^^^ required by this bound in `V3::run_function_with_3`
[INFO] [stdout] 
[INFO] [stdout] 
[INFO] [stdout] error[E0283]: type annotations needed
[INFO] [stdout]    --> /opt/rustwide/cargo-home/registry/src/index.crates.io-1949cf8c6b5b557f/diskann-wide-0.54.0/src/arch/x86_64/v4/mod.rs:540:82
[INFO] [stdout]     |
[INFO] [stdout] 540 |         let f: unsafe fn(Self, T0::Of<'_>) -> R = Self::run_function_with_1::<F, _, _>;
[INFO] [stdout]     |                                                                                  ^ cannot infer type
[INFO] [stdout]     |
[INFO] [stdout]     = note: the type must implement `AddLifetime`
[INFO] [stdout]     = help: the following types implement trait `AddLifetime`:
[INFO] [stdout]               As<T>
[INFO] [stdout]               Mut<T>
[INFO] [stdout]               String
[INFO] [stdout]               bool
[INFO] [stdout]               f32
[INFO] [stdout]               f64
[INFO] [stdout]               half::f16
[INFO] [stdout]               i16
[INFO] [stdout]             and 9 others
[INFO] [stdout] note: required by a bound in `v4::V4::run_function_with_1`
[INFO] [stdout]    --> /opt/rustwide/cargo-home/registry/src/index.crates.io-1949cf8c6b5b557f/diskann-wide-0.54.0/src/arch/x86_64/v4/mod.rs:401:17
[INFO] [stdout]     |
[INFO] [stdout] 399 |         pub(super) unsafe fn run_function_with_1<F, T0, R>(self, x0: T0::Of<'_>) -> R
[INFO] [stdout]     |                              ------------------- required by a bound in this associated function
[INFO] [stdout] 400 |         where
[INFO] [stdout] 401 |             T0: AddLifetime,
[INFO] [stdout]     |                 ^^^^^^^^^^^ required by this bound in `V4::run_function_with_1`
[INFO] [stdout] 
[INFO] [stdout] 
[INFO] [stdout] error[E0283]: type annotations needed
[INFO] [stdout]    --> /opt/rustwide/cargo-home/registry/src/index.crates.io-1949cf8c6b5b557f/diskann-wide-0.54.0/src/arch/x86_64/v4/mod.rs:555:44
[INFO] [stdout]     |
[INFO] [stdout] 555 |             Self::run_function_with_2::<F, _, _, _>;
[INFO] [stdout]     |                                            ^ cannot infer type
[INFO] [stdout]     |
[INFO] [stdout]     = note: the type must implement `AddLifetime`
[INFO] [stdout]     = help: the following types implement trait `AddLifetime`:
[INFO] [stdout]               As<T>
[INFO] [stdout]               Mut<T>
[INFO] [stdout]               String
[INFO] [stdout]               bool
[INFO] [stdout]               f32
[INFO] [stdout]               f64
[INFO] [stdout]               half::f16
[INFO] [stdout]               i16
[INFO] [stdout]             and 9 others
[INFO] [stdout] note: required by a bound in `v4::V4::run_function_with_2`
[INFO] [stdout]    --> /opt/rustwide/cargo-home/registry/src/index.crates.io-1949cf8c6b5b557f/diskann-wide-0.54.0/src/arch/x86_64/v4/mod.rs:418:17
[INFO] [stdout]     |
[INFO] [stdout] 412 |         pub(super) unsafe fn run_function_with_2<F, T0, T1, R>(
[INFO] [stdout]     |                              ------------------- required by a bound in this associated function
[INFO] [stdout] ...
[INFO] [stdout] 418 |             T0: AddLifetime,
[INFO] [stdout]     |                 ^^^^^^^^^^^ required by this bound in `V4::run_function_with_2`
[INFO] [stdout] 
[INFO] [stdout] 
[INFO] [stdout] error[E0283]: type annotations needed
[INFO] [stdout]    --> /opt/rustwide/cargo-home/registry/src/index.crates.io-1949cf8c6b5b557f/diskann-wide-0.54.0/src/arch/x86_64/v4/mod.rs:571:44
[INFO] [stdout]     |
[INFO] [stdout] 571 |             Self::run_function_with_3::<F, _, _, _, _>;
[INFO] [stdout]     |                                            ^ cannot infer type
[INFO] [stdout]     |
[INFO] [stdout]     = note: the type must implement `AddLifetime`
[INFO] [stdout]     = help: the following types implement trait `AddLifetime`:
[INFO] [stdout]               As<T>
[INFO] [stdout]               Mut<T>
[INFO] [stdout]               String
[INFO] [stdout]               bool
[INFO] [stdout]               f32
[INFO] [stdout]               f64
[INFO] [stdout]               half::f16
[INFO] [stdout]               i16
[INFO] [stdout]             and 9 others
[INFO] [stdout] note: required by a bound in `v4::V4::run_function_with_3`
[INFO] [stdout]    --> /opt/rustwide/cargo-home/registry/src/index.crates.io-1949cf8c6b5b557f/diskann-wide-0.54.0/src/arch/x86_64/v4/mod.rs:437:17
[INFO] [stdout]     |
[INFO] [stdout] 430 |         pub(super) unsafe fn run_function_with_3<F, T0, T1, T2, R>(
[INFO] [stdout]     |                              ------------------- required by a bound in this associated function
[INFO] [stdout] ...
[INFO] [stdout] 437 |             T0: AddLifetime,
[INFO] [stdout]     |                 ^^^^^^^^^^^ required by this bound in `V4::run_function_with_3`
[INFO] [stdout] 
[INFO] [stdout] 
[INFO] [stderr]    Compiling storekey-derive v0.11.0
[INFO] [stderr]    Compiling revision-derive v0.30.0
[INFO] [stdout] For more information about this error, try `rustc --explain E0283`.
[INFO] [stdout] 
[INFO] [stderr] error: could not compile `diskann-wide` (lib) due to 6 previous errors
[INFO] [stderr] warning: build failed, waiting for other jobs to finish...
[INFO] running `Command { std: "docker" "inspect" "030c831719014dafc51b9fcffa11d59dd82aac67793d8871fab7822878370e6f", kill_on_drop: false }`
[INFO] running `Command { std: "docker" "rm" "-f" "030c831719014dafc51b9fcffa11d59dd82aac67793d8871fab7822878370e6f", kill_on_drop: false }`
[INFO] [stdout] 030c831719014dafc51b9fcffa11d59dd82aac67793d8871fab7822878370e6f
