[INFO] cloning repository https://github.com/plaflamme/advent-2018
[INFO] running `Command { std: "git" "-c" "credential.helper=" "-c" "credential.helper=/workspace/cargo-home/bin/git-credential-null" "clone" "--bare" "https://github.com/plaflamme/advent-2018" "/workspace/cache/git-repos/https%3A%2F%2Fgithub.com%2Fplaflamme%2Fadvent-2018", kill_on_drop: false }`
[INFO] [stderr] Cloning into bare repository '/workspace/cache/git-repos/https%3A%2F%2Fgithub.com%2Fplaflamme%2Fadvent-2018'...
[INFO] running `Command { std: "git" "rev-parse" "HEAD", kill_on_drop: false }`
[INFO] [stdout] e016bb36207aeecc63423e9059903b4bff99439d
[INFO] checking plaflamme/advent-2018 against be3da1e8c043bb6f1f335463d3b1335cdf50b03c for pr-162597
[INFO] running `Command { std: "git" "clone" "/workspace/cache/git-repos/https%3A%2F%2Fgithub.com%2Fplaflamme%2Fadvent-2018" "/workspace/builds/worker-4-tc2/source", kill_on_drop: false }`
[INFO] [stderr] Cloning into '/workspace/builds/worker-4-tc2/source'...
[INFO] [stderr] done.
[INFO] started tweaking git repo https://github.com/plaflamme/advent-2018
[INFO] finished tweaking git repo https://github.com/plaflamme/advent-2018
[INFO] tweaked toml for git repo https://github.com/plaflamme/advent-2018 written to /workspace/builds/worker-4-tc2/source/Cargo.toml
[INFO] validating manifest of git repo https://github.com/plaflamme/advent-2018 on toolchain be3da1e8c043bb6f1f335463d3b1335cdf50b03c
[INFO] running `Command { std: CARGO_HOME="/workspace/cargo-home" RUSTUP_HOME="/workspace/rustup-home" "/workspace/cargo-home/bin/cargo" "+be3da1e8c043bb6f1f335463d3b1335cdf50b03c" "metadata" "--manifest-path" "Cargo.toml" "--no-deps", kill_on_drop: false }`
[INFO] crate git repo https://github.com/plaflamme/advent-2018 already has a lockfile, it will not be regenerated
[INFO] running `Command { std: CARGO_HOME="/workspace/cargo-home" RUSTUP_HOME="/workspace/rustup-home" "/workspace/cargo-home/bin/cargo" "+be3da1e8c043bb6f1f335463d3b1335cdf50b03c" "fetch" "--manifest-path" "Cargo.toml", kill_on_drop: false }`
[INFO] [stderr]     Blocking waiting for file lock on package cache
[INFO] [stderr]     Updating crates.io index
[INFO] [stderr]     Blocking waiting for file lock on package cache
[ERROR] error running command: no output for 300 seconds
[INFO] checking plaflamme/advent-2018 against be3da1e8c043bb6f1f335463d3b1335cdf50b03c for pr-162597
[INFO] running `Command { std: "git" "clone" "/workspace/cache/git-repos/https%3A%2F%2Fgithub.com%2Fplaflamme%2Fadvent-2018" "/workspace/builds/worker-4-tc2/source", kill_on_drop: false }`
[INFO] [stderr] Cloning into '/workspace/builds/worker-4-tc2/source'...
[INFO] [stderr] done.
[INFO] started tweaking git repo https://github.com/plaflamme/advent-2018
[INFO] finished tweaking git repo https://github.com/plaflamme/advent-2018
[INFO] tweaked toml for git repo https://github.com/plaflamme/advent-2018 written to /workspace/builds/worker-4-tc2/source/Cargo.toml
[INFO] validating manifest of git repo https://github.com/plaflamme/advent-2018 on toolchain be3da1e8c043bb6f1f335463d3b1335cdf50b03c
[INFO] running `Command { std: CARGO_HOME="/workspace/cargo-home" RUSTUP_HOME="/workspace/rustup-home" "/workspace/cargo-home/bin/cargo" "+be3da1e8c043bb6f1f335463d3b1335cdf50b03c" "metadata" "--manifest-path" "Cargo.toml" "--no-deps", kill_on_drop: false }`
[INFO] crate git repo https://github.com/plaflamme/advent-2018 already has a lockfile, it will not be regenerated
[INFO] running `Command { std: CARGO_HOME="/workspace/cargo-home" RUSTUP_HOME="/workspace/rustup-home" "/workspace/cargo-home/bin/cargo" "+be3da1e8c043bb6f1f335463d3b1335cdf50b03c" "fetch" "--manifest-path" "Cargo.toml", kill_on_drop: false }`
[INFO] [stderr]     Blocking waiting for file lock on package cache
[INFO] [stderr]     Blocking waiting for file lock on package cache
[INFO] [stderr]  Downloading crates ...
[INFO] [stderr]   Downloaded termion v1.5.6
[INFO] [stderr]   Downloaded z3 v0.11.2
[INFO] [stderr]   Downloaded redox_termios v0.1.2
[INFO] [stderr]   Downloaded clang-sys v1.3.3
[INFO] [stderr]   Downloaded cached_proc_macro_types v0.1.0
[INFO] [stderr]   Downloaded cached_proc_macro v0.12.0
[INFO] [stderr]   Downloaded async_once v0.2.6
[INFO] [stderr]   Downloaded cached v0.34.0
[INFO] [stderr]   Downloaded serde_plain v1.0.0
[INFO] [stderr]   Downloaded fixedbitset v0.4.1
[INFO] [stderr]   Downloaded async-trait v0.1.56
[INFO] [stderr]   Downloaded pathfinding v3.0.12
[INFO] [stderr]   Downloaded ixlist v0.1.0
[INFO] [stderr]   Downloaded z3-sys v0.7.1
[INFO] running `Command { std: "docker" "create" "-v" "/var/lib/crater-agent-workspace/builds/worker-4-tc2/source:/opt/rustwide/workdir:ro,Z" "-v" "/var/lib/crater-agent-workspace/builds/worker-4-tc2/target:/opt/rustwide/target:rw,Z" "-v" "/var/lib/crater-agent-workspace/cargo-home:/opt/rustwide/cargo-home:ro,Z" "-v" "/var/lib/crater-agent-workspace/rustup-home:/opt/rustwide/rustup-home:ro,Z" "-m" "1610612736" "--network" "none" "ghcr.io/rust-lang/crates-build-env/linux@sha256:8683fc1fc2eb5c9ac98e0d076ab094b2ffac7f99da555d2b6a2e27f346de2ec7" "sleep" "infinity", kill_on_drop: false }`
[INFO] [stdout] bdab52b425698e7f67f19d52bf3e355d48681238f5a6fe1d6a7433df97728535
[INFO] running `Command { std: "docker" "start" "bdab52b425698e7f67f19d52bf3e355d48681238f5a6fe1d6a7433df97728535", kill_on_drop: false }`
[INFO] running `Command { std: "docker" "inspect" "bdab52b425698e7f67f19d52bf3e355d48681238f5a6fe1d6a7433df97728535", kill_on_drop: false }`
[INFO] running `Command { std: "docker" "exec" "-e" "SOURCE_DIR=/opt/rustwide/workdir" "-e" "CARGO_HOME=/opt/rustwide/cargo-home" "-e" "RUSTUP_HOME=/opt/rustwide/rustup-home" "-e" "CARGO_TARGET_DIR=/opt/rustwide/target" "-w" "/opt/rustwide/workdir" "--user" "0:0" "bdab52b425698e7f67f19d52bf3e355d48681238f5a6fe1d6a7433df97728535" "/opt/rustwide/cargo-home/bin/cargo" "+be3da1e8c043bb6f1f335463d3b1335cdf50b03c" "metadata" "--no-deps" "--format-version=1", kill_on_drop: false }`
[INFO] running `Command { std: "docker" "inspect" "bdab52b425698e7f67f19d52bf3e355d48681238f5a6fe1d6a7433df97728535", kill_on_drop: false }`
[INFO] running `Command { std: "docker" "exec" "-e" "SOURCE_DIR=/opt/rustwide/workdir" "-e" "CARGO_HOME=/opt/rustwide/cargo-home" "-e" "RUSTUP_HOME=/opt/rustwide/rustup-home" "-e" "CARGO_TARGET_DIR=/opt/rustwide/target" "-e" "CARGO_INCREMENTAL=0" "-e" "RUST_BACKTRACE=full" "-e" "RUSTFLAGS=--cap-lints=forbid" "-e" "RUSTDOCFLAGS=--cap-lints=forbid" "-w" "/opt/rustwide/workdir" "--user" "0:0" "bdab52b425698e7f67f19d52bf3e355d48681238f5a6fe1d6a7433df97728535" "/opt/rustwide/cargo-home/bin/cargo" "+be3da1e8c043bb6f1f335463d3b1335cdf50b03c" "check" "--frozen" "--all" "--all-targets" "--message-format=json", kill_on_drop: false }`
[INFO] [stderr]    Compiling syn v1.0.96
[INFO] [stderr]    Compiling memchr v2.5.0
[INFO] [stderr]    Compiling nom v5.1.2
[INFO] [stderr]    Compiling clang-sys v1.3.3
[INFO] [stderr]    Compiling atty v0.2.14
[INFO] [stderr]    Compiling regex-syntax v0.6.26
[INFO] [stderr]    Compiling unicode-width v0.1.9
[INFO] [stderr]    Compiling futures-core v0.3.21
[INFO] [stderr]    Compiling textwrap v0.11.0
[INFO] [stderr]    Compiling libloading v0.7.3
[INFO] [stderr]    Compiling log v0.4.17
[INFO] [stderr]    Compiling ansi_term v0.12.1
[INFO] [stderr]    Compiling termcolor v1.1.3
[INFO] [stderr]    Compiling bindgen v0.58.1
[INFO] [stderr]    Compiling humantime v2.1.0
[INFO] [stderr]    Compiling futures-channel v0.3.21
[INFO] [stderr]    Compiling clap v2.34.0
[INFO] [stderr]    Compiling which v3.1.1
[INFO] [stderr]    Compiling futures-util v0.3.21
[INFO] [stderr]    Compiling aho-corasick v0.7.18
[INFO] [stderr]    Compiling shlex v1.1.0
[INFO] [stderr]     Checking futures-sink v0.3.21
[INFO] [stderr]    Compiling num-traits v0.2.15
[INFO] [stderr]    Compiling serde_derive v1.0.137
[INFO] [stderr]    Compiling proc-macro-error-attr v1.0.4
[INFO] [stderr]    Compiling indexmap v1.8.2
[INFO] [stderr]    Compiling serde v1.0.137
[INFO] [stderr]    Compiling async-trait v0.1.56
[INFO] [stderr]    Compiling cached_proc_macro_types v0.1.0
[INFO] [stderr]    Compiling regex v1.5.6
[INFO] [stderr]     Checking integer-sqrt v0.1.5
[INFO] [stderr]     Checking itertools v0.10.3
[INFO] [stderr]    Compiling cexpr v0.4.0
[INFO] [stderr]    Compiling env_logger v0.8.4
[INFO] [stderr]     Checking async_once v0.2.6
[INFO] [stderr]     Checking numtoa v0.1.0
[INFO] [stderr]     Checking fixedbitset v0.4.1
[INFO] [stderr]     Checking hashbrown v0.12.1
[INFO] [stderr]     Checking termion v1.5.6
[INFO] [stderr]    Compiling darling_core v0.13.4
[INFO] [stderr]    Compiling proc-macro-error v1.0.4
[INFO] [stderr]     Checking ixlist v0.1.0
[INFO] [stderr]    Compiling futures-macro v0.3.21
[INFO] [stderr]    Compiling thiserror-impl v1.0.31
[INFO] [stderr]    Compiling tokio-macros v1.8.0
[INFO] [stderr]     Checking tokio v1.19.2
[INFO] [stderr]    Compiling structopt-derive v0.4.18
[INFO] [stderr]     Checking thiserror v1.0.31
[INFO] [stderr]     Checking pathfinding v3.0.12
[INFO] [stderr]    Compiling darling_macro v0.13.4
[INFO] [stderr]     Checking structopt v0.3.26
[INFO] [stderr]    Compiling darling v0.13.4
[INFO] [stderr]    Compiling cached_proc_macro v0.12.0
[INFO] [stderr]    Compiling z3-sys v0.7.1
[INFO] [stderr]     Checking futures-executor v0.3.21
[INFO] [stderr]     Checking futures v0.3.21
[INFO] [stderr]     Checking cached v0.34.0
[INFO] [stderr] error: failed to run custom build command for `z3-sys v0.7.1`
[INFO] [stderr] note: To improve backtraces for build dependencies, set the CARGO_PROFILE_DEV_BUILD_OVERRIDE_DEBUG=true environment variable to enable debug information generation.
[INFO] [stderr] 
[INFO] [stderr] Caused by:
[INFO] [stderr]   process didn't exit successfully: `/opt/rustwide/target/debug/build/z3-sys/0e251d060ed08df3/out/build_script_build` (exit status: 101)
[INFO] [stderr]   --- stdout
[INFO] [stderr]   cargo:rerun-if-changed=build.rs
[INFO] [stderr]   cargo:rerun-if-changed=wrapper.h
[INFO] [stderr] 
[INFO] [stderr]   --- stderr
[INFO] [stderr]   wrapper.h:1:10: fatal error: 'z3.h' file not found
[INFO] [stderr]   wrapper.h:1:10: fatal error: 'z3.h' file not found, err: true
[INFO] [stderr] 
[INFO] [stderr]   thread 'main' (1030) panicked at /opt/rustwide/cargo-home/registry/src/index.crates.io-1949cf8c6b5b557f/z3-sys-0.7.1/build.rs:33:14:
[INFO] [stderr]   Unable to generate bindings: ()
[INFO] [stderr]   stack backtrace:
[INFO] [stderr]      0:     0x6493c745d571 - std[b86ef5264e9f7438]::backtrace_rs::backtrace::libunwind::trace
[INFO] [stderr]                                  at /rustc/be3da1e8c043bb6f1f335463d3b1335cdf50b03c/library/std/src/../../backtrace/src/backtrace/libunwind.rs:117:9
[INFO] [stderr]      1:     0x6493c745d571 - std[b86ef5264e9f7438]::backtrace_rs::backtrace::trace_unsynchronized::<std[b86ef5264e9f7438]::sys::backtrace::_print_fmt::{closure#1}>
[INFO] [stderr]                                  at /rustc/be3da1e8c043bb6f1f335463d3b1335cdf50b03c/library/std/src/../../backtrace/src/backtrace/mod.rs:66:14
[INFO] [stderr]      2:     0x6493c745d571 - std[b86ef5264e9f7438]::sys::backtrace::_print_fmt
[INFO] [stderr]                                  at /rustc/be3da1e8c043bb6f1f335463d3b1335cdf50b03c/library/std/src/sys/backtrace.rs:74:9
[INFO] [stderr]      3:     0x6493c745d571 - <<std[b86ef5264e9f7438]::sys::backtrace::BacktraceLock>::print::DisplayBacktrace as core[a83cf561d8fc76d6]::fmt::Display>::fmt
[INFO] [stderr]                                  at /rustc/be3da1e8c043bb6f1f335463d3b1335cdf50b03c/library/std/src/sys/backtrace.rs:44:26
[INFO] [stderr]      4:     0x6493c747356a - <core[a83cf561d8fc76d6]::fmt::rt::Argument>::fmt
[INFO] [stderr]                                  at /rustc/be3da1e8c043bb6f1f335463d3b1335cdf50b03c/library/core/src/fmt/rt.rs:152:76
[INFO] [stderr]      5:     0x6493c747356a - core[a83cf561d8fc76d6]::fmt::write
[INFO] [stderr]      6:     0x6493c74622fc - core[a83cf561d8fc76d6]::io::write::default_write_fmt::<std[b86ef5264e9f7438]::sys::stdio::unix::Stderr>
[INFO] [stderr]                                  at /rustc/be3da1e8c043bb6f1f335463d3b1335cdf50b03c/library/core/src/io/write.rs:402:11
[INFO] [stderr]      7:     0x6493c74622fc - <std[b86ef5264e9f7438]::sys::stdio::unix::Stderr as core[a83cf561d8fc76d6]::io::write::Write>::write_fmt
[INFO] [stderr]                                  at /rustc/be3da1e8c043bb6f1f335463d3b1335cdf50b03c/library/core/src/io/write.rs:335:13
[INFO] [stderr]      8:     0x6493c743dde6 - <std[b86ef5264e9f7438]::sys::backtrace::BacktraceLock>::print
[INFO] [stderr]                                  at /rustc/be3da1e8c043bb6f1f335463d3b1335cdf50b03c/library/std/src/sys/backtrace.rs:47:9
[INFO] [stderr]      9:     0x6493c743dde6 - std[b86ef5264e9f7438]::panicking::default_hook::{closure#0}
[INFO] [stderr]                                  at /rustc/be3da1e8c043bb6f1f335463d3b1335cdf50b03c/library/std/src/panicking.rs:289:27
[INFO] [stderr]     10:     0x6493c74580e1 - std[b86ef5264e9f7438]::panicking::default_hook
[INFO] [stderr]                                  at /rustc/be3da1e8c043bb6f1f335463d3b1335cdf50b03c/library/std/src/panicking.rs:316:9
[INFO] [stderr]     11:     0x6493c745840b - std[b86ef5264e9f7438]::panicking::panic_with_hook
[INFO] [stderr]                                  at /rustc/be3da1e8c043bb6f1f335463d3b1335cdf50b03c/library/std/src/panicking.rs:811:13
[INFO] [stderr]     12:     0x6493c743de92 - std[b86ef5264e9f7438]::panicking::panic_handler::{closure#0}
[INFO] [stderr]                                  at /rustc/be3da1e8c043bb6f1f335463d3b1335cdf50b03c/library/std/src/panicking.rs:685:13
[INFO] [stderr]     13:     0x6493c7437cd9 - std[b86ef5264e9f7438]::sys::backtrace::__rust_end_short_backtrace::<std[b86ef5264e9f7438]::panicking::panic_handler::{closure#0}, !>
[INFO] [stderr]                                  at /rustc/be3da1e8c043bb6f1f335463d3b1335cdf50b03c/library/std/src/sys/backtrace.rs:182:18
[INFO] [stderr]     14:     0x6493c743e6cd - __rustc[3429c5eca17aa70d]::rust_begin_unwind
[INFO] [stderr]                                  at /rustc/be3da1e8c043bb6f1f335463d3b1335cdf50b03c/library/std/src/panicking.rs:676:5
[INFO] [stderr]     15:     0x6493c7473e3c - core[a83cf561d8fc76d6]::panicking::panic_fmt
[INFO] [stderr]                                  at /rustc/be3da1e8c043bb6f1f335463d3b1335cdf50b03c/library/core/src/panicking.rs:80:14
[INFO] [stderr]     16:     0x6493c7473b62 - core[a83cf561d8fc76d6]::result::unwrap_failed
[INFO] [stderr]                                  at /rustc/be3da1e8c043bb6f1f335463d3b1335cdf50b03c/library/core/src/result.rs:1870:5
[INFO] [stderr]     17:     0x6493c70dcef8 - <core[a83cf561d8fc76d6]::result::Result<bindgen[93211ad3fa5098ea]::Bindings, ()>>::expect
[INFO] [stderr]     18:     0x6493c70dccca - build_script_build[3d31a3025ded4801]::main
[INFO] [stderr]     19:     0x6493c70ddf83 - <fn() as core[a83cf561d8fc76d6]::ops::function::FnOnce<()>>::call_once
[INFO] [stderr]     20:     0x6493c70dc6fe - std[b86ef5264e9f7438]::sys::backtrace::__rust_begin_short_backtrace::<fn(), ()>
[INFO] [stderr]     21:     0x6493c70dc709 - std[b86ef5264e9f7438]::rt::lang_start::<()>::{closure#0}
[INFO] [stderr]     22:     0x6493c7457548 - <&dyn core[a83cf561d8fc76d6]::ops::function::Fn<(), Output = i32> + core[a83cf561d8fc76d6]::marker::Sync + core[a83cf561d8fc76d6]::panic::unwind_safe::RefUnwindSafe as core[a83cf561d8fc76d6]::ops::function::FnOnce<()>>::call_once
[INFO] [stderr]                                  at /rustc/be3da1e8c043bb6f1f335463d3b1335cdf50b03c/library/core/src/ops/function.rs:287:21
[INFO] [stderr]     23:     0x6493c7457548 - std[b86ef5264e9f7438]::panicking::catch_unwind::do_call::<&dyn core[a83cf561d8fc76d6]::ops::function::Fn<(), Output = i32> + core[a83cf561d8fc76d6]::marker::Sync + core[a83cf561d8fc76d6]::panic::unwind_safe::RefUnwindSafe, i32>
[INFO] [stderr]                                  at /rustc/be3da1e8c043bb6f1f335463d3b1335cdf50b03c/library/std/src/panicking.rs:573:43
[INFO] [stderr]     24:     0x6493c7457548 - std[b86ef5264e9f7438]::panicking::catch_unwind::<i32, &dyn core[a83cf561d8fc76d6]::ops::function::Fn<(), Output = i32> + core[a83cf561d8fc76d6]::marker::Sync + core[a83cf561d8fc76d6]::panic::unwind_safe::RefUnwindSafe>
[INFO] [stderr]                                  at /rustc/be3da1e8c043bb6f1f335463d3b1335cdf50b03c/library/std/src/panicking.rs:541:19
[INFO] [stderr]     25:     0x6493c7457548 - std[b86ef5264e9f7438]::panic::catch_unwind::<&dyn core[a83cf561d8fc76d6]::ops::function::Fn<(), Output = i32> + core[a83cf561d8fc76d6]::marker::Sync + core[a83cf561d8fc76d6]::panic::unwind_safe::RefUnwindSafe, i32>
[INFO] [stderr]                                  at /rustc/be3da1e8c043bb6f1f335463d3b1335cdf50b03c/library/std/src/panic.rs:359:14
[INFO] [stderr]     26:     0x6493c7457548 - std[b86ef5264e9f7438]::rt::lang_start_internal::{closure#0}
[INFO] [stderr]                                  at /rustc/be3da1e8c043bb6f1f335463d3b1335cdf50b03c/library/std/src/rt.rs:175:24
[INFO] [stderr]     27:     0x6493c7457548 - std[b86ef5264e9f7438]::panicking::catch_unwind::do_call::<std[b86ef5264e9f7438]::rt::lang_start_internal::{closure#0}, isize>
[INFO] [stderr]                                  at /rustc/be3da1e8c043bb6f1f335463d3b1335cdf50b03c/library/std/src/panicking.rs:573:43
[INFO] [stderr]     28:     0x6493c7457548 - std[b86ef5264e9f7438]::panicking::catch_unwind::<isize, std[b86ef5264e9f7438]::rt::lang_start_internal::{closure#0}>
[INFO] [stderr]                                  at /rustc/be3da1e8c043bb6f1f335463d3b1335cdf50b03c/library/std/src/panicking.rs:541:19
[INFO] [stderr]     29:     0x6493c7457548 - std[b86ef5264e9f7438]::panic::catch_unwind::<std[b86ef5264e9f7438]::rt::lang_start_internal::{closure#0}, isize>
[INFO] [stderr]                                  at /rustc/be3da1e8c043bb6f1f335463d3b1335cdf50b03c/library/std/src/panic.rs:359:14
[INFO] [stderr]     30:     0x6493c7457548 - std[b86ef5264e9f7438]::rt::lang_start_internal
[INFO] [stderr]                                  at /rustc/be3da1e8c043bb6f1f335463d3b1335cdf50b03c/library/std/src/rt.rs:171:5
[INFO] [stderr]     31:     0x6493c70dc601 - std[b86ef5264e9f7438]::rt::lang_start::<()>
[INFO] [stderr]     32:     0x6493c70de215 - main
[INFO] [stderr]     33:     0x7b1b90f7d601 - <unknown>
[INFO] [stderr]     34:     0x7b1b90f7d718 - __libc_start_main
[INFO] [stderr]     35:     0x6493c70dbec5 - _start
[INFO] [stderr]     36:                0x0 - <unknown>
[INFO] [stderr] warning: build failed, waiting for other jobs to finish...
[INFO] running `Command { std: "docker" "inspect" "bdab52b425698e7f67f19d52bf3e355d48681238f5a6fe1d6a7433df97728535", kill_on_drop: false }`
[INFO] running `Command { std: "docker" "rm" "-f" "bdab52b425698e7f67f19d52bf3e355d48681238f5a6fe1d6a7433df97728535", kill_on_drop: false }`
[INFO] [stdout] bdab52b425698e7f67f19d52bf3e355d48681238f5a6fe1d6a7433df97728535
