[INFO] cloning repository https://github.com/neodc/scarlet-data-scraper
[INFO] running `Command { std: "git" "-c" "credential.helper=" "-c" "credential.helper=/workspace/cargo-home/bin/git-credential-null" "clone" "--bare" "https://github.com/neodc/scarlet-data-scraper" "/workspace/cache/git-repos/https%3A%2F%2Fgithub.com%2Fneodc%2Fscarlet-data-scraper", kill_on_drop: false }`
[INFO] [stderr] Cloning into bare repository '/workspace/cache/git-repos/https%3A%2F%2Fgithub.com%2Fneodc%2Fscarlet-data-scraper'...
[INFO] running `Command { std: "git" "rev-parse" "HEAD", kill_on_drop: false }`
[INFO] [stdout] cc013daf4eaf6813186728731462d06c5508ddb1
[INFO] checking neodc/scarlet-data-scraper against be3da1e8c043bb6f1f335463d3b1335cdf50b03c for pr-162597
[INFO] running `Command { std: "git" "clone" "/workspace/cache/git-repos/https%3A%2F%2Fgithub.com%2Fneodc%2Fscarlet-data-scraper" "/workspace/builds/worker-2-tc2/source", kill_on_drop: false }`
[INFO] [stderr] Cloning into '/workspace/builds/worker-2-tc2/source'...
[INFO] [stderr] done.
[INFO] started tweaking git repo https://github.com/neodc/scarlet-data-scraper
[INFO] finished tweaking git repo https://github.com/neodc/scarlet-data-scraper
[INFO] tweaked toml for git repo https://github.com/neodc/scarlet-data-scraper written to /workspace/builds/worker-2-tc2/source/Cargo.toml
[INFO] validating manifest of git repo https://github.com/neodc/scarlet-data-scraper on toolchain be3da1e8c043bb6f1f335463d3b1335cdf50b03c
[INFO] running `Command { std: CARGO_HOME="/workspace/cargo-home" RUSTUP_HOME="/workspace/rustup-home" "/workspace/cargo-home/bin/cargo" "+be3da1e8c043bb6f1f335463d3b1335cdf50b03c" "metadata" "--manifest-path" "Cargo.toml" "--no-deps", kill_on_drop: false }`
[INFO] crate git repo https://github.com/neodc/scarlet-data-scraper already has a lockfile, it will not be regenerated
[INFO] running `Command { std: CARGO_HOME="/workspace/cargo-home" RUSTUP_HOME="/workspace/rustup-home" "/workspace/cargo-home/bin/cargo" "+be3da1e8c043bb6f1f335463d3b1335cdf50b03c" "fetch" "--manifest-path" "Cargo.toml", kill_on_drop: false }`
[INFO] [stderr] warning: Cargo.toml: `package.edition` is unspecified, defaulting to `2015` while the latest is `2024`
[INFO] [stderr] warning: `scarlet` (manifest) generated 1 warning
[INFO] [stderr]     Blocking waiting for file lock on package cache
[INFO] [stderr]     Updating crates.io index
[INFO] [stderr]     Blocking waiting for file lock on package cache
[INFO] [stderr]     Blocking waiting for file lock on package cache
[INFO] [stderr]  Downloading crates ...
[INFO] [stderr]   Downloaded toml v0.2.1
[INFO] [stderr]   Downloaded teleborg v0.1.32
[INFO] [stderr]   Downloaded serde_derive v0.9.15
[INFO] [stderr]   Downloaded serde_codegen_internals v0.14.2
[INFO] [stderr]   Downloaded reqwest v0.4.0
[INFO] [stderr]   Downloaded serde_urlencoded v0.4.3
[INFO] [stderr]   Downloaded tempdir v0.3.5
[INFO] [stderr]   Downloaded hyper-native-tls v0.2.4
[INFO] [stderr]   Downloaded native-tls v0.1.4
[INFO] [stderr]   Downloaded crypt32-sys v0.2.0
[INFO] [stderr]   Downloaded openssl-sys v0.9.19
[INFO] [stderr]   Downloaded vcpkg v0.2.2
[INFO] [stderr]   Downloaded lazy_static v0.2.9
[INFO] [stderr]   Downloaded secur32-sys v0.2.0
[INFO] [stderr]   Downloaded advapi32-sys v0.2.0
[INFO] [stderr]   Downloaded num_cpus v1.7.0
[INFO] [stderr]   Downloaded foreign-types v0.2.0
[INFO] [stderr]   Downloaded schannel v0.1.8
[INFO] [stderr]   Downloaded cc v1.0.0
[INFO] [stderr]   Downloaded libc v0.2.32
[INFO] [stderr]   Downloaded hyper v0.10.13
[INFO] [stderr]   Downloaded openssl v0.9.19
[INFO] [stderr]   Downloaded reqwest v0.2.0
[INFO] [stderr]   Downloaded serde_urlencoded v0.3.0
[INFO] [stderr]   Downloaded hpack v0.2.0
[INFO] [stderr]   Downloaded antidote v1.0.0
[INFO] [stderr]   Downloaded cookie v0.2.5
[INFO] [stderr]   Downloaded solicit v0.4.4
[INFO] [stderr]   Downloaded hyper v0.9.18
[INFO] [stderr]   Downloaded twox-hash v1.1.0
[INFO] [stderr]   Downloaded smallvec v0.4.4
[INFO] [stderr]   Downloaded named_pipe v0.2.4
[INFO] [stderr]   Downloaded mysql v12.0.3
[INFO] [stderr]   Downloaded serde v1.0.15
[INFO] [stderr]   Downloaded net2 v0.2.31
[INFO] [stderr]   Downloaded atoi v0.2.2
[INFO] [stderr]   Downloaded bufstream v0.1.3
[INFO] [stderr]   Downloaded bit-vec v0.4.4
[INFO] [stderr]   Downloaded serde_json v1.0.3
[INFO] [stderr]   Downloaded mysql_common v0.2.0
[INFO] [stderr]   Downloaded chrono v0.4.0
[INFO] running `Command { std: "docker" "create" "-v" "/var/lib/crater-agent-workspace/builds/worker-2-tc2/source:/opt/rustwide/workdir:ro,Z" "-v" "/var/lib/crater-agent-workspace/builds/worker-2-tc2/target:/opt/rustwide/target:rw,Z" "-v" "/var/lib/crater-agent-workspace/cargo-home:/opt/rustwide/cargo-home:ro,Z" "-v" "/var/lib/crater-agent-workspace/rustup-home:/opt/rustwide/rustup-home:ro,Z" "-m" "1610612736" "--network" "none" "ghcr.io/rust-lang/crates-build-env/linux@sha256:8683fc1fc2eb5c9ac98e0d076ab094b2ffac7f99da555d2b6a2e27f346de2ec7" "sleep" "infinity", kill_on_drop: false }`
[INFO] [stdout] 537252d1ede2ca13baea7b414fc1e8ddf8ed7004062e11fe298de2e4f653963d
[INFO] running `Command { std: "docker" "start" "537252d1ede2ca13baea7b414fc1e8ddf8ed7004062e11fe298de2e4f653963d", kill_on_drop: false }`
[INFO] running `Command { std: "docker" "inspect" "537252d1ede2ca13baea7b414fc1e8ddf8ed7004062e11fe298de2e4f653963d", kill_on_drop: false }`
[INFO] running `Command { std: "docker" "exec" "-e" "SOURCE_DIR=/opt/rustwide/workdir" "-e" "CARGO_HOME=/opt/rustwide/cargo-home" "-e" "RUSTUP_HOME=/opt/rustwide/rustup-home" "-e" "CARGO_TARGET_DIR=/opt/rustwide/target" "-w" "/opt/rustwide/workdir" "--user" "0:0" "537252d1ede2ca13baea7b414fc1e8ddf8ed7004062e11fe298de2e4f653963d" "/opt/rustwide/cargo-home/bin/cargo" "+be3da1e8c043bb6f1f335463d3b1335cdf50b03c" "metadata" "--no-deps" "--format-version=1", kill_on_drop: false }`
[INFO] running `Command { std: "docker" "inspect" "537252d1ede2ca13baea7b414fc1e8ddf8ed7004062e11fe298de2e4f653963d", kill_on_drop: false }`
[INFO] running `Command { std: "docker" "exec" "-e" "SOURCE_DIR=/opt/rustwide/workdir" "-e" "CARGO_HOME=/opt/rustwide/cargo-home" "-e" "RUSTUP_HOME=/opt/rustwide/rustup-home" "-e" "CARGO_TARGET_DIR=/opt/rustwide/target" "-e" "CARGO_INCREMENTAL=0" "-e" "RUST_BACKTRACE=full" "-e" "RUSTFLAGS=--cap-lints=forbid" "-e" "RUSTDOCFLAGS=--cap-lints=forbid" "-w" "/opt/rustwide/workdir" "--user" "0:0" "537252d1ede2ca13baea7b414fc1e8ddf8ed7004062e11fe298de2e4f653963d" "/opt/rustwide/cargo-home/bin/cargo" "+be3da1e8c043bb6f1f335463d3b1335cdf50b03c" "check" "--frozen" "--all" "--all-targets" "--message-format=json", kill_on_drop: false }`
[INFO] [stderr] warning: Cargo.toml: `package.edition` is unspecified, defaulting to `2015` while the latest is `2024`
[INFO] [stderr] warning: `scarlet` (manifest) generated 1 warning
[INFO] [stderr]     Checking libc v0.2.32
[INFO] [stderr]     Checking num-traits v0.1.40
[INFO] [stderr]     Checking matches v0.1.6
[INFO] [stderr]     Checking unicode-normalization v0.1.5
[INFO] [stderr]     Checking percent-encoding v1.0.0
[INFO] [stderr]     Checking lazy_static v0.2.9
[INFO] [stderr]    Compiling pkg-config v0.3.9
[INFO] [stderr]    Compiling cc v1.0.0
[INFO] [stderr]     Checking bitflags v0.9.1
[INFO] [stderr]     Checking log v0.3.8
[INFO] [stderr]    Compiling version_check v0.1.3
[INFO] [stderr]    Compiling openssl v0.9.19
[INFO] [stderr]     Checking itoa v0.3.4
[INFO] [stderr]     Checking byteorder v1.1.0
[INFO] [stderr]     Checking dtoa v0.4.2
[INFO] [stderr]     Checking void v1.0.2
[INFO] [stderr]     Checking unicode-bidi v0.3.4
[INFO] [stderr]     Checking httparse v1.2.3
[INFO] [stderr]     Checking typeable v0.1.2
[INFO] [stderr]     Checking language-tags v0.2.2
[INFO] [stderr]     Checking foreign-types v0.2.0
[INFO] [stderr]    Compiling unicode-xid v0.0.4
[INFO] [stderr]     Checking mime v0.2.6
[INFO] [stderr]     Checking safemem v0.2.0
[INFO] [stderr]     Checking unreachable v1.0.0
[INFO] [stderr]     Checking traitobject v0.1.0
[INFO] [stderr]     Checking serde v0.9.15
[INFO] [stderr]    Compiling quote v0.3.15
[INFO] [stdout] error[E0119]: conflicting implementations of trait `Trait` for type `(dyn Send + Sync + 'static)`
[INFO] [stdout]   --> /opt/rustwide/cargo-home/registry/src/index.crates.io-1949cf8c6b5b557f/traitobject-0.1.0/src/impls.rs:72:1
[INFO] [stdout]    |
[INFO] [stdout] 71 | unsafe impl Trait for ::std::marker::Send + Sync { }
[INFO] [stdout]    | ------------------------------------------------ first implementation here
[INFO] [stdout] 72 | unsafe impl Trait for ::std::marker::Send + Send + Sync { }
[INFO] [stdout]    | ^^^^^^^^^^^^^^^^^^^^^^^^^^^^^^^^^^^^^^^^^^^^^^^^^^^^^^^ conflicting implementation for `(dyn Send + Sync + 'static)`
[INFO] [stdout] 
[INFO] [stdout] 
[INFO] [stdout] error[E0119]: conflicting implementations of trait `Trait` for type `(dyn Send + Sync + 'static)`
[INFO] [stdout]   --> /opt/rustwide/cargo-home/registry/src/index.crates.io-1949cf8c6b5b557f/traitobject-0.1.0/src/impls.rs:73:1
[INFO] [stdout]    |
[INFO] [stdout] 71 | unsafe impl Trait for ::std::marker::Send + Sync { }
[INFO] [stdout]    | ------------------------------------------------ first implementation here
[INFO] [stdout] 72 | unsafe impl Trait for ::std::marker::Send + Send + Sync { }
[INFO] [stdout] 73 | unsafe impl Trait for ::std::marker::Sync + Send { }
[INFO] [stdout]    | ^^^^^^^^^^^^^^^^^^^^^^^^^^^^^^^^^^^^^^^^^^^^^^^^ conflicting implementation for `(dyn Send + Sync + 'static)`
[INFO] [stdout] 
[INFO] [stdout] 
[INFO] [stdout] error[E0119]: conflicting implementations of trait `Trait` for type `(dyn Send + Sync + 'static)`
[INFO] [stdout]   --> /opt/rustwide/cargo-home/registry/src/index.crates.io-1949cf8c6b5b557f/traitobject-0.1.0/src/impls.rs:75:1
[INFO] [stdout]    |
[INFO] [stdout] 71 | unsafe impl Trait for ::std::marker::Send + Sync { }
[INFO] [stdout]    | ------------------------------------------------ first implementation here
[INFO] [stdout] ...
[INFO] [stdout] 75 | unsafe impl Trait for ::std::marker::Sync + Send + Sync { }
[INFO] [stdout]    | ^^^^^^^^^^^^^^^^^^^^^^^^^^^^^^^^^^^^^^^^^^^^^^^^^^^^^^^ conflicting implementation for `(dyn Send + Sync + 'static)`
[INFO] [stdout] 
[INFO] [stdout] 
[INFO] [stdout] For more information about this error, try `rustc --explain E0119`.
[INFO] [stdout] 
[INFO] [stderr] error: could not compile `traitobject` (lib) due to 3 previous errors
[INFO] [stderr] warning: build failed, waiting for other jobs to finish...
[INFO] running `Command { std: "docker" "inspect" "537252d1ede2ca13baea7b414fc1e8ddf8ed7004062e11fe298de2e4f653963d", kill_on_drop: false }`
[INFO] running `Command { std: "docker" "rm" "-f" "537252d1ede2ca13baea7b414fc1e8ddf8ed7004062e11fe298de2e4f653963d", kill_on_drop: false }`
[INFO] [stdout] 537252d1ede2ca13baea7b414fc1e8ddf8ed7004062e11fe298de2e4f653963d
