[INFO] cloning repository https://github.com/n0sfer666/neironka
[INFO] running `Command { std: "git" "-c" "credential.helper=" "-c" "credential.helper=/workspace/cargo-home/bin/git-credential-null" "clone" "--bare" "https://github.com/n0sfer666/neironka" "/workspace/cache/git-repos/https%3A%2F%2Fgithub.com%2Fn0sfer666%2Fneironka", kill_on_drop: false }`
[INFO] [stderr] Cloning into bare repository '/workspace/cache/git-repos/https%3A%2F%2Fgithub.com%2Fn0sfer666%2Fneironka'...
[INFO] running `Command { std: "git" "rev-parse" "HEAD", kill_on_drop: false }`
[INFO] [stdout] bcbfac0d0ab07377ac34d2622585658d3699a60d
[INFO] checking n0sfer666/neironka/bcbfac0d0ab07377ac34d2622585658d3699a60d against 018018e881e2db0956f229dbb543e21f058d1ce7 for pr-162597
[INFO] running `Command { std: "git" "clone" "/workspace/cache/git-repos/https%3A%2F%2Fgithub.com%2Fn0sfer666%2Fneironka" "/workspace/builds/worker-3-tc1/source", kill_on_drop: false }`
[INFO] [stderr] Cloning into '/workspace/builds/worker-3-tc1/source'...
[INFO] [stderr] done.
[INFO] removed /workspace/builds/worker-3-tc1/source/.cargo/config.toml
[INFO] removed /workspace/builds/worker-3-tc1/source/rust-toolchain.toml
[INFO] started tweaking git repo https://github.com/n0sfer666/neironka
[INFO] finished tweaking git repo https://github.com/n0sfer666/neironka
[INFO] tweaked toml for git repo https://github.com/n0sfer666/neironka written to /workspace/builds/worker-3-tc1/source/Cargo.toml
[INFO] validating manifest of git repo https://github.com/n0sfer666/neironka on toolchain 018018e881e2db0956f229dbb543e21f058d1ce7
[INFO] running `Command { std: CARGO_HOME="/workspace/cargo-home" RUSTUP_HOME="/workspace/rustup-home" "/workspace/cargo-home/bin/cargo" "+018018e881e2db0956f229dbb543e21f058d1ce7" "metadata" "--manifest-path" "Cargo.toml" "--no-deps", kill_on_drop: false }`
[INFO] crate git repo https://github.com/n0sfer666/neironka already has a lockfile, it will not be regenerated
[INFO] running `Command { std: CARGO_HOME="/workspace/cargo-home" RUSTUP_HOME="/workspace/rustup-home" "/workspace/cargo-home/bin/cargo" "+018018e881e2db0956f229dbb543e21f058d1ce7" "fetch" "--manifest-path" "Cargo.toml", kill_on_drop: false }`
[INFO] [stderr] warning: unused workspace dependency `schemars`
[INFO] [stderr]   --> Cargo.toml:22:1
[INFO] [stderr]    |
[INFO] [stderr] 22 | schemars = "1"
[INFO] [stderr]    | ^^^^^^^^
[INFO] [stderr]    |
[INFO] [stderr]    = note: `cargo::unused_workspace_dependencies` is set to `warn` by default
[INFO] [stderr] help: consider removing the workspace dependency `schemars`
[INFO] [stderr] warning: workspace (manifest) generated 1 warning
[INFO] [stderr]     Updating crates.io index
[INFO] [stderr]  Downloading crates ...
[INFO] [stderr]   Downloaded brush-parser v0.4.0
[INFO] [stderr]   Downloaded utf8-chars v3.0.7
[INFO] [stderr]   Downloaded peg-runtime v0.8.6
[INFO] [stderr]   Downloaded cached_proc_macro v0.27.0
[INFO] [stderr]   Downloaded grep-matcher v0.1.9
[INFO] [stderr]   Downloaded peg v0.8.6
[INFO] [stderr]   Downloaded grep-regex v0.1.14
[INFO] [stderr]   Downloaded grep-searcher v0.1.17
[INFO] [stderr]   Downloaded peg-macros v0.8.6
[INFO] [stderr]   Downloaded referencing v0.35.0
[INFO] [stderr]   Downloaded cached v0.59.0
[INFO] [stderr]   Downloaded fraction v0.15.4
[INFO] [stderr]   Downloaded jsonschema v0.35.0
[INFO] running `Command { std: "docker" "create" "-v" "/var/lib/crater-agent-workspace/builds/worker-3-tc1/source:/opt/rustwide/workdir:ro,Z" "-v" "/var/lib/crater-agent-workspace/builds/worker-3-tc1/target:/opt/rustwide/target:rw,Z" "-v" "/var/lib/crater-agent-workspace/cargo-home:/opt/rustwide/cargo-home:ro,Z" "-v" "/var/lib/crater-agent-workspace/rustup-home:/opt/rustwide/rustup-home:ro,Z" "-m" "1610612736" "--network" "none" "ghcr.io/rust-lang/crates-build-env/linux@sha256:8683fc1fc2eb5c9ac98e0d076ab094b2ffac7f99da555d2b6a2e27f346de2ec7" "sleep" "infinity", kill_on_drop: false }`
[INFO] [stdout] 76ce24e995a10b6528c9d699707a7f6107536afdb8a49ce3c1466d85ce74fab3
[INFO] running `Command { std: "docker" "start" "76ce24e995a10b6528c9d699707a7f6107536afdb8a49ce3c1466d85ce74fab3", kill_on_drop: false }`
[INFO] running `Command { std: "docker" "inspect" "76ce24e995a10b6528c9d699707a7f6107536afdb8a49ce3c1466d85ce74fab3", kill_on_drop: false }`
[INFO] running `Command { std: "docker" "exec" "-e" "SOURCE_DIR=/opt/rustwide/workdir" "-e" "CARGO_HOME=/opt/rustwide/cargo-home" "-e" "RUSTUP_HOME=/opt/rustwide/rustup-home" "-e" "CARGO_TARGET_DIR=/opt/rustwide/target" "-w" "/opt/rustwide/workdir" "--user" "0:0" "76ce24e995a10b6528c9d699707a7f6107536afdb8a49ce3c1466d85ce74fab3" "/opt/rustwide/cargo-home/bin/cargo" "+018018e881e2db0956f229dbb543e21f058d1ce7" "metadata" "--no-deps" "--format-version=1", kill_on_drop: false }`
[INFO] running `Command { std: "docker" "inspect" "76ce24e995a10b6528c9d699707a7f6107536afdb8a49ce3c1466d85ce74fab3", kill_on_drop: false }`
[INFO] running `Command { std: "docker" "exec" "-e" "SOURCE_DIR=/opt/rustwide/workdir" "-e" "CARGO_HOME=/opt/rustwide/cargo-home" "-e" "RUSTUP_HOME=/opt/rustwide/rustup-home" "-e" "CARGO_TARGET_DIR=/opt/rustwide/target" "-e" "CARGO_INCREMENTAL=0" "-e" "RUST_BACKTRACE=full" "-e" "RUSTFLAGS=--cap-lints=forbid" "-e" "RUSTDOCFLAGS=--cap-lints=forbid" "-w" "/opt/rustwide/workdir" "--user" "0:0" "76ce24e995a10b6528c9d699707a7f6107536afdb8a49ce3c1466d85ce74fab3" "/opt/rustwide/cargo-home/bin/cargo" "+018018e881e2db0956f229dbb543e21f058d1ce7" "check" "--frozen" "--all" "--all-targets" "--message-format=json", kill_on_drop: false }`
[INFO] [stderr] warning: unused workspace dependency `schemars`
[INFO] [stderr]   --> Cargo.toml:22:1
[INFO] [stderr]    |
[INFO] [stderr] 22 | schemars = "1"
[INFO] [stderr]    | ^^^^^^^^
[INFO] [stderr]    |
[INFO] [stderr]    = note: `cargo::unused_workspace_dependencies` is set to `warn` by default
[INFO] [stderr] help: consider removing the workspace dependency `schemars`
[INFO] [stderr] warning: workspace (manifest) generated 1 warning
[INFO] [stderr]    Compiling serde_core v1.0.229
[INFO] [stderr]    Compiling serde v1.0.229
[INFO] [stderr]     Checking smallvec v1.15.2
[INFO] [stderr]    Compiling find-msvc-tools v0.1.11
[INFO] [stderr]     Checking aho-corasick v1.1.5
[INFO] [stderr]     Checking log v0.4.33
[INFO] [stderr]     Checking arrayvec v0.7.8
[INFO] [stderr]     Checking thread_local v1.1.10
[INFO] [stderr]    Compiling syn v2.0.119
[INFO] [stderr]     Checking getrandom v0.3.4
[INFO] [stderr]    Compiling rustix v1.1.4
[INFO] [stderr]     Checking linux-raw-sys v0.12.1
[INFO] [stderr]    Compiling thiserror-impl v2.0.20
[INFO] [stderr]     Checking toml_writer v1.1.2+spec-1.1.0
[INFO] [stderr]     Checking toml_parser v1.1.3+spec-1.1.0
[INFO] [stderr]     Checking winnow v0.7.15
[INFO] [stderr]     Checking tracing-log v0.2.0
[INFO] [stderr]     Checking tokio v1.53.1
[INFO] [stderr]    Compiling cc v1.4.3
[INFO] [stderr]    Compiling zerocopy v0.8.56
[INFO] [stderr]    Compiling ahash v0.8.12
[INFO] [stderr]    Compiling pest v2.9.0
[INFO] [stderr]     Checking parking_lot_core v0.9.12
[INFO] [stderr]    Compiling peg-runtime v0.8.6
[INFO] [stderr]     Checking console v0.16.4
[INFO] [stderr]     Checking cached_proc_macro_types v0.1.1
[INFO] [stderr]     Checking utf8-chars v3.0.7
[INFO] [stderr]    Compiling peg-macros v0.8.6
[INFO] [stderr]    Compiling zerovec-derive v0.11.5
[INFO] [stderr]     Checking parking_lot v0.12.5
[INFO] [stderr]    Compiling num-traits v0.2.19
[INFO] [stderr]    Compiling displaydoc v0.2.7
[INFO] [stderr]    Compiling ref-cast v1.0.27
[INFO] [stderr]     Checking regex-automata v0.4.18
[INFO] [stderr]    Compiling ref-cast-impl v1.0.27
[INFO] [stderr]     Checking bit-vec v0.8.0
[INFO] [stderr]    Compiling unicode-general-category v1.1.0
[INFO] [stderr]     Checking bit-set v0.8.0
[INFO] [stderr]     Checking crossbeam-epoch v0.9.20
[INFO] [stderr]     Checking num-integer v0.1.47
[INFO] [stderr]     Checking num-complex v0.4.6
[INFO] [stderr]    Compiling pest_meta v2.9.0
[INFO] [stderr]     Checking grep-matcher v0.1.9
[INFO] [stderr]     Checking num-bigint v0.4.8
[INFO] [stderr]     Checking num-iter v0.1.46
[INFO] [stderr]     Checking outref v0.5.2
[INFO] [stderr]     Checking vsimd v0.8.0
[INFO] [stderr]     Checking crossbeam-deque v0.8.7
[INFO] [stderr]     Checking thiserror v2.0.20
[INFO] [stderr]     Checking memmap2 v0.9.11
[INFO] [stderr]     Checking bytecount v0.6.9
[INFO] [stderr]     Checking num-cmp v0.1.0
[INFO] [stderr]     Checking chardetng v0.1.17
[INFO] [stderr]     Checking hashlink v0.10.0
[INFO] [stderr]    Compiling blake3 v1.8.6
[INFO] [stderr]    Compiling libsqlite3-sys v0.35.0
[INFO] [stderr]     Checking peg v0.8.6
[INFO] [stderr]     Checking uuid-simd v0.8.0
[INFO] [stderr]     Checking num-rational v0.4.2
[INFO] [stderr]     Checking tempfile v3.27.0
[INFO] [stderr]     Checking tokio-stream v0.1.19
[INFO] [stderr]     Checking matchers v0.2.0
[INFO] [stderr]     Checking bstr v1.13.1
[INFO] [stderr]     Checking fancy-regex v0.16.2
[INFO] [stderr]     Checking regex v1.13.1
[INFO] [stderr]     Checking num v0.4.3
[INFO] [stderr]     Checking serde_json v1.0.151
[INFO] [stderr]     Checking toml_datetime v0.7.5+spec-1.1.0
[INFO] [stderr]     Checking serde_spanned v1.1.1
[INFO] [stderr]     Checking fraction v0.15.4
[INFO] [stderr]     Checking toml v0.9.12+spec-1.1.0
[INFO] [stderr]     Checking tracing-serde v0.2.0
[INFO] [stderr]     Checking fluent-uri v0.4.1
[INFO] [stderr]     Checking email_address v0.2.9
[INFO] [stderr]     Checking globset v0.4.20
[INFO] [stderr]     Checking grep-regex v0.1.14
[INFO] [stderr]     Checking grep-searcher v0.1.17
[INFO] [stderr]     Checking ignore v0.4.33
[INFO] [stderr]     Checking xtask v0.1.0 (/opt/rustwide/workdir/xtask)
[INFO] [stderr]    Compiling darling_core v0.20.11
[INFO] [stderr]    Compiling darling_core v0.23.0
[INFO] [stderr]    Compiling prettyplease v0.2.37
[INFO] [stderr]    Compiling pest_generator v2.9.0
[INFO] [stderr]    Compiling synstructure v0.13.2
[INFO] [stderr]    Compiling tracing-attributes v0.1.31
[INFO] [stderr]    Compiling zerofrom-derive v0.1.7
[INFO] [stderr]    Compiling yoke-derive v0.8.2
[INFO] [stderr]    Compiling pest_derive v2.9.0
[INFO] [stderr]     Checking insta v1.48.0
[INFO] [stderr]     Checking zerofrom v0.1.8
[INFO] [stderr]     Checking tracing v0.1.44
[INFO] [stderr]     Checking yoke v0.8.3
[INFO] [stderr]     Checking tracing-subscriber v0.3.23
[INFO] [stderr]     Checking zerovec v0.11.7
[INFO] [stderr]     Checking zerotrie v0.2.5
[INFO] [stderr]    Compiling darling_macro v0.20.11
[INFO] [stderr]    Compiling darling v0.20.11
[INFO] [stderr]    Compiling cached_proc_macro v0.27.0
[INFO] [stderr]     Checking referencing v0.35.0
[INFO] [stderr]     Checking tinystr v0.8.4
[INFO] [stderr]     Checking potential_utf v0.1.6
[INFO] [stderr]     Checking icu_collections v2.3.0
[INFO] [stderr]     Checking icu_locale_core v2.3.0
[INFO] [stderr]     Checking cached v0.59.0
[INFO] [stderr]    Compiling darling_macro v0.23.0
[INFO] [stderr]    Compiling darling v0.23.0
[INFO] [stderr]    Compiling bon-macros v3.9.3
[INFO] [stderr]     Checking neironka-types v0.1.0 (/opt/rustwide/workdir/crates/neironka-types)
[INFO] [stderr]     Checking neironka-config v0.1.0 (/opt/rustwide/workdir/crates/neironka-config)
[INFO] [stderr]     Checking neironka-stop v0.1.0 (/opt/rustwide/workdir/crates/neironka-stop)
[INFO] [stderr]     Checking neironka-ipc v0.1.0 (/opt/rustwide/workdir/crates/neironka-ipc)
[INFO] [stderr]     Checking neironka-design v0.1.0 (/opt/rustwide/workdir/crates/neironka-design)
[INFO] [stderr]     Checking neironka-tui v0.1.0 (/opt/rustwide/workdir/crates/neironka-tui)
[INFO] [stderr]     Checking neironka-gui v0.1.0 (/opt/rustwide/workdir/crates/neironka-gui)
[INFO] [stderr]     Checking icu_provider v2.3.0
[INFO] [stderr]     Checking neironka-sandbox v0.1.0 (/opt/rustwide/workdir/crates/neironka-sandbox)
[INFO] [stderr]     Checking neironka-provider v0.1.0 (/opt/rustwide/workdir/crates/neironka-provider)
[INFO] [stderr]     Checking icu_normalizer v2.3.0
[INFO] [stderr]     Checking icu_properties v2.3.0
[INFO] [stdout] error[E0432]: unresolved import `neironka_sandbox::seatbelt`
[INFO] [stdout]   --> crates/neironka-sandbox/tests/support/mod.rs:8:23
[INFO] [stdout]    |
[INFO] [stdout]  8 | use neironka_sandbox::seatbelt::Seatbelt;
[INFO] [stdout]    |                       ^^^^^^^^ could not find `seatbelt` in `neironka_sandbox`
[INFO] [stdout]    |
[INFO] [stdout] note: found an item that was configured out
[INFO] [stdout]   --> crates/neironka-sandbox/src/lib.rs:12:9
[INFO] [stdout]    |
[INFO] [stdout] 11 | #[cfg(target_os = "macos")]
[INFO] [stdout]    |       ------------------- the item is gated behind the `macos` feature
[INFO] [stdout] 12 | pub mod seatbelt;
[INFO] [stdout]    |         ^^^^^^^^
[INFO] [stdout] 
[INFO] [stdout] 
[INFO] [stdout] error[E0432]: unresolved import `neironka_sandbox::seatbelt`
[INFO] [stdout]   --> crates/neironka-sandbox/tests/seatbelt.rs:5:23
[INFO] [stdout]    |
[INFO] [stdout]  5 | use neironka_sandbox::seatbelt::Seatbelt;
[INFO] [stdout]    |                       ^^^^^^^^ could not find `seatbelt` in `neironka_sandbox`
[INFO] [stdout]    |
[INFO] [stdout] note: found an item that was configured out
[INFO] [stdout]   --> crates/neironka-sandbox/src/lib.rs:12:9
[INFO] [stdout]    |
[INFO] [stdout] 11 | #[cfg(target_os = "macos")]
[INFO] [stdout]    |       ------------------- the item is gated behind the `macos` feature
[INFO] [stdout] 12 | pub mod seatbelt;
[INFO] [stdout]    |         ^^^^^^^^
[INFO] [stdout] 
[INFO] [stdout] 
[INFO] [stdout] error[E0432]: unresolved import `neironka_sandbox::seatbelt`
[INFO] [stdout]   --> crates/neironka-sandbox/tests/support/mod.rs:8:23
[INFO] [stdout]    |
[INFO] [stdout]  8 | use neironka_sandbox::seatbelt::Seatbelt;
[INFO] [stdout]    |                       ^^^^^^^^ could not find `seatbelt` in `neironka_sandbox`
[INFO] [stdout]    |
[INFO] [stdout] note: found an item that was configured out
[INFO] [stdout]   --> crates/neironka-sandbox/src/lib.rs:12:9
[INFO] [stdout]    |
[INFO] [stdout] 11 | #[cfg(target_os = "macos")]
[INFO] [stdout]    |       ------------------- the item is gated behind the `macos` feature
[INFO] [stdout] 12 | pub mod seatbelt;
[INFO] [stdout]    |         ^^^^^^^^
[INFO] [stdout] 
[INFO] [stdout] 
[INFO] [stdout] error[E0432]: unresolved import `neironka_sandbox::seatbelt`
[INFO] [stdout]   --> crates/neironka-sandbox/tests/selfcheck.rs:6:23
[INFO] [stdout]    |
[INFO] [stdout]  6 | use neironka_sandbox::seatbelt::Seatbelt;
[INFO] [stdout]    |                       ^^^^^^^^ could not find `seatbelt` in `neironka_sandbox`
[INFO] [stdout]    |
[INFO] [stdout] note: found an item that was configured out
[INFO] [stdout]   --> crates/neironka-sandbox/src/lib.rs:12:9
[INFO] [stdout]    |
[INFO] [stdout] 11 | #[cfg(target_os = "macos")]
[INFO] [stdout]    |       ------------------- the item is gated behind the `macos` feature
[INFO] [stdout] 12 | pub mod seatbelt;
[INFO] [stdout]    |         ^^^^^^^^
[INFO] [stdout] 
[INFO] [stdout] 
[INFO] [stdout] error[E0433]: cannot find `seatbelt` in `neironka_sandbox`
[INFO] [stdout]   --> crates/neironka-sandbox/tests/selfcheck.rs:61:36
[INFO] [stdout]    |
[INFO] [stdout] 61 |     for probe in neironka_sandbox::seatbelt::probes(&target, &target) {
[INFO] [stdout]    |                                    ^^^^^^^^ could not find `seatbelt` in `neironka_sandbox`
[INFO] [stdout]    |
[INFO] [stdout] note: found an item that was configured out
[INFO] [stdout]   --> crates/neironka-sandbox/src/lib.rs:12:9
[INFO] [stdout]    |
[INFO] [stdout] 11 | #[cfg(target_os = "macos")]
[INFO] [stdout]    |       ------------------- the item is gated behind the `macos` feature
[INFO] [stdout] 12 | pub mod seatbelt;
[INFO] [stdout]    |         ^^^^^^^^
[INFO] [stdout] 
[INFO] [stdout] 
[INFO] [stdout] Some errors have detailed explanations: E0432, E0433.
[INFO] [stdout] 
[INFO] [stdout] For more information about an error, try `rustc --explain E0432`.
[INFO] [stdout] 
[INFO] [stderr] error: could not compile `neironka-sandbox` (test "selfcheck") due to 3 previous errors
[INFO] [stderr] warning: build failed, waiting for other jobs to finish...
[INFO] [stdout] For more information about this error, try `rustc --explain E0432`.
[INFO] [stdout] 
[INFO] [stderr] error: could not compile `neironka-sandbox` (test "seatbelt") due to 2 previous errors
[INFO] [stderr] warning: unused dependency `neironka-types`
[INFO] [stderr]   --> crates/neironka-design/Cargo.toml:10:1
[INFO] [stderr]    |
[INFO] [stderr] 10 | neironka-types = { workspace = true }
[INFO] [stderr]    | ^^^^^^^^^^^^^^^^^^^^^^^^^^^^^^^^^^^^^
[INFO] [stderr]    |
[INFO] [stderr]    = note: `cargo::unused_dependencies` is set to `warn` by default
[INFO] [stderr] help: consider removing the dependency on `neironka-types`
[INFO] [stderr] warning: `neironka-design` (manifest) generated 1 warning
[INFO] [stderr] warning: unused dependency `neironka-design`
[INFO] [stderr]   --> crates/neironka-gui/Cargo.toml:12:1
[INFO] [stderr]    |
[INFO] [stderr] 12 | neironka-design = { workspace = true }
[INFO] [stderr]    | ^^^^^^^^^^^^^^^^^^^^^^^^^^^^^^^^^^^^^^
[INFO] [stderr]    |
[INFO] [stderr]    = note: `cargo::unused_dependencies` is set to `warn` by default
[INFO] [stderr] help: consider removing the dependency on `neironka-design`
[INFO] [stderr] warning: unused dependency `neironka-ipc`
[INFO] [stderr]   --> crates/neironka-gui/Cargo.toml:10:1
[INFO] [stderr]    |
[INFO] [stderr] 10 | neironka-ipc = { workspace = true }
[INFO] [stderr]    | ^^^^^^^^^^^^^^^^^^^^^^^^^^^^^^^^^^^
[INFO] [stderr]    |
[INFO] [stderr] help: consider removing the dependency on `neironka-ipc`
[INFO] [stderr] warning: `neironka-gui` (manifest) generated 2 warnings
[INFO] [stderr] warning: unused dependency `neironka-types`
[INFO] [stderr]   --> crates/neironka-ipc/Cargo.toml:10:1
[INFO] [stderr]    |
[INFO] [stderr] 10 | neironka-types = { workspace = true }
[INFO] [stderr]    | ^^^^^^^^^^^^^^^^^^^^^^^^^^^^^^^^^^^^^
[INFO] [stderr]    |
[INFO] [stderr]    = note: `cargo::unused_dependencies` is set to `warn` by default
[INFO] [stderr] help: consider removing the dependency on `neironka-types`
[INFO] [stderr] warning: `neironka-ipc` (manifest) generated 1 warning
[INFO] [stderr] warning: unused dependency `neironka-config`
[INFO] [stderr]   --> crates/neironka-sandbox/Cargo.toml:11:1
[INFO] [stderr]    |
[INFO] [stderr] 11 | neironka-config = { workspace = true }
[INFO] [stderr]    | ^^^^^^^^^^^^^^^^^^^^^^^^^^^^^^^^^^^^^^
[INFO] [stderr]    |
[INFO] [stderr]    = note: `cargo::unused_dependencies` is set to `warn` by default
[INFO] [stderr] help: consider removing the dependency on `neironka-config`
[INFO] [stderr] warning: unused dependency `tempfile`
[INFO] [stderr]   --> crates/neironka-sandbox/Cargo.toml:15:1
[INFO] [stderr]    |
[INFO] [stderr] 15 | tempfile = { workspace = true }
[INFO] [stderr]    | ^^^^^^^^^^^^^^^^^^^^^^^^^^^^^^^
[INFO] [stderr]    |
[INFO] [stderr] help: consider removing the dependency on `tempfile`
[INFO] [stderr] help: to still use for development builds, move to `dev-dependencies`
[INFO] [stderr] warning: `neironka-sandbox` (manifest) generated 2 warnings
[INFO] [stderr] warning: unused dependency `neironka-design`
[INFO] [stderr]   --> crates/neironka-tui/Cargo.toml:12:1
[INFO] [stderr]    |
[INFO] [stderr] 12 | neironka-design = { workspace = true }
[INFO] [stderr]    | ^^^^^^^^^^^^^^^^^^^^^^^^^^^^^^^^^^^^^^
[INFO] [stderr]    |
[INFO] [stderr]    = note: `cargo::unused_dependencies` is set to `warn` by default
[INFO] [stderr] help: consider removing the dependency on `neironka-design`
[INFO] [stderr] warning: unused dependency `neironka-ipc`
[INFO] [stderr]   --> crates/neironka-tui/Cargo.toml:10:1
[INFO] [stderr]    |
[INFO] [stderr] 10 | neironka-ipc = { workspace = true }
[INFO] [stderr]    | ^^^^^^^^^^^^^^^^^^^^^^^^^^^^^^^^^^^
[INFO] [stderr]    |
[INFO] [stderr] help: consider removing the dependency on `neironka-ipc`
[INFO] [stderr] warning: `neironka-tui` (manifest) generated 2 warnings
[INFO] [stderr] warning: unused dependency `thiserror`
[INFO] [stderr]   --> crates/neironka-types/Cargo.toml:12:1
[INFO] [stderr]    |
[INFO] [stderr] 12 | thiserror = { workspace = true }
[INFO] [stderr]    | ^^^^^^^^^^^^^^^^^^^^^^^^^^^^^^^^
[INFO] [stderr]    |
[INFO] [stderr]    = note: `cargo::unused_dependencies` is set to `warn` by default
[INFO] [stderr] help: consider removing the dependency on `thiserror`
[INFO] [stderr] warning: `neironka-types` (manifest) generated 1 warning
[INFO] running `Command { std: "docker" "inspect" "76ce24e995a10b6528c9d699707a7f6107536afdb8a49ce3c1466d85ce74fab3", kill_on_drop: false }`
[INFO] running `Command { std: "docker" "rm" "-f" "76ce24e995a10b6528c9d699707a7f6107536afdb8a49ce3c1466d85ce74fab3", kill_on_drop: false }`
[INFO] [stdout] 76ce24e995a10b6528c9d699707a7f6107536afdb8a49ce3c1466d85ce74fab3
