[INFO] cloning repository https://github.com/lightsing/eoss-fuse
[INFO] running `Command { std: "git" "-c" "credential.helper=" "-c" "credential.helper=/workspace/cargo-home/bin/git-credential-null" "clone" "--bare" "https://github.com/lightsing/eoss-fuse" "/workspace/cache/git-repos/https%3A%2F%2Fgithub.com%2Flightsing%2Feoss-fuse", kill_on_drop: false }`
[INFO] [stderr] Cloning into bare repository '/workspace/cache/git-repos/https%3A%2F%2Fgithub.com%2Flightsing%2Feoss-fuse'...
[INFO] running `Command { std: "git" "rev-parse" "HEAD", kill_on_drop: false }`
[INFO] [stdout] 5f72a4172a44c785b907b48f1807d8db93cea3ba
[INFO] checking lightsing/eoss-fuse/5f72a4172a44c785b907b48f1807d8db93cea3ba against 018018e881e2db0956f229dbb543e21f058d1ce7 for pr-162597
[INFO] running `Command { std: "git" "clone" "/workspace/cache/git-repos/https%3A%2F%2Fgithub.com%2Flightsing%2Feoss-fuse" "/workspace/builds/worker-5-tc1/source", kill_on_drop: false }`
[INFO] [stderr] Cloning into '/workspace/builds/worker-5-tc1/source'...
[INFO] [stderr] done.
[INFO] started tweaking git repo https://github.com/lightsing/eoss-fuse
[INFO] finished tweaking git repo https://github.com/lightsing/eoss-fuse
[INFO] tweaked toml for git repo https://github.com/lightsing/eoss-fuse written to /workspace/builds/worker-5-tc1/source/Cargo.toml
[INFO] validating manifest of git repo https://github.com/lightsing/eoss-fuse on toolchain 018018e881e2db0956f229dbb543e21f058d1ce7
[INFO] running `Command { std: CARGO_HOME="/workspace/cargo-home" RUSTUP_HOME="/workspace/rustup-home" "/workspace/cargo-home/bin/cargo" "+018018e881e2db0956f229dbb543e21f058d1ce7" "metadata" "--manifest-path" "Cargo.toml" "--no-deps", kill_on_drop: false }`
[INFO] crate git repo https://github.com/lightsing/eoss-fuse already has a lockfile, it will not be regenerated
[INFO] running `Command { std: CARGO_HOME="/workspace/cargo-home" RUSTUP_HOME="/workspace/rustup-home" "/workspace/cargo-home/bin/cargo" "+018018e881e2db0956f229dbb543e21f058d1ce7" "fetch" "--manifest-path" "Cargo.toml", kill_on_drop: false }`
[INFO] [stderr]     Updating crates.io index
[INFO] [stderr]      Locking 40 packages to highest compatible versions
[INFO] [stderr]       Adding arrayref v0.3.9
[INFO] [stderr]       Adding arrayvec v0.5.2
[INFO] [stderr]       Adding bitflags v1.3.2
[INFO] [stderr]       Adding blake3 v0.3.8 (available: v1.8.7)
[INFO] [stderr]       Adding cc v1.4.6
[INFO] [stderr]       Adding cfg-if v0.1.10
[INFO] [stderr]       Adding constant_time_eq v0.1.5
[INFO] [stderr]       Adding crypto-mac v0.8.0
[INFO] [stderr]       Adding digest v0.9.0
[INFO] [stderr]       Adding find-msvc-tools v0.1.12
[INFO] [stderr]       Adding generic-array v0.14.9
[INFO] [stderr]       Adding getrandom v0.2.17
[INFO] [stderr]       Adding hex v0.4.3
[INFO] [stderr]       Adding instant v0.1.13
[INFO] [stderr]     Updating libc v0.2.93 -> v0.2.189
[INFO] [stderr]       Adding lock_api v0.4.14
[INFO] [stderr]       Adding once_cell v1.21.4
[INFO] [stderr]       Adding parking_lot v0.11.2 (available: v0.12.5)
[INFO] [stderr]       Adding parking_lot_core v0.8.6
[INFO] [stderr]       Adding pin-project-lite v0.2.17
[INFO] [stderr]       Adding ppv-lite86 v0.2.21
[INFO] [stderr]       Adding proc-macro2 v1.0.107
[INFO] [stderr]       Adding quote v1.0.47
[INFO] [stderr]       Adding rand v0.8.8 (available: v0.10.2)
[INFO] [stderr]       Adding rand_chacha v0.3.1
[INFO] [stderr]       Adding rand_core v0.6.4
[INFO] [stderr]       Adding redox_syscall v0.2.16
[INFO] [stderr]       Adding scopeguard v1.2.0
[INFO] [stderr]       Adding shlex v2.0.1
[INFO] [stderr]       Adding smallvec v1.16.1
[INFO] [stderr]       Adding subtle v2.6.1
[INFO] [stderr]       Adding syn v2.0.119
[INFO] [stderr]       Adding thiserror v1.0.69 (available: v2.0.20)
[INFO] [stderr]       Adding thiserror-impl v1.0.69
[INFO] [stderr]       Adding tokio v1.53.1
[INFO] [stderr]       Adding unicode-ident v1.0.26
[INFO] [stderr]       Adding version_check v0.9.5
[INFO] [stderr]       Adding wasi v0.11.1+wasi-snapshot-preview1
[INFO] [stderr]       Adding zerocopy v0.8.57
[INFO] [stderr]       Adding zerocopy-derive v0.8.57
[INFO] [stderr]  Downloading crates ...
[INFO] [stderr]   Downloaded page_size v0.4.2
[INFO] [stderr]   Downloaded fuser v0.7.0
[INFO] [stderr]   Downloaded blake3 v0.3.8
[INFO] running `Command { std: "docker" "create" "-v" "/var/lib/crater-agent-workspace/builds/worker-5-tc1/source:/opt/rustwide/workdir:ro,Z" "-v" "/var/lib/crater-agent-workspace/builds/worker-5-tc1/target:/opt/rustwide/target:rw,Z" "-v" "/var/lib/crater-agent-workspace/cargo-home:/opt/rustwide/cargo-home:ro,Z" "-v" "/var/lib/crater-agent-workspace/rustup-home:/opt/rustwide/rustup-home:ro,Z" "-m" "1610612736" "--network" "none" "ghcr.io/rust-lang/crates-build-env/linux@sha256:8683fc1fc2eb5c9ac98e0d076ab094b2ffac7f99da555d2b6a2e27f346de2ec7" "sleep" "infinity", kill_on_drop: false }`
[INFO] [stdout] 7c4e3e7a6e0d16da5b5776336c98d74450cad80e9b7393e72060a1921689116a
[INFO] running `Command { std: "docker" "start" "7c4e3e7a6e0d16da5b5776336c98d74450cad80e9b7393e72060a1921689116a", kill_on_drop: false }`
[INFO] running `Command { std: "docker" "inspect" "7c4e3e7a6e0d16da5b5776336c98d74450cad80e9b7393e72060a1921689116a", kill_on_drop: false }`
[INFO] running `Command { std: "docker" "exec" "-e" "SOURCE_DIR=/opt/rustwide/workdir" "-e" "CARGO_HOME=/opt/rustwide/cargo-home" "-e" "RUSTUP_HOME=/opt/rustwide/rustup-home" "-e" "CARGO_TARGET_DIR=/opt/rustwide/target" "-w" "/opt/rustwide/workdir" "--user" "0:0" "7c4e3e7a6e0d16da5b5776336c98d74450cad80e9b7393e72060a1921689116a" "/opt/rustwide/cargo-home/bin/cargo" "+018018e881e2db0956f229dbb543e21f058d1ce7" "metadata" "--no-deps" "--format-version=1", kill_on_drop: false }`
[INFO] running `Command { std: "docker" "inspect" "7c4e3e7a6e0d16da5b5776336c98d74450cad80e9b7393e72060a1921689116a", kill_on_drop: false }`
[INFO] running `Command { std: "docker" "exec" "-e" "SOURCE_DIR=/opt/rustwide/workdir" "-e" "CARGO_HOME=/opt/rustwide/cargo-home" "-e" "RUSTUP_HOME=/opt/rustwide/rustup-home" "-e" "CARGO_TARGET_DIR=/opt/rustwide/target" "-e" "CARGO_INCREMENTAL=0" "-e" "RUST_BACKTRACE=full" "-e" "RUSTFLAGS=--cap-lints=forbid" "-e" "RUSTDOCFLAGS=--cap-lints=forbid" "-w" "/opt/rustwide/workdir" "--user" "0:0" "7c4e3e7a6e0d16da5b5776336c98d74450cad80e9b7393e72060a1921689116a" "/opt/rustwide/cargo-home/bin/cargo" "+018018e881e2db0956f229dbb543e21f058d1ce7" "check" "--frozen" "--all" "--all-targets" "--message-format=json", kill_on_drop: false }`
[INFO] [stderr]    Compiling unicode-ident v1.0.26
[INFO] [stderr]    Compiling zerocopy v0.8.57
[INFO] [stderr]    Compiling find-msvc-tools v0.1.12
[INFO] [stderr]     Checking smallvec v1.16.1
[INFO] [stderr]    Compiling generic-array v0.14.9
[INFO] [stderr]    Compiling fuser v0.7.0
[INFO] [stderr]     Checking getrandom v0.2.17
[INFO] [stderr]     Checking page_size v0.4.2
[INFO] [stderr]     Checking constant_time_eq v0.1.5
[INFO] [stderr]     Checking users v0.11.0
[INFO] [stderr]     Checking tokio v1.53.1
[INFO] [stderr]    Compiling proc-macro2 v1.0.107
[INFO] [stderr]    Compiling cc v1.4.6
[INFO] [stderr]     Checking rand_core v0.6.4
[INFO] [stderr]     Checking parking_lot_core v0.8.6
[INFO] [stderr]     Checking parking_lot v0.11.2
[INFO] [stderr]     Checking digest v0.9.0
[INFO] [stderr]     Checking crypto-mac v0.8.0
[INFO] [stderr]    Compiling quote v1.0.47
[INFO] [stderr]    Compiling syn v2.0.119
[INFO] [stderr]    Compiling blake3 v0.3.8
[INFO] [stderr]    Compiling thiserror-impl v1.0.69
[INFO] [stderr]     Checking thiserror v1.0.69
[INFO] [stderr]     Checking ppv-lite86 v0.2.21
[INFO] [stderr]     Checking rand_chacha v0.3.1
[INFO] [stderr]     Checking rand v0.8.8
[INFO] [stderr]     Checking eoss-fuse v0.1.0 (/opt/rustwide/workdir)
[INFO] [stdout] error[E0432]: unresolved import `crate::chunk`
[INFO] [stdout]  --> src/provider.rs:1:12
[INFO] [stdout]   |
[INFO] [stdout] 1 | use crate::chunk::{Chunk, ChunkError};
[INFO] [stdout]   |            ^^^^^ could not find `chunk` in the crate root
[INFO] [stdout] 
[INFO] [stdout] 
[INFO] [stdout] error[E0432]: unresolved import `crate::id`
[INFO] [stdout]  --> src/provider.rs:2:12
[INFO] [stdout]   |
[INFO] [stdout] 2 | use crate::id::Id;
[INFO] [stdout]   |            ^^ could not find `id` in the crate root
[INFO] [stdout] 
[INFO] [stdout] 
[INFO] [stdout] For more information about this error, try `rustc --explain E0432`.
[INFO] [stdout] 
[INFO] [stderr] error: could not compile `eoss-fuse` (bin "eoss-fuse") due to 2 previous errors
[INFO] [stderr] warning: build failed, waiting for other jobs to finish...
[INFO] [stdout] error[E0432]: unresolved import `crate::chunk`
[INFO] [stdout]  --> src/provider.rs:1:12
[INFO] [stdout]   |
[INFO] [stdout] 1 | use crate::chunk::{Chunk, ChunkError};
[INFO] [stdout]   |            ^^^^^ could not find `chunk` in the crate root
[INFO] [stdout] 
[INFO] [stdout] 
[INFO] [stdout] error[E0432]: unresolved import `crate::id`
[INFO] [stdout]  --> src/provider.rs:2:12
[INFO] [stdout]   |
[INFO] [stdout] 2 | use crate::id::Id;
[INFO] [stdout]   |            ^^ could not find `id` in the crate root
[INFO] [stdout] 
[INFO] [stdout] 
[INFO] [stdout] For more information about this error, try `rustc --explain E0432`.
[INFO] [stdout] 
[INFO] [stderr] error: could not compile `eoss-fuse` (bin "eoss-fuse" test) due to 2 previous errors
[INFO] [stderr] warning: unused dependency `blake3`
[INFO] [stderr]  --> Cargo.toml:2:1
[INFO] [stderr]   |
[INFO] [stderr] 2 | blake3 = "0.3.7"
[INFO] [stderr]   | ^^^^^^^^^^^^^^^^
[INFO] [stderr]   |
[INFO] [stderr]   = note: `cargo::unused_dependencies` is set to `warn` by default
[INFO] [stderr] help: consider removing the dependency on `blake3`
[INFO] [stderr] warning: unused dependency `fuser`
[INFO] [stderr]  --> Cargo.toml:3:1
[INFO] [stderr]   |
[INFO] [stderr] 3 | fuser = "0.7"
[INFO] [stderr]   | ^^^^^^^^^^^^^
[INFO] [stderr]   |
[INFO] [stderr] help: consider removing the dependency on `fuser`
[INFO] [stderr] warning: unused dependency `hex`
[INFO] [stderr]  --> Cargo.toml:4:1
[INFO] [stderr]   |
[INFO] [stderr] 4 | hex = "0.4.2"
[INFO] [stderr]   | ^^^^^^^^^^^^^
[INFO] [stderr]   |
[INFO] [stderr] help: consider removing the dependency on `hex`
[INFO] [stderr] warning: unused dependency `once_cell`
[INFO] [stderr]  --> Cargo.toml:5:1
[INFO] [stderr]   |
[INFO] [stderr] 5 | once_cell = "1.5.2"
[INFO] [stderr]   | ^^^^^^^^^^^^^^^^^^^
[INFO] [stderr]   |
[INFO] [stderr] help: consider removing the dependency on `once_cell`
[INFO] [stderr] warning: unused dependency `parking_lot`
[INFO] [stderr]  --> Cargo.toml:6:1
[INFO] [stderr]   |
[INFO] [stderr] 6 | parking_lot = "0.11"
[INFO] [stderr]   | ^^^^^^^^^^^^^^^^^^^^
[INFO] [stderr]   |
[INFO] [stderr] help: consider removing the dependency on `parking_lot`
[INFO] [stderr] warning: unused dependency `rand`
[INFO] [stderr]  --> Cargo.toml:7:1
[INFO] [stderr]   |
[INFO] [stderr] 7 | rand = "0.8"
[INFO] [stderr]   | ^^^^^^^^^^^^
[INFO] [stderr]   |
[INFO] [stderr] help: consider removing the dependency on `rand`
[INFO] [stderr] warning: unused dependency `tokio`
[INFO] [stderr]  --> Cargo.toml:9:1
[INFO] [stderr]   |
[INFO] [stderr] 9 | tokio = "1.5"
[INFO] [stderr]   | ^^^^^^^^^^^^^
[INFO] [stderr]   |
[INFO] [stderr] help: consider removing the dependency on `tokio`
[INFO] [stderr] warning: `eoss-fuse` (manifest) generated 7 warnings
[INFO] running `Command { std: "docker" "inspect" "7c4e3e7a6e0d16da5b5776336c98d74450cad80e9b7393e72060a1921689116a", kill_on_drop: false }`
[INFO] running `Command { std: "docker" "rm" "-f" "7c4e3e7a6e0d16da5b5776336c98d74450cad80e9b7393e72060a1921689116a", kill_on_drop: false }`
[INFO] [stdout] 7c4e3e7a6e0d16da5b5776336c98d74450cad80e9b7393e72060a1921689116a
