[INFO] cloning repository https://github.com/lhohan/simple-time-tracker
[INFO] running `Command { std: "git" "-c" "credential.helper=" "-c" "credential.helper=/workspace/cargo-home/bin/git-credential-null" "clone" "--bare" "https://github.com/lhohan/simple-time-tracker" "/workspace/cache/git-repos/https%3A%2F%2Fgithub.com%2Flhohan%2Fsimple-time-tracker", kill_on_drop: false }`
[INFO] [stderr] Cloning into bare repository '/workspace/cache/git-repos/https%3A%2F%2Fgithub.com%2Flhohan%2Fsimple-time-tracker'...
[INFO] running `Command { std: "git" "rev-parse" "HEAD", kill_on_drop: false }`
[INFO] [stdout] b04b1b7f7fa4cdcfa8ce931a1197731f989c1008
[INFO] checking lhohan/simple-time-tracker against be3da1e8c043bb6f1f335463d3b1335cdf50b03c for pr-162597
[INFO] running `Command { std: "git" "clone" "/workspace/cache/git-repos/https%3A%2F%2Fgithub.com%2Flhohan%2Fsimple-time-tracker" "/workspace/builds/worker-0-tc2/source", kill_on_drop: false }`
[INFO] [stderr] Cloning into '/workspace/builds/worker-0-tc2/source'...
[INFO] [stderr] done.
[INFO] started tweaking git repo https://github.com/lhohan/simple-time-tracker
[INFO] finished tweaking git repo https://github.com/lhohan/simple-time-tracker
[INFO] tweaked toml for git repo https://github.com/lhohan/simple-time-tracker written to /workspace/builds/worker-0-tc2/source/Cargo.toml
[INFO] validating manifest of git repo https://github.com/lhohan/simple-time-tracker on toolchain be3da1e8c043bb6f1f335463d3b1335cdf50b03c
[INFO] running `Command { std: CARGO_HOME="/workspace/cargo-home" RUSTUP_HOME="/workspace/rustup-home" "/workspace/cargo-home/bin/cargo" "+be3da1e8c043bb6f1f335463d3b1335cdf50b03c" "metadata" "--manifest-path" "Cargo.toml" "--no-deps", kill_on_drop: false }`
[INFO] crate git repo https://github.com/lhohan/simple-time-tracker already has a lockfile, it will not be regenerated
[INFO] running `Command { std: CARGO_HOME="/workspace/cargo-home" RUSTUP_HOME="/workspace/rustup-home" "/workspace/cargo-home/bin/cargo" "+be3da1e8c043bb6f1f335463d3b1335cdf50b03c" "fetch" "--manifest-path" "Cargo.toml", kill_on_drop: false }`
[INFO] [stderr]     Blocking waiting for file lock on package cache
[ERROR] error running command: no output for 300 seconds
[INFO] checking lhohan/simple-time-tracker against be3da1e8c043bb6f1f335463d3b1335cdf50b03c for pr-162597
[INFO] running `Command { std: "git" "clone" "/workspace/cache/git-repos/https%3A%2F%2Fgithub.com%2Flhohan%2Fsimple-time-tracker" "/workspace/builds/worker-0-tc2/source", kill_on_drop: false }`
[INFO] [stderr] Cloning into '/workspace/builds/worker-0-tc2/source'...
[INFO] [stderr] done.
[INFO] started tweaking git repo https://github.com/lhohan/simple-time-tracker
[INFO] finished tweaking git repo https://github.com/lhohan/simple-time-tracker
[INFO] tweaked toml for git repo https://github.com/lhohan/simple-time-tracker written to /workspace/builds/worker-0-tc2/source/Cargo.toml
[INFO] validating manifest of git repo https://github.com/lhohan/simple-time-tracker on toolchain be3da1e8c043bb6f1f335463d3b1335cdf50b03c
[INFO] running `Command { std: CARGO_HOME="/workspace/cargo-home" RUSTUP_HOME="/workspace/rustup-home" "/workspace/cargo-home/bin/cargo" "+be3da1e8c043bb6f1f335463d3b1335cdf50b03c" "metadata" "--manifest-path" "Cargo.toml" "--no-deps", kill_on_drop: false }`
[INFO] crate git repo https://github.com/lhohan/simple-time-tracker already has a lockfile, it will not be regenerated
[INFO] running `Command { std: CARGO_HOME="/workspace/cargo-home" RUSTUP_HOME="/workspace/rustup-home" "/workspace/cargo-home/bin/cargo" "+be3da1e8c043bb6f1f335463d3b1335cdf50b03c" "fetch" "--manifest-path" "Cargo.toml", kill_on_drop: false }`
[INFO] [stderr]     Blocking waiting for file lock on package cache
[INFO] [stderr]     Blocking waiting for file lock on package cache
[INFO] [stderr]  Downloading crates ...
[INFO] [stderr]   Downloaded assert_fs v1.1.3
[INFO] [stderr]   Downloaded rstest v0.24.0
[INFO] [stderr]   Downloaded rstest_macros v0.24.0
[INFO] running `Command { std: "docker" "create" "-v" "/var/lib/crater-agent-workspace/builds/worker-0-tc2/source:/opt/rustwide/workdir:ro,Z" "-v" "/var/lib/crater-agent-workspace/builds/worker-0-tc2/target:/opt/rustwide/target:rw,Z" "-v" "/var/lib/crater-agent-workspace/cargo-home:/opt/rustwide/cargo-home:ro,Z" "-v" "/var/lib/crater-agent-workspace/rustup-home:/opt/rustwide/rustup-home:ro,Z" "-m" "1610612736" "--network" "none" "ghcr.io/rust-lang/crates-build-env/linux@sha256:8683fc1fc2eb5c9ac98e0d076ab094b2ffac7f99da555d2b6a2e27f346de2ec7" "sleep" "infinity", kill_on_drop: false }`
[INFO] [stdout] 64bc13370918e174ca88cdde709b6d8804e3b1cef03bbaf0c10fcec98e03ca75
[INFO] running `Command { std: "docker" "start" "64bc13370918e174ca88cdde709b6d8804e3b1cef03bbaf0c10fcec98e03ca75", kill_on_drop: false }`
[INFO] running `Command { std: "docker" "inspect" "64bc13370918e174ca88cdde709b6d8804e3b1cef03bbaf0c10fcec98e03ca75", kill_on_drop: false }`
[INFO] running `Command { std: "docker" "exec" "-e" "SOURCE_DIR=/opt/rustwide/workdir" "-e" "CARGO_HOME=/opt/rustwide/cargo-home" "-e" "RUSTUP_HOME=/opt/rustwide/rustup-home" "-e" "CARGO_TARGET_DIR=/opt/rustwide/target" "-w" "/opt/rustwide/workdir" "--user" "0:0" "64bc13370918e174ca88cdde709b6d8804e3b1cef03bbaf0c10fcec98e03ca75" "/opt/rustwide/cargo-home/bin/cargo" "+be3da1e8c043bb6f1f335463d3b1335cdf50b03c" "metadata" "--no-deps" "--format-version=1", kill_on_drop: false }`
[INFO] running `Command { std: "docker" "inspect" "64bc13370918e174ca88cdde709b6d8804e3b1cef03bbaf0c10fcec98e03ca75", kill_on_drop: false }`
[INFO] running `Command { std: "docker" "exec" "-e" "SOURCE_DIR=/opt/rustwide/workdir" "-e" "CARGO_HOME=/opt/rustwide/cargo-home" "-e" "RUSTUP_HOME=/opt/rustwide/rustup-home" "-e" "CARGO_TARGET_DIR=/opt/rustwide/target" "-e" "CARGO_INCREMENTAL=0" "-e" "RUST_BACKTRACE=full" "-e" "RUSTFLAGS=--cap-lints=forbid" "-e" "RUSTDOCFLAGS=--cap-lints=forbid" "-w" "/opt/rustwide/workdir" "--user" "0:0" "64bc13370918e174ca88cdde709b6d8804e3b1cef03bbaf0c10fcec98e03ca75" "/opt/rustwide/cargo-home/bin/cargo" "+be3da1e8c043bb6f1f335463d3b1335cdf50b03c" "check" "--frozen" "--all" "--all-targets" "--message-format=json", kill_on_drop: false }`
[INFO] [stderr]     Checking aho-corasick v1.1.3
[INFO] [stderr]    Compiling num-traits v0.2.19
[INFO] [stderr]    Compiling serde_json v1.0.143
[INFO] [stderr]    Compiling syn v2.0.103
[INFO] [stderr]     Checking parking_lot_core v0.9.12
[INFO] [stderr]     Checking slab v0.4.10
[INFO] [stderr]     Checking mio v1.1.0
[INFO] [stderr]     Checking socket2 v0.6.1
[INFO] [stderr]     Checking signal-hook-registry v1.4.6
[INFO] [stderr]    Compiling hashbrown v0.15.4
[INFO] [stderr]    Compiling memchr v2.7.5
[INFO] [stderr]     Checking clap_builder v4.5.40
[INFO] [stderr]    Compiling winnow v0.7.11
[INFO] [stderr]    Compiling toml_datetime v0.6.11
[INFO] [stderr]    Compiling rstest_macros v0.24.0
[INFO] [stderr]     Checking half v2.6.0
[INFO] [stderr]     Checking plotters-backend v0.3.7
[INFO] [stderr]     Checking itertools v0.10.5
[INFO] [stderr]     Checking cast v0.3.0
[INFO] [stderr]     Checking parking_lot v0.12.5
[INFO] [stderr]    Compiling assert_cmd v2.0.17
[INFO] [stderr]     Checking ciborium-ll v0.2.2
[INFO] [stderr]    Compiling cfg-if v1.0.1
[INFO] [stderr]     Checking tempfile v3.20.0
[INFO] [stderr]     Checking plotters-svg v0.3.7
[INFO] [stderr]     Checking rayon v1.11.0
[INFO] [stderr]     Checking serde_path_to_error v0.1.20
[INFO] [stderr]     Checking wait-timeout v0.2.1
[INFO] [stderr]     Checking is-terminal v0.4.16
[INFO] [stderr]     Checking oorandom v11.1.5
[INFO] [stderr]     Checking anes v0.1.6
[INFO] [stderr]    Compiling indexmap v2.9.0
[INFO] [stderr]     Checking float-cmp v0.10.0
[INFO] [stderr]     Checking chrono v0.4.41
[INFO] [stderr]     Checking plotters v0.3.7
[INFO] [stderr]     Checking regex-automata v0.4.9
[INFO] [stderr]     Checking criterion-plot v0.5.0
[INFO] [stderr]    Compiling toml_edit v0.22.27
[INFO] [stderr]     Checking regex v1.11.1
[INFO] [stderr]     Checking bstr v1.12.0
[INFO] [stderr]     Checking predicates v3.1.3
[INFO] [stderr]     Checking globset v0.4.16
[INFO] [stderr]     Checking ignore v0.4.23
[INFO] [stderr]     Checking globwalk v0.9.1
[INFO] [stderr]     Checking assert_fs v1.1.3
[INFO] [stderr]    Compiling serde_derive v1.0.228
[INFO] [stderr]    Compiling futures-macro v0.3.31
[INFO] [stderr]    Compiling tokio-macros v2.6.0
[INFO] [stderr]    Compiling clap_derive v4.5.40
[INFO] [stderr]    Compiling async-trait v0.1.89
[INFO] [stderr]    Compiling pin-project-internal v1.1.10
[INFO] [stderr]    Compiling proc-macro-crate v3.3.0
[INFO] [stderr]     Checking tokio v1.48.0
[INFO] [stderr]     Checking futures-util v0.3.31
[INFO] [stderr]     Checking pin-project v1.1.10
[INFO] [stderr]     Checking clap v4.5.40
[INFO] [stderr]     Checking serde v1.0.228
[INFO] [stderr]     Checking axum-core v0.4.5
[INFO] [stderr]     Checking tower v0.4.13
[INFO] [stderr]     Checking serde_urlencoded v0.7.1
[INFO] [stderr]     Checking ciborium v0.2.2
[INFO] [stderr]     Checking rstest v0.24.0
[INFO] [stderr]     Checking tinytemplate v1.2.1
[INFO] [stderr]     Checking time-tracker v0.1.0 (/opt/rustwide/workdir)
[INFO] [stderr]     Checking criterion v0.5.1
[INFO] [stderr]     Checking hyper v1.7.0
[INFO] [stderr]     Checking tower v0.5.2
[INFO] [stderr]     Checking hyper-util v0.1.17
[INFO] [stderr]     Checking axum v0.7.9
[INFO] [stdout] error[E0433]: cannot find `web` in `time_tracker`
[INFO] [stdout]    --> tests/web/common.rs:118:55
[INFO] [stdout]     |
[INFO] [stdout] 118 |         let state = std::sync::Arc::new(time_tracker::web::AppState {
[INFO] [stdout]     |                                                       ^^^ could not find `web` in `time_tracker`
[INFO] [stdout]     |
[INFO] [stdout] note: found an item that was configured out
[INFO] [stdout]    --> src/lib.rs:8:9
[INFO] [stdout]     |
[INFO] [stdout]   7 | #[cfg(feature = "web")]
[INFO] [stdout]     |       --------------- the item is gated behind the `web` feature
[INFO] [stdout]   8 | pub mod web;
[INFO] [stdout]     |         ^^^
[INFO] [stdout] 
[INFO] [stdout] 
[INFO] [stdout] error[E0433]: cannot find `web` in `time_tracker`
[INFO] [stdout]    --> tests/web/common.rs:120:34
[INFO] [stdout]     |
[INFO] [stdout] 120 |             clock: time_tracker::web::handlers::create_clock(),
[INFO] [stdout]     |                                  ^^^ could not find `web` in `time_tracker`
[INFO] [stdout]     |
[INFO] [stdout] note: found an item that was configured out
[INFO] [stdout]    --> src/lib.rs:8:9
[INFO] [stdout]     |
[INFO] [stdout]   7 | #[cfg(feature = "web")]
[INFO] [stdout]     |       --------------- the item is gated behind the `web` feature
[INFO] [stdout]   8 | pub mod web;
[INFO] [stdout]     |         ^^^
[INFO] [stdout] 
[INFO] [stdout] 
[INFO] [stdout] error[E0433]: cannot find `web` in `time_tracker`
[INFO] [stdout]    --> tests/web/common.rs:122:33
[INFO] [stdout]     |
[INFO] [stdout] 122 |         let app = time_tracker::web::server::create_router_with_state(state);
[INFO] [stdout]     |                                 ^^^ could not find `web` in `time_tracker`
[INFO] [stdout]     |
[INFO] [stdout] note: found an item that was configured out
[INFO] [stdout]    --> src/lib.rs:8:9
[INFO] [stdout]     |
[INFO] [stdout]   7 | #[cfg(feature = "web")]
[INFO] [stdout]     |       --------------- the item is gated behind the `web` feature
[INFO] [stdout]   8 | pub mod web;
[INFO] [stdout]     |         ^^^
[INFO] [stdout] 
[INFO] [stdout] 
[INFO] [stdout] For more information about this error, try `rustc --explain E0433`.
[INFO] [stdout] 
[INFO] [stderr] error: could not compile `time-tracker` (test "web") due to 3 previous errors
[INFO] [stderr] warning: build failed, waiting for other jobs to finish...
[INFO] [stdout] warning: method `should_fail` is never used
[INFO] [stdout]    --> tests/acceptance/cli_stats_common.rs:139:12
[INFO] [stdout]     |
[INFO] [stdout] 113 | impl StatsCommandResult {
[INFO] [stdout]     | ----------------------- method in this implementation
[INFO] [stdout] ...
[INFO] [stdout] 139 |     pub fn should_fail(mut self) -> Self {
[INFO] [stdout]     |            ^^^^^^^^^^^
[INFO] [stdout]     |
[INFO] [stdout]     = note: `#[warn(dead_code)]` (part of `#[warn(unused)]`) on by default
[INFO] [stdout] 
[INFO] [stdout] 
[INFO] [stdout] warning: methods `with_failure` and `having_flag` are never used
[INFO] [stdout]    --> tests/acceptance/cli_stats_common.rs:171:12
[INFO] [stdout]     |
[INFO] [stdout] 150 | impl StatsAssertion {
[INFO] [stdout]     | ------------------- methods in this implementation
[INFO] [stdout] ...
[INFO] [stdout] 171 |     pub fn with_failure(self) -> Self {
[INFO] [stdout]     |            ^^^^^^^^^^^^
[INFO] [stdout] ...
[INFO] [stdout] 208 |     pub fn having_flag(self, flag: &str) -> Self {
[INFO] [stdout]     |            ^^^^^^^^^^^
[INFO] [stdout] 
[INFO] [stdout] 
[INFO] running `Command { std: "docker" "inspect" "64bc13370918e174ca88cdde709b6d8804e3b1cef03bbaf0c10fcec98e03ca75", kill_on_drop: false }`
[INFO] running `Command { std: "docker" "rm" "-f" "64bc13370918e174ca88cdde709b6d8804e3b1cef03bbaf0c10fcec98e03ca75", kill_on_drop: false }`
[INFO] [stdout] 64bc13370918e174ca88cdde709b6d8804e3b1cef03bbaf0c10fcec98e03ca75
