[INFO] cloning repository https://github.com/jsoneaday/vr360action
[INFO] running `Command { std: "git" "-c" "credential.helper=" "-c" "credential.helper=/workspace/cargo-home/bin/git-credential-null" "clone" "--bare" "https://github.com/jsoneaday/vr360action" "/workspace/cache/git-repos/https%3A%2F%2Fgithub.com%2Fjsoneaday%2Fvr360action", kill_on_drop: false }`
[INFO] [stderr] Cloning into bare repository '/workspace/cache/git-repos/https%3A%2F%2Fgithub.com%2Fjsoneaday%2Fvr360action'...
[INFO] running `Command { std: "git" "rev-parse" "HEAD", kill_on_drop: false }`
[INFO] [stdout] 490ffb56a481f8a01e0dc0894d72020d44235147
[INFO] checking jsoneaday/vr360action/490ffb56a481f8a01e0dc0894d72020d44235147 against 018018e881e2db0956f229dbb543e21f058d1ce7 for pr-162597
[INFO] running `Command { std: "git" "clone" "/workspace/cache/git-repos/https%3A%2F%2Fgithub.com%2Fjsoneaday%2Fvr360action" "/workspace/builds/worker-6-tc1/source", kill_on_drop: false }`
[INFO] [stderr] Cloning into '/workspace/builds/worker-6-tc1/source'...
[INFO] [stderr] done.
[INFO] started tweaking git repo https://github.com/jsoneaday/vr360action
[INFO] finished tweaking git repo https://github.com/jsoneaday/vr360action
[INFO] tweaked toml for git repo https://github.com/jsoneaday/vr360action written to /workspace/builds/worker-6-tc1/source/Cargo.toml
[INFO] validating manifest of git repo https://github.com/jsoneaday/vr360action on toolchain 018018e881e2db0956f229dbb543e21f058d1ce7
[INFO] running `Command { std: CARGO_HOME="/workspace/cargo-home" RUSTUP_HOME="/workspace/rustup-home" "/workspace/cargo-home/bin/cargo" "+018018e881e2db0956f229dbb543e21f058d1ce7" "metadata" "--manifest-path" "Cargo.toml" "--no-deps", kill_on_drop: false }`
[INFO] crate git repo https://github.com/jsoneaday/vr360action already has a lockfile, it will not be regenerated
[INFO] running `Command { std: CARGO_HOME="/workspace/cargo-home" RUSTUP_HOME="/workspace/rustup-home" "/workspace/cargo-home/bin/cargo" "+018018e881e2db0956f229dbb543e21f058d1ce7" "fetch" "--manifest-path" "Cargo.toml", kill_on_drop: false }`
[INFO] [stderr] warning: virtual workspace defaulting to `resolver = "1"` despite one or more workspace members being on edition 2021 which implies `resolver = "2"`
[INFO] [stderr]   |
[INFO] [stderr]   = note: to keep the current resolver, specify `workspace.resolver = "1"` in the workspace root's manifest
[INFO] [stderr]   = note: to use the edition 2021 resolver, specify `workspace.resolver = "2"` in the workspace root's manifest
[INFO] [stderr]   = note: for more details see https://doc.rust-lang.org/cargo/reference/resolver.html#resolver-versions
[INFO] [stderr]     Updating crates.io index
[INFO] [stderr]  Downloading crates ...
[INFO] [stderr]   Downloaded sqlx v0.8.2
[INFO] [stderr]   Downloaded sqlx-macros v0.8.2
[INFO] [stderr]   Downloaded sqlx-sqlite v0.8.2
[INFO] [stderr]   Downloaded sqlx-mysql v0.8.2
[INFO] [stderr]   Downloaded sqlx-macros-core v0.8.2
[INFO] [stderr]   Downloaded sqlx-core v0.8.2
[INFO] [stderr]   Downloaded protoc v2.28.0
[INFO] [stderr]   Downloaded sqlx-postgres v0.8.2
[INFO] [stderr]   Downloaded tiny_http v0.6.4
[INFO] [stderr]   Downloaded ascii v0.8.7
[INFO] [stderr]   Downloaded nickel v0.11.0
[INFO] [stderr]   Downloaded chunked_transfer v0.3.1
[INFO] [stderr]   Downloaded mustache v0.9.0
[INFO] [stderr]   Downloaded groupable v0.2.0
[INFO] [stderr]   Downloaded predicates-core v1.0.8
[INFO] [stderr]   Downloaded predicates-tree v1.0.11
[INFO] [stderr]   Downloaded fake v2.10.0
[INFO] [stderr]   Downloaded dummy v0.8.0
[INFO] [stderr]   Downloaded deunicode v1.6.0
[INFO] [stderr]   Downloaded impl-more v0.1.6
[INFO] [stderr]   Downloaded parse-size v1.1.0
[INFO] [stderr]   Downloaded actix-multipart-derive v0.6.1
[INFO] [stderr]   Downloaded actix-multipart v0.6.2
[INFO] [stderr]   Downloaded wmi v0.14.0
[INFO] running `Command { std: "docker" "create" "-v" "/var/lib/crater-agent-workspace/builds/worker-6-tc1/source:/opt/rustwide/workdir:ro,Z" "-v" "/var/lib/crater-agent-workspace/builds/worker-6-tc1/target:/opt/rustwide/target:rw,Z" "-v" "/var/lib/crater-agent-workspace/cargo-home:/opt/rustwide/cargo-home:ro,Z" "-v" "/var/lib/crater-agent-workspace/rustup-home:/opt/rustwide/rustup-home:ro,Z" "-m" "1610612736" "--network" "none" "ghcr.io/rust-lang/crates-build-env/linux@sha256:8683fc1fc2eb5c9ac98e0d076ab094b2ffac7f99da555d2b6a2e27f346de2ec7" "sleep" "infinity", kill_on_drop: false }`
[INFO] [stdout] b3a25573a155f159a3a4f7532dc433d75f22935b5d9ccb5603ba8bdd5b0e967f
[INFO] running `Command { std: "docker" "start" "b3a25573a155f159a3a4f7532dc433d75f22935b5d9ccb5603ba8bdd5b0e967f", kill_on_drop: false }`
[INFO] running `Command { std: "docker" "inspect" "b3a25573a155f159a3a4f7532dc433d75f22935b5d9ccb5603ba8bdd5b0e967f", kill_on_drop: false }`
[INFO] running `Command { std: "docker" "exec" "-e" "SOURCE_DIR=/opt/rustwide/workdir" "-e" "CARGO_HOME=/opt/rustwide/cargo-home" "-e" "RUSTUP_HOME=/opt/rustwide/rustup-home" "-e" "CARGO_TARGET_DIR=/opt/rustwide/target" "-w" "/opt/rustwide/workdir" "--user" "0:0" "b3a25573a155f159a3a4f7532dc433d75f22935b5d9ccb5603ba8bdd5b0e967f" "/opt/rustwide/cargo-home/bin/cargo" "+018018e881e2db0956f229dbb543e21f058d1ce7" "metadata" "--no-deps" "--format-version=1", kill_on_drop: false }`
[INFO] running `Command { std: "docker" "inspect" "b3a25573a155f159a3a4f7532dc433d75f22935b5d9ccb5603ba8bdd5b0e967f", kill_on_drop: false }`
[INFO] running `Command { std: "docker" "exec" "-e" "SOURCE_DIR=/opt/rustwide/workdir" "-e" "CARGO_HOME=/opt/rustwide/cargo-home" "-e" "RUSTUP_HOME=/opt/rustwide/rustup-home" "-e" "CARGO_TARGET_DIR=/opt/rustwide/target" "-e" "CARGO_INCREMENTAL=0" "-e" "RUST_BACKTRACE=full" "-e" "RUSTFLAGS=--cap-lints=forbid" "-e" "RUSTDOCFLAGS=--cap-lints=forbid" "-w" "/opt/rustwide/workdir" "--user" "0:0" "b3a25573a155f159a3a4f7532dc433d75f22935b5d9ccb5603ba8bdd5b0e967f" "/opt/rustwide/cargo-home/bin/cargo" "+018018e881e2db0956f229dbb543e21f058d1ce7" "check" "--frozen" "--all" "--all-targets" "--message-format=json", kill_on_drop: false }`
[INFO] [stderr] warning: virtual workspace defaulting to `resolver = "1"` despite one or more workspace members being on edition 2021 which implies `resolver = "2"`
[INFO] [stderr]   |
[INFO] [stderr]   = note: to keep the current resolver, specify `workspace.resolver = "1"` in the workspace root's manifest
[INFO] [stderr]   = note: to use the edition 2021 resolver, specify `workspace.resolver = "2"` in the workspace root's manifest
[INFO] [stderr]   = note: for more details see https://doc.rust-lang.org/cargo/reference/resolver.html#resolver-versions
[INFO] [stderr]    Compiling libc v0.2.159
[INFO] [stderr]    Compiling serde v1.0.210
[INFO] [stderr]     Checking memchr v2.7.4
[INFO] [stderr]     Checking once_cell v1.20.1
[INFO] [stderr]    Compiling proc-macro2 v1.0.86
[INFO] [stderr]    Compiling num-traits v0.2.19
[INFO] [stderr]     Checking bytes v1.7.2
[INFO] [stderr]     Checking unicode-bidi v0.3.15
[INFO] [stderr]     Checking bitflags v2.6.0
[INFO] [stderr]     Checking unicode-normalization v0.1.24
[INFO] [stderr]     Checking crypto-common v0.1.6
[INFO] [stderr]     Checking futures-io v0.3.30
[INFO] [stderr]    Compiling serde_json v1.0.128
[INFO] [stderr]    Compiling crossbeam-utils v0.8.20
[INFO] [stderr]     Checking allocator-api2 v0.2.18
[INFO] [stderr]    Compiling pin-project-lite v0.2.14
[INFO] [stderr]    Compiling autocfg v0.1.8
[INFO] [stderr]     Checking digest v0.10.7
[INFO] [stderr]    Compiling thiserror v1.0.64
[INFO] [stderr]    Compiling generic-array v0.14.7
[INFO] [stderr]    Compiling rustix v0.38.37
[INFO] [stderr]    Compiling itoa v1.0.11
[INFO] [stderr]     Checking tracing-core v0.1.32
[INFO] [stderr]     Checking cpufeatures v0.2.14
[INFO] [stderr]    Compiling rustls v0.23.13
[INFO] [stderr]    Compiling tinyvec v1.8.0
[INFO] [stderr]     Checking idna v0.5.0
[INFO] [stderr]    Compiling lock_api v0.4.12
[INFO] [stderr]    Compiling quote v1.0.37
[INFO] [stderr]    Compiling block-buffer v0.10.4
[INFO] [stderr]     Checking aho-corasick v1.1.3
[INFO] [stderr]    Compiling futures-core v0.3.30
[INFO] [stderr]    Compiling rustls-pki-types v1.9.0
[INFO] [stderr]     Checking url v2.5.2
[INFO] [stderr]     Checking http v0.2.12
[INFO] [stderr]    Compiling rand_chacha v0.1.1
[INFO] [stderr]    Compiling rand_pcg v0.1.2
[INFO] [stderr]    Compiling unicase v1.4.2
[INFO] [stderr]    Compiling rand v0.6.5
[INFO] [stderr]    Compiling syn v2.0.79
[INFO] [stderr]    Compiling futures-sink v0.3.30
[INFO] [stderr]    Compiling nom v7.1.3
[INFO] [stderr]    Compiling futures-channel v0.3.30
[INFO] [stderr]    Compiling phf_shared v0.7.24
[INFO] [stderr]     Checking sha1 v0.10.6
[INFO] [stderr]     Checking getrandom v0.2.15
[INFO] [stderr]     Checking socket2 v0.5.7
[INFO] [stderr]     Checking signal-hook-registry v1.4.2
[INFO] [stderr]     Checking mio v1.0.2
[INFO] [stderr]    Compiling concurrent-queue v2.5.0
[INFO] [stderr]    Compiling slab v0.4.9
[INFO] [stderr]     Checking rand_core v0.6.4
[INFO] [stderr]    Compiling unicase v2.7.0
[INFO] [stderr]    Compiling zeroize v1.8.1
[INFO] [stderr]     Checking regex-automata v0.4.8
[INFO] [stderr]    Compiling unicode_categories v0.1.1
[INFO] [stderr]    Compiling futures-task v0.3.30
[INFO] [stderr]    Compiling iana-time-zone v0.1.61
[INFO] [stderr]    Compiling ryu v1.0.18
[INFO] [stderr]    Compiling time-macros v0.2.18
[INFO] [stderr]    Compiling sha2 v0.10.8
[INFO] [stderr]    Compiling crc v3.2.1
[INFO] [stderr]    Compiling event-listener v5.3.1
[INFO] [stderr]    Compiling crossbeam-queue v0.3.11
[INFO] [stderr]    Compiling webpki-roots v0.26.6
[INFO] [stderr]    Compiling jobserver v0.1.32
[INFO] [stderr]    Compiling rand_os v0.1.3
[INFO] [stderr]    Compiling cc v1.1.24
[INFO] [stderr]    Compiling atoi v2.0.0
[INFO] [stderr]    Compiling rustls-pemfile v2.2.0
[INFO] [stderr]    Compiling hmac v0.12.1
[INFO] [stderr]     Checking log v0.3.9
[INFO] [stderr]    Compiling openssl v0.10.66
[INFO] [stderr]    Compiling zstd-safe v7.2.1
[INFO] [stderr]    Compiling linux-raw-sys v0.4.14
[INFO] [stderr]     Checking traitobject v0.1.0
[INFO] [stdout] error[E0119]: conflicting implementations of trait `Trait` for type `(dyn Send + Sync + 'static)`
[INFO] [stdout]   --> /opt/rustwide/cargo-home/registry/src/index.crates.io-1949cf8c6b5b557f/traitobject-0.1.0/src/impls.rs:72:1
[INFO] [stdout]    |
[INFO] [stdout] 71 | unsafe impl Trait for ::std::marker::Send + Sync { }
[INFO] [stdout]    | ------------------------------------------------ first implementation here
[INFO] [stdout] 72 | unsafe impl Trait for ::std::marker::Send + Send + Sync { }
[INFO] [stdout]    | ^^^^^^^^^^^^^^^^^^^^^^^^^^^^^^^^^^^^^^^^^^^^^^^^^^^^^^^ conflicting implementation for `(dyn Send + Sync + 'static)`
[INFO] [stdout] 
[INFO] [stdout] 
[INFO] [stdout] error[E0119]: conflicting implementations of trait `Trait` for type `(dyn Send + Sync + 'static)`
[INFO] [stdout]   --> /opt/rustwide/cargo-home/registry/src/index.crates.io-1949cf8c6b5b557f/traitobject-0.1.0/src/impls.rs:73:1
[INFO] [stdout]    |
[INFO] [stdout] 71 | unsafe impl Trait for ::std::marker::Send + Sync { }
[INFO] [stdout]    | ------------------------------------------------ first implementation here
[INFO] [stdout] 72 | unsafe impl Trait for ::std::marker::Send + Send + Sync { }
[INFO] [stdout] 73 | unsafe impl Trait for ::std::marker::Sync + Send { }
[INFO] [stdout]    | ^^^^^^^^^^^^^^^^^^^^^^^^^^^^^^^^^^^^^^^^^^^^^^^^ conflicting implementation for `(dyn Send + Sync + 'static)`
[INFO] [stdout] 
[INFO] [stdout] 
[INFO] [stdout] error[E0119]: conflicting implementations of trait `Trait` for type `(dyn Send + Sync + 'static)`
[INFO] [stdout]   --> /opt/rustwide/cargo-home/registry/src/index.crates.io-1949cf8c6b5b557f/traitobject-0.1.0/src/impls.rs:75:1
[INFO] [stdout]    |
[INFO] [stdout] 71 | unsafe impl Trait for ::std::marker::Send + Sync { }
[INFO] [stdout]    | ------------------------------------------------ first implementation here
[INFO] [stdout] ...
[INFO] [stdout] 75 | unsafe impl Trait for ::std::marker::Sync + Send + Sync { }
[INFO] [stdout]    | ^^^^^^^^^^^^^^^^^^^^^^^^^^^^^^^^^^^^^^^^^^^^^^^^^^^^^^^ conflicting implementation for `(dyn Send + Sync + 'static)`
[INFO] [stdout] 
[INFO] [stdout] 
[INFO] [stdout] For more information about this error, try `rustc --explain E0119`.
[INFO] [stdout] 
[INFO] [stderr] error: could not compile `traitobject` (lib) due to 3 previous errors
[INFO] [stderr] warning: build failed, waiting for other jobs to finish...
[INFO] running `Command { std: "docker" "inspect" "b3a25573a155f159a3a4f7532dc433d75f22935b5d9ccb5603ba8bdd5b0e967f", kill_on_drop: false }`
[INFO] running `Command { std: "docker" "rm" "-f" "b3a25573a155f159a3a4f7532dc433d75f22935b5d9ccb5603ba8bdd5b0e967f", kill_on_drop: false }`
[INFO] [stdout] b3a25573a155f159a3a4f7532dc433d75f22935b5d9ccb5603ba8bdd5b0e967f
