[INFO] cloning repository https://github.com/estelendur/budget-app
[INFO] running `Command { std: "git" "-c" "credential.helper=" "-c" "credential.helper=/workspace/cargo-home/bin/git-credential-null" "clone" "--bare" "https://github.com/estelendur/budget-app" "/workspace/cache/git-repos/https%3A%2F%2Fgithub.com%2Festelendur%2Fbudget-app", kill_on_drop: false }`
[INFO] [stderr] Cloning into bare repository '/workspace/cache/git-repos/https%3A%2F%2Fgithub.com%2Festelendur%2Fbudget-app'...
[INFO] running `Command { std: "git" "rev-parse" "HEAD", kill_on_drop: false }`
[INFO] [stdout] 74e7f55aa7ab5218d747707d7c04273908336b8c
[INFO] checking estelendur/budget-app against be3da1e8c043bb6f1f335463d3b1335cdf50b03c for pr-162597
[INFO] running `Command { std: "git" "clone" "/workspace/cache/git-repos/https%3A%2F%2Fgithub.com%2Festelendur%2Fbudget-app" "/workspace/builds/worker-4-tc2/source", kill_on_drop: false }`
[INFO] [stderr] Cloning into '/workspace/builds/worker-4-tc2/source'...
[INFO] [stderr] done.
[INFO] started tweaking git repo https://github.com/estelendur/budget-app
[INFO] finished tweaking git repo https://github.com/estelendur/budget-app
[INFO] tweaked toml for git repo https://github.com/estelendur/budget-app written to /workspace/builds/worker-4-tc2/source/Cargo.toml
[INFO] validating manifest of git repo https://github.com/estelendur/budget-app on toolchain be3da1e8c043bb6f1f335463d3b1335cdf50b03c
[INFO] running `Command { std: CARGO_HOME="/workspace/cargo-home" RUSTUP_HOME="/workspace/rustup-home" "/workspace/cargo-home/bin/cargo" "+be3da1e8c043bb6f1f335463d3b1335cdf50b03c" "metadata" "--manifest-path" "Cargo.toml" "--no-deps", kill_on_drop: false }`
[INFO] crate git repo https://github.com/estelendur/budget-app already has a lockfile, it will not be regenerated
[INFO] running `Command { std: CARGO_HOME="/workspace/cargo-home" RUSTUP_HOME="/workspace/rustup-home" "/workspace/cargo-home/bin/cargo" "+be3da1e8c043bb6f1f335463d3b1335cdf50b03c" "fetch" "--manifest-path" "Cargo.toml", kill_on_drop: false }`
[INFO] [stderr] warning: binary `budget_app` should have a kebab-case name
[INFO] [stderr]    |
[INFO] [stderr]  1 | /workspace/builds/worker-4-tc2/source/target/.../budget_app
[INFO] [stderr]    |                                                  ^^^^^^^^^^
[INFO] [stderr]    |
[INFO] [stderr]    = note: `cargo::non_kebab_case_bins` is set to `warn` by default
[INFO] [stderr] help: to change the binary name to `budget-app`, convert `package.name`
[INFO] [stderr]   --> Cargo.toml:33:8
[INFO] [stderr]    |
[INFO] [stderr] 33 - name = "budget_app"
[INFO] [stderr] 33 + name = "budget-app"
[INFO] [stderr]    |
[INFO] [stderr] help: to change the binary name to `budget-app`, specify `bin.name`
[INFO] [stderr]   --> Cargo.toml:34:19
[INFO] [stderr]    |
[INFO] [stderr] 34 ~ version = "0.1.0"
[INFO] [stderr] 35 + [[bin]]
[INFO] [stderr] 36 + name = "budget-app"
[INFO] [stderr] 37 + path = "src/main.rs"
[INFO] [stderr]    |
[INFO] [stderr] warning: `budget_app` (manifest) generated 1 warning
[INFO] [stderr]     Blocking waiting for file lock on package cache
[INFO] [stderr]     Updating crates.io index
[INFO] [stderr]     Blocking waiting for file lock on package cache
[INFO] [stderr]  Downloading crates ...
[INFO] [stderr]   Downloaded pear v0.1.2
[INFO] [stderr]   Downloaded vcpkg v0.2.6
[INFO] [stderr]   Downloaded slug v0.1.4
[INFO] [stderr]   Downloaded rocket_codegen v0.4.0
[INFO] [stderr]   Downloaded unic-char-range v0.7.0
[INFO] [stderr]   Downloaded backtrace v0.3.14
[INFO] [stderr]   Downloaded redox_syscall v0.1.51
[INFO] [stderr]   Downloaded fsevent-sys v0.1.6
[INFO] [stderr]   Downloaded scheduled-thread-pool v0.2.0
[INFO] [stderr]   Downloaded serde_derive v1.0.88
[INFO] [stderr]   Downloaded maplit v1.0.1
[INFO] [stderr]   Downloaded hyper v0.10.15
[INFO] [stderr]   Downloaded ring v0.13.5
[INFO] [stderr]   Downloaded diesel v1.4.1
[INFO] [stderr]   Downloaded diesel_derives v1.4.0
[INFO] [stderr]   Downloaded unic-common v0.7.0
[INFO] [stderr]   Downloaded regex-syntax v0.6.5
[INFO] [stderr]   Downloaded pest v2.1.0
[INFO] [stderr]   Downloaded humansize v1.1.0
[INFO] [stderr]   Downloaded ipnetwork v0.13.1
[INFO] [stderr]   Downloaded regex v1.1.2
[INFO] [stderr]   Downloaded httparse v1.3.3
[INFO] [stderr]   Downloaded pq-sys v0.4.6
[INFO] [stderr]   Downloaded unic-segment v0.7.0
[INFO] [stderr]   Downloaded sha-1 v0.7.0
[INFO] [stderr]   Downloaded tera v0.11.20
[INFO] [stderr]   Downloaded notify v4.0.9
[INFO] [stderr]   Downloaded rocket v0.4.0
[INFO] [stderr]   Downloaded cookie v0.11.0
[INFO] [stderr]   Downloaded serde v1.0.88
[INFO] [stderr]   Downloaded cc v1.0.29
[INFO] [stderr]   Downloaded unic-ucd-segment v0.7.0
[INFO] [stderr]   Downloaded deunicode v0.4.3
[INFO] [stderr]   Downloaded devise_core v0.2.0
[INFO] [stderr]   Downloaded mio-extras v2.0.5
[INFO] [stderr]   Downloaded pest_meta v2.1.0
[INFO] [stderr]   Downloaded rocket_contrib_codegen v0.4.0
[INFO] [stderr]   Downloaded devise_codegen v0.2.0
[INFO] [stderr]   Downloaded serde_json v1.0.38
[INFO] [stderr]   Downloaded dotenv v0.13.0
[INFO] [stderr]   Downloaded unic-ucd-version v0.7.0
[INFO] [stderr]   Downloaded libc v0.2.49
[INFO] [stderr]   Downloaded r2d2 v0.8.3
[INFO] [stderr]   Downloaded inotify v0.6.1
[INFO] [stderr]   Downloaded rocket_http v0.4.0
[INFO] [stderr]   Downloaded fsevent v0.2.17
[INFO] [stderr]   Downloaded ucd-trie v0.1.1
[INFO] [stderr]   Downloaded unic-char-property v0.7.0
[INFO] [stderr]   Downloaded devise v0.2.0
[INFO] [stderr]   Downloaded pest_generator v2.1.0
[INFO] [stderr]   Downloaded filetime v0.2.4
[INFO] [stderr]   Downloaded pear_codegen v0.1.2
[INFO] [stderr]   Downloaded bigdecimal v0.0.14
[INFO] [stderr]   Downloaded rocket_contrib v0.4.0
[INFO] running `Command { std: "docker" "create" "-v" "/var/lib/crater-agent-workspace/builds/worker-4-tc2/source:/opt/rustwide/workdir:ro,Z" "-v" "/var/lib/crater-agent-workspace/builds/worker-4-tc2/target:/opt/rustwide/target:rw,Z" "-v" "/var/lib/crater-agent-workspace/cargo-home:/opt/rustwide/cargo-home:ro,Z" "-v" "/var/lib/crater-agent-workspace/rustup-home:/opt/rustwide/rustup-home:ro,Z" "-m" "1610612736" "--network" "none" "ghcr.io/rust-lang/crates-build-env/linux@sha256:8683fc1fc2eb5c9ac98e0d076ab094b2ffac7f99da555d2b6a2e27f346de2ec7" "sleep" "infinity", kill_on_drop: false }`
[INFO] [stdout] 371e23f286054455fda68ed8c39dfd533ba502488bcaf4dd9782abb688e0d32c
[INFO] running `Command { std: "docker" "start" "371e23f286054455fda68ed8c39dfd533ba502488bcaf4dd9782abb688e0d32c", kill_on_drop: false }`
[INFO] running `Command { std: "docker" "inspect" "371e23f286054455fda68ed8c39dfd533ba502488bcaf4dd9782abb688e0d32c", kill_on_drop: false }`
[INFO] running `Command { std: "docker" "exec" "-e" "SOURCE_DIR=/opt/rustwide/workdir" "-e" "CARGO_HOME=/opt/rustwide/cargo-home" "-e" "RUSTUP_HOME=/opt/rustwide/rustup-home" "-e" "CARGO_TARGET_DIR=/opt/rustwide/target" "-w" "/opt/rustwide/workdir" "--user" "0:0" "371e23f286054455fda68ed8c39dfd533ba502488bcaf4dd9782abb688e0d32c" "/opt/rustwide/cargo-home/bin/cargo" "+be3da1e8c043bb6f1f335463d3b1335cdf50b03c" "metadata" "--no-deps" "--format-version=1", kill_on_drop: false }`
[INFO] running `Command { std: "docker" "inspect" "371e23f286054455fda68ed8c39dfd533ba502488bcaf4dd9782abb688e0d32c", kill_on_drop: false }`
[INFO] running `Command { std: "docker" "exec" "-e" "SOURCE_DIR=/opt/rustwide/workdir" "-e" "CARGO_HOME=/opt/rustwide/cargo-home" "-e" "RUSTUP_HOME=/opt/rustwide/rustup-home" "-e" "CARGO_TARGET_DIR=/opt/rustwide/target" "-e" "CARGO_INCREMENTAL=0" "-e" "RUST_BACKTRACE=full" "-e" "RUSTFLAGS=--cap-lints=forbid" "-e" "RUSTDOCFLAGS=--cap-lints=forbid" "-w" "/opt/rustwide/workdir" "--user" "0:0" "371e23f286054455fda68ed8c39dfd533ba502488bcaf4dd9782abb688e0d32c" "/opt/rustwide/cargo-home/bin/cargo" "+be3da1e8c043bb6f1f335463d3b1335cdf50b03c" "check" "--frozen" "--all" "--all-targets" "--message-format=json", kill_on_drop: false }`
[INFO] [stderr] warning: binary `budget_app` should have a kebab-case name
[INFO] [stderr]    |
[INFO] [stderr]  1 | /opt/rustwide/target/.../budget_app
[INFO] [stderr]    |                          ^^^^^^^^^^
[INFO] [stderr]    |
[INFO] [stderr]    = note: `cargo::non_kebab_case_bins` is set to `warn` by default
[INFO] [stderr] help: to change the binary name to `budget-app`, convert `package.name`
[INFO] [stderr]   --> Cargo.toml:33:8
[INFO] [stderr]    |
[INFO] [stderr] 33 - name = "budget_app"
[INFO] [stderr] 33 + name = "budget-app"
[INFO] [stderr]    |
[INFO] [stderr] help: to change the binary name to `budget-app`, specify `bin.name`
[INFO] [stderr]   --> Cargo.toml:34:19
[INFO] [stderr]    |
[INFO] [stderr] 34 ~ version = "0.1.0"
[INFO] [stderr] 35 + [[bin]]
[INFO] [stderr] 36 + name = "budget-app"
[INFO] [stderr] 37 + path = "src/main.rs"
[INFO] [stderr]    |
[INFO] [stderr] warning: `budget_app` (manifest) generated 1 warning
[INFO] [stderr]    Compiling libc v0.2.49
[INFO] [stderr]    Compiling proc-macro2 v0.4.27
[INFO] [stderr]     Checking cfg-if v0.1.6
[INFO] [stderr]    Compiling cc v1.0.29
[INFO] [stderr]    Compiling byteorder v1.3.1
[INFO] [stderr]    Compiling serde v1.0.88
[INFO] [stderr]    Compiling yansi v0.4.0
[INFO] [stderr]    Compiling httparse v1.3.3
[INFO] [stderr]    Compiling yansi v0.5.0
[INFO] [stderr]    Compiling smallvec v0.6.9
[INFO] [stderr]    Compiling matches v0.1.8
[INFO] [stderr]    Compiling num-traits v0.2.6
[INFO] [stderr]    Compiling unicase v1.4.2
[INFO] [stderr]     Checking unicode-normalization v0.1.8
[INFO] [stderr]    Compiling num-integer v0.1.39
[INFO] [stderr]    Compiling memchr v2.2.0
[INFO] [stderr]    Compiling unicode-bidi v0.3.4
[INFO] [stderr]     Checking log v0.4.6
[INFO] [stderr]    Compiling backtrace v0.3.14
[INFO] [stderr]    Compiling safemem v0.3.0
[INFO] [stderr]    Compiling bitflags v1.0.4
[INFO] [stderr]    Compiling pear_codegen v0.1.2
[INFO] [stderr]    Compiling percent-encoding v1.0.1
[INFO] [stderr]    Compiling ucd-trie v0.1.1
[INFO] [stderr]    Compiling lazy_static v1.3.0
[INFO] [stderr]    Compiling log v0.3.9
[INFO] [stderr]    Compiling base64 v0.9.3
[INFO] [stderr]     Checking rustc-demangle v0.1.13
[INFO] [stderr]    Compiling untrusted v0.6.2
[INFO] [stderr]    Compiling mime v0.2.6
[INFO] [stderr]    Compiling pest v2.1.0
[INFO] [stderr]    Compiling language-tags v0.2.2
[INFO] [stderr]     Checking time v0.1.42
[INFO] [stderr]     Checking unic-common v0.7.0
[INFO] [stderr]     Checking ucd-util v0.1.3
[INFO] [stderr]    Compiling num_cpus v1.10.0
[INFO] [stderr]    Compiling maplit v1.0.1
[INFO] [stderr]    Compiling regex v1.1.2
[INFO] [stderr]     Checking unic-char-range v0.7.0
[INFO] [stderr]    Compiling typeable v0.1.2
[INFO] [stderr]    Compiling traitobject v0.1.0
[INFO] [stderr]     Checking regex-syntax v0.6.5
[INFO] [stderr]     Checking unic-ucd-version v0.7.0
[INFO] [stderr]     Checking unic-char-property v0.7.0
[INFO] [stderr]     Checking net2 v0.2.33
[INFO] [stderr]     Checking iovec v0.1.2
[INFO] [stdout] error[E0119]: conflicting implementations of trait `Trait` for type `(dyn Send + Sync + 'static)`
[INFO] [stdout]   --> /opt/rustwide/cargo-home/registry/src/index.crates.io-1949cf8c6b5b557f/traitobject-0.1.0/src/impls.rs:72:1
[INFO] [stdout]    |
[INFO] [stdout] 71 | unsafe impl Trait for ::std::marker::Send + Sync { }
[INFO] [stdout]    | ------------------------------------------------ first implementation here
[INFO] [stdout] 72 | unsafe impl Trait for ::std::marker::Send + Send + Sync { }
[INFO] [stdout]    | ^^^^^^^^^^^^^^^^^^^^^^^^^^^^^^^^^^^^^^^^^^^^^^^^^^^^^^^ conflicting implementation for `(dyn Send + Sync + 'static)`
[INFO] [stdout] 
[INFO] [stdout] 
[INFO] [stdout] error[E0119]: conflicting implementations of trait `Trait` for type `(dyn Send + Sync + 'static)`
[INFO] [stdout]   --> /opt/rustwide/cargo-home/registry/src/index.crates.io-1949cf8c6b5b557f/traitobject-0.1.0/src/impls.rs:73:1
[INFO] [stdout]    |
[INFO] [stdout] 71 | unsafe impl Trait for ::std::marker::Send + Sync { }
[INFO] [stdout]    | ------------------------------------------------ first implementation here
[INFO] [stdout] 72 | unsafe impl Trait for ::std::marker::Send + Send + Sync { }
[INFO] [stdout] 73 | unsafe impl Trait for ::std::marker::Sync + Send { }
[INFO] [stdout]    | ^^^^^^^^^^^^^^^^^^^^^^^^^^^^^^^^^^^^^^^^^^^^^^^^ conflicting implementation for `(dyn Send + Sync + 'static)`
[INFO] [stdout] 
[INFO] [stdout] 
[INFO] [stdout] error[E0119]: conflicting implementations of trait `Trait` for type `(dyn Send + Sync + 'static)`
[INFO] [stdout]   --> /opt/rustwide/cargo-home/registry/src/index.crates.io-1949cf8c6b5b557f/traitobject-0.1.0/src/impls.rs:75:1
[INFO] [stdout]    |
[INFO] [stdout] 71 | unsafe impl Trait for ::std::marker::Send + Sync { }
[INFO] [stdout]    | ------------------------------------------------ first implementation here
[INFO] [stdout] ...
[INFO] [stdout] 75 | unsafe impl Trait for ::std::marker::Sync + Send + Sync { }
[INFO] [stdout]    | ^^^^^^^^^^^^^^^^^^^^^^^^^^^^^^^^^^^^^^^^^^^^^^^^^^^^^^^ conflicting implementation for `(dyn Send + Sync + 'static)`
[INFO] [stdout] 
[INFO] [stdout] 
[INFO] [stderr]    Compiling quote v0.6.11
[INFO] [stdout] For more information about this error, try `rustc --explain E0119`.
[INFO] [stdout] 
[INFO] [stderr] error: could not compile `traitobject` (lib) due to 3 previous errors
[INFO] [stderr] warning: build failed, waiting for other jobs to finish...
[INFO] running `Command { std: "docker" "inspect" "371e23f286054455fda68ed8c39dfd533ba502488bcaf4dd9782abb688e0d32c", kill_on_drop: false }`
[INFO] running `Command { std: "docker" "rm" "-f" "371e23f286054455fda68ed8c39dfd533ba502488bcaf4dd9782abb688e0d32c", kill_on_drop: false }`
[INFO] [stdout] 371e23f286054455fda68ed8c39dfd533ba502488bcaf4dd9782abb688e0d32c
