[INFO] cloning repository https://github.com/dlinyang/swcal
[INFO] running `Command { std: "git" "-c" "credential.helper=" "-c" "credential.helper=/workspace/cargo-home/bin/git-credential-null" "clone" "--bare" "https://github.com/dlinyang/swcal" "/workspace/cache/git-repos/https%3A%2F%2Fgithub.com%2Fdlinyang%2Fswcal", kill_on_drop: false }`
[INFO] [stderr] Cloning into bare repository '/workspace/cache/git-repos/https%3A%2F%2Fgithub.com%2Fdlinyang%2Fswcal'...
[INFO] running `Command { std: "git" "rev-parse" "HEAD", kill_on_drop: false }`
[INFO] [stdout] 0deb4381fa6449b67ac62fcd8d54b4488ef2308e
[INFO] checking dlinyang/swcal against be3da1e8c043bb6f1f335463d3b1335cdf50b03c for pr-162597
[INFO] running `Command { std: "git" "clone" "/workspace/cache/git-repos/https%3A%2F%2Fgithub.com%2Fdlinyang%2Fswcal" "/workspace/builds/worker-5-tc2/source", kill_on_drop: false }`
[INFO] [stderr] Cloning into '/workspace/builds/worker-5-tc2/source'...
[INFO] [stderr] done.
[INFO] started tweaking git repo https://github.com/dlinyang/swcal
[INFO] finished tweaking git repo https://github.com/dlinyang/swcal
[INFO] tweaked toml for git repo https://github.com/dlinyang/swcal written to /workspace/builds/worker-5-tc2/source/Cargo.toml
[INFO] validating manifest of git repo https://github.com/dlinyang/swcal on toolchain be3da1e8c043bb6f1f335463d3b1335cdf50b03c
[INFO] running `Command { std: CARGO_HOME="/workspace/cargo-home" RUSTUP_HOME="/workspace/rustup-home" "/workspace/cargo-home/bin/cargo" "+be3da1e8c043bb6f1f335463d3b1335cdf50b03c" "metadata" "--manifest-path" "Cargo.toml" "--no-deps", kill_on_drop: false }`
[INFO] crate git repo https://github.com/dlinyang/swcal already has a lockfile, it will not be regenerated
[INFO] running `Command { std: CARGO_HOME="/workspace/cargo-home" RUSTUP_HOME="/workspace/rustup-home" "/workspace/cargo-home/bin/cargo" "+be3da1e8c043bb6f1f335463d3b1335cdf50b03c" "fetch" "--manifest-path" "Cargo.toml", kill_on_drop: false }`
[INFO] [stderr] warning: binary `swcal_x64` should have a kebab-case name
[INFO] [stderr]    |
[INFO] [stderr]  1 | /workspace/builds/worker-5-tc2/source/target/.../swcal_x64
[INFO] [stderr]    |                                                  ^^^^^^^^^
[INFO] [stderr]    |
[INFO] [stderr]    = note: `cargo::non_kebab_case_bins` is set to `warn` by default
[INFO] [stderr] help: to change the binary name to `swcal-x64`, convert `package.name`
[INFO] [stderr]   --> crates/swcal_x64/Cargo.toml:2:8
[INFO] [stderr]    |
[INFO] [stderr]  2 - name = "swcal_x64"
[INFO] [stderr]  2 + name = "swcal-x64"
[INFO] [stderr]    |
[INFO] [stderr] help: to change the binary name to `swcal-x64`, specify `bin.name`
[INFO] [stderr]   --> crates/swcal_x64/Cargo.toml:10:36
[INFO] [stderr]    |
[INFO] [stderr] 10 ~ swcal_x64_meta = { path = "meta" }
[INFO] [stderr] 11 + [[bin]]
[INFO] [stderr] 12 + name = "swcal-x64"
[INFO] [stderr] 13 + path = "src/main.rs"
[INFO] [stderr]    |
[INFO] [stderr] warning: `swcal_x64` (manifest) generated 1 warning
[INFO] [stderr] warning: binary `swcal_ii` should have a kebab-case name
[INFO] [stderr]    |
[INFO] [stderr]  1 | /workspace/builds/worker-5-tc2/source/target/.../swcal_ii
[INFO] [stderr]    |                                                  ^^^^^^^^
[INFO] [stderr]    |
[INFO] [stderr]    = note: `cargo::non_kebab_case_bins` is set to `warn` by default
[INFO] [stderr] help: to change the binary name to `swcal-ii`, convert `package.name`
[INFO] [stderr]   --> crates/swcal_ii/Cargo.toml:2:8
[INFO] [stderr]    |
[INFO] [stderr]  2 - name = "swcal_ii"
[INFO] [stderr]  2 + name = "swcal-ii"
[INFO] [stderr]    |
[INFO] [stderr] help: to change the binary name to `swcal-ii`, specify `bin.name`
[INFO] [stderr]   --> crates/swcal_ii/Cargo.toml:7:36
[INFO] [stderr]    |
[INFO] [stderr]  7 ~ swcal_ir = { path = "../swcal_ir"}
[INFO] [stderr]  8 + [[bin]]
[INFO] [stderr]  9 + name = "swcal-ii"
[INFO] [stderr] 10 + path = "src/main.rs"
[INFO] [stderr]    |
[INFO] [stderr] warning: `swcal_ii` (manifest) generated 1 warning
[INFO] [stderr]     Blocking waiting for file lock on package cache
[INFO] [stderr]     Updating git repository `https://github.com/dlinyang/tinyparsec`
[INFO] [stderr]     Blocking waiting for file lock on package cache
[ERROR] error running command: no output for 300 seconds
[INFO] checking dlinyang/swcal against be3da1e8c043bb6f1f335463d3b1335cdf50b03c for pr-162597
[INFO] running `Command { std: "git" "clone" "/workspace/cache/git-repos/https%3A%2F%2Fgithub.com%2Fdlinyang%2Fswcal" "/workspace/builds/worker-5-tc2/source", kill_on_drop: false }`
[INFO] [stderr] Cloning into '/workspace/builds/worker-5-tc2/source'...
[INFO] [stderr] done.
[INFO] started tweaking git repo https://github.com/dlinyang/swcal
[INFO] finished tweaking git repo https://github.com/dlinyang/swcal
[INFO] tweaked toml for git repo https://github.com/dlinyang/swcal written to /workspace/builds/worker-5-tc2/source/Cargo.toml
[INFO] validating manifest of git repo https://github.com/dlinyang/swcal on toolchain be3da1e8c043bb6f1f335463d3b1335cdf50b03c
[INFO] running `Command { std: CARGO_HOME="/workspace/cargo-home" RUSTUP_HOME="/workspace/rustup-home" "/workspace/cargo-home/bin/cargo" "+be3da1e8c043bb6f1f335463d3b1335cdf50b03c" "metadata" "--manifest-path" "Cargo.toml" "--no-deps", kill_on_drop: false }`
[INFO] crate git repo https://github.com/dlinyang/swcal already has a lockfile, it will not be regenerated
[INFO] running `Command { std: CARGO_HOME="/workspace/cargo-home" RUSTUP_HOME="/workspace/rustup-home" "/workspace/cargo-home/bin/cargo" "+be3da1e8c043bb6f1f335463d3b1335cdf50b03c" "fetch" "--manifest-path" "Cargo.toml", kill_on_drop: false }`
[INFO] [stderr] warning: binary `swcal_x64` should have a kebab-case name
[INFO] [stderr]    |
[INFO] [stderr]  1 | /workspace/builds/worker-5-tc2/source/target/.../swcal_x64
[INFO] [stderr]    |                                                  ^^^^^^^^^
[INFO] [stderr]    |
[INFO] [stderr]    = note: `cargo::non_kebab_case_bins` is set to `warn` by default
[INFO] [stderr] help: to change the binary name to `swcal-x64`, convert `package.name`
[INFO] [stderr]   --> crates/swcal_x64/Cargo.toml:2:8
[INFO] [stderr]    |
[INFO] [stderr]  2 - name = "swcal_x64"
[INFO] [stderr]  2 + name = "swcal-x64"
[INFO] [stderr]    |
[INFO] [stderr] help: to change the binary name to `swcal-x64`, specify `bin.name`
[INFO] [stderr]   --> crates/swcal_x64/Cargo.toml:10:36
[INFO] [stderr]    |
[INFO] [stderr] 10 ~ swcal_x64_meta = { path = "meta" }
[INFO] [stderr] 11 + [[bin]]
[INFO] [stderr] 12 + name = "swcal-x64"
[INFO] [stderr] 13 + path = "src/main.rs"
[INFO] [stderr]    |
[INFO] [stderr] warning: `swcal_x64` (manifest) generated 1 warning
[INFO] [stderr] warning: binary `swcal_ii` should have a kebab-case name
[INFO] [stderr]    |
[INFO] [stderr]  1 | /workspace/builds/worker-5-tc2/source/target/.../swcal_ii
[INFO] [stderr]    |                                                  ^^^^^^^^
[INFO] [stderr]    |
[INFO] [stderr]    = note: `cargo::non_kebab_case_bins` is set to `warn` by default
[INFO] [stderr] help: to change the binary name to `swcal-ii`, convert `package.name`
[INFO] [stderr]   --> crates/swcal_ii/Cargo.toml:2:8
[INFO] [stderr]    |
[INFO] [stderr]  2 - name = "swcal_ii"
[INFO] [stderr]  2 + name = "swcal-ii"
[INFO] [stderr]    |
[INFO] [stderr] help: to change the binary name to `swcal-ii`, specify `bin.name`
[INFO] [stderr]   --> crates/swcal_ii/Cargo.toml:7:36
[INFO] [stderr]    |
[INFO] [stderr]  7 ~ swcal_ir = { path = "../swcal_ir"}
[INFO] [stderr]  8 + [[bin]]
[INFO] [stderr]  9 + name = "swcal-ii"
[INFO] [stderr] 10 + path = "src/main.rs"
[INFO] [stderr]    |
[INFO] [stderr] warning: `swcal_ii` (manifest) generated 1 warning
[INFO] [stderr]     Blocking waiting for file lock on package cache
[INFO] [stderr]     Blocking waiting for file lock on package cache
[INFO] running `Command { std: "docker" "create" "-v" "/var/lib/crater-agent-workspace/builds/worker-5-tc2/source:/opt/rustwide/workdir:ro,Z" "-v" "/var/lib/crater-agent-workspace/builds/worker-5-tc2/target:/opt/rustwide/target:rw,Z" "-v" "/var/lib/crater-agent-workspace/cargo-home:/opt/rustwide/cargo-home:ro,Z" "-v" "/var/lib/crater-agent-workspace/rustup-home:/opt/rustwide/rustup-home:ro,Z" "-m" "1610612736" "--network" "none" "ghcr.io/rust-lang/crates-build-env/linux@sha256:8683fc1fc2eb5c9ac98e0d076ab094b2ffac7f99da555d2b6a2e27f346de2ec7" "sleep" "infinity", kill_on_drop: false }`
[INFO] [stdout] 1433df60029ef1452cd35f47d5f7faa1a1731101921abff3ad78d4446d987182
[INFO] running `Command { std: "docker" "start" "1433df60029ef1452cd35f47d5f7faa1a1731101921abff3ad78d4446d987182", kill_on_drop: false }`
[INFO] running `Command { std: "docker" "inspect" "1433df60029ef1452cd35f47d5f7faa1a1731101921abff3ad78d4446d987182", kill_on_drop: false }`
[INFO] running `Command { std: "docker" "exec" "-e" "SOURCE_DIR=/opt/rustwide/workdir" "-e" "CARGO_HOME=/opt/rustwide/cargo-home" "-e" "RUSTUP_HOME=/opt/rustwide/rustup-home" "-e" "CARGO_TARGET_DIR=/opt/rustwide/target" "-w" "/opt/rustwide/workdir" "--user" "0:0" "1433df60029ef1452cd35f47d5f7faa1a1731101921abff3ad78d4446d987182" "/opt/rustwide/cargo-home/bin/cargo" "+be3da1e8c043bb6f1f335463d3b1335cdf50b03c" "metadata" "--no-deps" "--format-version=1", kill_on_drop: false }`
[INFO] running `Command { std: "docker" "inspect" "1433df60029ef1452cd35f47d5f7faa1a1731101921abff3ad78d4446d987182", kill_on_drop: false }`
[INFO] running `Command { std: "docker" "exec" "-e" "SOURCE_DIR=/opt/rustwide/workdir" "-e" "CARGO_HOME=/opt/rustwide/cargo-home" "-e" "RUSTUP_HOME=/opt/rustwide/rustup-home" "-e" "CARGO_TARGET_DIR=/opt/rustwide/target" "-e" "CARGO_INCREMENTAL=0" "-e" "RUST_BACKTRACE=full" "-e" "RUSTFLAGS=--cap-lints=forbid" "-e" "RUSTDOCFLAGS=--cap-lints=forbid" "-w" "/opt/rustwide/workdir" "--user" "0:0" "1433df60029ef1452cd35f47d5f7faa1a1731101921abff3ad78d4446d987182" "/opt/rustwide/cargo-home/bin/cargo" "+be3da1e8c043bb6f1f335463d3b1335cdf50b03c" "check" "--frozen" "--all" "--all-targets" "--message-format=json", kill_on_drop: false }`
[INFO] [stderr] warning: binary `swcal_x64` should have a kebab-case name
[INFO] [stderr]    |
[INFO] [stderr]  1 | /opt/rustwide/target/.../swcal_x64
[INFO] [stderr]    |                          ^^^^^^^^^
[INFO] [stderr]    |
[INFO] [stderr]    = note: `cargo::non_kebab_case_bins` is set to `warn` by default
[INFO] [stderr] help: to change the binary name to `swcal-x64`, convert `package.name`
[INFO] [stderr]   --> crates/swcal_x64/Cargo.toml:2:8
[INFO] [stderr]    |
[INFO] [stderr]  2 - name = "swcal_x64"
[INFO] [stderr]  2 + name = "swcal-x64"
[INFO] [stderr]    |
[INFO] [stderr] help: to change the binary name to `swcal-x64`, specify `bin.name`
[INFO] [stderr]   --> crates/swcal_x64/Cargo.toml:10:36
[INFO] [stderr]    |
[INFO] [stderr] 10 ~ swcal_x64_meta = { path = "meta" }
[INFO] [stderr] 11 + [[bin]]
[INFO] [stderr] 12 + name = "swcal-x64"
[INFO] [stderr] 13 + path = "src/main.rs"
[INFO] [stderr]    |
[INFO] [stderr] warning: `swcal_x64` (manifest) generated 1 warning
[INFO] [stderr] warning: binary `swcal_ii` should have a kebab-case name
[INFO] [stderr]    |
[INFO] [stderr]  1 | /opt/rustwide/target/.../swcal_ii
[INFO] [stderr]    |                          ^^^^^^^^
[INFO] [stderr]    |
[INFO] [stderr]    = note: `cargo::non_kebab_case_bins` is set to `warn` by default
[INFO] [stderr] help: to change the binary name to `swcal-ii`, convert `package.name`
[INFO] [stderr]   --> crates/swcal_ii/Cargo.toml:2:8
[INFO] [stderr]    |
[INFO] [stderr]  2 - name = "swcal_ii"
[INFO] [stderr]  2 + name = "swcal-ii"
[INFO] [stderr]    |
[INFO] [stderr] help: to change the binary name to `swcal-ii`, specify `bin.name`
[INFO] [stderr]   --> crates/swcal_ii/Cargo.toml:7:36
[INFO] [stderr]    |
[INFO] [stderr]  7 ~ swcal_ir = { path = "../swcal_ir"}
[INFO] [stderr]  8 + [[bin]]
[INFO] [stderr]  9 + name = "swcal-ii"
[INFO] [stderr] 10 + path = "src/main.rs"
[INFO] [stderr]    |
[INFO] [stderr] warning: `swcal_ii` (manifest) generated 1 warning
[INFO] [stderr]    Compiling swcal_x64_meta v0.1.0 (/opt/rustwide/workdir/crates/swcal_x64/meta)
[INFO] [stderr]     Checking tinyparsec v0.1.0 (https://github.com/dlinyang/tinyparsec#f6c01001)
[INFO] [stderr]     Checking swcal_ir v0.1.0 (/opt/rustwide/workdir/crates/swcal_ir)
[INFO] [stderr]     Checking swcal v0.1.0 (/opt/rustwide/workdir)
[INFO] [stdout] warning: unused import: `crate::format::*`
[INFO] [stdout]  --> crates/swcal_x64/meta/src/inst/mod.rs:3:5
[INFO] [stdout]   |
[INFO] [stdout] 3 | use crate::format::*;
[INFO] [stdout]   |     ^^^^^^^^^^^^^^^^
[INFO] [stdout]   |
[INFO] [stdout]   = note: `#[warn(unused_imports)]` (part of `#[warn(unused)]`) on by default
[INFO] [stdout] 
[INFO] [stdout] 
[INFO] [stdout] warning: unused import: `crate::format::*`
[INFO] [stdout]  --> crates/swcal_x64/meta/src/inst/mod.rs:3:5
[INFO] [stdout]   |
[INFO] [stdout] 3 | use crate::format::*;
[INFO] [stdout]   |     ^^^^^^^^^^^^^^^^
[INFO] [stdout]   |
[INFO] [stdout]   = note: `#[warn(unused_imports)]` (part of `#[warn(unused)]`) on by default
[INFO] [stdout] 
[INFO] [stdout] 
[INFO] [stdout] error[E0425]: cannot find value `dest` in this scope
[INFO] [stdout]    --> crates/swcal_ir/src/expr.rs:113:62
[INFO] [stdout]     |
[INFO] [stdout] 113 |             Instr::Copy { dst, src } => write!(f, "{} = {}", dest, src),
[INFO] [stdout]     |                                                              ^^^^ not found in this scope
[INFO] [stdout]     |
[INFO] [stdout] help: a local variable with a similar name exists
[INFO] [stdout]     |
[INFO] [stdout] 113 -             Instr::Copy { dst, src } => write!(f, "{} = {}", dest, src),
[INFO] [stdout] 113 +             Instr::Copy { dst, src } => write!(f, "{} = {}", dst, src),
[INFO] [stdout]     |
[INFO] [stdout] 
[INFO] [stdout] 
[INFO] [stdout] error[E0425]: cannot find value `dest` in this scope
[INFO] [stdout]    --> crates/swcal_ir/src/expr.rs:114:79
[INFO] [stdout]     |
[INFO] [stdout] 114 |             Instr::Binary { dst, op, lhs, rhs } => write!(f, "{} = {} {} {}", dest, lhs, op, rhs),
[INFO] [stdout]     |                                                                               ^^^^ not found in this scope
[INFO] [stdout]     |
[INFO] [stdout] help: a local variable with a similar name exists
[INFO] [stdout]     |
[INFO] [stdout] 114 -             Instr::Binary { dst, op, lhs, rhs } => write!(f, "{} = {} {} {}", dest, lhs, op, rhs),
[INFO] [stdout] 114 +             Instr::Binary { dst, op, lhs, rhs } => write!(f, "{} = {} {} {}", dst, lhs, op, rhs),
[INFO] [stdout]     |
[INFO] [stdout] 
[INFO] [stdout] 
[INFO] [stdout] error[E0425]: cannot find value `dest` in this scope
[INFO] [stdout]    --> crates/swcal_ir/src/expr.rs:115:74
[INFO] [stdout]     |
[INFO] [stdout] 115 |             Instr::Unary { dst, op, operand } => write!(f, "{} = {} {}", dest, op, operand),
[INFO] [stdout]     |                                                                          ^^^^ not found in this scope
[INFO] [stdout]     |
[INFO] [stdout] help: a local variable with a similar name exists
[INFO] [stdout]     |
[INFO] [stdout] 115 -             Instr::Unary { dst, op, operand } => write!(f, "{} = {} {}", dest, op, operand),
[INFO] [stdout] 115 +             Instr::Unary { dst, op, operand } => write!(f, "{} = {} {}", dst, op, operand),
[INFO] [stdout]     |
[INFO] [stdout] 
[INFO] [stdout] 
[INFO] [stdout] error[E0425]: cannot find value `dest` in this scope
[INFO] [stdout]    --> crates/swcal_ir/src/expr.rs:113:62
[INFO] [stdout]     |
[INFO] [stdout] 113 |             Instr::Copy { dst, src } => write!(f, "{} = {}", dest, src),
[INFO] [stdout]     |                                                              ^^^^ not found in this scope
[INFO] [stdout]     |
[INFO] [stdout] help: a local variable with a similar name exists
[INFO] [stdout]     |
[INFO] [stdout] 113 -             Instr::Copy { dst, src } => write!(f, "{} = {}", dest, src),
[INFO] [stdout] 113 +             Instr::Copy { dst, src } => write!(f, "{} = {}", dst, src),
[INFO] [stdout]     |
[INFO] [stdout] 
[INFO] [stdout] 
[INFO] [stdout] warning: unused import: `crate::format::*`
[INFO] [stdout]  --> crates/swcal_x64/meta/src/inst/mod.rs:3:5
[INFO] [stdout]   |
[INFO] [stdout] 3 | use crate::format::*;
[INFO] [stdout]   |     ^^^^^^^^^^^^^^^^
[INFO] [stdout]   |
[INFO] [stdout]   = note: `#[warn(unused_imports)]` (part of `#[warn(unused)]`) on by default
[INFO] [stdout] 
[INFO] [stdout] 
[INFO] [stdout] error[E0425]: cannot find value `dest` in this scope
[INFO] [stdout]    --> crates/swcal_ir/src/expr.rs:116:67
[INFO] [stdout]     |
[INFO] [stdout] 116 |             Instr::Load { dst, ptr } => write!(f, "{} = load {}", dest, ptr),
[INFO] [stdout]     |                                                                   ^^^^ not found in this scope
[INFO] [stdout]     |
[INFO] [stdout] help: a local variable with a similar name exists
[INFO] [stdout]     |
[INFO] [stdout] 116 -             Instr::Load { dst, ptr } => write!(f, "{} = load {}", dest, ptr),
[INFO] [stdout] 116 +             Instr::Load { dst, ptr } => write!(f, "{} = load {}", dst, ptr),
[INFO] [stdout]     |
[INFO] [stdout] 
[INFO] [stdout] 
[INFO] [stdout] error[E0425]: cannot find value `dest` in this scope
[INFO] [stdout]    --> crates/swcal_ir/src/expr.rs:114:79
[INFO] [stdout]     |
[INFO] [stdout] 114 |             Instr::Binary { dst, op, lhs, rhs } => write!(f, "{} = {} {} {}", dest, lhs, op, rhs),
[INFO] [stdout]     |                                                                               ^^^^ not found in this scope
[INFO] [stdout]     |
[INFO] [stdout] help: a local variable with a similar name exists
[INFO] [stdout]     |
[INFO] [stdout] 114 -             Instr::Binary { dst, op, lhs, rhs } => write!(f, "{} = {} {} {}", dest, lhs, op, rhs),
[INFO] [stdout] 114 +             Instr::Binary { dst, op, lhs, rhs } => write!(f, "{} = {} {} {}", dst, lhs, op, rhs),
[INFO] [stdout]     |
[INFO] [stdout] 
[INFO] [stdout] 
[INFO] [stdout] error[E0425]: cannot find value `dest` in this scope
[INFO] [stdout]    --> crates/swcal_ir/src/expr.rs:118:70
[INFO] [stdout]     |
[INFO] [stdout] 118 |             Instr::Alloca { dst, ty } => write!(f, "{} = alloca {}", dest, ty),
[INFO] [stdout]     |                                                                      ^^^^ not found in this scope
[INFO] [stdout]     |
[INFO] [stdout] help: a local variable with a similar name exists
[INFO] [stdout]     |
[INFO] [stdout] 118 -             Instr::Alloca { dst, ty } => write!(f, "{} = alloca {}", dest, ty),
[INFO] [stdout] 118 +             Instr::Alloca { dst, ty } => write!(f, "{} = alloca {}", dst, ty),
[INFO] [stdout]     |
[INFO] [stdout] 
[INFO] [stdout] 
[INFO] [stdout] error[E0425]: cannot find value `dest` in this scope
[INFO] [stdout]    --> crates/swcal_ir/src/expr.rs:115:74
[INFO] [stdout]     |
[INFO] [stdout] 115 |             Instr::Unary { dst, op, operand } => write!(f, "{} = {} {}", dest, op, operand),
[INFO] [stdout]     |                                                                          ^^^^ not found in this scope
[INFO] [stdout]     |
[INFO] [stdout] help: a local variable with a similar name exists
[INFO] [stdout]     |
[INFO] [stdout] 115 -             Instr::Unary { dst, op, operand } => write!(f, "{} = {} {}", dest, op, operand),
[INFO] [stdout] 115 +             Instr::Unary { dst, op, operand } => write!(f, "{} = {} {}", dst, op, operand),
[INFO] [stdout]     |
[INFO] [stdout] 
[INFO] [stdout] 
[INFO] [stdout] error[E0425]: cannot find value `dest` in this scope
[INFO] [stdout]    --> crates/swcal_ir/src/expr.rs:116:67
[INFO] [stdout]     |
[INFO] [stdout] 116 |             Instr::Load { dst, ptr } => write!(f, "{} = load {}", dest, ptr),
[INFO] [stdout]     |                                                                   ^^^^ not found in this scope
[INFO] [stdout]     |
[INFO] [stdout] help: a local variable with a similar name exists
[INFO] [stdout]     |
[INFO] [stdout] 116 -             Instr::Load { dst, ptr } => write!(f, "{} = load {}", dest, ptr),
[INFO] [stdout] 116 +             Instr::Load { dst, ptr } => write!(f, "{} = load {}", dst, ptr),
[INFO] [stdout]     |
[INFO] [stdout] 
[INFO] [stdout] 
[INFO] [stdout] error[E0425]: cannot find value `dest` in this scope
[INFO] [stdout]    --> crates/swcal_ir/src/expr.rs:118:70
[INFO] [stdout]     |
[INFO] [stdout] 118 |             Instr::Alloca { dst, ty } => write!(f, "{} = alloca {}", dest, ty),
[INFO] [stdout]     |                                                                      ^^^^ not found in this scope
[INFO] [stdout]     |
[INFO] [stdout] help: a local variable with a similar name exists
[INFO] [stdout]     |
[INFO] [stdout] 118 -             Instr::Alloca { dst, ty } => write!(f, "{} = alloca {}", dest, ty),
[INFO] [stdout] 118 +             Instr::Alloca { dst, ty } => write!(f, "{} = alloca {}", dst, ty),
[INFO] [stdout]     |
[INFO] [stdout] 
[INFO] [stdout] 
[INFO] [stdout] For more information about this error, try `rustc --explain E0425`.
[INFO] [stdout] 
[INFO] [stdout] For more information about this error, try `rustc --explain E0425`.
[INFO] [stdout] 
[INFO] [stderr] error: could not compile `swcal_ir` (lib) due to 5 previous errors
[INFO] [stderr] warning: build failed, waiting for other jobs to finish...
[INFO] [stderr] error: could not compile `swcal_ir` (lib test) due to 5 previous errors
[INFO] running `Command { std: "docker" "inspect" "1433df60029ef1452cd35f47d5f7faa1a1731101921abff3ad78d4446d987182", kill_on_drop: false }`
[INFO] running `Command { std: "docker" "rm" "-f" "1433df60029ef1452cd35f47d5f7faa1a1731101921abff3ad78d4446d987182", kill_on_drop: false }`
[INFO] [stdout] 1433df60029ef1452cd35f47d5f7faa1a1731101921abff3ad78d4446d987182
