[INFO] cloning repository https://github.com/dao-galaxy/bloom-clap
[INFO] running `Command { std: "git" "-c" "credential.helper=" "-c" "credential.helper=/workspace/cargo-home/bin/git-credential-null" "clone" "--bare" "https://github.com/dao-galaxy/bloom-clap" "/workspace/cache/git-repos/https%3A%2F%2Fgithub.com%2Fdao-galaxy%2Fbloom-clap", kill_on_drop: false }`
[INFO] [stderr] Cloning into bare repository '/workspace/cache/git-repos/https%3A%2F%2Fgithub.com%2Fdao-galaxy%2Fbloom-clap'...
[INFO] running `Command { std: "git" "rev-parse" "HEAD", kill_on_drop: false }`
[INFO] [stdout] 1d98f6e5b824ec3866c3d6886627f18460cf8d38
[INFO] checking dao-galaxy/bloom-clap/1d98f6e5b824ec3866c3d6886627f18460cf8d38 against 018018e881e2db0956f229dbb543e21f058d1ce7 for pr-162597
[INFO] running `Command { std: "git" "clone" "/workspace/cache/git-repos/https%3A%2F%2Fgithub.com%2Fdao-galaxy%2Fbloom-clap" "/workspace/builds/worker-6-tc1/source", kill_on_drop: false }`
[INFO] [stderr] Cloning into '/workspace/builds/worker-6-tc1/source'...
[INFO] [stderr] done.
[INFO] started tweaking git repo https://github.com/dao-galaxy/bloom-clap
[INFO] finished tweaking git repo https://github.com/dao-galaxy/bloom-clap
[INFO] tweaked toml for git repo https://github.com/dao-galaxy/bloom-clap written to /workspace/builds/worker-6-tc1/source/Cargo.toml
[INFO] validating manifest of git repo https://github.com/dao-galaxy/bloom-clap on toolchain 018018e881e2db0956f229dbb543e21f058d1ce7
[INFO] running `Command { std: CARGO_HOME="/workspace/cargo-home" RUSTUP_HOME="/workspace/rustup-home" "/workspace/cargo-home/bin/cargo" "+018018e881e2db0956f229dbb543e21f058d1ce7" "metadata" "--manifest-path" "Cargo.toml" "--no-deps", kill_on_drop: false }`
[INFO] crate git repo https://github.com/dao-galaxy/bloom-clap already has a lockfile, it will not be regenerated
[INFO] running `Command { std: CARGO_HOME="/workspace/cargo-home" RUSTUP_HOME="/workspace/rustup-home" "/workspace/cargo-home/bin/cargo" "+018018e881e2db0956f229dbb543e21f058d1ce7" "fetch" "--manifest-path" "Cargo.toml", kill_on_drop: false }`
[INFO] [stderr]     Updating crates.io index
[INFO] [stderr]  Downloading crates ...
[INFO] [stderr]   Downloaded block-padding v0.2.0
[INFO] [stderr]   Downloaded scrypt v0.2.0
[INFO] [stderr]   Downloaded secp256k1 v0.17.2
[INFO] [stderr]   Downloaded ripemd160 v0.8.0
[INFO] [stderr]   Downloaded fixed-hash v0.6.1
[INFO] [stderr]   Downloaded hex-literal-impl v0.2.2
[INFO] [stderr]   Downloaded generic-array v0.14.3
[INFO] [stderr]   Downloaded primitive-types v0.7.2
[INFO] [stderr]   Downloaded hex_fmt v0.3.0
[INFO] [stderr]   Downloaded keccak-hash v0.5.1
[INFO] [stderr]   Downloaded merlin v2.0.0
[INFO] [stderr]   Downloaded rlp v0.4.5
[INFO] [stderr]   Downloaded os_str_bytes v2.3.1
[INFO] [stderr]   Downloaded ed25519 v1.0.1
[INFO] [stderr]   Downloaded ethereum-types v0.9.2
[INFO] [stderr]   Downloaded ethbloom v0.9.2
[INFO] [stderr]   Downloaded signature v1.2.2
[INFO] [stderr]   Downloaded block-modes v0.3.3
[INFO] [stderr]   Downloaded proc-macro-error-attr v0.4.12
[INFO] [stderr]   Downloaded uint v0.8.3
[INFO] [stderr]   Downloaded ed25519-dalek v1.0.0-pre.4
[INFO] [stderr]   Downloaded parity-crypto v0.6.2
[INFO] [stderr]   Downloaded proc-macro-error v0.4.12
[INFO] [stderr]   Downloaded clap_derive v3.0.0-beta.1
[INFO] [stderr]   Downloaded cc v1.0.41
[INFO] [stderr]   Downloaded parity-scale-codec v1.3.4
[INFO] [stderr]   Downloaded yaml-rust v0.4.4
[INFO] [stderr]   Downloaded secp256k1-sys v0.1.2
[INFO] [stderr]   Downloaded clap v3.0.0-beta.1
[INFO] [stderr]   Downloaded syn v1.0.36
[INFO] [stderr]   Downloaded contract-address v0.4.0
[INFO] [stderr]   Downloaded curve25519-dalek v2.1.0
[INFO] running `Command { std: "docker" "create" "-v" "/var/lib/crater-agent-workspace/builds/worker-6-tc1/source:/opt/rustwide/workdir:ro,Z" "-v" "/var/lib/crater-agent-workspace/builds/worker-6-tc1/target:/opt/rustwide/target:rw,Z" "-v" "/var/lib/crater-agent-workspace/cargo-home:/opt/rustwide/cargo-home:ro,Z" "-v" "/var/lib/crater-agent-workspace/rustup-home:/opt/rustwide/rustup-home:ro,Z" "-m" "1610612736" "--network" "none" "ghcr.io/rust-lang/crates-build-env/linux@sha256:8683fc1fc2eb5c9ac98e0d076ab094b2ffac7f99da555d2b6a2e27f346de2ec7" "sleep" "infinity", kill_on_drop: false }`
[INFO] [stdout] fe9743b40d8fab7f1e45286244c71fcf22199b9d67c7f0963493b5bbb02230cd
[INFO] running `Command { std: "docker" "start" "fe9743b40d8fab7f1e45286244c71fcf22199b9d67c7f0963493b5bbb02230cd", kill_on_drop: false }`
[INFO] running `Command { std: "docker" "inspect" "fe9743b40d8fab7f1e45286244c71fcf22199b9d67c7f0963493b5bbb02230cd", kill_on_drop: false }`
[INFO] running `Command { std: "docker" "exec" "-e" "SOURCE_DIR=/opt/rustwide/workdir" "-e" "CARGO_HOME=/opt/rustwide/cargo-home" "-e" "RUSTUP_HOME=/opt/rustwide/rustup-home" "-e" "CARGO_TARGET_DIR=/opt/rustwide/target" "-w" "/opt/rustwide/workdir" "--user" "0:0" "fe9743b40d8fab7f1e45286244c71fcf22199b9d67c7f0963493b5bbb02230cd" "/opt/rustwide/cargo-home/bin/cargo" "+018018e881e2db0956f229dbb543e21f058d1ce7" "metadata" "--no-deps" "--format-version=1", kill_on_drop: false }`
[INFO] running `Command { std: "docker" "inspect" "fe9743b40d8fab7f1e45286244c71fcf22199b9d67c7f0963493b5bbb02230cd", kill_on_drop: false }`
[INFO] running `Command { std: "docker" "exec" "-e" "SOURCE_DIR=/opt/rustwide/workdir" "-e" "CARGO_HOME=/opt/rustwide/cargo-home" "-e" "RUSTUP_HOME=/opt/rustwide/rustup-home" "-e" "CARGO_TARGET_DIR=/opt/rustwide/target" "-e" "CARGO_INCREMENTAL=0" "-e" "RUST_BACKTRACE=full" "-e" "RUSTFLAGS=--cap-lints=forbid" "-e" "RUSTDOCFLAGS=--cap-lints=forbid" "-w" "/opt/rustwide/workdir" "--user" "0:0" "fe9743b40d8fab7f1e45286244c71fcf22199b9d67c7f0963493b5bbb02230cd" "/opt/rustwide/cargo-home/bin/cargo" "+018018e881e2db0956f229dbb543e21f058d1ce7" "check" "--frozen" "--all" "--all-targets" "--message-format=json", kill_on_drop: false }`
[INFO] [stderr]    Compiling byteorder v1.3.4
[INFO] [stderr]    Compiling syn v1.0.36
[INFO] [stderr]    Compiling serde v1.0.114
[INFO] [stderr]     Checking rand_core v0.3.1
[INFO] [stderr]     Checking rustc-hex v2.1.0
[INFO] [stderr]     Checking crunchy v0.2.2
[INFO] [stderr]     Checking either v1.5.3
[INFO] [stderr]     Checking radium v0.3.0
[INFO] [stderr]     Checking arrayvec v0.5.1
[INFO] [stderr]     Checking byte-slice-cast v0.3.5
[INFO] [stderr]     Checking rlp v0.4.5
[INFO] [stderr]    Compiling tiny-keccak v2.0.2
[INFO] [stderr]     Checking bitvec v0.17.4
[INFO] [stderr]     Checking impl-rlp v0.2.1
[INFO] [stderr]    Compiling rand_pcg v0.1.2
[INFO] [stderr]    Compiling rand_chacha v0.1.1
[INFO] [stderr]    Compiling generic-array v0.14.3
[INFO] [stderr]    Compiling proc-macro-error-attr v0.4.12
[INFO] [stderr]    Compiling cc v1.0.41
[INFO] [stderr]    Compiling rand v0.6.5
[INFO] [stderr]    Compiling proc-macro-error v0.4.12
[INFO] [stderr]     Checking block-buffer v0.7.3
[INFO] [stderr]     Checking fixed-hash v0.6.1
[INFO] [stderr]     Checking uint v0.8.3
[INFO] [stderr]     Checking subtle v2.2.3
[INFO] [stderr]     Checking sha2 v0.8.2
[INFO] [stderr]     Checking base64 v0.9.3
[INFO] [stderr]     Checking aes-soft v0.3.3
[INFO] [stderr]     Checking rand_isaac v0.1.1
[INFO] [stderr]     Checking rand_xorshift v0.1.1
[INFO] [stderr]     Checking rand v0.5.6
[INFO] [stderr]     Checking rand_hc v0.1.0
[INFO] [stderr]     Checking rand_jitter v0.1.4
[INFO] [stderr]     Checking rand_os v0.1.3
[INFO] [stderr]     Checking stream-cipher v0.3.2
[INFO] [stderr]    Compiling unicode-segmentation v1.6.0
[INFO] [stderr]    Compiling arrayvec v0.4.12
[INFO] [stderr]     Checking keccak v0.1.0
[INFO] [stderr]     Checking ctr v0.3.2
[INFO] [stderr]    Compiling secp256k1-sys v0.1.2
[INFO] [stderr]    Compiling heck v0.3.1
[INFO] [stderr]     Checking aho-corasick v0.7.13
[INFO] [stderr]     Checking hashbrown v0.8.1
[INFO] [stderr]    Compiling num-traits v0.2.12
[INFO] [stderr]     Checking atty v0.2.14
[INFO] [stderr]     Checking nodrop v0.1.14
[INFO] [stderr]     Checking regex-syntax v0.6.18
[INFO] [stderr]     Checking pbkdf2 v0.3.0
[INFO] [stderr]     Checking block-padding v0.2.0
[INFO] [stderr]     Checking termcolor v1.1.0
[INFO] [stderr]     Checking signature v1.2.2
[INFO] [stderr]    Compiling serde_json v1.0.57
[INFO] [stderr]     Checking linked-hash-map v0.5.3
[INFO] [stderr]    Compiling hex-literal-impl v0.2.2
[INFO] [stderr]     Checking humantime v1.3.0
[INFO] [stderr]     Checking ed25519 v1.0.1
[INFO] [stderr]     Checking scrypt v0.2.0
[INFO] [stderr]     Checking block-buffer v0.9.0
[INFO] [stderr]     Checking indexmap v1.5.0
[INFO] [stderr]     Checking yaml-rust v0.4.4
[INFO] [stderr]     Checking secp256k1 v0.17.2
[INFO] [stderr]     Checking aes-ctr v0.3.0
[INFO] [stderr]     Checking digest v0.9.0
[INFO] [stderr]     Checking aes v0.3.2
[INFO] [stderr]     Checking ripemd160 v0.8.0
[INFO] [stderr]     Checking block-modes v0.3.3
[INFO] [stderr]     Checking os_str_bytes v2.3.1
[INFO] [stderr]     Checking arrayref v0.3.6
[INFO] [stderr]     Checking constant_time_eq v0.1.5
[INFO] [stderr]     Checking opaque-debug v0.3.0
[INFO] [stderr]     Checking sha3 v0.9.1
[INFO] [stderr]     Checking blake2-rfc v0.2.18
[INFO] [stderr]     Checking hex-literal v0.2.1
[INFO] [stderr]     Checking twox-hash v1.5.0
[INFO] [stderr]     Checking hex_fmt v0.3.0
[INFO] [stderr]     Checking hex v0.4.2
[INFO] [stderr]     Checking regex v1.3.9
[INFO] [stderr]     Checking parity-scale-codec v1.3.4
[INFO] [stderr]     Checking impl-serde v0.3.1
[INFO] [stderr]     Checking ethbloom v0.9.2
[INFO] [stderr]     Checking env_logger v0.7.1
[INFO] [stderr]    Compiling synstructure v0.12.4
[INFO] [stderr]    Compiling syn-mid v0.5.0
[INFO] [stderr]    Compiling serde_derive v1.0.114
[INFO] [stderr]    Compiling zeroize_derive v1.0.0
[INFO] [stderr]     Checking zeroize v1.1.0
[INFO] [stderr]     Checking curve25519-dalek v2.1.0
[INFO] [stderr]     Checking merlin v2.0.0
[INFO] [stderr]    Compiling clap_derive v3.0.0-beta.1
[INFO] [stderr]     Checking ed25519-dalek v1.0.0-pre.4
[INFO] [stderr]     Checking schnorrkel v0.9.1
[INFO] [stderr]     Checking impl-codec v0.4.2
[INFO] [stderr]     Checking primitive-types v0.7.2
[INFO] [stderr]     Checking clap v3.0.0-beta.1
[INFO] [stderr]     Checking ethereum-types v0.9.2
[INFO] [stderr]     Checking keccak-hash v0.5.1
[INFO] [stderr]     Checking parity-crypto v0.6.2
[INFO] [stderr]     Checking contract-address v0.4.0
[INFO] [stderr]     Checking bloom-clap v0.1.0 (/opt/rustwide/workdir)
[INFO] [stdout] warning: unused import: `hex::encode`
[INFO] [stdout]  --> src/subcmd/keccak_cmd.rs:5:5
[INFO] [stdout]   |
[INFO] [stdout] 5 | use hex::encode;
[INFO] [stdout]   |     ^^^^^^^^^^^
[INFO] [stdout]   |
[INFO] [stdout]   = note: `#[warn(unused_imports)]` (part of `#[warn(unused)]`) on by default
[INFO] [stdout] 
[INFO] [stdout] 
[INFO] [stdout] warning: unused import: `H160`
[INFO] [stdout]  --> src/subcmd/keccak_cmd.rs:6:23
[INFO] [stdout]   |
[INFO] [stdout] 6 | use primitive_types::{H160, H256};
[INFO] [stdout]   |                       ^^^^
[INFO] [stdout] 
[INFO] [stdout] 
[INFO] [stdout] warning: unused import: `hex::encode`
[INFO] [stdout]  --> src/subcmd/sha3_cmd.rs:2:5
[INFO] [stdout]   |
[INFO] [stdout] 2 | use hex::encode;
[INFO] [stdout]   |     ^^^^^^^^^^^
[INFO] [stdout] 
[INFO] [stdout] 
[INFO] [stdout] warning: unused import: `H160`
[INFO] [stdout]  --> src/subcmd/sha3_cmd.rs:3:23
[INFO] [stdout]   |
[INFO] [stdout] 3 | use primitive_types::{H160, H256};
[INFO] [stdout]   |                       ^^^^
[INFO] [stdout] 
[INFO] [stdout] 
[INFO] [stdout] warning: unused import: `hex::encode`
[INFO] [stdout]  --> src/subcmd/eth_tx_cmd.rs:3:5
[INFO] [stdout]   |
[INFO] [stdout] 3 | use hex::encode;
[INFO] [stdout]   |     ^^^^^^^^^^^
[INFO] [stdout] 
[INFO] [stdout] 
[INFO] [stdout] warning: unused import: `hex::encode`
[INFO] [stdout]  --> src/subcmd/address_cmd.rs:2:5
[INFO] [stdout]   |
[INFO] [stdout] 2 | use hex::encode;
[INFO] [stdout]   |     ^^^^^^^^^^^
[INFO] [stdout] 
[INFO] [stdout] 
[INFO] [stdout] warning: unused import: `Address`
[INFO] [stdout]  --> src/subcmd/address_cmd.rs:5:5
[INFO] [stdout]   |
[INFO] [stdout] 5 |     Address,
[INFO] [stdout]   |     ^^^^^^^
[INFO] [stdout] 
[INFO] [stdout] 
[INFO] [stdout] warning: unused import: `std::str::FromStr`
[INFO] [stdout]  --> src/subcmd/address_cmd.rs:9:5
[INFO] [stdout]   |
[INFO] [stdout] 9 | use std::str::FromStr;
[INFO] [stdout]   |     ^^^^^^^^^^^^^^^^^
[INFO] [stdout] 
[INFO] [stdout] 
[INFO] [stdout] warning: unused imports: `Public`, `Secret`, `Signature`, and `recover`
[INFO] [stdout]   --> src/subcmd/address_cmd.rs:10:32
[INFO] [stdout]    |
[INFO] [stdout] 10 | use parity_crypto::publickey::{Signature, Secret, Public, recover, public_to_address};
[INFO] [stdout]    |                                ^^^^^^^^^  ^^^^^^  ^^^^^^  ^^^^^^^
[INFO] [stdout] 
[INFO] [stdout] 
[INFO] [stdout] warning: unused import: `eth_tx_cmd::RawTransaction`
[INFO] [stdout]   --> src/subcmd.rs:10:9
[INFO] [stdout]    |
[INFO] [stdout] 10 | pub use eth_tx_cmd::RawTransaction;
[INFO] [stdout]    |         ^^^^^^^^^^^^^^^^^^^^^^^^^^
[INFO] [stdout] 
[INFO] [stdout] 
[INFO] [stdout] warning: unused imports: `ArgMatches` and `Arg`
[INFO] [stdout]  --> src/main.rs:7:5
[INFO] [stdout]   |
[INFO] [stdout] 7 |     ArgMatches,
[INFO] [stdout]   |     ^^^^^^^^^^
[INFO] [stdout] 8 |     Arg
[INFO] [stdout]   |     ^^^
[INFO] [stdout] 
[INFO] [stdout] 
[INFO] [stdout] error: cannot find derive macro `Deserialize` in this scope
[INFO] [stdout]    --> src/subcmd/eth_tx_cmd.rs:161:18
[INFO] [stdout]     |
[INFO] [stdout] 161 |         #[derive(Deserialize)]
[INFO] [stdout]     |                  ^^^^^^^^^^^
[INFO] [stdout]     |
[INFO] [stdout] note: `Deserialize` is a trait, not a derive macro
[INFO] [stdout]    --> /opt/rustwide/cargo-home/registry/src/index.crates.io-1949cf8c6b5b557f/serde-1.0.114/src/de/mod.rs:531:1
[INFO] [stdout]     |
[INFO] [stdout] 531 | pub trait Deserialize<'de>: Sized {
[INFO] [stdout]     | ^^^^^^^^^^^^^^^^^^^^^^^^^^^^^^^^^
[INFO] [stdout]     = help: consider implementing `Deserialize` for your type manually
[INFO] [stdout] help: consider importing one of these derive macros
[INFO] [stdout]     |
[INFO] [stdout] 153 +     use crate::subcmd::eth_tx_cmd::Deserialize;
[INFO] [stdout]     |
[INFO] [stdout] 153 +     use serde_derive::Deserialize;
[INFO] [stdout]     |
[INFO] [stdout] 
[INFO] [stdout] 
[INFO] [stdout] error: cannot find derive macro `Deserialize` in this scope
[INFO] [stdout]    --> src/subcmd/eth_tx_cmd.rs:184:18
[INFO] [stdout]     |
[INFO] [stdout] 184 |         #[derive(Deserialize)]
[INFO] [stdout]     |                  ^^^^^^^^^^^
[INFO] [stdout]     |
[INFO] [stdout] note: `Deserialize` is a trait, not a derive macro
[INFO] [stdout]    --> /opt/rustwide/cargo-home/registry/src/index.crates.io-1949cf8c6b5b557f/serde-1.0.114/src/de/mod.rs:531:1
[INFO] [stdout]     |
[INFO] [stdout] 531 | pub trait Deserialize<'de>: Sized {
[INFO] [stdout]     | ^^^^^^^^^^^^^^^^^^^^^^^^^^^^^^^^^
[INFO] [stdout]     = help: consider implementing `Deserialize` for your type manually
[INFO] [stdout] help: consider importing one of these derive macros
[INFO] [stdout]     |
[INFO] [stdout] 153 +     use crate::subcmd::eth_tx_cmd::Deserialize;
[INFO] [stdout]     |
[INFO] [stdout] 153 +     use serde_derive::Deserialize;
[INFO] [stdout]     |
[INFO] [stdout] 
[INFO] [stdout] 
[INFO] [stdout] warning: variable does not need to be mutable
[INFO] [stdout]   --> src/subcmd/sha3_cmd.rs:10:13
[INFO] [stdout]    |
[INFO] [stdout] 10 |         let mut bee = sha3_256(tx.as_slice());
[INFO] [stdout]    |             ----^^^
[INFO] [stdout]    |             |
[INFO] [stdout]    |             help: remove this `mut`
[INFO] [stdout]    |
[INFO] [stdout]    = note: `#[warn(unused_mut)]` (part of `#[warn(unused)]`) on by default
[INFO] [stdout] 
[INFO] [stdout] 
[INFO] [stdout] error: cannot find derive macro `Deserialize` in this scope
[INFO] [stdout]    --> src/subcmd.rs:29:18
[INFO] [stdout]     |
[INFO] [stdout]  29 |         #[derive(Deserialize)]
[INFO] [stdout]     |                  ^^^^^^^^^^^
[INFO] [stdout]     |
[INFO] [stdout] note: `Deserialize` is a trait, not a derive macro
[INFO] [stdout]    --> /opt/rustwide/cargo-home/registry/src/index.crates.io-1949cf8c6b5b557f/serde-1.0.114/src/de/mod.rs:531:1
[INFO] [stdout]     |
[INFO] [stdout] 531 | pub trait Deserialize<'de>: Sized {
[INFO] [stdout]     | ^^^^^^^^^^^^^^^^^^^^^^^^^^^^^^^^^
[INFO] [stdout]     = help: consider implementing `Deserialize` for your type manually
[INFO] [stdout] help: consider importing this derive macro
[INFO] [stdout]     |
[INFO] [stdout]  21 +     use serde_derive::Deserialize;
[INFO] [stdout]     |
[INFO] [stdout] 
[INFO] [stdout] 
[INFO] [stdout] error: cannot find derive macro `Deserialize` in this scope
[INFO] [stdout]    --> src/subcmd.rs:52:18
[INFO] [stdout]     |
[INFO] [stdout]  52 |         #[derive(Deserialize)]
[INFO] [stdout]     |                  ^^^^^^^^^^^
[INFO] [stdout]     |
[INFO] [stdout] note: `Deserialize` is a trait, not a derive macro
[INFO] [stdout]    --> /opt/rustwide/cargo-home/registry/src/index.crates.io-1949cf8c6b5b557f/serde-1.0.114/src/de/mod.rs:531:1
[INFO] [stdout]     |
[INFO] [stdout] 531 | pub trait Deserialize<'de>: Sized {
[INFO] [stdout]     | ^^^^^^^^^^^^^^^^^^^^^^^^^^^^^^^^^
[INFO] [stdout]     = help: consider implementing `Deserialize` for your type manually
[INFO] [stdout] help: consider importing this derive macro
[INFO] [stdout]     |
[INFO] [stdout]  21 +     use serde_derive::Deserialize;
[INFO] [stdout]     |
[INFO] [stdout] 
[INFO] [stdout] 
[INFO] [stdout] warning: unused variable: `opt_match`
[INFO] [stdout]   --> src/subcmd.rs:14:23
[INFO] [stdout]    |
[INFO] [stdout] 14 | pub fn hash_processor(opt_match : Option<&ArgMatches>) {
[INFO] [stdout]    |                       ^^^^^^^^^ help: if this is intentional, prefix it with an underscore: `_opt_match`
[INFO] [stdout]    |
[INFO] [stdout]    = note: `#[warn(unused_variables)]` (part of `#[warn(unused)]`) on by default
[INFO] [stdout] 
[INFO] [stdout] 
[INFO] [stdout] warning: unused import: `hex::encode`
[INFO] [stdout]  --> src/subcmd/keccak_cmd.rs:5:5
[INFO] [stdout]   |
[INFO] [stdout] 5 | use hex::encode;
[INFO] [stdout]   |     ^^^^^^^^^^^
[INFO] [stdout]   |
[INFO] [stdout]   = note: `#[warn(unused_imports)]` (part of `#[warn(unused)]`) on by default
[INFO] [stdout] 
[INFO] [stdout] 
[INFO] [stdout] warning: unused import: `H160`
[INFO] [stdout]  --> src/subcmd/keccak_cmd.rs:6:23
[INFO] [stdout]   |
[INFO] [stdout] 6 | use primitive_types::{H160, H256};
[INFO] [stdout]   |                       ^^^^
[INFO] [stdout] 
[INFO] [stdout] 
[INFO] [stdout] warning: unused import: `hex::encode`
[INFO] [stdout]  --> src/subcmd/sha3_cmd.rs:2:5
[INFO] [stdout]   |
[INFO] [stdout] 2 | use hex::encode;
[INFO] [stdout]   |     ^^^^^^^^^^^
[INFO] [stdout] 
[INFO] [stdout] 
[INFO] [stdout] warning: unused import: `H160`
[INFO] [stdout]  --> src/subcmd/sha3_cmd.rs:3:23
[INFO] [stdout]   |
[INFO] [stdout] 3 | use primitive_types::{H160, H256};
[INFO] [stdout]   |                       ^^^^
[INFO] [stdout] 
[INFO] [stdout] 
[INFO] [stdout] warning: unused import: `hex::encode`
[INFO] [stdout]  --> src/subcmd/eth_tx_cmd.rs:3:5
[INFO] [stdout]   |
[INFO] [stdout] 3 | use hex::encode;
[INFO] [stdout]   |     ^^^^^^^^^^^
[INFO] [stdout] 
[INFO] [stdout] 
[INFO] [stdout] warning: unused imports: `H160` and `U256`
[INFO] [stdout]    --> src/subcmd/eth_tx_cmd.rs:155:31
[INFO] [stdout]     |
[INFO] [stdout] 155 |         use primitive_types::{H160, H256, U256};
[INFO] [stdout]     |                               ^^^^        ^^^^
[INFO] [stdout] 
[INFO] [stdout] 
[INFO] [stdout] warning: unused imports: `H160` and `U256`
[INFO] [stdout]    --> src/subcmd/eth_tx_cmd.rs:179:31
[INFO] [stdout]     |
[INFO] [stdout] 179 |         use primitive_types::{H160, H256, U256};
[INFO] [stdout]     |                               ^^^^        ^^^^
[INFO] [stdout] 
[INFO] [stdout] 
[INFO] [stdout] warning: unused import: `hex::encode`
[INFO] [stdout]  --> src/subcmd/address_cmd.rs:2:5
[INFO] [stdout]   |
[INFO] [stdout] 2 | use hex::encode;
[INFO] [stdout]   |     ^^^^^^^^^^^
[INFO] [stdout] 
[INFO] [stdout] 
[INFO] [stdout] warning: unused import: `Address`
[INFO] [stdout]  --> src/subcmd/address_cmd.rs:5:5
[INFO] [stdout]   |
[INFO] [stdout] 5 |     Address,
[INFO] [stdout]   |     ^^^^^^^
[INFO] [stdout] 
[INFO] [stdout] 
[INFO] [stdout] warning: unused import: `std::str::FromStr`
[INFO] [stdout]  --> src/subcmd/address_cmd.rs:9:5
[INFO] [stdout]   |
[INFO] [stdout] 9 | use std::str::FromStr;
[INFO] [stdout]   |     ^^^^^^^^^^^^^^^^^
[INFO] [stdout] 
[INFO] [stdout] 
[INFO] [stdout] warning: unused imports: `Public`, `Secret`, `Signature`, and `recover`
[INFO] [stdout]   --> src/subcmd/address_cmd.rs:10:32
[INFO] [stdout]    |
[INFO] [stdout] 10 | use parity_crypto::publickey::{Signature, Secret, Public, recover, public_to_address};
[INFO] [stdout]    |                                ^^^^^^^^^  ^^^^^^  ^^^^^^  ^^^^^^^
[INFO] [stdout] 
[INFO] [stdout] 
[INFO] [stdout] warning: unused import: `eth_tx_cmd::RawTransaction`
[INFO] [stdout]   --> src/subcmd.rs:10:9
[INFO] [stdout]    |
[INFO] [stdout] 10 | pub use eth_tx_cmd::RawTransaction;
[INFO] [stdout]    |         ^^^^^^^^^^^^^^^^^^^^^^^^^^
[INFO] [stdout] 
[INFO] [stdout] 
[INFO] [stdout] warning: unused imports: `H160` and `U256`
[INFO] [stdout]   --> src/subcmd.rs:23:31
[INFO] [stdout]    |
[INFO] [stdout] 23 |         use primitive_types::{H160, H256, U256};
[INFO] [stdout]    |                               ^^^^        ^^^^
[INFO] [stdout] 
[INFO] [stdout] 
[INFO] [stdout] warning: unused imports: `H160` and `U256`
[INFO] [stdout]   --> src/subcmd.rs:47:31
[INFO] [stdout]    |
[INFO] [stdout] 47 |         use primitive_types::{H160, H256, U256};
[INFO] [stdout]    |                               ^^^^        ^^^^
[INFO] [stdout] 
[INFO] [stdout] 
[INFO] [stdout] warning: unused imports: `ArgMatches` and `Arg`
[INFO] [stdout]  --> src/main.rs:7:5
[INFO] [stdout]   |
[INFO] [stdout] 7 |     ArgMatches,
[INFO] [stdout]   |     ^^^^^^^^^^
[INFO] [stdout] 8 |     Arg
[INFO] [stdout]   |     ^^^
[INFO] [stdout] 
[INFO] [stdout] 
[INFO] [stdout] error[E0277]: the trait bound `eth_tx_cmd::test::test_signs_transaction_eth::Signing: Deserialize<'_>` is not satisfied
[INFO] [stdout]     --> src/subcmd/eth_tx_cmd.rs:170:51
[INFO] [stdout]      |
[INFO] [stdout]  170 |         let txs: Vec<(RawTransaction, Signing)> = serde_json::from_str(&f_string).unwrap();
[INFO] [stdout]      |                                                   ^^^^^^^^^^^^^^^^^^^^^^^^^^^^^^^ unsatisfied trait bound
[INFO] [stdout]      |
[INFO] [stdout] help: the trait `Deserialize<'_>` is not implemented for `eth_tx_cmd::test::test_signs_transaction_eth::Signing`
[INFO] [stdout]     --> src/subcmd/eth_tx_cmd.rs:162:9
[INFO] [stdout]      |
[INFO] [stdout]  162 |         struct Signing {
[INFO] [stdout]      |         ^^^^^^^^^^^^^^
[INFO] [stdout]      = help: the following other types implement trait `Deserialize<'de>`:
[INFO] [stdout]                &'a Path
[INFO] [stdout]                &'a [u8]
[INFO] [stdout]                &'a str
[INFO] [stdout]                ()
[INFO] [stdout]                (T0, T1)
[INFO] [stdout]                (T0, T1, T2)
[INFO] [stdout]                (T0, T1, T2, T3)
[INFO] [stdout]                (T0, T1, T2, T3, T4)
[INFO] [stdout]              and 142 others
[INFO] [stdout]      = note: required for `(RawTransaction, eth_tx_cmd::test::test_signs_transaction_eth::Signing)` to implement `Deserialize<'_>`
[INFO] [stdout]      = note: 1 redundant requirement hidden
[INFO] [stdout]      = note: required for `Vec<(RawTransaction, eth_tx_cmd::test::test_signs_transaction_eth::Signing)>` to implement `Deserialize<'_>`
[INFO] [stdout] note: required by a bound in `serde_json::from_str`
[INFO] [stdout]     --> /opt/rustwide/cargo-home/registry/src/index.crates.io-1949cf8c6b5b557f/serde_json-1.0.57/src/de.rs:2584:8
[INFO] [stdout]      |
[INFO] [stdout] 2582 | pub fn from_str<'a, T>(s: &'a str) -> Result<T>
[INFO] [stdout]      |        -------- required by a bound in this function
[INFO] [stdout] 2583 | where
[INFO] [stdout] 2584 |     T: de::Deserialize<'a>,
[INFO] [stdout]      |        ^^^^^^^^^^^^^^^^^^^ required by this bound in `from_str`
[INFO] [stdout] 
[INFO] [stdout] 
[INFO] [stdout] error[E0277]: the trait bound `eth_tx_cmd::test::test_signs_transaction_ropsten::Signing: Deserialize<'_>` is not satisfied
[INFO] [stdout]     --> src/subcmd/eth_tx_cmd.rs:193:51
[INFO] [stdout]      |
[INFO] [stdout]  193 |         let txs: Vec<(RawTransaction, Signing)> = serde_json::from_str(&f_string).unwrap();
[INFO] [stdout]      |                                                   ^^^^^^^^^^^^^^^^^^^^^^^^^^^^^^^ unsatisfied trait bound
[INFO] [stdout]      |
[INFO] [stdout] help: the trait `Deserialize<'_>` is not implemented for `eth_tx_cmd::test::test_signs_transaction_ropsten::Signing`
[INFO] [stdout]     --> src/subcmd/eth_tx_cmd.rs:185:9
[INFO] [stdout]      |
[INFO] [stdout]  185 |         struct Signing {
[INFO] [stdout]      |         ^^^^^^^^^^^^^^
[INFO] [stdout]      = help: the following other types implement trait `Deserialize<'de>`:
[INFO] [stdout]                &'a Path
[INFO] [stdout]                &'a [u8]
[INFO] [stdout]                &'a str
[INFO] [stdout]                ()
[INFO] [stdout]                (T0, T1)
[INFO] [stdout]                (T0, T1, T2)
[INFO] [stdout]                (T0, T1, T2, T3)
[INFO] [stdout]                (T0, T1, T2, T3, T4)
[INFO] [stdout]              and 142 others
[INFO] [stdout]      = note: required for `(RawTransaction, eth_tx_cmd::test::test_signs_transaction_ropsten::Signing)` to implement `Deserialize<'_>`
[INFO] [stdout]      = note: 1 redundant requirement hidden
[INFO] [stdout]      = note: required for `Vec<(RawTransaction, eth_tx_cmd::test::test_signs_transaction_ropsten::Signing)>` to implement `Deserialize<'_>`
[INFO] [stdout] note: required by a bound in `serde_json::from_str`
[INFO] [stdout]     --> /opt/rustwide/cargo-home/registry/src/index.crates.io-1949cf8c6b5b557f/serde_json-1.0.57/src/de.rs:2584:8
[INFO] [stdout]      |
[INFO] [stdout] 2582 | pub fn from_str<'a, T>(s: &'a str) -> Result<T>
[INFO] [stdout]      |        -------- required by a bound in this function
[INFO] [stdout] 2583 | where
[INFO] [stdout] 2584 |     T: de::Deserialize<'a>,
[INFO] [stdout]      |        ^^^^^^^^^^^^^^^^^^^ required by this bound in `from_str`
[INFO] [stdout] 
[INFO] [stdout] 
[INFO] [stdout] error[E0277]: the trait bound `subcmd::test::test_signs_transaction_eth::Signing: Deserialize<'_>` is not satisfied
[INFO] [stdout]     --> src/subcmd.rs:38:51
[INFO] [stdout]      |
[INFO] [stdout]   38 |         let txs: Vec<(RawTransaction, Signing)> = serde_json::from_str(&f_string).unwrap();
[INFO] [stdout]      |                                                   ^^^^^^^^^^^^^^^^^^^^^^^^^^^^^^^ unsatisfied trait bound
[INFO] [stdout]      |
[INFO] [stdout] help: the trait `Deserialize<'_>` is not implemented for `subcmd::test::test_signs_transaction_eth::Signing`
[INFO] [stdout]     --> src/subcmd.rs:30:9
[INFO] [stdout]      |
[INFO] [stdout]   30 |         struct Signing {
[INFO] [stdout]      |         ^^^^^^^^^^^^^^
[INFO] [stdout]      = help: the following other types implement trait `Deserialize<'de>`:
[INFO] [stdout]                &'a Path
[INFO] [stdout]                &'a [u8]
[INFO] [stdout]                &'a str
[INFO] [stdout]                ()
[INFO] [stdout]                (T0, T1)
[INFO] [stdout]                (T0, T1, T2)
[INFO] [stdout]                (T0, T1, T2, T3)
[INFO] [stdout]                (T0, T1, T2, T3, T4)
[INFO] [stdout]              and 141 others
[INFO] [stdout]      = note: required for `(RawTransaction, subcmd::test::test_signs_transaction_eth::Signing)` to implement `Deserialize<'_>`
[INFO] [stdout]      = note: 1 redundant requirement hidden
[INFO] [stdout]      = note: required for `Vec<(RawTransaction, subcmd::test::test_signs_transaction_eth::Signing)>` to implement `Deserialize<'_>`
[INFO] [stdout] note: required by a bound in `serde_json::from_str`
[INFO] [stdout]     --> /opt/rustwide/cargo-home/registry/src/index.crates.io-1949cf8c6b5b557f/serde_json-1.0.57/src/de.rs:2584:8
[INFO] [stdout]      |
[INFO] [stdout] 2582 | pub fn from_str<'a, T>(s: &'a str) -> Result<T>
[INFO] [stdout]      |        -------- required by a bound in this function
[INFO] [stdout] 2583 | where
[INFO] [stdout] 2584 |     T: de::Deserialize<'a>,
[INFO] [stdout]      |        ^^^^^^^^^^^^^^^^^^^ required by this bound in `from_str`
[INFO] [stdout] 
[INFO] [stdout] 
[INFO] [stdout] error[E0277]: the trait bound `subcmd::test::test_signs_transaction_ropsten::Signing: Deserialize<'_>` is not satisfied
[INFO] [stdout]     --> src/subcmd.rs:61:51
[INFO] [stdout]      |
[INFO] [stdout]   61 |         let txs: Vec<(RawTransaction, Signing)> = serde_json::from_str(&f_string).unwrap();
[INFO] [stdout]      |                                                   ^^^^^^^^^^^^^^^^^^^^^^^^^^^^^^^ unsatisfied trait bound
[INFO] [stdout]      |
[INFO] [stdout] help: the trait `Deserialize<'_>` is not implemented for `subcmd::test::test_signs_transaction_ropsten::Signing`
[INFO] [stdout]     --> src/subcmd.rs:53:9
[INFO] [stdout]      |
[INFO] [stdout]   53 |         struct Signing {
[INFO] [stdout]      |         ^^^^^^^^^^^^^^
[INFO] [stdout]      = help: the following other types implement trait `Deserialize<'de>`:
[INFO] [stdout]                &'a Path
[INFO] [stdout]                &'a [u8]
[INFO] [stdout]                &'a str
[INFO] [stdout]                ()
[INFO] [stdout]                (T0, T1)
[INFO] [stdout]                (T0, T1, T2)
[INFO] [stdout]                (T0, T1, T2, T3)
[INFO] [stdout]                (T0, T1, T2, T3, T4)
[INFO] [stdout]              and 141 others
[INFO] [stdout]      = note: required for `(RawTransaction, subcmd::test::test_signs_transaction_ropsten::Signing)` to implement `Deserialize<'_>`
[INFO] [stdout]      = note: 1 redundant requirement hidden
[INFO] [stdout]      = note: required for `Vec<(RawTransaction, subcmd::test::test_signs_transaction_ropsten::Signing)>` to implement `Deserialize<'_>`
[INFO] [stdout] note: required by a bound in `serde_json::from_str`
[INFO] [stdout]     --> /opt/rustwide/cargo-home/registry/src/index.crates.io-1949cf8c6b5b557f/serde_json-1.0.57/src/de.rs:2584:8
[INFO] [stdout]      |
[INFO] [stdout] 2582 | pub fn from_str<'a, T>(s: &'a str) -> Result<T>
[INFO] [stdout]      |        -------- required by a bound in this function
[INFO] [stdout] 2583 | where
[INFO] [stdout] 2584 |     T: de::Deserialize<'a>,
[INFO] [stdout]      |        ^^^^^^^^^^^^^^^^^^^ required by this bound in `from_str`
[INFO] [stdout] 
[INFO] [stdout] 
[INFO] [stdout] warning: variable does not need to be mutable
[INFO] [stdout]   --> src/subcmd/sha3_cmd.rs:10:13
[INFO] [stdout]    |
[INFO] [stdout] 10 |         let mut bee = sha3_256(tx.as_slice());
[INFO] [stdout]    |             ----^^^
[INFO] [stdout]    |             |
[INFO] [stdout]    |             help: remove this `mut`
[INFO] [stdout]    |
[INFO] [stdout]    = note: `#[warn(unused_mut)]` (part of `#[warn(unused)]`) on by default
[INFO] [stdout] 
[INFO] [stdout] 
[INFO] [stdout] warning: unused variable: `opt_match`
[INFO] [stdout]   --> src/subcmd.rs:14:23
[INFO] [stdout]    |
[INFO] [stdout] 14 | pub fn hash_processor(opt_match : Option<&ArgMatches>) {
[INFO] [stdout]    |                       ^^^^^^^^^ help: if this is intentional, prefix it with an underscore: `_opt_match`
[INFO] [stdout]    |
[INFO] [stdout]    = note: `#[warn(unused_variables)]` (part of `#[warn(unused)]`) on by default
[INFO] [stdout] 
[INFO] [stdout] 
[INFO] [stdout] For more information about this error, try `rustc --explain E0277`.
[INFO] [stdout] 
[INFO] [stderr] error: could not compile `bloom-clap` (bin "bloom-clap" test) due to 8 previous errors; 17 warnings emitted
[INFO] [stderr] warning: unused dependency `blake2-rfc`
[INFO] [stderr]   --> Cargo.toml:15:15
[INFO] [stderr]    |
[INFO] [stderr] 15 | [dependencies.blake2-rfc]
[INFO] [stderr]    |               ^^^^^^^^^^^
[INFO] [stderr]    |
[INFO] [stderr]    = note: `cargo::unused_dependencies` is set to `warn` by default
[INFO] [stderr] help: consider removing the dependency on `blake2-rfc`
[INFO] [stderr] warning: unused dependency `ed25519-dalek`
[INFO] [stderr]   --> Cargo.toml:23:15
[INFO] [stderr]    |
[INFO] [stderr] 23 | [dependencies.ed25519-dalek]
[INFO] [stderr]    |               ^^^^^^^^^^^^^^
[INFO] [stderr]    |
[INFO] [stderr] help: consider removing the dependency on `ed25519-dalek`
[INFO] [stderr] warning: unused dependency `env_logger`
[INFO] [stderr]  --> Cargo.toml:3:1
[INFO] [stderr]   |
[INFO] [stderr] 3 | env_logger = "0.7"
[INFO] [stderr]   | ^^^^^^^^^^^^^^^^^^
[INFO] [stderr]   |
[INFO] [stderr] help: consider removing the dependency on `env_logger`
[INFO] [stderr] warning: unused dependency `hex_fmt`
[INFO] [stderr]  --> Cargo.toml:6:1
[INFO] [stderr]   |
[INFO] [stderr] 6 | hex_fmt = "0.3.0"
[INFO] [stderr]   | ^^^^^^^^^^^^^^^^^
[INFO] [stderr]   |
[INFO] [stderr] help: consider removing the dependency on `hex_fmt`
[INFO] [stderr] warning: unused dependency `hex-literal`
[INFO] [stderr]  --> Cargo.toml:5:1
[INFO] [stderr]   |
[INFO] [stderr] 5 | hex-literal = "0.2.1"
[INFO] [stderr]   | ^^^^^^^^^^^^^^^^^^^^^
[INFO] [stderr]   |
[INFO] [stderr] help: consider removing the dependency on `hex-literal`
[INFO] [stderr] warning: unused dependency `schnorrkel`
[INFO] [stderr]   --> Cargo.toml:45:15
[INFO] [stderr]    |
[INFO] [stderr] 45 | [dependencies.schnorrkel]
[INFO] [stderr]    |               ^^^^^^^^^^^
[INFO] [stderr]    |
[INFO] [stderr] help: consider removing the dependency on `schnorrkel`
[INFO] [stderr] warning: unused dependency `twox-hash`
[INFO] [stderr]   --> Cargo.toml:62:15
[INFO] [stderr]    |
[INFO] [stderr] 62 | [dependencies.twox-hash]
[INFO] [stderr]    |               ^^^^^^^^^^
[INFO] [stderr]    |
[INFO] [stderr] help: consider removing the dependency on `twox-hash`
[INFO] [stderr] warning: `bloom-clap` (manifest) generated 7 warnings
[INFO] running `Command { std: "docker" "inspect" "fe9743b40d8fab7f1e45286244c71fcf22199b9d67c7f0963493b5bbb02230cd", kill_on_drop: false }`
[INFO] running `Command { std: "docker" "rm" "-f" "fe9743b40d8fab7f1e45286244c71fcf22199b9d67c7f0963493b5bbb02230cd", kill_on_drop: false }`
[INFO] [stdout] fe9743b40d8fab7f1e45286244c71fcf22199b9d67c7f0963493b5bbb02230cd
