[INFO] cloning repository https://github.com/cyrushumphries/HALLucy
[INFO] running `Command { std: "git" "-c" "credential.helper=" "-c" "credential.helper=/workspace/cargo-home/bin/git-credential-null" "clone" "--bare" "https://github.com/cyrushumphries/HALLucy" "/workspace/cache/git-repos/https%3A%2F%2Fgithub.com%2Fcyrushumphries%2FHALLucy", kill_on_drop: false }`
[INFO] [stderr] Cloning into bare repository '/workspace/cache/git-repos/https%3A%2F%2Fgithub.com%2Fcyrushumphries%2FHALLucy'...
[INFO] running `Command { std: "git" "rev-parse" "HEAD", kill_on_drop: false }`
[INFO] [stdout] 4fe698bedd2f2a35db7404c4bc7ddc3796cccfb0
[INFO] checking cyrushumphries/HALLucy/4fe698bedd2f2a35db7404c4bc7ddc3796cccfb0 against 018018e881e2db0956f229dbb543e21f058d1ce7 for pr-162597
[INFO] running `Command { std: "git" "clone" "/workspace/cache/git-repos/https%3A%2F%2Fgithub.com%2Fcyrushumphries%2FHALLucy" "/workspace/builds/worker-0-tc1/source", kill_on_drop: false }`
[INFO] [stderr] Cloning into '/workspace/builds/worker-0-tc1/source'...
[INFO] [stderr] done.
[INFO] started tweaking git repo https://github.com/cyrushumphries/HALLucy
[INFO] finished tweaking git repo https://github.com/cyrushumphries/HALLucy
[INFO] tweaked toml for git repo https://github.com/cyrushumphries/HALLucy written to /workspace/builds/worker-0-tc1/source/Cargo.toml
[INFO] validating manifest of git repo https://github.com/cyrushumphries/HALLucy on toolchain 018018e881e2db0956f229dbb543e21f058d1ce7
[INFO] running `Command { std: CARGO_HOME="/workspace/cargo-home" RUSTUP_HOME="/workspace/rustup-home" "/workspace/cargo-home/bin/cargo" "+018018e881e2db0956f229dbb543e21f058d1ce7" "metadata" "--manifest-path" "Cargo.toml" "--no-deps", kill_on_drop: false }`
[INFO] crate git repo https://github.com/cyrushumphries/HALLucy already has a lockfile, it will not be regenerated
[INFO] running `Command { std: CARGO_HOME="/workspace/cargo-home" RUSTUP_HOME="/workspace/rustup-home" "/workspace/cargo-home/bin/cargo" "+018018e881e2db0956f229dbb543e21f058d1ce7" "fetch" "--manifest-path" "Cargo.toml", kill_on_drop: false }`
[INFO] [stderr]     Updating crates.io index
[INFO] [stderr]  Downloading crates ...
[INFO] [stderr]   Downloaded pyo3-macros v0.28.3
[INFO] [stderr]   Downloaded pyo3-macros-backend v0.28.3
[INFO] [stderr]   Downloaded pyo3-ffi v0.28.3
[INFO] [stderr]   Downloaded pyo3-build-config v0.28.3
[INFO] [stderr]   Downloaded symphonia-metadata v0.5.5
[INFO] [stderr]   Downloaded symphonia-utils-xiph v0.5.5
[INFO] [stderr]   Downloaded symphonia-codec-pcm v0.5.5
[INFO] [stderr]   Downloaded symphonia-codec-adpcm v0.5.5
[INFO] [stderr]   Downloaded symphonia v0.5.5
[INFO] [stderr]   Downloaded symphonia-format-caf v0.5.5
[INFO] [stderr]   Downloaded symphonia-codec-aac v0.5.5
[INFO] [stderr]   Downloaded rtsan-standalone v0.3.0
[INFO] [stderr]   Downloaded rtsan-standalone-sys v0.3.0
[INFO] [stderr]   Downloaded symphonia-format-ogg v0.5.5
[INFO] [stderr]   Downloaded symphonia-format-mkv v0.5.5
[INFO] [stderr]   Downloaded symphonia-bundle-flac v0.5.5
[INFO] [stderr]   Downloaded symphonia-codec-alac v0.5.5
[INFO] [stderr]   Downloaded generic-array v1.3.5
[INFO] [stderr]   Downloaded fft-convolver v0.3.0
[INFO] [stderr]   Downloaded rtsan-standalone-macros v0.3.0
[INFO] [stderr]   Downloaded symphonia-format-isomp4 v0.5.5
[INFO] [stderr]   Downloaded realfft v3.5.0
[INFO] [stderr]   Downloaded symphonia-format-riff v0.5.5
[INFO] [stderr]   Downloaded symphonia-codec-vorbis v0.5.5
[INFO] [stderr]   Downloaded numeric-array v0.6.1
[INFO] [stderr]   Downloaded symphonia-bundle-mp3 v0.5.5
[INFO] [stderr]   Downloaded thingbuf v0.1.6
[INFO] [stderr]   Downloaded safe_arch v1.0.0
[INFO] [stderr]   Downloaded symphonia-core v0.5.5
[INFO] [stderr]   Downloaded typenum v1.20.0
[INFO] [stderr]   Downloaded wide v1.3.0
[INFO] [stderr]   Downloaded microfft v0.6.0
[INFO] [stderr]   Downloaded resampler v0.4.1
[INFO] [stderr]   Downloaded fundsp v0.23.0
[INFO] [stderr]   Downloaded pyo3 v0.28.3
[INFO] [stderr]   Downloaded funutd v0.16.0
[INFO] running `Command { std: "docker" "create" "-v" "/var/lib/crater-agent-workspace/builds/worker-0-tc1/source:/opt/rustwide/workdir:ro,Z" "-v" "/var/lib/crater-agent-workspace/builds/worker-0-tc1/target:/opt/rustwide/target:rw,Z" "-v" "/var/lib/crater-agent-workspace/cargo-home:/opt/rustwide/cargo-home:ro,Z" "-v" "/var/lib/crater-agent-workspace/rustup-home:/opt/rustwide/rustup-home:ro,Z" "-m" "1610612736" "--network" "none" "ghcr.io/rust-lang/crates-build-env/linux@sha256:8683fc1fc2eb5c9ac98e0d076ab094b2ffac7f99da555d2b6a2e27f346de2ec7" "sleep" "infinity", kill_on_drop: false }`
[INFO] [stdout] 456f386a219071a8c7a78fe0742156f20350eaaa9453c25402c9394807e41b3a
[INFO] running `Command { std: "docker" "start" "456f386a219071a8c7a78fe0742156f20350eaaa9453c25402c9394807e41b3a", kill_on_drop: false }`
[INFO] running `Command { std: "docker" "inspect" "456f386a219071a8c7a78fe0742156f20350eaaa9453c25402c9394807e41b3a", kill_on_drop: false }`
[INFO] running `Command { std: "docker" "exec" "-e" "SOURCE_DIR=/opt/rustwide/workdir" "-e" "CARGO_HOME=/opt/rustwide/cargo-home" "-e" "RUSTUP_HOME=/opt/rustwide/rustup-home" "-e" "CARGO_TARGET_DIR=/opt/rustwide/target" "-w" "/opt/rustwide/workdir" "--user" "0:0" "456f386a219071a8c7a78fe0742156f20350eaaa9453c25402c9394807e41b3a" "/opt/rustwide/cargo-home/bin/cargo" "+018018e881e2db0956f229dbb543e21f058d1ce7" "metadata" "--no-deps" "--format-version=1", kill_on_drop: false }`
[INFO] running `Command { std: "docker" "inspect" "456f386a219071a8c7a78fe0742156f20350eaaa9453c25402c9394807e41b3a", kill_on_drop: false }`
[INFO] running `Command { std: "docker" "exec" "-e" "SOURCE_DIR=/opt/rustwide/workdir" "-e" "CARGO_HOME=/opt/rustwide/cargo-home" "-e" "RUSTUP_HOME=/opt/rustwide/rustup-home" "-e" "CARGO_TARGET_DIR=/opt/rustwide/target" "-e" "CARGO_INCREMENTAL=0" "-e" "RUST_BACKTRACE=full" "-e" "RUSTFLAGS=--cap-lints=forbid" "-e" "RUSTDOCFLAGS=--cap-lints=forbid" "-w" "/opt/rustwide/workdir" "--user" "0:0" "456f386a219071a8c7a78fe0742156f20350eaaa9453c25402c9394807e41b3a" "/opt/rustwide/cargo-home/bin/cargo" "+018018e881e2db0956f229dbb543e21f058d1ce7" "check" "--frozen" "--all" "--all-targets" "--message-format=json", kill_on_drop: false }`
[INFO] [stderr]     Checking bytemuck v1.25.0
[INFO] [stderr]     Checking arrayvec v0.7.6
[INFO] [stderr]    Compiling libc v0.2.185
[INFO] [stderr]    Compiling target-lexicon v0.13.5
[INFO] [stderr]    Compiling rustix v1.1.4
[INFO] [stderr]    Compiling getrandom v0.4.2
[INFO] [stderr]    Compiling num-traits v0.2.19
[INFO] [stderr]    Compiling bitflags v2.11.1
[INFO] [stderr]    Compiling linux-raw-sys v0.12.1
[INFO] [stderr]    Compiling fastrand v2.4.1
[INFO] [stderr]    Compiling once_cell v1.21.4
[INFO] [stderr]    Compiling zerocopy v0.8.48
[INFO] [stderr]    Compiling ahash v0.8.12
[INFO] [stderr]    Compiling syn v2.0.117
[INFO] [stderr]    Compiling rtsan-standalone v0.3.0
[INFO] [stderr]     Checking typenum v1.20.0
[INFO] [stderr]     Checking extended v0.1.0
[INFO] [stderr]     Checking safe_arch v1.0.0
[INFO] [stderr]     Checking glam v0.28.0
[INFO] [stderr]     Checking symphonia-core v0.5.5
[INFO] [stderr]     Checking dyn-clone v1.0.20
[INFO] [stderr]     Checking hashbrown v0.16.1
[INFO] [stderr]     Checking tinyvec v1.11.0
[INFO] [stderr]     Checking resampler v0.4.1
[INFO] [stderr]     Checking wide v1.3.0
[INFO] [stderr]    Compiling pyo3-build-config v0.28.3
[INFO] [stderr]     Checking num-integer v0.1.46
[INFO] [stderr]     Checking num-complex v0.4.6
[INFO] [stderr]     Checking symphonia-metadata v0.5.5
[INFO] [stderr]     Checking symphonia-codec-alac v0.5.5
[INFO] [stderr]     Checking symphonia-codec-aac v0.5.5
[INFO] [stderr]     Checking symphonia-codec-pcm v0.5.5
[INFO] [stderr]     Checking symphonia-codec-adpcm v0.5.5
[INFO] [stderr]     Checking generic-array v1.3.5
[INFO] [stderr]     Checking transpose v0.2.3
[INFO] [stderr]     Checking primal-check v0.3.4
[INFO] [stderr]     Checking microfft v0.6.0
[INFO] [stderr]     Checking rustfft v6.4.1
[INFO] [stderr]    Compiling num_cpus v1.17.0
[INFO] [stderr]     Checking symphonia-utils-xiph v0.5.5
[INFO] [stderr]     Checking symphonia-bundle-mp3 v0.5.5
[INFO] [stderr]     Checking symphonia-format-caf v0.5.5
[INFO] [stderr]     Checking symphonia-format-riff v0.5.5
[INFO] [stderr]     Checking symphonia-bundle-flac v0.5.5
[INFO] [stderr]     Checking symphonia-format-ogg v0.5.5
[INFO] [stderr]     Checking symphonia-format-mkv v0.5.5
[INFO] [stderr]     Checking symphonia-codec-vorbis v0.5.5
[INFO] [stderr]     Checking symphonia-format-isomp4 v0.5.5
[INFO] [stderr]     Checking numeric-array v0.6.1
[INFO] [stderr]     Checking symphonia v0.5.5
[INFO] [stderr]    Compiling pyo3-ffi v0.28.3
[INFO] [stderr]    Compiling pyo3-macros-backend v0.28.3
[INFO] [stderr]    Compiling pyo3 v0.28.3
[INFO] [stderr]    Compiling tempfile v3.27.0
[INFO] [stderr]    Compiling rtsan-standalone-sys v0.3.0
[INFO] [stderr]    Compiling pin-project-internal v1.1.11
[INFO] [stderr]    Compiling rtsan-standalone-macros v0.3.0
[INFO] [stderr]    Compiling thiserror-impl v2.0.18
[INFO] [stderr]     Checking pin-project v1.1.11
[INFO] [stderr]     Checking thingbuf v0.1.6
[INFO] [stderr]     Checking thiserror v2.0.18
[INFO] [stderr]     Checking realfft v3.5.0
[INFO] [stderr]     Checking fft-convolver v0.3.0
[INFO] [stderr]     Checking hashbrown v0.14.5
[INFO] [stderr]     Checking funutd v0.16.0
[INFO] [stderr]     Checking fundsp v0.23.0
[INFO] [stderr]    Compiling pyo3-macros v0.28.3
[INFO] [stderr]     Checking hallucy_engine v0.1.0 (/opt/rustwide/workdir/engine)
[INFO] [stdout] warning: unused import: `std::collections::HashMap`
[INFO] [stdout]  --> engine/src/node_trait.rs:1:5
[INFO] [stdout]   |
[INFO] [stdout] 1 | use std::collections::HashMap;
[INFO] [stdout]   |     ^^^^^^^^^^^^^^^^^^^^^^^^^
[INFO] [stdout]   |
[INFO] [stdout]   = note: `#[warn(unused_imports)]` (part of `#[warn(unused)]`) on by default
[INFO] [stdout] 
[INFO] [stdout] 
[INFO] [stdout] warning: unused import: `std::collections::HashMap`
[INFO] [stdout]  --> engine/src/node_trait.rs:1:5
[INFO] [stdout]   |
[INFO] [stdout] 1 | use std::collections::HashMap;
[INFO] [stdout]   |     ^^^^^^^^^^^^^^^^^^^^^^^^^
[INFO] [stdout]   |
[INFO] [stdout]   = note: `#[warn(unused_imports)]` (part of `#[warn(unused)]`) on by default
[INFO] [stdout] 
[INFO] [stdout] 
[INFO] [stderr]     Checking hallucy_bindings v0.1.0 (/opt/rustwide/workdir/bindings)
[INFO] [stdout] error[E0277]: `(dyn EngineNode + 'static)` cannot be sent between threads safely
[INFO] [stdout]  --> bindings/src/lib.rs:5:12
[INFO] [stdout]   |
[INFO] [stdout] 5 | pub struct RustEngine {
[INFO] [stdout]   |            ^^^^^^^^^^ `(dyn EngineNode + 'static)` cannot be sent between threads safely
[INFO] [stdout]   |
[INFO] [stdout]   = help: the trait `Send` is not implemented for `(dyn EngineNode + 'static)`
[INFO] [stdout]   = note: required for `std::ptr::Unique<(dyn EngineNode + 'static)>` to implement `Send`
[INFO] [stdout] note: required because it appears within the type `Box<(dyn EngineNode + 'static)>`
[INFO] [stdout]  --> /rustc/018018e881e2db0956f229dbb543e21f058d1ce7/library/alloc/src/boxed.rs:236:11
[INFO] [stdout]   = note: required because it appears within the type `(String, Box<(dyn EngineNode + 'static)>)`
[INFO] [stdout]   = note: required for `hashbrown::raw::RawTable<(String, Box<(dyn EngineNode + 'static)>)>` to implement `Send`
[INFO] [stdout] note: required because it appears within the type `hashbrown::map::HashMap<String, Box<(dyn EngineNode + 'static)>, RandomState>`
[INFO] [stdout]  --> /cargo/registry/25cdd57fae9f0462/hashbrown-0.17.1/src/map.rs:182:11
[INFO] [stdout] note: required because it appears within the type `HashMap<String, Box<(dyn EngineNode + 'static)>>`
[INFO] [stdout]  --> /rustc/018018e881e2db0956f229dbb543e21f058d1ce7/library/std/src/collections/hash/map.rs:245:11
[INFO] [stdout] note: required because it appears within the type `hallucy_engine::EngineGraph`
[INFO] [stdout]  --> engine/src/engine_graph.rs:6:12
[INFO] [stdout]   |
[INFO] [stdout] 6 | pub struct EngineGraph {
[INFO] [stdout]   |            ^^^^^^^^^^^
[INFO] [stdout] note: required because it appears within the type `RustEngine`
[INFO] [stdout]  --> bindings/src/lib.rs:5:12
[INFO] [stdout]   |
[INFO] [stdout] 5 | pub struct RustEngine {
[INFO] [stdout]   |            ^^^^^^^^^^
[INFO] [stdout] note: required by a bound in `pyo3::impl_::pyclass::assert_pyclass_send_sync`
[INFO] [stdout]  --> /opt/rustwide/cargo-home/registry/src/index.crates.io-1949cf8c6b5b557f/pyo3-0.28.3/src/impl_/pyclass/assertions.rs:6:8
[INFO] [stdout]   |
[INFO] [stdout] 4 | pub const fn assert_pyclass_send_sync<T>()
[INFO] [stdout]   |              ------------------------ required by a bound in this function
[INFO] [stdout] 5 | where
[INFO] [stdout] 6 |     T: Send + Sync,
[INFO] [stdout]   |        ^^^^ required by this bound in `assert_pyclass_send_sync`
[INFO] [stdout] 
[INFO] [stdout] 
[INFO] [stdout] error[E0277]: `(dyn EngineNode + 'static)` cannot be shared between threads safely
[INFO] [stdout]  --> bindings/src/lib.rs:5:12
[INFO] [stdout]   |
[INFO] [stdout] 5 | pub struct RustEngine {
[INFO] [stdout]   |            ^^^^^^^^^^ `(dyn EngineNode + 'static)` cannot be shared between threads safely
[INFO] [stdout]   |
[INFO] [stdout]   = help: the trait `Sync` is not implemented for `(dyn EngineNode + 'static)`
[INFO] [stdout]   = note: required for `std::ptr::Unique<(dyn EngineNode + 'static)>` to implement `Sync`
[INFO] [stdout] note: required because it appears within the type `Box<(dyn EngineNode + 'static)>`
[INFO] [stdout]  --> /rustc/018018e881e2db0956f229dbb543e21f058d1ce7/library/alloc/src/boxed.rs:236:11
[INFO] [stdout]   = note: required because it appears within the type `(String, Box<(dyn EngineNode + 'static)>)`
[INFO] [stdout]   = note: required for `hashbrown::raw::RawTable<(String, Box<(dyn EngineNode + 'static)>)>` to implement `Sync`
[INFO] [stdout] note: required because it appears within the type `hashbrown::map::HashMap<String, Box<(dyn EngineNode + 'static)>, RandomState>`
[INFO] [stdout]  --> /cargo/registry/25cdd57fae9f0462/hashbrown-0.17.1/src/map.rs:182:11
[INFO] [stdout] note: required because it appears within the type `HashMap<String, Box<(dyn EngineNode + 'static)>>`
[INFO] [stdout]  --> /rustc/018018e881e2db0956f229dbb543e21f058d1ce7/library/std/src/collections/hash/map.rs:245:11
[INFO] [stdout] note: required because it appears within the type `hallucy_engine::EngineGraph`
[INFO] [stdout]  --> engine/src/engine_graph.rs:6:12
[INFO] [stdout]   |
[INFO] [stdout] 6 | pub struct EngineGraph {
[INFO] [stdout]   |            ^^^^^^^^^^^
[INFO] [stdout] note: required because it appears within the type `RustEngine`
[INFO] [stdout]  --> bindings/src/lib.rs:5:12
[INFO] [stdout]   |
[INFO] [stdout] 5 | pub struct RustEngine {
[INFO] [stdout]   |            ^^^^^^^^^^
[INFO] [stdout] note: required by a bound in `pyo3::impl_::pyclass::assert_pyclass_send_sync`
[INFO] [stdout]  --> /opt/rustwide/cargo-home/registry/src/index.crates.io-1949cf8c6b5b557f/pyo3-0.28.3/src/impl_/pyclass/assertions.rs:6:15
[INFO] [stdout]   |
[INFO] [stdout] 4 | pub const fn assert_pyclass_send_sync<T>()
[INFO] [stdout]   |              ------------------------ required by a bound in this function
[INFO] [stdout] 5 | where
[INFO] [stdout] 6 |     T: Send + Sync,
[INFO] [stdout]   |               ^^^^ required by this bound in `assert_pyclass_send_sync`
[INFO] [stdout] 
[INFO] [stdout] 
[INFO] [stdout] error[E0277]: `(dyn EngineNode + 'static)` cannot be sent between threads safely
[INFO] [stdout]  --> bindings/src/lib.rs:5:12
[INFO] [stdout]   |
[INFO] [stdout] 5 | pub struct RustEngine {
[INFO] [stdout]   |            ^^^^^^^^^^ `(dyn EngineNode + 'static)` cannot be sent between threads safely
[INFO] [stdout]   |
[INFO] [stdout]   = help: the trait `Send` is not implemented for `(dyn EngineNode + 'static)`
[INFO] [stdout]   = note: required for `std::ptr::Unique<(dyn EngineNode + 'static)>` to implement `Send`
[INFO] [stdout] note: required because it appears within the type `Box<(dyn EngineNode + 'static)>`
[INFO] [stdout]  --> /rustc/018018e881e2db0956f229dbb543e21f058d1ce7/library/alloc/src/boxed.rs:236:11
[INFO] [stdout]   = note: required because it appears within the type `(String, Box<(dyn EngineNode + 'static)>)`
[INFO] [stdout]   = note: required for `hashbrown::raw::RawTable<(String, Box<(dyn EngineNode + 'static)>)>` to implement `Send`
[INFO] [stdout] note: required because it appears within the type `hashbrown::map::HashMap<String, Box<(dyn EngineNode + 'static)>, RandomState>`
[INFO] [stdout]  --> /cargo/registry/25cdd57fae9f0462/hashbrown-0.17.1/src/map.rs:182:11
[INFO] [stdout] note: required because it appears within the type `HashMap<String, Box<(dyn EngineNode + 'static)>>`
[INFO] [stdout]  --> /rustc/018018e881e2db0956f229dbb543e21f058d1ce7/library/std/src/collections/hash/map.rs:245:11
[INFO] [stdout] note: required because it appears within the type `hallucy_engine::EngineGraph`
[INFO] [stdout]  --> engine/src/engine_graph.rs:6:12
[INFO] [stdout]   |
[INFO] [stdout] 6 | pub struct EngineGraph {
[INFO] [stdout]   |            ^^^^^^^^^^^
[INFO] [stdout] note: required because it appears within the type `RustEngine`
[INFO] [stdout]  --> bindings/src/lib.rs:5:12
[INFO] [stdout]   |
[INFO] [stdout] 5 | pub struct RustEngine {
[INFO] [stdout]   |            ^^^^^^^^^^
[INFO] [stdout] note: required by a bound in `pyo3::impl_::pyclass::assert_pyclass_send_sync`
[INFO] [stdout]  --> /opt/rustwide/cargo-home/registry/src/index.crates.io-1949cf8c6b5b557f/pyo3-0.28.3/src/impl_/pyclass/assertions.rs:6:8
[INFO] [stdout]   |
[INFO] [stdout] 4 | pub const fn assert_pyclass_send_sync<T>()
[INFO] [stdout]   |              ------------------------ required by a bound in this function
[INFO] [stdout] 5 | where
[INFO] [stdout] 6 |     T: Send + Sync,
[INFO] [stdout]   |        ^^^^ required by this bound in `assert_pyclass_send_sync`
[INFO] [stdout] 
[INFO] [stdout] 
[INFO] [stdout] error[E0277]: the trait bound `&mut EngineGraph: TryFrom<BoundRef<'_, '_, RustEngine>>` is not satisfied
[INFO] [stdout]   --> bindings/src/lib.rs:16:35
[INFO] [stdout]    |
[INFO] [stdout] 16 |     fn add_node_by_name(py_graph: &mut EngineGraph, id: String, category: String, name: String, ports: Vec<PortDescriptor>) {
[INFO] [stdout]    |                                   ^^^^^^^^^^^^^^^^ the trait `From<pyo3::impl_::pymethods::BoundRef<'_, '_, RustEngine>>` is not implemented for `&mut hallucy_engine::EngineGraph`
[INFO] [stdout]    |
[INFO] [stdout]    = note: required for `pyo3::impl_::pymethods::BoundRef<'_, '_, RustEngine>` to implement `Into<&mut hallucy_engine::EngineGraph>`
[INFO] [stdout]    = note: required for `&mut hallucy_engine::EngineGraph` to implement `TryFrom<pyo3::impl_::pymethods::BoundRef<'_, '_, RustEngine>>`
[INFO] [stdout]    = note: the full name for the type has been written to '/opt/rustwide/target/debug/build/hallucy_bindings/22e122a696ca068a/out/hallucy_bindings-22e122a696ca068a.long-type-12372929157659042582.txt'
[INFO] [stdout]    = note: consider using `--verbose` to print the full type name to the console
[INFO] [stdout] 
[INFO] [stdout] 
[INFO] [stdout] error[E0277]: `(dyn EngineNode + 'static)` cannot be shared between threads safely
[INFO] [stdout]  --> bindings/src/lib.rs:5:12
[INFO] [stdout]   |
[INFO] [stdout] 5 | pub struct RustEngine {
[INFO] [stdout]   |            ^^^^^^^^^^ `(dyn EngineNode + 'static)` cannot be shared between threads safely
[INFO] [stdout]   |
[INFO] [stdout]   = help: the trait `Sync` is not implemented for `(dyn EngineNode + 'static)`
[INFO] [stdout]   = note: required for `std::ptr::Unique<(dyn EngineNode + 'static)>` to implement `Sync`
[INFO] [stdout] note: required because it appears within the type `Box<(dyn EngineNode + 'static)>`
[INFO] [stdout]  --> /rustc/018018e881e2db0956f229dbb543e21f058d1ce7/library/alloc/src/boxed.rs:236:11
[INFO] [stdout]   = note: required because it appears within the type `(String, Box<(dyn EngineNode + 'static)>)`
[INFO] [stdout]   = note: required for `hashbrown::raw::RawTable<(String, Box<(dyn EngineNode + 'static)>)>` to implement `Sync`
[INFO] [stdout] note: required because it appears within the type `hashbrown::map::HashMap<String, Box<(dyn EngineNode + 'static)>, RandomState>`
[INFO] [stdout]  --> /cargo/registry/25cdd57fae9f0462/hashbrown-0.17.1/src/map.rs:182:11
[INFO] [stdout] note: required because it appears within the type `HashMap<String, Box<(dyn EngineNode + 'static)>>`
[INFO] [stdout]  --> /rustc/018018e881e2db0956f229dbb543e21f058d1ce7/library/std/src/collections/hash/map.rs:245:11
[INFO] [stdout] note: required because it appears within the type `hallucy_engine::EngineGraph`
[INFO] [stdout]  --> engine/src/engine_graph.rs:6:12
[INFO] [stdout]   |
[INFO] [stdout] 6 | pub struct EngineGraph {
[INFO] [stdout]   |            ^^^^^^^^^^^
[INFO] [stdout] note: required because it appears within the type `RustEngine`
[INFO] [stdout]  --> bindings/src/lib.rs:5:12
[INFO] [stdout]   |
[INFO] [stdout] 5 | pub struct RustEngine {
[INFO] [stdout]   |            ^^^^^^^^^^
[INFO] [stdout] note: required by a bound in `pyo3::impl_::pyclass::assert_pyclass_send_sync`
[INFO] [stdout]  --> /opt/rustwide/cargo-home/registry/src/index.crates.io-1949cf8c6b5b557f/pyo3-0.28.3/src/impl_/pyclass/assertions.rs:6:15
[INFO] [stdout]   |
[INFO] [stdout] 4 | pub const fn assert_pyclass_send_sync<T>()
[INFO] [stdout]   |              ------------------------ required by a bound in this function
[INFO] [stdout] 5 | where
[INFO] [stdout] 6 |     T: Send + Sync,
[INFO] [stdout]   |               ^^^^ required by this bound in `assert_pyclass_send_sync`
[INFO] [stdout] 
[INFO] [stdout] 
[INFO] [stdout] error[E0277]: `Vec<hallucy_engine::PortDescriptor>` cannot be used as a Python function argument
[INFO] [stdout]    --> bindings/src/lib.rs:16:104
[INFO] [stdout]     |
[INFO] [stdout]  16 |     fn add_node_by_name(py_graph: &mut EngineGraph, id: String, category: String, name: String, ports: Vec<PortDescriptor>) {
[INFO] [stdout]     |                                                                                                        ^^^^^^^^^^^^^^^^^^^ the trait `FromPyObject<'_, '_>` is not implemented for `Vec<hallucy_engine::PortDescriptor>`
[INFO] [stdout]     |
[INFO] [stdout]     = note: implement `FromPyObject` to enable using `Vec<hallucy_engine::PortDescriptor>` as a function argument
[INFO] [stdout]     = note: `Python<'py>` is also a valid argument type to pass the Python token into `#[pyfunction]`s and `#[pymethods]`
[INFO] [stdout] help: the trait `FromPyObject<'_, '_>` is conditionally implemented for `Vec<T>`
[INFO] [stdout]    --> /opt/rustwide/cargo-home/registry/src/index.crates.io-1949cf8c6b5b557f/pyo3-0.28.3/src/conversions/std/vec.rs:65:1
[INFO] [stdout]     |
[INFO] [stdout]  65 | / impl<'py, T> FromPyObject<'_, 'py> for Vec<T>
[INFO] [stdout]  66 | | where
[INFO] [stdout]  67 | |     T: FromPyObjectOwned<'py>,
[INFO] [stdout]     | |________----------------------^
[INFO] [stdout]     |          |
[INFO] [stdout]     |          unsatisfied requirement introduced here: `_: FromPyObjectOwned<'_>`
[INFO] [stdout]     = note: required for `Vec<hallucy_engine::PortDescriptor>` to implement `pyo3::impl_::extract_argument::PyFunctionArgument<'_, '_, '_, true>`
[INFO] [stdout] note: required by a bound in `pyo3::impl_::extract_argument::extract_argument`
[INFO] [stdout]    --> /opt/rustwide/cargo-home/registry/src/index.crates.io-1949cf8c6b5b557f/pyo3-0.28.3/src/impl_/extract_argument.rs:218:8
[INFO] [stdout]     |
[INFO] [stdout] 212 | pub fn extract_argument<'a, 'holder, 'py, T, const IMPLEMENTS_FROMPYOBJECT: bool>(
[INFO] [stdout]     |        ---------------- required by a bound in this function
[INFO] [stdout] ...
[INFO] [stdout] 218 |     T: PyFunctionArgument<'a, 'holder, 'py, IMPLEMENTS_FROMPYOBJECT>,
[INFO] [stdout]     |        ^^^^^^^^^^^^^^^^^^^^^^^^^^^^^^^^^^^^^^^^^^^^^^^^^^^^^^^^^^^^^ required by this bound in `extract_argument`
[INFO] [stdout] 
[INFO] [stdout] 
[INFO] [stdout] error[E0277]: the trait bound `Vec<hallucy_engine::PortDescriptor>: FromPyObject<'_, '_>` is not satisfied
[INFO] [stdout]   --> bindings/src/lib.rs:16:97
[INFO] [stdout]    |
[INFO] [stdout] 16 |     fn add_node_by_name(py_graph: &mut EngineGraph, id: String, category: String, name: String, ports: Vec<PortDescriptor>) {
[INFO] [stdout]    |                                                                                                 ^^^^^^^^^^^^^^^^^^^^^^^^^^ the trait `FromPyObject<'_, '_>` is not implemented for `Vec<hallucy_engine::PortDescriptor>`
[INFO] [stdout]    |
[INFO] [stdout] help: the trait `FromPyObject<'_, '_>` is conditionally implemented for `Vec<T>`
[INFO] [stdout]   --> /opt/rustwide/cargo-home/registry/src/index.crates.io-1949cf8c6b5b557f/pyo3-0.28.3/src/conversions/std/vec.rs:65:1
[INFO] [stdout]    |
[INFO] [stdout] 65 | / impl<'py, T> FromPyObject<'_, 'py> for Vec<T>
[INFO] [stdout] 66 | | where
[INFO] [stdout] 67 | |     T: FromPyObjectOwned<'py>,
[INFO] [stdout]    | |________----------------------^
[INFO] [stdout]    |          |
[INFO] [stdout]    |          unsatisfied requirement introduced here: `_: FromPyObjectOwned<'_>`
[INFO] [stdout]    = note: required for `Vec<hallucy_engine::PortDescriptor>` to implement `pyo3::impl_::extract_argument::PyFunctionArgument<'_, '_, '_, true>`
[INFO] [stdout] 
[INFO] [stdout] 
[INFO] [stdout] For more information about this error, try `rustc --explain E0277`.
[INFO] [stdout] 
[INFO] [stdout] error[E0277]: the trait bound `&mut EngineGraph: TryFrom<BoundRef<'_, '_, RustEngine>>` is not satisfied
[INFO] [stdout]   --> bindings/src/lib.rs:16:35
[INFO] [stdout]    |
[INFO] [stdout] 16 |     fn add_node_by_name(py_graph: &mut EngineGraph, id: String, category: String, name: String, ports: Vec<PortDescriptor>) {
[INFO] [stdout]    |                                   ^^^^^^^^^^^^^^^^ the trait `From<pyo3::impl_::pymethods::BoundRef<'_, '_, RustEngine>>` is not implemented for `&mut hallucy_engine::EngineGraph`
[INFO] [stdout]    |
[INFO] [stdout]    = note: required for `pyo3::impl_::pymethods::BoundRef<'_, '_, RustEngine>` to implement `Into<&mut hallucy_engine::EngineGraph>`
[INFO] [stdout]    = note: required for `&mut hallucy_engine::EngineGraph` to implement `TryFrom<pyo3::impl_::pymethods::BoundRef<'_, '_, RustEngine>>`
[INFO] [stdout]    = note: the full name for the type has been written to '/opt/rustwide/target/debug/build/hallucy_bindings/d648587edf2cedab/out/hallucy_bindings-d648587edf2cedab.long-type-8472915628074594877.txt'
[INFO] [stdout]    = note: consider using `--verbose` to print the full type name to the console
[INFO] [stdout] 
[INFO] [stdout] 
[INFO] [stdout] error[E0277]: `Vec<hallucy_engine::PortDescriptor>` cannot be used as a Python function argument
[INFO] [stdout]    --> bindings/src/lib.rs:16:104
[INFO] [stdout]     |
[INFO] [stdout]  16 |     fn add_node_by_name(py_graph: &mut EngineGraph, id: String, category: String, name: String, ports: Vec<PortDescriptor>) {
[INFO] [stdout]     |                                                                                                        ^^^^^^^^^^^^^^^^^^^ the trait `FromPyObject<'_, '_>` is not implemented for `Vec<hallucy_engine::PortDescriptor>`
[INFO] [stdout]     |
[INFO] [stdout]     = note: implement `FromPyObject` to enable using `Vec<hallucy_engine::PortDescriptor>` as a function argument
[INFO] [stdout]     = note: `Python<'py>` is also a valid argument type to pass the Python token into `#[pyfunction]`s and `#[pymethods]`
[INFO] [stdout] help: the trait `FromPyObject<'_, '_>` is conditionally implemented for `Vec<T>`
[INFO] [stdout]    --> /opt/rustwide/cargo-home/registry/src/index.crates.io-1949cf8c6b5b557f/pyo3-0.28.3/src/conversions/std/vec.rs:65:1
[INFO] [stdout]     |
[INFO] [stdout]  65 | / impl<'py, T> FromPyObject<'_, 'py> for Vec<T>
[INFO] [stdout]  66 | | where
[INFO] [stdout]  67 | |     T: FromPyObjectOwned<'py>,
[INFO] [stdout]     | |________----------------------^
[INFO] [stdout]     |          |
[INFO] [stdout]     |          unsatisfied requirement introduced here: `_: FromPyObjectOwned<'_>`
[INFO] [stdout]     = note: required for `Vec<hallucy_engine::PortDescriptor>` to implement `pyo3::impl_::extract_argument::PyFunctionArgument<'_, '_, '_, true>`
[INFO] [stdout] note: required by a bound in `pyo3::impl_::extract_argument::extract_argument`
[INFO] [stdout]    --> /opt/rustwide/cargo-home/registry/src/index.crates.io-1949cf8c6b5b557f/pyo3-0.28.3/src/impl_/extract_argument.rs:218:8
[INFO] [stdout]     |
[INFO] [stdout] 212 | pub fn extract_argument<'a, 'holder, 'py, T, const IMPLEMENTS_FROMPYOBJECT: bool>(
[INFO] [stdout]     |        ---------------- required by a bound in this function
[INFO] [stdout] ...
[INFO] [stdout] 218 |     T: PyFunctionArgument<'a, 'holder, 'py, IMPLEMENTS_FROMPYOBJECT>,
[INFO] [stdout]     |        ^^^^^^^^^^^^^^^^^^^^^^^^^^^^^^^^^^^^^^^^^^^^^^^^^^^^^^^^^^^^^ required by this bound in `extract_argument`
[INFO] [stdout] 
[INFO] [stdout] 
[INFO] [stdout] error[E0277]: the trait bound `Vec<hallucy_engine::PortDescriptor>: FromPyObject<'_, '_>` is not satisfied
[INFO] [stdout]   --> bindings/src/lib.rs:16:97
[INFO] [stdout]    |
[INFO] [stdout] 16 |     fn add_node_by_name(py_graph: &mut EngineGraph, id: String, category: String, name: String, ports: Vec<PortDescriptor>) {
[INFO] [stdout]    |                                                                                                 ^^^^^^^^^^^^^^^^^^^^^^^^^^ the trait `FromPyObject<'_, '_>` is not implemented for `Vec<hallucy_engine::PortDescriptor>`
[INFO] [stdout]    |
[INFO] [stdout] help: the trait `FromPyObject<'_, '_>` is conditionally implemented for `Vec<T>`
[INFO] [stdout]   --> /opt/rustwide/cargo-home/registry/src/index.crates.io-1949cf8c6b5b557f/pyo3-0.28.3/src/conversions/std/vec.rs:65:1
[INFO] [stdout]    |
[INFO] [stdout] 65 | / impl<'py, T> FromPyObject<'_, 'py> for Vec<T>
[INFO] [stdout] 66 | | where
[INFO] [stdout] 67 | |     T: FromPyObjectOwned<'py>,
[INFO] [stdout]    | |________----------------------^
[INFO] [stdout]    |          |
[INFO] [stdout]    |          unsatisfied requirement introduced here: `_: FromPyObjectOwned<'_>`
[INFO] [stdout]    = note: required for `Vec<hallucy_engine::PortDescriptor>` to implement `pyo3::impl_::extract_argument::PyFunctionArgument<'_, '_, '_, true>`
[INFO] [stdout] 
[INFO] [stdout] 
[INFO] [stderr] error: could not compile `hallucy_bindings` (lib test) due to 5 previous errors
[INFO] [stderr] warning: build failed, waiting for other jobs to finish...
[INFO] [stdout] For more information about this error, try `rustc --explain E0277`.
[INFO] [stdout] 
[INFO] [stderr] error: could not compile `hallucy_bindings` (lib) due to 5 previous errors
[INFO] [stderr] warning: unused dependency `fundsp`
[INFO] [stderr]   --> engine/Cargo.toml:10:1
[INFO] [stderr]    |
[INFO] [stderr] 10 | fundsp = "0.23.0"
[INFO] [stderr]    | ^^^^^^^^^^^^^^^^^
[INFO] [stderr]    |
[INFO] [stderr]    = note: `cargo::unused_dependencies` is set to `warn` by default
[INFO] [stderr] help: consider removing the dependency on `fundsp`
[INFO] [stderr] warning: `hallucy_engine` (manifest) generated 1 warning
[INFO] running `Command { std: "docker" "inspect" "456f386a219071a8c7a78fe0742156f20350eaaa9453c25402c9394807e41b3a", kill_on_drop: false }`
[INFO] running `Command { std: "docker" "rm" "-f" "456f386a219071a8c7a78fe0742156f20350eaaa9453c25402c9394807e41b3a", kill_on_drop: false }`
[INFO] [stdout] 456f386a219071a8c7a78fe0742156f20350eaaa9453c25402c9394807e41b3a
