[INFO] cloning repository https://github.com/chamindu/ec2r53
[INFO] running `Command { std: "git" "-c" "credential.helper=" "-c" "credential.helper=/workspace/cargo-home/bin/git-credential-null" "clone" "--bare" "https://github.com/chamindu/ec2r53" "/workspace/cache/git-repos/https%3A%2F%2Fgithub.com%2Fchamindu%2Fec2r53", kill_on_drop: false }`
[INFO] [stderr] Cloning into bare repository '/workspace/cache/git-repos/https%3A%2F%2Fgithub.com%2Fchamindu%2Fec2r53'...
[INFO] running `Command { std: "git" "rev-parse" "HEAD", kill_on_drop: false }`
[INFO] [stdout] cf50fc501972c06b2eb6bb48c80eb2116725c10e
[INFO] checking chamindu/ec2r53/cf50fc501972c06b2eb6bb48c80eb2116725c10e against 018018e881e2db0956f229dbb543e21f058d1ce7 for pr-162597
[INFO] running `Command { std: "git" "clone" "/workspace/cache/git-repos/https%3A%2F%2Fgithub.com%2Fchamindu%2Fec2r53" "/workspace/builds/worker-6-tc1/source", kill_on_drop: false }`
[INFO] [stderr] Cloning into '/workspace/builds/worker-6-tc1/source'...
[INFO] [stderr] done.
[INFO] started tweaking git repo https://github.com/chamindu/ec2r53
[INFO] finished tweaking git repo https://github.com/chamindu/ec2r53
[INFO] tweaked toml for git repo https://github.com/chamindu/ec2r53 written to /workspace/builds/worker-6-tc1/source/Cargo.toml
[INFO] validating manifest of git repo https://github.com/chamindu/ec2r53 on toolchain 018018e881e2db0956f229dbb543e21f058d1ce7
[INFO] running `Command { std: CARGO_HOME="/workspace/cargo-home" RUSTUP_HOME="/workspace/rustup-home" "/workspace/cargo-home/bin/cargo" "+018018e881e2db0956f229dbb543e21f058d1ce7" "metadata" "--manifest-path" "Cargo.toml" "--no-deps", kill_on_drop: false }`
[INFO] crate git repo https://github.com/chamindu/ec2r53 already has a lockfile, it will not be regenerated
[INFO] running `Command { std: CARGO_HOME="/workspace/cargo-home" RUSTUP_HOME="/workspace/rustup-home" "/workspace/cargo-home/bin/cargo" "+018018e881e2db0956f229dbb543e21f058d1ce7" "fetch" "--manifest-path" "Cargo.toml", kill_on_drop: false }`
[INFO] [stderr] warning: Cargo.toml: `package.edition` is unspecified, defaulting to `2015` while the latest is `2024`
[INFO] [stderr] warning: `ec2r53` (manifest) generated 1 warning
[INFO] [stderr]     Updating git repository `https://github.com/chamindu/rusoto.git`
[INFO] [stderr]     Updating git submodule `https://github.com/boto/botocore.git`
[INFO] [stderr]     Updating crates.io index
[INFO] [stderr]  Downloading crates ...
[INFO] [stderr]   Downloaded xml-rs v0.6.1
[INFO] [stderr]   Downloaded percent-encoding v1.0.0
[INFO] [stderr]   Downloaded matches v0.1.6
[INFO] [stderr]   Downloaded secur32-sys v0.2.0
[INFO] [stderr]   Downloaded memchr v0.1.11
[INFO] [stderr]   Downloaded foreign-types v0.2.0
[INFO] [stderr]   Downloaded scoped-tls v0.1.0
[INFO] [stderr]   Downloaded futures-cpupool v0.1.5
[INFO] [stderr]   Downloaded hyper-tls v0.1.2
[INFO] [stderr]   Downloaded serde_urlencoded v0.5.1
[INFO] [stderr]   Downloaded lazy_static v0.2.8
[INFO] [stderr]   Downloaded num_cpus v1.6.2
[INFO] [stderr]   Downloaded native-tls v0.1.4
[INFO] [stderr]   Downloaded custom_derive v0.1.7
[INFO] [stderr]   Downloaded thread-id v2.0.0
[INFO] [stderr]   Downloaded atty v0.2.2
[INFO] [stderr]   Downloaded crypt32-sys v0.2.0
[INFO] [stderr]   Downloaded rustc_version v0.2.1
[INFO] [stderr]   Downloaded either v1.1.0
[INFO] [stderr]   Downloaded lazycell v0.5.1
[INFO] [stderr]   Downloaded magenta-sys v0.1.1
[INFO] [stderr]   Downloaded advapi32-sys v0.2.0
[INFO] [stderr]   Downloaded vcpkg v0.2.2
[INFO] [stderr]   Downloaded iovec v0.1.0
[INFO] [stderr]   Downloaded utf8-ranges v0.1.3
[INFO] [stderr]   Downloaded textwrap v0.7.0
[INFO] [stderr]   Downloaded term_size v0.3.0
[INFO] [stderr]   Downloaded ansi_term v0.9.0
[INFO] [stderr]   Downloaded conv v0.3.3
[INFO] [stderr]   Downloaded schannel v0.1.7
[INFO] [stderr]   Downloaded memchr v1.0.1
[INFO] [stderr]   Downloaded scopeguard v0.3.2
[INFO] [stderr]   Downloaded safemem v0.2.0
[INFO] [stderr]   Downloaded semver v0.6.0
[INFO] [stderr]   Downloaded mime v0.3.3
[INFO] [stderr]   Downloaded env_logger v0.3.5
[INFO] [stderr]   Downloaded httparse v1.2.3
[INFO] [stderr]   Downloaded adler32 v1.0.1
[INFO] [stderr]   Downloaded tempdir v0.3.5
[INFO] [stderr]   Downloaded version_check v0.1.3
[INFO] [stderr]   Downloaded thread_local v0.2.7
[INFO] [stderr]   Downloaded untrusted v0.5.0
[INFO] [stderr]   Downloaded tokio-tls v0.1.3
[INFO] [stderr]   Downloaded unicase v2.0.0
[INFO] [stderr]   Downloaded strsim v0.6.0
[INFO] [stderr]   Downloaded serde_derive v1.0.11
[INFO] [stderr]   Downloaded serde_derive_internals v0.15.1
[INFO] [stderr]   Downloaded libflate v0.1.11
[INFO] [stderr]   Downloaded reqwest v0.6.2
[INFO] [stderr]   Downloaded rand v0.3.16
[INFO] [stderr]   Downloaded base64 v0.6.0
[INFO] [stderr]   Downloaded redox_syscall v0.1.30
[INFO] [stderr]   Downloaded tokio-io v0.1.3
[INFO] [stderr]   Downloaded num v0.1.40
[INFO] [stderr]   Downloaded gcc v0.3.51
[INFO] [stderr]   Downloaded reqwest v0.7.2
[INFO] [stderr]   Downloaded url v1.5.1
[INFO] [stderr]   Downloaded serde v1.0.11
[INFO] [stderr]   Downloaded bytes v0.4.5
[INFO] [stderr]   Downloaded net2 v0.2.31
[INFO] [stderr]   Downloaded openssl-sys v0.9.17
[INFO] [stderr]   Downloaded serde_json v1.0.2
[INFO] [stderr]   Downloaded itoa v0.3.1
[INFO] [stderr]   Downloaded magenta v0.1.1
[INFO] [stderr]   Downloaded unicode-segmentation v1.2.0
[INFO] [stderr]   Downloaded dtoa v0.4.1
[INFO] [stderr]   Downloaded rayon-core v1.2.1
[INFO] [stderr]   Downloaded tokio-core v0.1.9
[INFO] [stderr]   Downloaded rayon v0.7.1
[INFO] [stderr]   Downloaded hyper v0.10.12
[INFO] [stderr]   Downloaded openssl v0.9.17
[INFO] [stderr]   Downloaded futures v0.1.14
[INFO] [stderr]   Downloaded mio v0.6.10
[INFO] [stderr]   Downloaded hyper v0.11.2
[INFO] [stderr]   Downloaded regex-syntax v0.3.9
[INFO] [stderr]   Downloaded chrono v0.4.0
[INFO] [stderr]   Downloaded libc v0.2.29
[INFO] [stderr]   Downloaded regex v0.1.80
[INFO] [stderr]   Downloaded clap v2.26.0
[INFO] [stderr]   Downloaded aho-corasick v0.5.3
[INFO] [stderr]   Downloaded idna v0.1.4
[INFO] [stderr]   Downloaded unicode-normalization v0.1.5
[INFO] [stderr]   Downloaded ring v0.11.0
[INFO] running `Command { std: "docker" "create" "-v" "/var/lib/crater-agent-workspace/builds/worker-6-tc1/source:/opt/rustwide/workdir:ro,Z" "-v" "/var/lib/crater-agent-workspace/builds/worker-6-tc1/target:/opt/rustwide/target:rw,Z" "-v" "/var/lib/crater-agent-workspace/cargo-home:/opt/rustwide/cargo-home:ro,Z" "-v" "/var/lib/crater-agent-workspace/rustup-home:/opt/rustwide/rustup-home:ro,Z" "-m" "1610612736" "--network" "none" "ghcr.io/rust-lang/crates-build-env/linux@sha256:8683fc1fc2eb5c9ac98e0d076ab094b2ffac7f99da555d2b6a2e27f346de2ec7" "sleep" "infinity", kill_on_drop: false }`
[INFO] [stdout] 1b018afdf11d0f598fc90cd4db22bb0c077f2c473ec550f26545d45c3e0be2d5
[INFO] running `Command { std: "docker" "start" "1b018afdf11d0f598fc90cd4db22bb0c077f2c473ec550f26545d45c3e0be2d5", kill_on_drop: false }`
[INFO] running `Command { std: "docker" "inspect" "1b018afdf11d0f598fc90cd4db22bb0c077f2c473ec550f26545d45c3e0be2d5", kill_on_drop: false }`
[INFO] running `Command { std: "docker" "exec" "-e" "SOURCE_DIR=/opt/rustwide/workdir" "-e" "CARGO_HOME=/opt/rustwide/cargo-home" "-e" "RUSTUP_HOME=/opt/rustwide/rustup-home" "-e" "CARGO_TARGET_DIR=/opt/rustwide/target" "-w" "/opt/rustwide/workdir" "--user" "0:0" "1b018afdf11d0f598fc90cd4db22bb0c077f2c473ec550f26545d45c3e0be2d5" "/opt/rustwide/cargo-home/bin/cargo" "+018018e881e2db0956f229dbb543e21f058d1ce7" "metadata" "--no-deps" "--format-version=1", kill_on_drop: false }`
[INFO] running `Command { std: "docker" "inspect" "1b018afdf11d0f598fc90cd4db22bb0c077f2c473ec550f26545d45c3e0be2d5", kill_on_drop: false }`
[INFO] running `Command { std: "docker" "exec" "-e" "SOURCE_DIR=/opt/rustwide/workdir" "-e" "CARGO_HOME=/opt/rustwide/cargo-home" "-e" "RUSTUP_HOME=/opt/rustwide/rustup-home" "-e" "CARGO_TARGET_DIR=/opt/rustwide/target" "-e" "CARGO_INCREMENTAL=0" "-e" "RUST_BACKTRACE=full" "-e" "RUSTFLAGS=--cap-lints=forbid" "-e" "RUSTDOCFLAGS=--cap-lints=forbid" "-w" "/opt/rustwide/workdir" "--user" "0:0" "1b018afdf11d0f598fc90cd4db22bb0c077f2c473ec550f26545d45c3e0be2d5" "/opt/rustwide/cargo-home/bin/cargo" "+018018e881e2db0956f229dbb543e21f058d1ce7" "check" "--frozen" "--all" "--all-targets" "--message-format=json", kill_on_drop: false }`
[INFO] [stderr] warning: Cargo.toml: `package.edition` is unspecified, defaulting to `2015` while the latest is `2024`
[INFO] [stderr] warning: `ec2r53` (manifest) generated 1 warning
[INFO] [stderr]     Checking libc v0.2.29
[INFO] [stderr]    Compiling gcc v0.3.51
[INFO] [stderr]     Checking byteorder v1.1.0
[INFO] [stderr]     Checking log v0.3.8
[INFO] [stderr]    Compiling pkg-config v0.3.9
[INFO] [stderr]     Checking lazy_static v0.2.8
[INFO] [stderr]     Checking bitflags v0.9.1
[INFO] [stderr]    Compiling openssl v0.9.17
[INFO] [stderr]     Checking percent-encoding v1.0.0
[INFO] [stderr]     Checking matches v0.1.6
[INFO] [stderr]     Checking foreign-types v0.2.0
[INFO] [stderr]     Checking num-traits v0.1.40
[INFO] [stderr]     Checking unicode-normalization v0.1.5
[INFO] [stderr]     Checking httparse v1.2.3
[INFO] [stderr]    Compiling either v1.1.0
[INFO] [stderr]     Checking language-tags v0.2.2
[INFO] [stderr]    Compiling scopeguard v0.3.2
[INFO] [stderr]     Checking unicode-bidi v0.3.4
[INFO] [stderr]    Compiling rayon-core v1.2.1
[INFO] [stderr]    Compiling version_check v0.1.3
[INFO] [stderr]     Checking futures v0.1.14
[INFO] [stderr]    Compiling coco v0.1.1
[INFO] [stderr]    Compiling num_cpus v1.6.2
[INFO] [stderr]    Compiling rand v0.3.16
[INFO] [stderr]     Checking cfg-if v0.1.2
[INFO] [stderr]    Compiling semver v0.1.20
[INFO] [stderr]     Checking time v0.1.38
[INFO] [stderr]     Checking iovec v0.1.0
[INFO] [stderr]     Checking net2 v0.2.31
[INFO] [stderr]     Checking serde v1.0.11
[INFO] [stderr]    Compiling winapi-build v0.1.1
[INFO] [stderr]     Checking idna v0.1.4
[INFO] [stderr]     Checking dtoa v0.4.1
[INFO] [stderr]    Compiling unicase v1.4.2
[INFO] [stderr]     Checking bytes v0.4.5
[INFO] [stderr]     Checking itoa v0.3.1
[INFO] [stderr]     Checking lazycell v0.5.1
[INFO] [stderr]     Checking slab v0.3.0
[INFO] [stderr]    Compiling kernel32-sys v0.2.2
[INFO] [stderr]     Checking num-integer v0.1.35
[INFO] [stderr]     Checking mime v0.2.6
[INFO] [stderr]     Checking base64 v0.5.2
[INFO] [stderr]     Checking adler32 v1.0.1
[INFO] [stderr]    Compiling rustc_version v0.1.7
[INFO] [stderr]     Checking void v1.0.2
[INFO] [stderr]     Checking scoped-tls v0.1.0
[INFO] [stderr]     Checking traitobject v0.1.0
[INFO] [stderr]     Checking typeable v0.1.2
[INFO] [stdout] error[E0119]: conflicting implementations of trait `Trait` for type `(dyn Send + Sync + 'static)`
[INFO] [stdout]   --> /opt/rustwide/cargo-home/registry/src/index.crates.io-1949cf8c6b5b557f/traitobject-0.1.0/src/impls.rs:72:1
[INFO] [stdout]    |
[INFO] [stdout] 71 | unsafe impl Trait for ::std::marker::Send + Sync { }
[INFO] [stdout]    | ------------------------------------------------ first implementation here
[INFO] [stdout] 72 | unsafe impl Trait for ::std::marker::Send + Send + Sync { }
[INFO] [stdout]    | ^^^^^^^^^^^^^^^^^^^^^^^^^^^^^^^^^^^^^^^^^^^^^^^^^^^^^^^ conflicting implementation for `(dyn Send + Sync + 'static)`
[INFO] [stdout] 
[INFO] [stdout] 
[INFO] [stdout] error[E0119]: conflicting implementations of trait `Trait` for type `(dyn Send + Sync + 'static)`
[INFO] [stdout]   --> /opt/rustwide/cargo-home/registry/src/index.crates.io-1949cf8c6b5b557f/traitobject-0.1.0/src/impls.rs:73:1
[INFO] [stdout]    |
[INFO] [stdout] 71 | unsafe impl Trait for ::std::marker::Send + Sync { }
[INFO] [stdout]    | ------------------------------------------------ first implementation here
[INFO] [stdout] 72 | unsafe impl Trait for ::std::marker::Send + Send + Sync { }
[INFO] [stdout] 73 | unsafe impl Trait for ::std::marker::Sync + Send { }
[INFO] [stdout]    | ^^^^^^^^^^^^^^^^^^^^^^^^^^^^^^^^^^^^^^^^^^^^^^^^ conflicting implementation for `(dyn Send + Sync + 'static)`
[INFO] [stdout] 
[INFO] [stdout] 
[INFO] [stdout] error[E0119]: conflicting implementations of trait `Trait` for type `(dyn Send + Sync + 'static)`
[INFO] [stdout]   --> /opt/rustwide/cargo-home/registry/src/index.crates.io-1949cf8c6b5b557f/traitobject-0.1.0/src/impls.rs:75:1
[INFO] [stdout]    |
[INFO] [stdout] 71 | unsafe impl Trait for ::std::marker::Send + Sync { }
[INFO] [stdout]    | ------------------------------------------------ first implementation here
[INFO] [stdout] ...
[INFO] [stdout] 75 | unsafe impl Trait for ::std::marker::Sync + Send + Sync { }
[INFO] [stdout]    | ^^^^^^^^^^^^^^^^^^^^^^^^^^^^^^^^^^^^^^^^^^^^^^^^^^^^^^^ conflicting implementation for `(dyn Send + Sync + 'static)`
[INFO] [stdout] 
[INFO] [stdout] 
[INFO] [stdout] For more information about this error, try `rustc --explain E0119`.
[INFO] [stdout] 
[INFO] [stderr]    Compiling semver-parser v0.7.0
[INFO] [stderr] error: could not compile `traitobject` (lib) due to 3 previous errors
[INFO] [stderr] warning: build failed, waiting for other jobs to finish...
[INFO] running `Command { std: "docker" "inspect" "1b018afdf11d0f598fc90cd4db22bb0c077f2c473ec550f26545d45c3e0be2d5", kill_on_drop: false }`
[INFO] running `Command { std: "docker" "rm" "-f" "1b018afdf11d0f598fc90cd4db22bb0c077f2c473ec550f26545d45c3e0be2d5", kill_on_drop: false }`
[INFO] [stdout] 1b018afdf11d0f598fc90cd4db22bb0c077f2c473ec550f26545d45c3e0be2d5
