[INFO] cloning repository https://github.com/chambres/OBSApplicationAudioSpecifier
[INFO] running `Command { std: "git" "-c" "credential.helper=" "-c" "credential.helper=/workspace/cargo-home/bin/git-credential-null" "clone" "--bare" "https://github.com/chambres/OBSApplicationAudioSpecifier" "/workspace/cache/git-repos/https%3A%2F%2Fgithub.com%2Fchambres%2FOBSApplicationAudioSpecifier", kill_on_drop: false }`
[INFO] [stderr] Cloning into bare repository '/workspace/cache/git-repos/https%3A%2F%2Fgithub.com%2Fchambres%2FOBSApplicationAudioSpecifier'...
[INFO] running `Command { std: "git" "rev-parse" "HEAD", kill_on_drop: false }`
[INFO] [stdout] d320a9676047c433e982c7c367f38852d60cde1a
[INFO] checking chambres/OBSApplicationAudioSpecifier/d320a9676047c433e982c7c367f38852d60cde1a against 018018e881e2db0956f229dbb543e21f058d1ce7 for pr-162597
[INFO] running `Command { std: "git" "clone" "/workspace/cache/git-repos/https%3A%2F%2Fgithub.com%2Fchambres%2FOBSApplicationAudioSpecifier" "/workspace/builds/worker-6-tc1/source", kill_on_drop: false }`
[INFO] [stderr] Cloning into '/workspace/builds/worker-6-tc1/source'...
[INFO] [stderr] done.
[INFO] started tweaking git repo https://github.com/chambres/OBSApplicationAudioSpecifier
[INFO] finished tweaking git repo https://github.com/chambres/OBSApplicationAudioSpecifier
[INFO] tweaked toml for git repo https://github.com/chambres/OBSApplicationAudioSpecifier written to /workspace/builds/worker-6-tc1/source/Cargo.toml
[INFO] validating manifest of git repo https://github.com/chambres/OBSApplicationAudioSpecifier on toolchain 018018e881e2db0956f229dbb543e21f058d1ce7
[INFO] running `Command { std: CARGO_HOME="/workspace/cargo-home" RUSTUP_HOME="/workspace/rustup-home" "/workspace/cargo-home/bin/cargo" "+018018e881e2db0956f229dbb543e21f058d1ce7" "metadata" "--manifest-path" "Cargo.toml" "--no-deps", kill_on_drop: false }`
[INFO] crate git repo https://github.com/chambres/OBSApplicationAudioSpecifier already has a lockfile, it will not be regenerated
[INFO] running `Command { std: CARGO_HOME="/workspace/cargo-home" RUSTUP_HOME="/workspace/rustup-home" "/workspace/cargo-home/bin/cargo" "+018018e881e2db0956f229dbb543e21f058d1ce7" "fetch" "--manifest-path" "Cargo.toml", kill_on_drop: false }`
[INFO] [stderr] warning: binary `obs_tray_hotkey` should have a kebab-case name
[INFO] [stderr]    |
[INFO] [stderr]  1 | /workspace/builds/worker-6-tc1/source/target/.../obs_tray_hotkey
[INFO] [stderr]    |                                                  ^^^^^^^^^^^^^^^
[INFO] [stderr]    |
[INFO] [stderr]    = note: `cargo::non_kebab_case_bins` is set to `warn` by default
[INFO] [stderr] help: to change the binary name to `obs-tray-hotkey`, convert `package.name`
[INFO] [stderr]   --> Cargo.toml:30:8
[INFO] [stderr]    |
[INFO] [stderr] 30 - name = "obs_tray_hotkey"
[INFO] [stderr] 30 + name = "obs-tray-hotkey"
[INFO] [stderr]    |
[INFO] [stderr] help: to change the binary name to `obs-tray-hotkey`, specify `bin.name`
[INFO] [stderr]   --> Cargo.toml:31:19
[INFO] [stderr]    |
[INFO] [stderr] 31 ~ version = "0.1.0"
[INFO] [stderr] 32 + [[bin]]
[INFO] [stderr] 33 + name = "obs-tray-hotkey"
[INFO] [stderr] 34 + path = "src/main.rs"
[INFO] [stderr]    |
[INFO] [stderr] warning: `obs_tray_hotkey` (manifest) generated 1 warning
[INFO] [stderr]  Downloading crates ...
[INFO] [stderr]   Downloaded tray-icon v0.7.7
[INFO] [stderr]   Downloaded cairo-sys-rs v0.16.3
[INFO] [stderr]   Downloaded muda v0.7.3
[INFO] [stderr]   Downloaded libappindicator-sys v0.8.0
[INFO] [stderr]   Downloaded ctrlc v3.5.0
[INFO] [stderr]   Downloaded pango-sys v0.16.3
[INFO] [stderr]   Downloaded gtk3-macros v0.16.3
[INFO] [stderr]   Downloaded gdk-pixbuf-sys v0.16.3
[INFO] [stderr]   Downloaded gdk-pixbuf v0.16.7
[INFO] [stderr]   Downloaded gobject-sys v0.16.3
[INFO] [stderr]   Downloaded atk-sys v0.16.0
[INFO] [stderr]   Downloaded pango v0.16.5
[INFO] [stderr]   Downloaded glib-macros v0.16.8
[INFO] [stderr]   Downloaded atk v0.16.0
[INFO] [stderr]   Downloaded cairo-rs v0.16.7
[INFO] [stderr]   Downloaded glib-sys v0.16.3
[INFO] [stderr]   Downloaded gdk-sys v0.16.0
[INFO] [stderr]   Downloaded libappindicator v0.8.0
[INFO] [stderr]   Downloaded gio-sys v0.16.3
[INFO] [stderr]   Downloaded gdk v0.16.2
[INFO] [stderr]   Downloaded gtk-sys v0.16.0
[INFO] [stderr]   Downloaded gio v0.16.7
[INFO] [stderr]   Downloaded glib v0.16.9
[INFO] [stderr]   Downloaded gtk v0.16.2
[INFO] running `Command { std: "docker" "create" "-v" "/var/lib/crater-agent-workspace/builds/worker-6-tc1/source:/opt/rustwide/workdir:ro,Z" "-v" "/var/lib/crater-agent-workspace/builds/worker-6-tc1/target:/opt/rustwide/target:rw,Z" "-v" "/var/lib/crater-agent-workspace/cargo-home:/opt/rustwide/cargo-home:ro,Z" "-v" "/var/lib/crater-agent-workspace/rustup-home:/opt/rustwide/rustup-home:ro,Z" "-m" "1610612736" "--network" "none" "ghcr.io/rust-lang/crates-build-env/linux@sha256:8683fc1fc2eb5c9ac98e0d076ab094b2ffac7f99da555d2b6a2e27f346de2ec7" "sleep" "infinity", kill_on_drop: false }`
[INFO] [stdout] 3b07509a19c695a4e0e40bfdde3e7cd4c521cbe56e2ae627131f2905d3e16504
[INFO] running `Command { std: "docker" "start" "3b07509a19c695a4e0e40bfdde3e7cd4c521cbe56e2ae627131f2905d3e16504", kill_on_drop: false }`
[INFO] running `Command { std: "docker" "inspect" "3b07509a19c695a4e0e40bfdde3e7cd4c521cbe56e2ae627131f2905d3e16504", kill_on_drop: false }`
[INFO] running `Command { std: "docker" "exec" "-e" "SOURCE_DIR=/opt/rustwide/workdir" "-e" "CARGO_HOME=/opt/rustwide/cargo-home" "-e" "RUSTUP_HOME=/opt/rustwide/rustup-home" "-e" "CARGO_TARGET_DIR=/opt/rustwide/target" "-w" "/opt/rustwide/workdir" "--user" "0:0" "3b07509a19c695a4e0e40bfdde3e7cd4c521cbe56e2ae627131f2905d3e16504" "/opt/rustwide/cargo-home/bin/cargo" "+018018e881e2db0956f229dbb543e21f058d1ce7" "metadata" "--no-deps" "--format-version=1", kill_on_drop: false }`
[INFO] running `Command { std: "docker" "inspect" "3b07509a19c695a4e0e40bfdde3e7cd4c521cbe56e2ae627131f2905d3e16504", kill_on_drop: false }`
[INFO] running `Command { std: "docker" "exec" "-e" "SOURCE_DIR=/opt/rustwide/workdir" "-e" "CARGO_HOME=/opt/rustwide/cargo-home" "-e" "RUSTUP_HOME=/opt/rustwide/rustup-home" "-e" "CARGO_TARGET_DIR=/opt/rustwide/target" "-e" "CARGO_INCREMENTAL=0" "-e" "RUST_BACKTRACE=full" "-e" "RUSTFLAGS=--cap-lints=forbid" "-e" "RUSTDOCFLAGS=--cap-lints=forbid" "-w" "/opt/rustwide/workdir" "--user" "0:0" "3b07509a19c695a4e0e40bfdde3e7cd4c521cbe56e2ae627131f2905d3e16504" "/opt/rustwide/cargo-home/bin/cargo" "+018018e881e2db0956f229dbb543e21f058d1ce7" "check" "--frozen" "--all" "--all-targets" "--message-format=json", kill_on_drop: false }`
[INFO] [stderr] warning: binary `obs_tray_hotkey` should have a kebab-case name
[INFO] [stderr]    |
[INFO] [stderr]  1 | /opt/rustwide/target/.../obs_tray_hotkey
[INFO] [stderr]    |                          ^^^^^^^^^^^^^^^
[INFO] [stderr]    |
[INFO] [stderr]    = note: `cargo::non_kebab_case_bins` is set to `warn` by default
[INFO] [stderr] help: to change the binary name to `obs-tray-hotkey`, convert `package.name`
[INFO] [stderr]   --> Cargo.toml:30:8
[INFO] [stderr]    |
[INFO] [stderr] 30 - name = "obs_tray_hotkey"
[INFO] [stderr] 30 + name = "obs-tray-hotkey"
[INFO] [stderr]    |
[INFO] [stderr] help: to change the binary name to `obs-tray-hotkey`, specify `bin.name`
[INFO] [stderr]   --> Cargo.toml:31:19
[INFO] [stderr]    |
[INFO] [stderr] 31 ~ version = "0.1.0"
[INFO] [stderr] 32 + [[bin]]
[INFO] [stderr] 33 + name = "obs-tray-hotkey"
[INFO] [stderr] 34 + path = "src/main.rs"
[INFO] [stderr]    |
[INFO] [stderr] warning: `obs_tray_hotkey` (manifest) generated 1 warning
[INFO] [stderr]    Compiling libc v0.2.177
[INFO] [stderr]    Compiling serde v1.0.228
[INFO] [stderr]    Compiling indexmap v2.11.4
[INFO] [stderr]     Checking stable_deref_trait v1.2.1
[INFO] [stderr]    Compiling quote v1.0.41
[INFO] [stderr]    Compiling cfg-expr v0.15.8
[INFO] [stderr]     Checking futures-channel v0.3.31
[INFO] [stderr]    Compiling gio v0.16.7
[INFO] [stderr]    Compiling windows_x86_64_gnu v0.52.6
[INFO] [stderr]    Compiling field-offset v0.3.6
[INFO] [stderr]    Compiling x11 v2.21.0
[INFO] [stderr]     Checking crypto-common v0.1.6
[INFO] [stderr]     Checking block-buffer v0.10.4
[INFO] [stderr]    Compiling gtk v0.16.2
[INFO] [stderr]    Compiling crossbeam-utils v0.8.21
[INFO] [stderr]    Compiling libxdo-sys v0.11.0
[INFO] [stderr]     Checking miniz_oxide v0.8.9
[INFO] [stderr]     Checking crc32fast v1.5.0
[INFO] [stderr]     Checking digest v0.10.7
[INFO] [stderr]    Compiling nix v0.30.1
[INFO] [stderr]     Checking libloading v0.7.4
[INFO] [stderr]     Checking windows-targets v0.52.6
[INFO] [stderr]     Checking serde_json v1.0.145
[INFO] [stderr]    Compiling syn v2.0.106
[INFO] [stderr]    Compiling syn v1.0.109
[INFO] [stderr]     Checking windows-result v0.2.0
[INFO] [stderr]     Checking windows-strings v0.1.0
[INFO] [stderr]    Compiling proc-macro-error-attr v1.0.4
[INFO] [stderr]     Checking sha1 v0.10.6
[INFO] [stderr]     Checking sha2 v0.10.9
[INFO] [stderr]     Checking flate2 v1.1.4
[INFO] [stderr]     Checking png v0.17.16
[INFO] [stderr]     Checking crossbeam-channel v0.5.15
[INFO] [stderr]    Compiling toml_datetime v0.6.11
[INFO] [stderr]    Compiling serde_spanned v0.6.9
[INFO] [stderr]    Compiling toml v0.5.11
[INFO] [stderr]    Compiling toml_edit v0.22.27
[INFO] [stderr]    Compiling toml_edit v0.19.15
[INFO] [stderr]     Checking ico v0.3.0
[INFO] [stderr]    Compiling winres v0.1.12
[INFO] [stderr]     Checking getrandom v0.2.16
[INFO] [stderr]     Checking dirs-sys-next v0.1.2
[INFO] [stderr]     Checking mio v1.0.4
[INFO] [stderr]     Checking socket2 v0.6.1
[INFO] [stderr]     Checking dirs-next v2.0.0
[INFO] [stderr]    Compiling obs_tray_hotkey v0.1.0 (/opt/rustwide/workdir)
[INFO] [stderr]     Checking rand_core v0.6.4
[INFO] [stderr]     Checking rand_chacha v0.3.1
[INFO] [stderr]     Checking rand v0.8.5
[INFO] [stderr]     Checking ctrlc v3.5.0
[INFO] [stderr]     Checking libxdo v0.6.0
[INFO] [stderr]    Compiling toml v0.8.23
[INFO] [stderr]    Compiling system-deps v6.2.2
[INFO] [stderr]    Compiling proc-macro-error v1.0.4
[INFO] [stderr]    Compiling proc-macro-crate v1.3.1
[INFO] [stderr]    Compiling glib-sys v0.16.3
[INFO] [stderr]    Compiling gobject-sys v0.16.3
[INFO] [stderr]    Compiling gio-sys v0.16.3
[INFO] [stderr]    Compiling pango-sys v0.16.3
[INFO] [stderr]    Compiling gdk-pixbuf-sys v0.16.3
[INFO] [stderr]    Compiling gdk-sys v0.16.0
[INFO] [stderr]    Compiling atk-sys v0.16.0
[INFO] [stderr]    Compiling cairo-sys-rs v0.16.3
[INFO] [stderr]    Compiling gtk-sys v0.16.0
[INFO] [stderr]    Compiling glib-macros v0.16.8
[INFO] [stderr]    Compiling gtk3-macros v0.16.3
[INFO] [stderr]    Compiling synstructure v0.13.2
[INFO] [stderr]    Compiling thiserror-impl v1.0.69
[INFO] [stderr]    Compiling zerofrom-derive v0.1.6
[INFO] [stderr]    Compiling futures-macro v0.3.31
[INFO] [stderr]    Compiling yoke-derive v0.8.0
[INFO] [stderr]    Compiling zerovec-derive v0.11.1
[INFO] [stderr]    Compiling displaydoc v0.2.5
[INFO] [stderr]    Compiling serde_derive v1.0.228
[INFO] [stderr]    Compiling windows-interface v0.58.0
[INFO] [stderr]    Compiling windows-implement v0.58.0
[INFO] [stderr]    Compiling tokio-macros v2.6.0
[INFO] [stderr]     Checking tokio v1.48.0
[INFO] [stderr]     Checking futures-util v0.3.31
[INFO] [stderr]     Checking windows-core v0.58.0
[INFO] [stderr]     Checking thiserror v1.0.69
[INFO] [stderr]     Checking tungstenite v0.24.0
[INFO] [stderr]     Checking windows v0.58.0
[INFO] [stderr]     Checking zerofrom v0.1.6
[INFO] [stderr]     Checking yoke v0.8.0
[INFO] [stderr]     Checking zerovec v0.11.4
[INFO] [stderr]     Checking zerotrie v0.2.2
[INFO] [stderr]     Checking libappindicator-sys v0.8.0
[INFO] [stderr]     Checking tinystr v0.8.1
[INFO] [stderr]     Checking potential_utf v0.1.3
[INFO] [stderr]     Checking icu_collections v2.0.0
[INFO] [stderr]     Checking icu_locale_core v2.0.0
[INFO] [stderr]     Checking futures-executor v0.3.31
[INFO] [stderr]     Checking keyboard-types v0.6.2
[INFO] [stderr]     Checking glib v0.16.9
[INFO] [stderr]     Checking tokio-tungstenite v0.24.0
[INFO] [stderr]     Checking icu_provider v2.0.0
[INFO] [stderr]     Checking icu_properties v2.0.1
[INFO] [stderr]     Checking icu_normalizer v2.0.0
[INFO] [stderr]     Checking idna_adapter v1.2.1
[INFO] [stderr]     Checking idna v1.1.0
[INFO] [stderr]     Checking url v2.5.7
[INFO] [stderr]     Checking tungstenite v0.21.0
[INFO] [stderr]     Checking cairo-rs v0.16.7
[INFO] [stderr]     Checking atk v0.16.0
[INFO] [stderr]     Checking gdk-pixbuf v0.16.7
[INFO] [stderr]     Checking pango v0.16.5
[INFO] [stderr]     Checking gdk v0.16.2
[INFO] [stderr]     Checking libappindicator v0.8.0
[INFO] [stderr]     Checking muda v0.7.3
[INFO] [stderr]     Checking tray-icon v0.7.7
[INFO] [stdout] error[E0433]: cannot find `windows` in `os`
[INFO] [stdout]   --> src/main.rs:15:9
[INFO] [stdout]    |
[INFO] [stdout] 15 |     os::windows::ffi::OsStringExt,
[INFO] [stdout]    |         ^^^^^^^ could not find `windows` in `os`
[INFO] [stdout]    |
[INFO] [stdout] note: found an item that was configured out
[INFO] [stdout]   --> /rustc/018018e881e2db0956f229dbb543e21f058d1ce7/library/std/src/os/mod.rs:62:4
[INFO] [stdout]    |
[INFO] [stdout]    = note: the item is gated behind the `windows` feature
[INFO] [stdout] 
[INFO] [stdout] 
[INFO] [stdout] error[E0433]: cannot find `Win32` in `windows`
[INFO] [stdout]   --> src/main.rs:27:14
[INFO] [stdout]    |
[INFO] [stdout] 27 | use windows::Win32::{
[INFO] [stdout]    |              ^^^^^ could not find `Win32` in `windows`
[INFO] [stdout] 
[INFO] [stdout] 
[INFO] [stdout] error[E0433]: cannot find `windows` in `os`
[INFO] [stdout]   --> src/main.rs:15:9
[INFO] [stdout]    |
[INFO] [stdout] 15 |     os::windows::ffi::OsStringExt,
[INFO] [stdout]    |         ^^^^^^^ could not find `windows` in `os`
[INFO] [stdout]    |
[INFO] [stdout] note: found an item that was configured out
[INFO] [stdout]   --> /rustc/018018e881e2db0956f229dbb543e21f058d1ce7/library/std/src/os/mod.rs:62:4
[INFO] [stdout]    |
[INFO] [stdout]    = note: the item is gated behind the `windows` feature
[INFO] [stdout] 
[INFO] [stdout] 
[INFO] [stdout] error[E0433]: cannot find `Win32` in `windows`
[INFO] [stdout]   --> src/main.rs:27:14
[INFO] [stdout]    |
[INFO] [stdout] 27 | use windows::Win32::{
[INFO] [stdout]    |              ^^^^^ could not find `Win32` in `windows`
[INFO] [stdout] 
[INFO] [stdout] 
[INFO] [stdout] error[E0433]: cannot find `Win32` in `windows`
[INFO] [stdout]    --> src/main.rs:393:26
[INFO] [stdout]     |
[INFO] [stdout] 393 |         let _ = windows::Win32::Foundation::CloseHandle(handle);
[INFO] [stdout]     |                          ^^^^^ could not find `Win32` in `windows`
[INFO] [stdout] 
[INFO] [stdout] 
[INFO] [stdout] error[E0433]: cannot find `Win32` in `windows`
[INFO] [stdout]    --> src/main.rs:393:26
[INFO] [stdout]     |
[INFO] [stdout] 393 |         let _ = windows::Win32::Foundation::CloseHandle(handle);
[INFO] [stdout]     |                          ^^^^^ could not find `Win32` in `windows`
[INFO] [stdout] 
[INFO] [stdout] 
[INFO] [stdout] error[E0599]: no associated function or constant named `from_wide` found for struct `OsString` in the current scope
[INFO] [stdout]    --> src/main.rs:381:15
[INFO] [stdout]     |
[INFO] [stdout] 381 |     OsString::from_wide(&buf[..len as usize])
[INFO] [stdout]     |               ^^^^^^^^^ associated function or constant not found in `OsString`
[INFO] [stdout]     |
[INFO] [stdout] note: if you're trying to build a new `OsString` consider using one of the following associated functions:
[INFO] [stdout]       OsString::new
[INFO] [stdout]       OsString::from_encoded_bytes_unchecked
[INFO] [stdout]       OsString::with_capacity
[INFO] [stdout]    --> /rustc/018018e881e2db0956f229dbb543e21f058d1ce7/library/std/src/ffi/os_str.rs:133:4
[INFO] [stdout] help: there is an associated function `from_iter` with a similar name
[INFO] [stdout]     |
[INFO] [stdout] 381 -     OsString::from_wide(&buf[..len as usize])
[INFO] [stdout] 381 +     OsString::from_iter(&buf[..len as usize])
[INFO] [stdout]     |
[INFO] [stdout] 
[INFO] [stdout] 
[INFO] [stdout] error[E0599]: no associated function or constant named `from_wide` found for struct `OsString` in the current scope
[INFO] [stdout]    --> src/main.rs:381:15
[INFO] [stdout]     |
[INFO] [stdout] 381 |     OsString::from_wide(&buf[..len as usize])
[INFO] [stdout]     |               ^^^^^^^^^ associated function or constant not found in `OsString`
[INFO] [stdout]     |
[INFO] [stdout] note: if you're trying to build a new `OsString` consider using one of the following associated functions:
[INFO] [stdout]       OsString::new
[INFO] [stdout]       OsString::from_encoded_bytes_unchecked
[INFO] [stdout]       OsString::with_capacity
[INFO] [stdout]    --> /rustc/018018e881e2db0956f229dbb543e21f058d1ce7/library/std/src/ffi/os_str.rs:133:4
[INFO] [stdout] help: there is an associated function `from_iter` with a similar name
[INFO] [stdout]     |
[INFO] [stdout] 381 -     OsString::from_wide(&buf[..len as usize])
[INFO] [stdout] 381 +     OsString::from_iter(&buf[..len as usize])
[INFO] [stdout]     |
[INFO] [stdout] 
[INFO] [stdout] 
[INFO] [stdout] Some errors have detailed explanations: E0433, E0599.
[INFO] [stdout] 
[INFO] [stdout] For more information about an error, try `rustc --explain E0433`.
[INFO] [stdout] 
[INFO] [stdout] Some errors have detailed explanations: E0433, E0599.
[INFO] [stdout] 
[INFO] [stdout] For more information about an error, try `rustc --explain E0433`.
[INFO] [stdout] 
[INFO] [stderr] error: could not compile `obs_tray_hotkey` (bin "obs_tray_hotkey" test) due to 4 previous errors
[INFO] [stderr] warning: build failed, waiting for other jobs to finish...
[INFO] [stderr] error: could not compile `obs_tray_hotkey` (bin "obs_tray_hotkey") due to 4 previous errors
[INFO] [stderr] warning: unused dependency `tungstenite`
[INFO] [stderr]   --> Cargo.toml:14:1
[INFO] [stderr]    |
[INFO] [stderr] 14 | tungstenite = "0.21"
[INFO] [stderr]    | ^^^^^^^^^^^^^^^^^^^^
[INFO] [stderr]    |
[INFO] [stderr]    = note: `cargo::unused_dependencies` is set to `warn` by default
[INFO] [stderr] help: consider removing the dependency on `tungstenite`
[INFO] [stderr] warning: `obs_tray_hotkey` (manifest) generated 1 warning
[INFO] running `Command { std: "docker" "inspect" "3b07509a19c695a4e0e40bfdde3e7cd4c521cbe56e2ae627131f2905d3e16504", kill_on_drop: false }`
[INFO] running `Command { std: "docker" "rm" "-f" "3b07509a19c695a4e0e40bfdde3e7cd4c521cbe56e2ae627131f2905d3e16504", kill_on_drop: false }`
[INFO] [stdout] 3b07509a19c695a4e0e40bfdde3e7cd4c521cbe56e2ae627131f2905d3e16504
