[INFO] cloning repository https://github.com/alarsyo/bad-news
[INFO] running `Command { std: "git" "-c" "credential.helper=" "-c" "credential.helper=/workspace/cargo-home/bin/git-credential-null" "clone" "--bare" "https://github.com/alarsyo/bad-news" "/workspace/cache/git-repos/https%3A%2F%2Fgithub.com%2Falarsyo%2Fbad-news", kill_on_drop: false }`
[INFO] [stderr] Cloning into bare repository '/workspace/cache/git-repos/https%3A%2F%2Fgithub.com%2Falarsyo%2Fbad-news'...
[INFO] running `Command { std: "git" "rev-parse" "HEAD", kill_on_drop: false }`
[INFO] [stdout] b0483d90dafd01744e7886663386822e39a17db9
[INFO] checking alarsyo/bad-news against be3da1e8c043bb6f1f335463d3b1335cdf50b03c for pr-162597
[INFO] running `Command { std: "git" "clone" "/workspace/cache/git-repos/https%3A%2F%2Fgithub.com%2Falarsyo%2Fbad-news" "/workspace/builds/worker-0-tc2/source", kill_on_drop: false }`
[INFO] [stderr] Cloning into '/workspace/builds/worker-0-tc2/source'...
[INFO] [stderr] done.
[INFO] started tweaking git repo https://github.com/alarsyo/bad-news
[INFO] finished tweaking git repo https://github.com/alarsyo/bad-news
[INFO] tweaked toml for git repo https://github.com/alarsyo/bad-news written to /workspace/builds/worker-0-tc2/source/Cargo.toml
[INFO] validating manifest of git repo https://github.com/alarsyo/bad-news on toolchain be3da1e8c043bb6f1f335463d3b1335cdf50b03c
[INFO] running `Command { std: CARGO_HOME="/workspace/cargo-home" RUSTUP_HOME="/workspace/rustup-home" "/workspace/cargo-home/bin/cargo" "+be3da1e8c043bb6f1f335463d3b1335cdf50b03c" "metadata" "--manifest-path" "Cargo.toml" "--no-deps", kill_on_drop: false }`
[INFO] crate git repo https://github.com/alarsyo/bad-news already has a lockfile, it will not be regenerated
[INFO] running `Command { std: CARGO_HOME="/workspace/cargo-home" RUSTUP_HOME="/workspace/rustup-home" "/workspace/cargo-home/bin/cargo" "+be3da1e8c043bb6f1f335463d3b1335cdf50b03c" "fetch" "--manifest-path" "Cargo.toml", kill_on_drop: false }`
[INFO] [stderr]     Blocking waiting for file lock on package cache
[INFO] [stderr]     Blocking waiting for file lock on package cache
[INFO] [stderr]  Downloading crates ...
[INFO] [stderr]   Downloaded serde_derive v1.0.125
[INFO] [stderr]   Downloaded proc-macro2 v1.0.26
[INFO] [stderr]   Downloaded tokio-macros v1.1.0
[INFO] [stderr]   Downloaded url v2.2.1
[INFO] [stderr]   Downloaded instant v0.1.9
[INFO] [stderr]   Downloaded wasm-bindgen-futures v0.4.23
[INFO] [stderr]   Downloaded http-body v0.4.1
[INFO] [stderr]   Downloaded vcpkg v0.2.11
[INFO] [stderr]   Downloaded futures-sink v0.3.13
[INFO] [stderr]   Downloaded serde_urlencoded v0.7.0
[INFO] [stderr]   Downloaded time-macros-impl v0.1.1
[INFO] [stderr]   Downloaded proc-macro-hack v0.5.19
[INFO] [stderr]   Downloaded build-env v0.3.0
[INFO] [stderr]   Downloaded zeroize v1.2.0
[INFO] [stderr]   Downloaded security-framework-sys v2.2.0
[INFO] [stderr]   Downloaded httpdate v0.3.2
[INFO] [stderr]   Downloaded utf8-cstr v0.1.6
[INFO] [stderr]   Downloaded foreign-types-macros v0.2.1
[INFO] [stderr]   Downloaded js_int v0.2.0
[INFO] [stderr]   Downloaded const_fn v0.4.6
[INFO] [stderr]   Downloaded futures-core v0.3.13
[INFO] [stderr]   Downloaded proc-macro-crate v1.0.0
[INFO] [stderr]   Downloaded futures-task v0.3.13
[INFO] [stderr]   Downloaded itoa v0.4.7
[INFO] [stderr]   Downloaded wasm-bindgen-macro v0.2.73
[INFO] [stderr]   Downloaded thiserror-impl v1.0.24
[INFO] [stderr]   Downloaded foreign-types-shared v0.3.0
[INFO] [stderr]   Downloaded cstr-argument v0.1.1
[INFO] [stderr]   Downloaded proc-macro-nested v0.1.7
[INFO] [stderr]   Downloaded futures-macro v0.3.13
[INFO] [stderr]   Downloaded futures-io v0.3.13
[INFO] [stderr]   Downloaded wildmatch v2.1.0
[INFO] [stderr]   Downloaded pbkdf2 v0.6.0
[INFO] [stderr]   Downloaded libsystemd-sys v0.8.0
[INFO] [stderr]   Downloaded atomic v0.5.0
[INFO] [stderr]   Downloaded hermit-abi v0.1.18
[INFO] [stderr]   Downloaded zeroize_derive v1.0.1
[INFO] [stderr]   Downloaded tower-service v0.3.1
[INFO] [stderr]   Downloaded aes-ctr v0.6.0
[INFO] [stderr]   Downloaded memoffset v0.6.3
[INFO] [stderr]   Downloaded wasm-bindgen-backend v0.2.73
[INFO] [stderr]   Downloaded getrandom v0.2.2
[INFO] [stderr]   Downloaded paste v1.0.5
[INFO] [stderr]   Downloaded futures-locks v0.6.0
[INFO] [stderr]   Downloaded chacha20poly1305 v0.7.1
[INFO] [stderr]   Downloaded ipnet v2.3.0
[INFO] [stderr]   Downloaded cmake v0.1.45
[INFO] [stderr]   Downloaded tracing-attributes v0.1.15
[INFO] [stderr]   Downloaded signal-hook-registry v1.3.0
[INFO] [stderr]   Downloaded thiserror v1.0.24
[INFO] [stderr]   Downloaded native-tls v0.2.7
[INFO] [stderr]   Downloaded futures-executor v0.3.13
[INFO] [stderr]   Downloaded async-trait v0.1.48
[INFO] [stderr]   Downloaded sha2 v0.9.3
[INFO] [stderr]   Downloaded smallvec v1.6.1
[INFO] [stderr]   Downloaded parking_lot_core v0.8.3
[INFO] [stderr]   Downloaded redox_syscall v0.2.5
[INFO] [stderr]   Downloaded wasm-bindgen-shared v0.2.73
[INFO] [stderr]   Downloaded lock_api v0.4.3
[INFO] [stderr]   Downloaded synstructure v0.12.4
[INFO] [stderr]   Downloaded pin-project-internal v1.0.6
[INFO] [stderr]   Downloaded futures-channel v0.3.13
[INFO] [stderr]   Downloaded pin-project-lite v0.2.6
[INFO] [stderr]   Downloaded dashmap v4.0.2
[INFO] [stderr]   Downloaded subtle v2.4.0
[INFO] [stderr]   Downloaded wasm-bindgen-macro-support v0.2.73
[INFO] [stderr]   Downloaded bytes v1.0.1
[INFO] [stderr]   Downloaded systemd v0.8.2
[INFO] [stderr]   Downloaded tempfile v3.2.0
[INFO] [stderr]   Downloaded httparse v1.3.6
[INFO] [stderr]   Downloaded futures v0.3.13
[INFO] [stderr]   Downloaded generic-array v0.14.4
[INFO] [stderr]   Downloaded backoff v0.3.0
[INFO] [stderr]   Downloaded clap_derive v3.0.0-beta.2
[INFO] [stderr]   Downloaded tinyvec v1.2.0
[INFO] [stderr]   Downloaded unicode-bidi v0.3.5
[INFO] [stderr]   Downloaded socket2 v0.4.0
[INFO] [stderr]   Downloaded crossbeam-epoch v0.9.3
[INFO] [stderr]   Downloaded olm-rs v1.0.1
[INFO] [stderr]   Downloaded serde v1.0.125
[INFO] [stderr]   Downloaded tracing v0.1.25
[INFO] [stderr]   Downloaded parking_lot v0.11.1
[INFO] [stderr]   Downloaded js-sys v0.3.50
[INFO] [stderr]   Downloaded time v0.2.26
[INFO] [stderr]   Downloaded serde_yaml v0.8.17
[INFO] [stderr]   Downloaded pin-project v1.0.6
[INFO] [stderr]   Downloaded openssl-sys v0.9.61
[INFO] [stderr]   Downloaded cc v1.0.67
[INFO] [stderr]   Downloaded unicode-normalization v0.1.17
[INFO] [stderr]   Downloaded sharded-slab v0.1.1
[INFO] [stderr]   Downloaded tokio-util v0.6.5
[INFO] [stderr]   Downloaded mio v0.7.11
[INFO] [stderr]   Downloaded security-framework v2.2.0
[INFO] [stderr]   Downloaded rand v0.8.3
[INFO] [stderr]   Downloaded tracing-subscriber v0.2.17
[INFO] [stderr]   Downloaded serde_json v1.0.64
[INFO] [stderr]   Downloaded bumpalo v3.6.1
[INFO] [stderr]   Downloaded http v0.2.4
[INFO] [stderr]   Downloaded reqwest v0.11.2
[INFO] [stderr]   Downloaded futures-util v0.3.13
[INFO] [stderr]   Downloaded wasm-bindgen v0.2.73
[INFO] [stderr]   Downloaded h2 v0.3.2
[INFO] [stderr]   Downloaded hyper v0.14.5
[INFO] [stderr]   Downloaded syn v1.0.69
[INFO] [stderr]   Downloaded openssl v0.10.33
[INFO] [stderr]   Downloaded regex v1.4.5
[INFO] [stderr]   Downloaded idna v0.2.2
[INFO] [stderr]   Downloaded regex-syntax v0.6.23
[INFO] [stderr]   Downloaded tokio v1.4.0
[INFO] [stderr]   Downloaded sled v0.34.6
[INFO] [stderr]   Downloaded libc v0.2.93
[INFO] [stderr]   Downloaded web-sys v0.3.50
[INFO] [stderr]   Downloaded encoding_rs v0.8.28
[INFO] [stderr]   Downloaded cpuid-bool v0.1.2
[INFO] [stderr]   Downloaded os_str_bytes v2.4.0
[INFO] [stderr]   Downloaded gloo-timers v0.2.1
[INFO] [stderr]   Downloaded poly1305 v0.6.2
[INFO] [stderr]   Downloaded chacha20 v0.6.0
[INFO] [stderr]   Downloaded textwrap v0.12.1
[INFO] [stderr]   Downloaded anyhow v1.0.40
[INFO] [stderr]   Downloaded typenum v1.13.0
[INFO] [stderr]   Downloaded heck v0.3.2
[INFO] [stderr]   Downloaded unicode-segmentation v1.7.1
[INFO] [stderr]   Downloaded clap v3.0.0-beta.2
[INFO] [stderr]   Downloaded olm-sys v1.1.1
[INFO] running `Command { std: "docker" "create" "-v" "/var/lib/crater-agent-workspace/builds/worker-0-tc2/source:/opt/rustwide/workdir:ro,Z" "-v" "/var/lib/crater-agent-workspace/builds/worker-0-tc2/target:/opt/rustwide/target:rw,Z" "-v" "/var/lib/crater-agent-workspace/cargo-home:/opt/rustwide/cargo-home:ro,Z" "-v" "/var/lib/crater-agent-workspace/rustup-home:/opt/rustwide/rustup-home:ro,Z" "-m" "1610612736" "--network" "none" "ghcr.io/rust-lang/crates-build-env/linux@sha256:8683fc1fc2eb5c9ac98e0d076ab094b2ffac7f99da555d2b6a2e27f346de2ec7" "sleep" "infinity", kill_on_drop: false }`
[INFO] [stdout] 4c25a226eac5ca3403ea0f33ce9c5e7387af50457499747348ee2289b8ccb25c
[INFO] running `Command { std: "docker" "start" "4c25a226eac5ca3403ea0f33ce9c5e7387af50457499747348ee2289b8ccb25c", kill_on_drop: false }`
[INFO] running `Command { std: "docker" "inspect" "4c25a226eac5ca3403ea0f33ce9c5e7387af50457499747348ee2289b8ccb25c", kill_on_drop: false }`
[INFO] running `Command { std: "docker" "exec" "-e" "SOURCE_DIR=/opt/rustwide/workdir" "-e" "CARGO_HOME=/opt/rustwide/cargo-home" "-e" "RUSTUP_HOME=/opt/rustwide/rustup-home" "-e" "CARGO_TARGET_DIR=/opt/rustwide/target" "-w" "/opt/rustwide/workdir" "--user" "0:0" "4c25a226eac5ca3403ea0f33ce9c5e7387af50457499747348ee2289b8ccb25c" "/opt/rustwide/cargo-home/bin/cargo" "+be3da1e8c043bb6f1f335463d3b1335cdf50b03c" "metadata" "--no-deps" "--format-version=1", kill_on_drop: false }`
[INFO] running `Command { std: "docker" "inspect" "4c25a226eac5ca3403ea0f33ce9c5e7387af50457499747348ee2289b8ccb25c", kill_on_drop: false }`
[INFO] running `Command { std: "docker" "exec" "-e" "SOURCE_DIR=/opt/rustwide/workdir" "-e" "CARGO_HOME=/opt/rustwide/cargo-home" "-e" "RUSTUP_HOME=/opt/rustwide/rustup-home" "-e" "CARGO_TARGET_DIR=/opt/rustwide/target" "-e" "CARGO_INCREMENTAL=0" "-e" "RUST_BACKTRACE=full" "-e" "RUSTFLAGS=--cap-lints=forbid" "-e" "RUSTDOCFLAGS=--cap-lints=forbid" "-w" "/opt/rustwide/workdir" "--user" "0:0" "4c25a226eac5ca3403ea0f33ce9c5e7387af50457499747348ee2289b8ccb25c" "/opt/rustwide/cargo-home/bin/cargo" "+be3da1e8c043bb6f1f335463d3b1335cdf50b03c" "check" "--frozen" "--all" "--all-targets" "--message-format=json", kill_on_drop: false }`
[INFO] [stderr]    Compiling proc-macro2 v1.0.26
[INFO] [stderr]    Compiling syn v1.0.69
[INFO] [stderr]    Compiling version_check v0.9.3
[INFO] [stderr]    Compiling serde_derive v1.0.125
[INFO] [stderr]    Compiling serde v1.0.125
[INFO] [stderr]    Compiling libc v0.2.93
[INFO] [stderr]    Compiling log v0.4.14
[INFO] [stderr]     Checking itoa v0.4.7
[INFO] [stderr]    Compiling typenum v1.13.0
[INFO] [stderr]    Compiling proc-macro-hack v0.5.19
[INFO] [stderr]     Checking pin-project-lite v0.2.6
[INFO] [stderr]    Compiling serde_json v1.0.64
[INFO] [stderr]    Compiling const_fn v0.4.6
[INFO] [stderr]     Checking bytes v1.0.1
[INFO] [stderr]    Compiling cc v1.0.67
[INFO] [stderr]    Compiling generic-array v0.14.4
[INFO] [stderr]    Compiling standback v0.2.17
[INFO] [stderr]    Compiling time v0.2.26
[INFO] [stderr]    Compiling indexmap v1.6.2
[INFO] [stderr]     Checking once_cell v1.7.2
[INFO] [stderr]     Checking smallvec v1.6.1
[INFO] [stderr]    Compiling quote v1.0.9
[INFO] [stderr]     Checking form_urlencoded v1.0.1
[INFO] [stderr]     Checking hashbrown v0.9.1
[INFO] [stderr]     Checking futures-core v0.3.13
[INFO] [stderr]     Checking lock_api v0.4.3
[INFO] [stderr]     Checking futures-sink v0.3.13
[INFO] [stderr]     Checking http v0.2.4
[INFO] [stderr]     Checking num_cpus v1.13.0
[INFO] [stderr]    Compiling tokio v1.4.0
[INFO] [stderr]     Checking futures-channel v0.3.13
[INFO] [stderr]     Checking signal-hook-registry v1.3.0
[INFO] [stderr]     Checking mio v0.7.11
[INFO] [stderr]    Compiling ruma-identifiers-validation v0.2.2 (https://github.com/ruma/ruma?rev=2f1b9f097930bf7908ca539f2ab7bb0ccf5d8b25#2f1b9f09)
[INFO] [stderr]    Compiling getrandom v0.2.2
[INFO] [stderr]     Checking subtle v2.4.0
[INFO] [stderr]    Compiling proc-macro-nested v0.1.7
[INFO] [stderr]    Compiling wasm-bindgen-shared v0.2.73
[INFO] [stderr]    Compiling paste v1.0.5
[INFO] [stderr]    Compiling openssl-sys v0.9.61
[INFO] [stderr]     Checking futures-io v0.3.13
[INFO] [stderr]     Checking opaque-debug v0.3.0
[INFO] [stderr]     Checking futures-task v0.3.13
[INFO] [stderr]    Compiling bumpalo v3.6.1
[INFO] [stderr]     Checking wildmatch v2.1.0
[INFO] [stderr]     Checking maplit v1.0.2
[INFO] [stderr]     Checking byteorder v1.4.3
[INFO] [stderr]    Compiling cmake v0.1.45
[INFO] [stderr]    Compiling memoffset v0.6.3
[INFO] [stderr]    Compiling wasm-bindgen v0.2.73
[INFO] [stderr]    Compiling openssl v0.10.33
[INFO] [stderr] warning: openssl-sys@0.9.61: build/expando.c:4:24: error: pasting "RUST_VERSION_OPENSSL_" and "(" does not give a valid preprocessing token
[INFO] [stderr] warning: openssl-sys@0.9.61:     4 | #define VERSION2(n, v) RUST_VERSION_##n##_##v
[INFO] [stderr] warning: openssl-sys@0.9.61:       |                        ^~~~~~~~~~~~~
[INFO] [stderr] warning: openssl-sys@0.9.61: build/expando.c:5:23: note: in expansion of macro 'VERSION2'
[INFO] [stderr] warning: openssl-sys@0.9.61:     5 | #define VERSION(n, v) VERSION2(n, v)
[INFO] [stderr] warning: openssl-sys@0.9.61:       |                       ^~~~~~~~
[INFO] [stderr] warning: openssl-sys@0.9.61: build/expando.c:10:1: note: in expansion of macro 'VERSION'
[INFO] [stderr] warning: openssl-sys@0.9.61:    10 | VERSION(OPENSSL, OPENSSL_VERSION_NUMBER)
[INFO] [stderr] warning: openssl-sys@0.9.61:       | ^~~~~~~
[INFO] [stderr] error: failed to run custom build command for `openssl-sys v0.9.61`
[INFO] [stderr] note: To improve backtraces for build dependencies, set the CARGO_PROFILE_DEV_BUILD_OVERRIDE_DEBUG=true environment variable to enable debug information generation.
[INFO] [stderr] 
[INFO] [stderr] Caused by:
[INFO] [stderr]   process didn't exit successfully: `/opt/rustwide/target/debug/build/openssl-sys/597d05cf76cfc91a/out/build_script_main` (exit status: 101)
[INFO] [stderr]   --- stdout
[INFO] [stderr]   cargo:rustc-cfg=const_fn
[INFO] [stderr]   cargo:rerun-if-env-changed=X86_64_UNKNOWN_LINUX_GNU_OPENSSL_LIB_DIR
[INFO] [stderr]   X86_64_UNKNOWN_LINUX_GNU_OPENSSL_LIB_DIR unset
[INFO] [stderr]   cargo:rerun-if-env-changed=OPENSSL_LIB_DIR
[INFO] [stderr]   OPENSSL_LIB_DIR unset
[INFO] [stderr]   cargo:rerun-if-env-changed=X86_64_UNKNOWN_LINUX_GNU_OPENSSL_INCLUDE_DIR
[INFO] [stderr]   X86_64_UNKNOWN_LINUX_GNU_OPENSSL_INCLUDE_DIR unset
[INFO] [stderr]   cargo:rerun-if-env-changed=OPENSSL_INCLUDE_DIR
[INFO] [stderr]   OPENSSL_INCLUDE_DIR unset
[INFO] [stderr]   cargo:rerun-if-env-changed=X86_64_UNKNOWN_LINUX_GNU_OPENSSL_DIR
[INFO] [stderr]   X86_64_UNKNOWN_LINUX_GNU_OPENSSL_DIR unset
[INFO] [stderr]   cargo:rerun-if-env-changed=OPENSSL_DIR
[INFO] [stderr]   OPENSSL_DIR unset
[INFO] [stderr]   cargo:rerun-if-env-changed=OPENSSL_NO_PKG_CONFIG
[INFO] [stderr]   cargo:rerun-if-env-changed=PKG_CONFIG
[INFO] [stderr]   cargo:rerun-if-env-changed=OPENSSL_STATIC
[INFO] [stderr]   cargo:rerun-if-env-changed=OPENSSL_DYNAMIC
[INFO] [stderr]   cargo:rerun-if-env-changed=PKG_CONFIG_ALL_STATIC
[INFO] [stderr]   cargo:rerun-if-env-changed=PKG_CONFIG_ALL_DYNAMIC
[INFO] [stderr]   cargo:rerun-if-env-changed=PKG_CONFIG_PATH_x86_64-unknown-linux-gnu
[INFO] [stderr]   cargo:rerun-if-env-changed=PKG_CONFIG_PATH_x86_64_unknown_linux_gnu
[INFO] [stderr]   cargo:rerun-if-env-changed=HOST_PKG_CONFIG_PATH
[INFO] [stderr]   cargo:rerun-if-env-changed=PKG_CONFIG_PATH
[INFO] [stderr]   cargo:rerun-if-env-changed=PKG_CONFIG_LIBDIR_x86_64-unknown-linux-gnu
[INFO] [stderr]   cargo:rerun-if-env-changed=PKG_CONFIG_LIBDIR_x86_64_unknown_linux_gnu
[INFO] [stderr]   cargo:rerun-if-env-changed=HOST_PKG_CONFIG_LIBDIR
[INFO] [stderr]   cargo:rerun-if-env-changed=PKG_CONFIG_LIBDIR
[INFO] [stderr]   cargo:rerun-if-env-changed=PKG_CONFIG_SYSROOT_DIR_x86_64-unknown-linux-gnu
[INFO] [stderr]   cargo:rerun-if-env-changed=PKG_CONFIG_SYSROOT_DIR_x86_64_unknown_linux_gnu
[INFO] [stderr]   cargo:rerun-if-env-changed=HOST_PKG_CONFIG_SYSROOT_DIR
[INFO] [stderr]   cargo:rerun-if-env-changed=PKG_CONFIG_SYSROOT_DIR
[INFO] [stderr]   cargo:rerun-if-env-changed=PKG_CONFIG_SYSROOT_DIR
[INFO] [stderr]   cargo:rerun-if-env-changed=SYSROOT
[INFO] [stderr]   cargo:rerun-if-env-changed=OPENSSL_STATIC
[INFO] [stderr]   cargo:rerun-if-env-changed=OPENSSL_DYNAMIC
[INFO] [stderr]   cargo:rerun-if-env-changed=PKG_CONFIG_ALL_STATIC
[INFO] [stderr]   cargo:rerun-if-env-changed=PKG_CONFIG_ALL_DYNAMIC
[INFO] [stderr]   cargo:rustc-link-lib=ssl
[INFO] [stderr]   cargo:rustc-link-lib=crypto
[INFO] [stderr]   cargo:rerun-if-env-changed=PKG_CONFIG
[INFO] [stderr]   cargo:rerun-if-env-changed=OPENSSL_STATIC
[INFO] [stderr]   cargo:rerun-if-env-changed=OPENSSL_DYNAMIC
[INFO] [stderr]   cargo:rerun-if-env-changed=PKG_CONFIG_ALL_STATIC
[INFO] [stderr]   cargo:rerun-if-env-changed=PKG_CONFIG_ALL_DYNAMIC
[INFO] [stderr]   cargo:rerun-if-env-changed=PKG_CONFIG_PATH_x86_64-unknown-linux-gnu
[INFO] [stderr]   cargo:rerun-if-env-changed=PKG_CONFIG_PATH_x86_64_unknown_linux_gnu
[INFO] [stderr]   cargo:rerun-if-env-changed=HOST_PKG_CONFIG_PATH
[INFO] [stderr]   cargo:rerun-if-env-changed=PKG_CONFIG_PATH
[INFO] [stderr]   cargo:rerun-if-env-changed=PKG_CONFIG_LIBDIR_x86_64-unknown-linux-gnu
[INFO] [stderr]   cargo:rerun-if-env-changed=PKG_CONFIG_LIBDIR_x86_64_unknown_linux_gnu
[INFO] [stderr]   cargo:rerun-if-env-changed=HOST_PKG_CONFIG_LIBDIR
[INFO] [stderr]   cargo:rerun-if-env-changed=PKG_CONFIG_LIBDIR
[INFO] [stderr]   cargo:rerun-if-env-changed=PKG_CONFIG_SYSROOT_DIR_x86_64-unknown-linux-gnu
[INFO] [stderr]   cargo:rerun-if-env-changed=PKG_CONFIG_SYSROOT_DIR_x86_64_unknown_linux_gnu
[INFO] [stderr]   cargo:rerun-if-env-changed=HOST_PKG_CONFIG_SYSROOT_DIR
[INFO] [stderr]   cargo:rerun-if-env-changed=PKG_CONFIG_SYSROOT_DIR
[INFO] [stderr]   OPT_LEVEL = Some("0")
[INFO] [stderr]   TARGET = Some("x86_64-unknown-linux-gnu")
[INFO] [stderr]   HOST = Some("x86_64-unknown-linux-gnu")
[INFO] [stderr]   CC_x86_64-unknown-linux-gnu = None
[INFO] [stderr]   CC_x86_64_unknown_linux_gnu = None
[INFO] [stderr]   HOST_CC = None
[INFO] [stderr]   CC = None
[INFO] [stderr]   CFLAGS_x86_64-unknown-linux-gnu = None
[INFO] [stderr]   CFLAGS_x86_64_unknown_linux_gnu = None
[INFO] [stderr]   HOST_CFLAGS = None
[INFO] [stderr]   CFLAGS = None
[INFO] [stderr]   CRATE_CC_NO_DEFAULTS = None
[INFO] [stderr]   DEBUG = Some("true")
[INFO] [stderr]   CARGO_CFG_TARGET_FEATURE = Some("fxsr,sse,sse2,x87")
[INFO] [stderr]   running: "cc" "-O0" "-ffunction-sections" "-fdata-sections" "-fPIC" "-g" "-fno-omit-frame-pointer" "-m64" "-I" "/usr/include" "-Wall" "-Wextra" "-E" "build/expando.c"
[INFO] [stderr]   cargo:warning=build/expando.c:4:24: error: pasting "RUST_VERSION_OPENSSL_" and "(" does not give a valid preprocessing token
[INFO] [stderr]   cargo:warning=    4 | #define VERSION2(n, v) RUST_VERSION_##n##_##v
[INFO] [stderr]   cargo:warning=      |                        ^~~~~~~~~~~~~
[INFO] [stderr]   cargo:warning=build/expando.c:5:23: note: in expansion of macro 'VERSION2'
[INFO] [stderr]   cargo:warning=    5 | #define VERSION(n, v) VERSION2(n, v)
[INFO] [stderr]   cargo:warning=      |                       ^~~~~~~~
[INFO] [stderr]   cargo:warning=build/expando.c:10:1: note: in expansion of macro 'VERSION'
[INFO] [stderr]   cargo:warning=   10 | VERSION(OPENSSL, OPENSSL_VERSION_NUMBER)
[INFO] [stderr]   cargo:warning=      | ^~~~~~~
[INFO] [stderr]   exit status: 1
[INFO] [stderr] 
[INFO] [stderr]   --- stderr
[INFO] [stderr] 
[INFO] [stderr]   thread 'main' (741) panicked at /opt/rustwide/cargo-home/registry/src/index.crates.io-1949cf8c6b5b557f/openssl-sys-0.9.61/build/main.rs:147:13:
[INFO] [stderr] 
[INFO] [stderr]   Header expansion error:
[INFO] [stderr]   Error { kind: ToolExecError, message: "Command \"cc\" \"-O0\" \"-ffunction-sections\" \"-fdata-sections\" \"-fPIC\" \"-g\" \"-fno-omit-frame-pointer\" \"-m64\" \"-I\" \"/usr/include\" \"-Wall\" \"-Wextra\" \"-E\" \"build/expando.c\" with args \"cc\" did not execute successfully (status code exit status: 1)." }
[INFO] [stderr] 
[INFO] [stderr]   Failed to find OpenSSL development headers.
[INFO] [stderr] 
[INFO] [stderr]   You can try fixing this setting the `OPENSSL_DIR` environment variable
[INFO] [stderr]   pointing to your OpenSSL installation or installing OpenSSL headers package
[INFO] [stderr]   specific to your distribution:
[INFO] [stderr] 
[INFO] [stderr]       # On Ubuntu
[INFO] [stderr]       sudo apt-get install libssl-dev
[INFO] [stderr]       # On Arch Linux
[INFO] [stderr]       sudo pacman -S openssl
[INFO] [stderr]       # On Fedora
[INFO] [stderr]       sudo dnf install openssl-devel
[INFO] [stderr] 
[INFO] [stderr]   See rust-openssl README for more information:
[INFO] [stderr] 
[INFO] [stderr]       https://github.com/sfackler/rust-openssl#linux
[INFO] [stderr] 
[INFO] [stderr]   stack backtrace:
[INFO] [stderr]      0:     0x60f9bb607c81 - std[b86ef5264e9f7438]::backtrace_rs::backtrace::libunwind::trace
[INFO] [stderr]                                  at /rustc/be3da1e8c043bb6f1f335463d3b1335cdf50b03c/library/std/src/../../backtrace/src/backtrace/libunwind.rs:117:9
[INFO] [stderr]      1:     0x60f9bb607c81 - std[b86ef5264e9f7438]::backtrace_rs::backtrace::trace_unsynchronized::<std[b86ef5264e9f7438]::sys::backtrace::_print_fmt::{closure#1}>
[INFO] [stderr]                                  at /rustc/be3da1e8c043bb6f1f335463d3b1335cdf50b03c/library/std/src/../../backtrace/src/backtrace/mod.rs:66:14
[INFO] [stderr]      2:     0x60f9bb607c81 - std[b86ef5264e9f7438]::sys::backtrace::_print_fmt
[INFO] [stderr]                                  at /rustc/be3da1e8c043bb6f1f335463d3b1335cdf50b03c/library/std/src/sys/backtrace.rs:74:9
[INFO] [stderr]      3:     0x60f9bb607c81 - <<std[b86ef5264e9f7438]::sys::backtrace::BacktraceLock>::print::DisplayBacktrace as core[a83cf561d8fc76d6]::fmt::Display>::fmt
[INFO] [stderr]                                  at /rustc/be3da1e8c043bb6f1f335463d3b1335cdf50b03c/library/std/src/sys/backtrace.rs:44:26
[INFO] [stderr]      4:     0x60f9bb61c2ea - <core[a83cf561d8fc76d6]::fmt::rt::Argument>::fmt
[INFO] [stderr]                                  at /rustc/be3da1e8c043bb6f1f335463d3b1335cdf50b03c/library/core/src/fmt/rt.rs:152:76
[INFO] [stderr]      5:     0x60f9bb61c2ea - core[a83cf561d8fc76d6]::fmt::write
[INFO] [stderr]      6:     0x60f9bb60da7c - core[a83cf561d8fc76d6]::io::write::default_write_fmt::<std[b86ef5264e9f7438]::sys::stdio::unix::Stderr>
[INFO] [stderr]                                  at /rustc/be3da1e8c043bb6f1f335463d3b1335cdf50b03c/library/core/src/io/write.rs:402:11
[INFO] [stderr]      7:     0x60f9bb60da7c - <std[b86ef5264e9f7438]::sys::stdio::unix::Stderr as core[a83cf561d8fc76d6]::io::write::Write>::write_fmt
[INFO] [stderr]                                  at /rustc/be3da1e8c043bb6f1f335463d3b1335cdf50b03c/library/core/src/io/write.rs:335:13
[INFO] [stderr]      8:     0x60f9bb5e6e66 - <std[b86ef5264e9f7438]::sys::backtrace::BacktraceLock>::print
[INFO] [stderr]                                  at /rustc/be3da1e8c043bb6f1f335463d3b1335cdf50b03c/library/std/src/sys/backtrace.rs:47:9
[INFO] [stderr]      9:     0x60f9bb5e6e66 - std[b86ef5264e9f7438]::panicking::default_hook::{closure#0}
[INFO] [stderr]                                  at /rustc/be3da1e8c043bb6f1f335463d3b1335cdf50b03c/library/std/src/panicking.rs:289:27
[INFO] [stderr]     10:     0x60f9bb602801 - std[b86ef5264e9f7438]::panicking::default_hook
[INFO] [stderr]                                  at /rustc/be3da1e8c043bb6f1f335463d3b1335cdf50b03c/library/std/src/panicking.rs:316:9
[INFO] [stderr]     11:     0x60f9bb6029bb - std[b86ef5264e9f7438]::panicking::panic_with_hook
[INFO] [stderr]                                  at /rustc/be3da1e8c043bb6f1f335463d3b1335cdf50b03c/library/std/src/panicking.rs:811:13
[INFO] [stderr]     12:     0x60f9bb5e6f12 - std[b86ef5264e9f7438]::panicking::panic_handler::{closure#0}
[INFO] [stderr]                                  at /rustc/be3da1e8c043bb6f1f335463d3b1335cdf50b03c/library/std/src/panicking.rs:685:13
[INFO] [stderr]     13:     0x60f9bb5e0b19 - std[b86ef5264e9f7438]::sys::backtrace::__rust_end_short_backtrace::<std[b86ef5264e9f7438]::panicking::panic_handler::{closure#0}, !>
[INFO] [stderr]                                  at /rustc/be3da1e8c043bb6f1f335463d3b1335cdf50b03c/library/std/src/sys/backtrace.rs:182:18
[INFO] [stderr]     14:     0x60f9bb5e77ed - __rustc[3429c5eca17aa70d]::rust_begin_unwind
[INFO] [stderr]                                  at /rustc/be3da1e8c043bb6f1f335463d3b1335cdf50b03c/library/std/src/panicking.rs:676:5
[INFO] [stderr]     15:     0x60f9bb61cabc - core[a83cf561d8fc76d6]::panicking::panic_fmt
[INFO] [stderr]                                  at /rustc/be3da1e8c043bb6f1f335463d3b1335cdf50b03c/library/core/src/panicking.rs:80:14
[INFO] [stderr]     16:     0x60f9bb576869 - build_script_main[d8e73df8d64c0cc3]::validate_headers
[INFO] [stderr]     17:     0x60f9bb56ff83 - build_script_main[d8e73df8d64c0cc3]::find_normal::try_pkg_config
[INFO] [stderr]     18:     0x60f9bb570348 - build_script_main[d8e73df8d64c0cc3]::find_normal::find_openssl_dir
[INFO] [stderr]     19:     0x60f9bb56dfe7 - build_script_main[d8e73df8d64c0cc3]::find_normal::get_openssl::{closure#0}
[INFO] [stderr]     20:     0x60f9bb56b950 - <core[a83cf561d8fc76d6]::option::Option<std[b86ef5264e9f7438]::ffi::os_str::OsString>>::unwrap_or_else::<build_script_main[d8e73df8d64c0cc3]::find_normal::get_openssl::{closure#0}>
[INFO] [stderr]     21:     0x60f9bb56f84c - build_script_main[d8e73df8d64c0cc3]::find_normal::get_openssl
[INFO] [stderr]     22:     0x60f9bb574b7d - build_script_main[d8e73df8d64c0cc3]::find_openssl
[INFO] [stderr]     23:     0x60f9bb576e81 - build_script_main[d8e73df8d64c0cc3]::main
[INFO] [stderr]     24:     0x60f9bb5730a3 - <fn() as core[a83cf561d8fc76d6]::ops::function::FnOnce<()>>::call_once
[INFO] [stderr]     25:     0x60f9bb56d3be - std[b86ef5264e9f7438]::sys::backtrace::__rust_begin_short_backtrace::<fn(), ()>
[INFO] [stderr]     26:     0x60f9bb56dac9 - std[b86ef5264e9f7438]::rt::lang_start::<()>::{closure#0}
[INFO] [stderr]     27:     0x60f9bb601c08 - <&dyn core[a83cf561d8fc76d6]::ops::function::Fn<(), Output = i32> + core[a83cf561d8fc76d6]::marker::Sync + core[a83cf561d8fc76d6]::panic::unwind_safe::RefUnwindSafe as core[a83cf561d8fc76d6]::ops::function::FnOnce<()>>::call_once
[INFO] [stderr]                                  at /rustc/be3da1e8c043bb6f1f335463d3b1335cdf50b03c/library/core/src/ops/function.rs:287:21
[INFO] [stderr]     28:     0x60f9bb601c08 - std[b86ef5264e9f7438]::panicking::catch_unwind::do_call::<&dyn core[a83cf561d8fc76d6]::ops::function::Fn<(), Output = i32> + core[a83cf561d8fc76d6]::marker::Sync + core[a83cf561d8fc76d6]::panic::unwind_safe::RefUnwindSafe, i32>
[INFO] [stderr]                                  at /rustc/be3da1e8c043bb6f1f335463d3b1335cdf50b03c/library/std/src/panicking.rs:573:43
[INFO] [stderr]     29:     0x60f9bb601c08 - std[b86ef5264e9f7438]::panicking::catch_unwind::<i32, &dyn core[a83cf561d8fc76d6]::ops::function::Fn<(), Output = i32> + core[a83cf561d8fc76d6]::marker::Sync + core[a83cf561d8fc76d6]::panic::unwind_safe::RefUnwindSafe>
[INFO] [stderr]                                  at /rustc/be3da1e8c043bb6f1f335463d3b1335cdf50b03c/library/std/src/panicking.rs:541:19
[INFO] [stderr]     30:     0x60f9bb601c08 - std[b86ef5264e9f7438]::panic::catch_unwind::<&dyn core[a83cf561d8fc76d6]::ops::function::Fn<(), Output = i32> + core[a83cf561d8fc76d6]::marker::Sync + core[a83cf561d8fc76d6]::panic::unwind_safe::RefUnwindSafe, i32>
[INFO] [stderr]                                  at /rustc/be3da1e8c043bb6f1f335463d3b1335cdf50b03c/library/std/src/panic.rs:359:14
[INFO] [stderr]     31:     0x60f9bb601c08 - std[b86ef5264e9f7438]::rt::lang_start_internal::{closure#0}
[INFO] [stderr]                                  at /rustc/be3da1e8c043bb6f1f335463d3b1335cdf50b03c/library/std/src/rt.rs:175:24
[INFO] [stderr]     32:     0x60f9bb601c08 - std[b86ef5264e9f7438]::panicking::catch_unwind::do_call::<std[b86ef5264e9f7438]::rt::lang_start_internal::{closure#0}, isize>
[INFO] [stderr]                                  at /rustc/be3da1e8c043bb6f1f335463d3b1335cdf50b03c/library/std/src/panicking.rs:573:43
[INFO] [stderr]     33:     0x60f9bb601c08 - std[b86ef5264e9f7438]::panicking::catch_unwind::<isize, std[b86ef5264e9f7438]::rt::lang_start_internal::{closure#0}>
[INFO] [stderr]                                  at /rustc/be3da1e8c043bb6f1f335463d3b1335cdf50b03c/library/std/src/panicking.rs:541:19
[INFO] [stderr]     34:     0x60f9bb601c08 - std[b86ef5264e9f7438]::panic::catch_unwind::<std[b86ef5264e9f7438]::rt::lang_start_internal::{closure#0}, isize>
[INFO] [stderr]                                  at /rustc/be3da1e8c043bb6f1f335463d3b1335cdf50b03c/library/std/src/panic.rs:359:14
[INFO] [stderr]     35:     0x60f9bb601c08 - std[b86ef5264e9f7438]::rt::lang_start_internal
[INFO] [stderr]                                  at /rustc/be3da1e8c043bb6f1f335463d3b1335cdf50b03c/library/std/src/rt.rs:171:5
[INFO] [stderr]     36:     0x60f9bb56d2c1 - std[b86ef5264e9f7438]::rt::lang_start::<()>
[INFO] [stderr]     37:     0x60f9bb578e35 - main
[INFO] [stderr]     38:     0x7bd294562601 - <unknown>
[INFO] [stderr]     39:     0x7bd294562718 - __libc_start_main
[INFO] [stderr]     40:     0x60f9bb56b6a5 - _start
[INFO] [stderr]     41:                0x0 - <unknown>
[INFO] [stderr] warning: build failed, waiting for other jobs to finish...
[INFO] running `Command { std: "docker" "inspect" "4c25a226eac5ca3403ea0f33ce9c5e7387af50457499747348ee2289b8ccb25c", kill_on_drop: false }`
[INFO] running `Command { std: "docker" "rm" "-f" "4c25a226eac5ca3403ea0f33ce9c5e7387af50457499747348ee2289b8ccb25c", kill_on_drop: false }`
[INFO] [stdout] 4c25a226eac5ca3403ea0f33ce9c5e7387af50457499747348ee2289b8ccb25c
