[INFO] cloning repository https://github.com/akirco/windows-theme
[INFO] running `Command { std: "git" "-c" "credential.helper=" "-c" "credential.helper=/workspace/cargo-home/bin/git-credential-null" "clone" "--bare" "https://github.com/akirco/windows-theme" "/workspace/cache/git-repos/https%3A%2F%2Fgithub.com%2Fakirco%2Fwindows-theme", kill_on_drop: false }`
[INFO] [stderr] Cloning into bare repository '/workspace/cache/git-repos/https%3A%2F%2Fgithub.com%2Fakirco%2Fwindows-theme'...
[INFO] running `Command { std: "git" "rev-parse" "HEAD", kill_on_drop: false }`
[INFO] [stdout] 06cbe9438344b2e75dfa2c32cd75905f4fcacf07
[INFO] checking akirco/windows-theme/06cbe9438344b2e75dfa2c32cd75905f4fcacf07 against 018018e881e2db0956f229dbb543e21f058d1ce7 for pr-162597
[INFO] running `Command { std: "git" "clone" "/workspace/cache/git-repos/https%3A%2F%2Fgithub.com%2Fakirco%2Fwindows-theme" "/workspace/builds/worker-6-tc1/source", kill_on_drop: false }`
[INFO] [stderr] Cloning into '/workspace/builds/worker-6-tc1/source'...
[INFO] [stderr] done.
[INFO] started tweaking git repo https://github.com/akirco/windows-theme
[INFO] finished tweaking git repo https://github.com/akirco/windows-theme
[INFO] tweaked toml for git repo https://github.com/akirco/windows-theme written to /workspace/builds/worker-6-tc1/source/Cargo.toml
[INFO] validating manifest of git repo https://github.com/akirco/windows-theme on toolchain 018018e881e2db0956f229dbb543e21f058d1ce7
[INFO] running `Command { std: CARGO_HOME="/workspace/cargo-home" RUSTUP_HOME="/workspace/rustup-home" "/workspace/cargo-home/bin/cargo" "+018018e881e2db0956f229dbb543e21f058d1ce7" "metadata" "--manifest-path" "Cargo.toml" "--no-deps", kill_on_drop: false }`
[INFO] crate git repo https://github.com/akirco/windows-theme already has a lockfile, it will not be regenerated
[INFO] running `Command { std: CARGO_HOME="/workspace/cargo-home" RUSTUP_HOME="/workspace/rustup-home" "/workspace/cargo-home/bin/cargo" "+018018e881e2db0956f229dbb543e21f058d1ce7" "fetch" "--manifest-path" "Cargo.toml", kill_on_drop: false }`
[INFO] running `Command { std: "docker" "create" "-v" "/var/lib/crater-agent-workspace/builds/worker-6-tc1/source:/opt/rustwide/workdir:ro,Z" "-v" "/var/lib/crater-agent-workspace/builds/worker-6-tc1/target:/opt/rustwide/target:rw,Z" "-v" "/var/lib/crater-agent-workspace/cargo-home:/opt/rustwide/cargo-home:ro,Z" "-v" "/var/lib/crater-agent-workspace/rustup-home:/opt/rustwide/rustup-home:ro,Z" "-m" "1610612736" "--network" "none" "ghcr.io/rust-lang/crates-build-env/linux@sha256:8683fc1fc2eb5c9ac98e0d076ab094b2ffac7f99da555d2b6a2e27f346de2ec7" "sleep" "infinity", kill_on_drop: false }`
[INFO] [stdout] ed0733b825b843eb19d1310425ffbe9a94843e676861ba7302ee9bea20b055fa
[INFO] running `Command { std: "docker" "start" "ed0733b825b843eb19d1310425ffbe9a94843e676861ba7302ee9bea20b055fa", kill_on_drop: false }`
[INFO] running `Command { std: "docker" "inspect" "ed0733b825b843eb19d1310425ffbe9a94843e676861ba7302ee9bea20b055fa", kill_on_drop: false }`
[INFO] running `Command { std: "docker" "exec" "-e" "SOURCE_DIR=/opt/rustwide/workdir" "-e" "CARGO_HOME=/opt/rustwide/cargo-home" "-e" "RUSTUP_HOME=/opt/rustwide/rustup-home" "-e" "CARGO_TARGET_DIR=/opt/rustwide/target" "-w" "/opt/rustwide/workdir" "--user" "0:0" "ed0733b825b843eb19d1310425ffbe9a94843e676861ba7302ee9bea20b055fa" "/opt/rustwide/cargo-home/bin/cargo" "+018018e881e2db0956f229dbb543e21f058d1ce7" "metadata" "--no-deps" "--format-version=1", kill_on_drop: false }`
[INFO] running `Command { std: "docker" "inspect" "ed0733b825b843eb19d1310425ffbe9a94843e676861ba7302ee9bea20b055fa", kill_on_drop: false }`
[INFO] running `Command { std: "docker" "exec" "-e" "SOURCE_DIR=/opt/rustwide/workdir" "-e" "CARGO_HOME=/opt/rustwide/cargo-home" "-e" "RUSTUP_HOME=/opt/rustwide/rustup-home" "-e" "CARGO_TARGET_DIR=/opt/rustwide/target" "-e" "CARGO_INCREMENTAL=0" "-e" "RUST_BACKTRACE=full" "-e" "RUSTFLAGS=--cap-lints=forbid" "-e" "RUSTDOCFLAGS=--cap-lints=forbid" "-w" "/opt/rustwide/workdir" "--user" "0:0" "ed0733b825b843eb19d1310425ffbe9a94843e676861ba7302ee9bea20b055fa" "/opt/rustwide/cargo-home/bin/cargo" "+018018e881e2db0956f229dbb543e21f058d1ce7" "check" "--frozen" "--all" "--all-targets" "--message-format=json", kill_on_drop: false }`
[INFO] [stderr]    Compiling windows_x86_64_gnu v0.53.0
[INFO] [stderr]     Checking futures-sink v0.3.31
[INFO] [stderr]    Compiling syn v2.0.98
[INFO] [stderr]     Checking futures-channel v0.3.31
[INFO] [stderr]     Checking windows-targets v0.53.0
[INFO] [stderr]     Checking windows-result v0.3.0
[INFO] [stderr]     Checking windows-strings v0.3.0
[INFO] [stderr]    Compiling futures-macro v0.3.31
[INFO] [stderr]    Compiling windows-interface v0.59.0
[INFO] [stderr]    Compiling windows-implement v0.59.0
[INFO] [stderr]     Checking futures-util v0.3.31
[INFO] [stderr]     Checking windows-core v0.59.0
[INFO] [stderr]     Checking windows v0.59.0
[INFO] [stderr]     Checking futures-executor v0.3.31
[INFO] [stderr]     Checking futures v0.3.31
[INFO] [stderr]     Checking windows_theme v0.1.0 (/opt/rustwide/workdir)
[INFO] [stdout] error[E0433]: cannot find `System` in `windows`
[INFO] [stdout]  --> src/lib.rs:4:5
[INFO] [stdout]   |
[INFO] [stdout] 4 |     System::UserProfile::LockScreen,
[INFO] [stdout]   |     ^^^^^^ could not find `System` in `windows`
[INFO] [stdout] 
[INFO] [stdout] 
[INFO] [stdout] error[E0433]: cannot find `Win32` in `windows`
[INFO] [stdout]  --> src/lib.rs:5:5
[INFO] [stdout]   |
[INFO] [stdout] 5 |     Win32::{
[INFO] [stdout]   |     ^^^^^ could not find `Win32` in `windows`
[INFO] [stdout] 
[INFO] [stdout] 
[INFO] [stdout] error[E0433]: cannot find `System` in `windows`
[INFO] [stdout]  --> src/lib.rs:4:5
[INFO] [stdout]   |
[INFO] [stdout] 4 |     System::UserProfile::LockScreen,
[INFO] [stdout]   |     ^^^^^^ could not find `System` in `windows`
[INFO] [stdout] 
[INFO] [stdout] 
[INFO] [stdout] error[E0432]: unresolved imports `windows::Storage`, `windows::core`
[INFO] [stdout]   --> src/lib.rs:3:5
[INFO] [stdout]    |
[INFO] [stdout]  3 |     Storage::StorageFile,
[INFO] [stdout]    |     ^^^^^^^ could not find `Storage` in `windows`
[INFO] [stdout] ...
[INFO] [stdout] 13 |     core::*,
[INFO] [stdout]    |     ^^^^ could not find `core` in `windows`
[INFO] [stdout] 
[INFO] [stdout] 
[INFO] [stdout] error[E0433]: cannot find `Win32` in `windows`
[INFO] [stdout]  --> src/lib.rs:5:5
[INFO] [stdout]   |
[INFO] [stdout] 5 |     Win32::{
[INFO] [stdout]   |     ^^^^^ could not find `Win32` in `windows`
[INFO] [stdout] 
[INFO] [stdout] 
[INFO] [stdout] error[E0432]: unresolved imports `windows::Storage`, `windows::core`
[INFO] [stdout]   --> src/lib.rs:3:5
[INFO] [stdout]    |
[INFO] [stdout]  3 |     Storage::StorageFile,
[INFO] [stdout]    |     ^^^^^^^ could not find `Storage` in `windows`
[INFO] [stdout] ...
[INFO] [stdout] 13 |     core::*,
[INFO] [stdout]    |     ^^^^ could not find `core` in `windows`
[INFO] [stdout] 
[INFO] [stdout] 
[INFO] [stdout] error: cannot find macro `w` in this scope
[INFO] [stdout]    --> src/lib.rs:131:13
[INFO] [stdout]     |
[INFO] [stdout] 131 |             w!("Software\\Microsoft\\Windows\\CurrentVersion\\Themes\\Personalize"),
[INFO] [stdout]     |             ^
[INFO] [stdout] 
[INFO] [stdout] 
[INFO] [stdout] error: cannot find macro `w` in this scope
[INFO] [stdout]    --> src/lib.rs:153:13
[INFO] [stdout]     |
[INFO] [stdout] 153 |             w!("AppsUseLightTheme"),
[INFO] [stdout]     |             ^
[INFO] [stdout] 
[INFO] [stdout] 
[INFO] [stdout] error: cannot find macro `w` in this scope
[INFO] [stdout]    --> src/lib.rs:165:13
[INFO] [stdout]     |
[INFO] [stdout] 165 |             w!("SystemUsesLightTheme"),
[INFO] [stdout]     |             ^
[INFO] [stdout] 
[INFO] [stdout] 
[INFO] [stdout] error: cannot find macro `w` in this scope
[INFO] [stdout]    --> src/lib.rs:180:20
[INFO] [stdout]     |
[INFO] [stdout] 180 |             LPARAM(w!("ImmersiveColorSet").as_ptr() as isize),
[INFO] [stdout]     |                    ^
[INFO] [stdout] 
[INFO] [stdout] 
[INFO] [stdout] error: cannot find macro `w` in this scope
[INFO] [stdout]    --> src/lib.rs:131:13
[INFO] [stdout]     |
[INFO] [stdout] 131 |             w!("Software\\Microsoft\\Windows\\CurrentVersion\\Themes\\Personalize"),
[INFO] [stdout]     |             ^
[INFO] [stdout] 
[INFO] [stdout] 
[INFO] [stdout] error[E0107]: enum takes 2 generic arguments but 1 generic argument was supplied
[INFO] [stdout]   --> src/lib.rs:20:27
[INFO] [stdout]    |
[INFO] [stdout] 20 | pub fn get_wallpaper() -> Result<String> {
[INFO] [stdout]    |                           ^^^^^^ ------ supplied 1 generic argument
[INFO] [stdout]    |                           |
[INFO] [stdout]    |                           expected 2 generic arguments
[INFO] [stdout]    |
[INFO] [stdout] help: add missing generic argument
[INFO] [stdout]    |
[INFO] [stdout] 20 | pub fn get_wallpaper() -> Result<String, E> {
[INFO] [stdout]    |                                        +++
[INFO] [stdout] 
[INFO] [stdout] 
[INFO] [stdout] error: cannot find macro `w` in this scope
[INFO] [stdout]    --> src/lib.rs:153:13
[INFO] [stdout]     |
[INFO] [stdout] 153 |             w!("AppsUseLightTheme"),
[INFO] [stdout]     |             ^
[INFO] [stdout] 
[INFO] [stdout] 
[INFO] [stdout] error[E0107]: enum takes 2 generic arguments but 1 generic argument was supplied
[INFO] [stdout]   --> src/lib.rs:70:50
[INFO] [stdout]    |
[INFO] [stdout] 70 | pub fn set_wallpaper<P: AsRef<Path>>(path: P) -> Result<()> {
[INFO] [stdout]    |                                                  ^^^^^^ -- supplied 1 generic argument
[INFO] [stdout]    |                                                  |
[INFO] [stdout]    |                                                  expected 2 generic arguments
[INFO] [stdout]    |
[INFO] [stdout] help: add missing generic argument
[INFO] [stdout]    |
[INFO] [stdout] 70 | pub fn set_wallpaper<P: AsRef<Path>>(path: P) -> Result<(), E> {
[INFO] [stdout]    |                                                           +++
[INFO] [stdout] 
[INFO] [stdout] 
[INFO] [stdout] error[E0107]: enum takes 2 generic arguments but 1 generic argument was supplied
[INFO] [stdout]   --> src/lib.rs:93:59
[INFO] [stdout]    |
[INFO] [stdout] 93 | async fn set_lockscreen_winrt<P: AsRef<Path>>(path: P) -> Result<()> {
[INFO] [stdout]    |                                                           ^^^^^^ -- supplied 1 generic argument
[INFO] [stdout]    |                                                           |
[INFO] [stdout]    |                                                           expected 2 generic arguments
[INFO] [stdout]    |
[INFO] [stdout] help: add missing generic argument
[INFO] [stdout]    |
[INFO] [stdout] 93 | async fn set_lockscreen_winrt<P: AsRef<Path>>(path: P) -> Result<(), E> {
[INFO] [stdout]    |                                                                    +++
[INFO] [stdout] 
[INFO] [stdout] 
[INFO] [stdout] error[E0107]: enum takes 2 generic arguments but 1 generic argument was supplied
[INFO] [stdout]    --> src/lib.rs:113:51
[INFO] [stdout]     |
[INFO] [stdout] 113 | pub fn set_lockscreen<P: AsRef<Path>>(path: P) -> Result<()> {
[INFO] [stdout]     |                                                   ^^^^^^ -- supplied 1 generic argument
[INFO] [stdout]     |                                                   |
[INFO] [stdout]     |                                                   expected 2 generic arguments
[INFO] [stdout]     |
[INFO] [stdout] help: add missing generic argument
[INFO] [stdout]     |
[INFO] [stdout] 113 | pub fn set_lockscreen<P: AsRef<Path>>(path: P) -> Result<(), E> {
[INFO] [stdout]     |                                                            +++
[INFO] [stdout] 
[INFO] [stdout] 
[INFO] [stdout] error[E0107]: enum takes 2 generic arguments but 1 generic argument was supplied
[INFO] [stdout]    --> src/lib.rs:124:39
[INFO] [stdout]     |
[INFO] [stdout] 124 | pub fn set_dark_mode(enable: bool) -> Result<()> {
[INFO] [stdout]     |                                       ^^^^^^ -- supplied 1 generic argument
[INFO] [stdout]     |                                       |
[INFO] [stdout]     |                                       expected 2 generic arguments
[INFO] [stdout]     |
[INFO] [stdout] help: add missing generic argument
[INFO] [stdout]     |
[INFO] [stdout] 124 | pub fn set_dark_mode(enable: bool) -> Result<(), E> {
[INFO] [stdout]     |                                                +++
[INFO] [stdout] 
[INFO] [stdout] 
[INFO] [stdout] error: cannot find macro `w` in this scope
[INFO] [stdout]    --> src/lib.rs:165:13
[INFO] [stdout]     |
[INFO] [stdout] 165 |             w!("SystemUsesLightTheme"),
[INFO] [stdout]     |             ^
[INFO] [stdout] 
[INFO] [stdout] 
[INFO] [stdout] error: cannot find macro `w` in this scope
[INFO] [stdout]    --> src/lib.rs:180:20
[INFO] [stdout]     |
[INFO] [stdout] 180 |             LPARAM(w!("ImmersiveColorSet").as_ptr() as isize),
[INFO] [stdout]     |                    ^
[INFO] [stdout] 
[INFO] [stdout] 
[INFO] [stdout] Some errors have detailed explanations: E0107, E0432, E0433.
[INFO] [stdout] 
[INFO] [stdout] For more information about an error, try `rustc --explain E0107`.
[INFO] [stdout] 
[INFO] [stderr] error: could not compile `windows_theme` (lib test) due to 12 previous errors
[INFO] [stderr] warning: build failed, waiting for other jobs to finish...
[INFO] [stdout] error[E0107]: enum takes 2 generic arguments but 1 generic argument was supplied
[INFO] [stdout]   --> src/lib.rs:20:27
[INFO] [stdout]    |
[INFO] [stdout] 20 | pub fn get_wallpaper() -> Result<String> {
[INFO] [stdout]    |                           ^^^^^^ ------ supplied 1 generic argument
[INFO] [stdout]    |                           |
[INFO] [stdout]    |                           expected 2 generic arguments
[INFO] [stdout]    |
[INFO] [stdout] help: add missing generic argument
[INFO] [stdout]    |
[INFO] [stdout] 20 | pub fn get_wallpaper() -> Result<String, E> {
[INFO] [stdout]    |                                        +++
[INFO] [stdout] 
[INFO] [stdout] 
[INFO] [stdout] error[E0107]: enum takes 2 generic arguments but 1 generic argument was supplied
[INFO] [stdout]   --> src/lib.rs:70:50
[INFO] [stdout]    |
[INFO] [stdout] 70 | pub fn set_wallpaper<P: AsRef<Path>>(path: P) -> Result<()> {
[INFO] [stdout]    |                                                  ^^^^^^ -- supplied 1 generic argument
[INFO] [stdout]    |                                                  |
[INFO] [stdout]    |                                                  expected 2 generic arguments
[INFO] [stdout]    |
[INFO] [stdout] help: add missing generic argument
[INFO] [stdout]    |
[INFO] [stdout] 70 | pub fn set_wallpaper<P: AsRef<Path>>(path: P) -> Result<(), E> {
[INFO] [stdout]    |                                                           +++
[INFO] [stdout] 
[INFO] [stdout] 
[INFO] [stdout] error[E0107]: enum takes 2 generic arguments but 1 generic argument was supplied
[INFO] [stdout]   --> src/lib.rs:93:59
[INFO] [stdout]    |
[INFO] [stdout] 93 | async fn set_lockscreen_winrt<P: AsRef<Path>>(path: P) -> Result<()> {
[INFO] [stdout]    |                                                           ^^^^^^ -- supplied 1 generic argument
[INFO] [stdout]    |                                                           |
[INFO] [stdout]    |                                                           expected 2 generic arguments
[INFO] [stdout]    |
[INFO] [stdout] help: add missing generic argument
[INFO] [stdout]    |
[INFO] [stdout] 93 | async fn set_lockscreen_winrt<P: AsRef<Path>>(path: P) -> Result<(), E> {
[INFO] [stdout]    |                                                                    +++
[INFO] [stdout] 
[INFO] [stdout] 
[INFO] [stdout] error[E0107]: enum takes 2 generic arguments but 1 generic argument was supplied
[INFO] [stdout]    --> src/lib.rs:113:51
[INFO] [stdout]     |
[INFO] [stdout] 113 | pub fn set_lockscreen<P: AsRef<Path>>(path: P) -> Result<()> {
[INFO] [stdout]     |                                                   ^^^^^^ -- supplied 1 generic argument
[INFO] [stdout]     |                                                   |
[INFO] [stdout]     |                                                   expected 2 generic arguments
[INFO] [stdout]     |
[INFO] [stdout] help: add missing generic argument
[INFO] [stdout]     |
[INFO] [stdout] 113 | pub fn set_lockscreen<P: AsRef<Path>>(path: P) -> Result<(), E> {
[INFO] [stdout]     |                                                            +++
[INFO] [stdout] 
[INFO] [stdout] 
[INFO] [stdout] error[E0107]: enum takes 2 generic arguments but 1 generic argument was supplied
[INFO] [stdout]    --> src/lib.rs:124:39
[INFO] [stdout]     |
[INFO] [stdout] 124 | pub fn set_dark_mode(enable: bool) -> Result<()> {
[INFO] [stdout]     |                                       ^^^^^^ -- supplied 1 generic argument
[INFO] [stdout]     |                                       |
[INFO] [stdout]     |                                       expected 2 generic arguments
[INFO] [stdout]     |
[INFO] [stdout] help: add missing generic argument
[INFO] [stdout]     |
[INFO] [stdout] 124 | pub fn set_dark_mode(enable: bool) -> Result<(), E> {
[INFO] [stdout]     |                                                +++
[INFO] [stdout] 
[INFO] [stdout] 
[INFO] [stdout] Some errors have detailed explanations: E0107, E0432, E0433.
[INFO] [stdout] 
[INFO] [stdout] For more information about an error, try `rustc --explain E0107`.
[INFO] [stdout] 
[INFO] [stderr] error: could not compile `windows_theme` (lib) due to 12 previous errors
[INFO] running `Command { std: "docker" "inspect" "ed0733b825b843eb19d1310425ffbe9a94843e676861ba7302ee9bea20b055fa", kill_on_drop: false }`
[INFO] running `Command { std: "docker" "rm" "-f" "ed0733b825b843eb19d1310425ffbe9a94843e676861ba7302ee9bea20b055fa", kill_on_drop: false }`
[INFO] [stdout] ed0733b825b843eb19d1310425ffbe9a94843e676861ba7302ee9bea20b055fa
