[INFO] cloning repository https://github.com/agusgarcia3007/barq
[INFO] running `Command { std: "git" "-c" "credential.helper=" "-c" "credential.helper=/workspace/cargo-home/bin/git-credential-null" "clone" "--bare" "https://github.com/agusgarcia3007/barq" "/workspace/cache/git-repos/https%3A%2F%2Fgithub.com%2Fagusgarcia3007%2Fbarq", kill_on_drop: false }`
[INFO] [stderr] Cloning into bare repository '/workspace/cache/git-repos/https%3A%2F%2Fgithub.com%2Fagusgarcia3007%2Fbarq'...
[INFO] running `Command { std: "git" "rev-parse" "HEAD", kill_on_drop: false }`
[INFO] [stdout] c828fd0a198b5a1afd75ad44148efef75a499a57
[INFO] checking agusgarcia3007/barq against be3da1e8c043bb6f1f335463d3b1335cdf50b03c for pr-162597
[INFO] running `Command { std: "git" "clone" "/workspace/cache/git-repos/https%3A%2F%2Fgithub.com%2Fagusgarcia3007%2Fbarq" "/workspace/builds/worker-2-tc2/source", kill_on_drop: false }`
[INFO] [stderr] Cloning into '/workspace/builds/worker-2-tc2/source'...
[INFO] [stderr] done.
[INFO] started tweaking git repo https://github.com/agusgarcia3007/barq
[INFO] finished tweaking git repo https://github.com/agusgarcia3007/barq
[INFO] tweaked toml for git repo https://github.com/agusgarcia3007/barq written to /workspace/builds/worker-2-tc2/source/Cargo.toml
[INFO] validating manifest of git repo https://github.com/agusgarcia3007/barq on toolchain be3da1e8c043bb6f1f335463d3b1335cdf50b03c
[INFO] running `Command { std: CARGO_HOME="/workspace/cargo-home" RUSTUP_HOME="/workspace/rustup-home" "/workspace/cargo-home/bin/cargo" "+be3da1e8c043bb6f1f335463d3b1335cdf50b03c" "metadata" "--manifest-path" "Cargo.toml" "--no-deps", kill_on_drop: false }`
[INFO] crate git repo https://github.com/agusgarcia3007/barq already has a lockfile, it will not be regenerated
[INFO] running `Command { std: CARGO_HOME="/workspace/cargo-home" RUSTUP_HOME="/workspace/rustup-home" "/workspace/cargo-home/bin/cargo" "+be3da1e8c043bb6f1f335463d3b1335cdf50b03c" "fetch" "--manifest-path" "Cargo.toml", kill_on_drop: false }`
[INFO] [stderr]     Blocking waiting for file lock on package cache
[INFO] [stderr]     Updating crates.io index
[INFO] [stderr]     Blocking waiting for file lock on package cache
[INFO] [stderr]      Locking 110 packages to highest compatible versions
[INFO] [stderr]       Adding anyhow v1.0.104
[INFO] [stderr]       Adding array-init v2.1.0
[INFO] [stderr]       Adding arrayvec v0.7.8
[INFO] [stderr]       Adding async-trait v0.1.92
[INFO] [stderr]       Adding aws-lc-rs v1.18.1
[INFO] [stderr]       Adding aws-lc-sys v0.45.0
[INFO] [stderr]       Adding bincode v1.3.3 (available: v3.0.0)
[INFO] [stderr]       Adding block-buffer v0.10.4
[INFO] [stderr]       Adding block-buffer v0.12.1
[INFO] [stderr]       Adding borsh v1.8.1
[INFO] [stderr]       Adding borsh-derive v1.8.1
[INFO] [stderr]       Adding byteorder v1.5.0
[INFO] [stderr]       Adding cfg_aliases v0.2.2
[INFO] [stderr]       Adding chacha20 v0.10.2
[INFO] [stderr]       Adding cmake v0.1.58
[INFO] [stderr]       Adding cmov v0.5.4
[INFO] [stderr]       Adding const-oid v0.10.2
[INFO] [stderr]       Adding cpufeatures v0.3.1
[INFO] [stderr]       Adding crypto-common v0.1.7
[INFO] [stderr]       Adding crypto-common v0.2.2
[INFO] [stderr]       Adding ctutils v0.4.2
[INFO] [stderr]       Adding dashmap v6.2.1
[INFO] [stderr]       Adding derive-new v0.7.0
[INFO] [stderr]       Adding digest v0.10.7
[INFO] [stderr]       Adding digest v0.11.3
[INFO] [stderr]       Adding dunce v1.0.5
[INFO] [stderr]       Adding fallible-iterator v0.2.0
[INFO] [stderr]       Adding fs_extra v1.3.0
[INFO] [stderr]       Adding futures v0.3.34
[INFO] [stderr]       Adding futures-channel v0.3.34
[INFO] [stderr]     Updating futures-core v0.3.31 -> v0.3.34
[INFO] [stderr]       Adding futures-executor v0.3.34
[INFO] [stderr]     Updating futures-io v0.3.31 -> v0.3.34
[INFO] [stderr]       Adding futures-macro v0.3.34
[INFO] [stderr]     Updating futures-sink v0.3.31 -> v0.3.34
[INFO] [stderr]       Adding futures-task v0.3.34
[INFO] [stderr]       Adding futures-util v0.3.34
[INFO] [stderr]       Adding generic-array v0.14.7 (available: v0.14.9)
[INFO] [stderr]       Adding getrandom v0.4.3
[INFO] [stderr]       Adding hashbrown v0.14.5
[INFO] [stderr]       Adding hex v0.4.3
[INFO] [stderr]       Adding hmac v0.13.0
[INFO] [stderr]       Adding hybrid-array v0.4.10 (available: v0.4.15)
[INFO] [stderr]       Adding jobserver v0.1.35
[INFO] [stderr]       Adding lazy-regex v3.6.1
[INFO] [stderr]       Adding lazy-regex-proc_macros v3.6.1
[INFO] [stderr]     Updating libc v0.2.180 -> v0.2.189
[INFO] [stderr]       Adding matchers v0.2.0
[INFO] [stderr]       Adding md-5 v0.10.6 (available: v0.11.0)
[INFO] [stderr]       Adding md-5 v0.11.0
[INFO] [stderr]       Adding md5 v0.7.0
[INFO] [stderr]       Adding mio v1.2.3
[INFO] [stderr]       Adding nu-ansi-term v0.50.3
[INFO] [stderr]     Updating once_cell v1.21.3 -> v1.21.4
[INFO] [stderr]       Adding parking_lot v0.12.5
[INFO] [stderr]       Adding parking_lot_core v0.9.12
[INFO] [stderr]       Adding pgwire v0.25.0 (available: v0.41.0)
[INFO] [stderr]       Adding pkg-config v0.3.34
[INFO] [stderr]       Adding postgres-protocol v0.6.12
[INFO] [stderr]       Adding postgres-types v0.2.14
[INFO] [stderr]       Adding ppv-lite86 v0.2.21
[INFO] [stderr]       Adding proc-macro-crate v3.5.0
[INFO] [stderr]       Adding r-efi v6.0.0
[INFO] [stderr]       Adding rand v0.8.8 (available: v0.10.2)
[INFO] [stderr]       Adding rand v0.9.5
[INFO] [stderr]       Adding rand v0.10.2
[INFO] [stderr]       Adding rand_chacha v0.3.1
[INFO] [stderr]       Adding rand_chacha v0.9.0
[INFO] [stderr]       Adding rand_core v0.6.4
[INFO] [stderr]       Adding rand_core v0.9.5
[INFO] [stderr]       Adding rand_core v0.10.1
[INFO] [stderr]       Adding redox_syscall v0.5.18
[INFO] [stderr]     Updating regex v1.12.2 -> v1.13.1
[INFO] [stderr]     Updating regex-automata v0.4.13 -> v0.4.18
[INFO] [stderr]       Adding regex-lite v0.1.9
[INFO] [stderr]     Updating regex-syntax v0.8.8 -> v0.8.11
[INFO] [stderr]       Adding ring v0.17.14
[INFO] [stderr]       Adding rust_decimal v1.43.0
[INFO] [stderr]       Adding rustls v0.23.45
[INFO] [stderr]       Adding rustls-pki-types v1.15.1
[INFO] [stderr]       Adding rustls-webpki v0.103.15
[INFO] [stderr]       Adding sha2 v0.11.0
[INFO] [stderr]       Adding sharded-slab v0.1.7
[INFO] [stderr]       Adding slab v0.4.12
[INFO] [stderr]     Updating socket2 v0.4.10 -> v0.6.5
[INFO] [stderr]     Updating sqlparser v0.43.1 -> v0.51.0 (available: v0.63.0)
[INFO] [stderr]       Adding stringprep v0.1.5
[INFO] [stderr]       Adding subtle v2.6.1
[INFO] [stderr]       Adding syn v3.0.5
[INFO] [stderr]       Adding thread_local v1.1.10
[INFO] [stderr]       Adding tinyvec v1.13.3
[INFO] [stderr]       Adding tokio v1.53.1
[INFO] [stderr]       Adding tokio-macros v2.7.2
[INFO] [stderr]       Adding tokio-rustls v0.26.5
[INFO] [stderr]       Adding tokio-util v0.7.19
[INFO] [stderr]       Adding toml_datetime v1.1.1+spec-1.1.0
[INFO] [stderr]       Adding toml_edit v0.25.15+spec-1.1.0
[INFO] [stderr]       Adding toml_parser v1.1.3+spec-1.1.0
[INFO] [stderr]       Adding tracing-log v0.2.0
[INFO] [stderr]       Adding tracing-subscriber v0.3.23
[INFO] [stderr]       Adding unicode-bidi v0.3.18
[INFO] [stderr]       Adding unicode-normalization v0.1.25
[INFO] [stderr]       Adding unicode-properties v0.1.4
[INFO] [stderr]       Adding untrusted v0.7.1
[INFO] [stderr]       Adding untrusted v0.9.0
[INFO] [stderr]       Adding uuid v1.26.1
[INFO] [stderr]       Adding valuable v0.1.1
[INFO] [stderr]       Adding windows-sys v0.52.0
[INFO] [stderr]       Adding winnow v1.0.4
[INFO] [stderr]       Adding zeroize v1.9.0
[INFO] [stderr]     Blocking waiting for file lock on package cache
[INFO] [stderr]  Downloading crates ...
[INFO] [stderr]   Downloaded lazy-regex v3.6.1
[INFO] [stderr]   Downloaded array-init v2.1.0
[INFO] [stderr]   Downloaded zmij v1.0.14
[INFO] [stderr]   Downloaded lexical-core v1.0.6
[INFO] [stderr]   Downloaded quote v1.0.43
[INFO] [stderr]   Downloaded md-5 v0.11.0
[INFO] [stderr]   Downloaded lazy-regex-proc_macros v3.6.1
[INFO] [stderr]   Downloaded find-msvc-tools v0.1.7
[INFO] [stderr]   Downloaded fallible-iterator v0.2.0
[INFO] [stderr]   Downloaded csv-core v0.1.13
[INFO] [stderr]   Downloaded postgres-protocol v0.6.12
[INFO] [stderr]   Downloaded cmake v0.1.58
[INFO] [stderr]   Downloaded borsh-derive v1.8.1
[INFO] [stderr]   Downloaded dashmap v6.2.1
[INFO] [stderr]   Downloaded flatbuffers v24.12.23
[INFO] [stderr]   Downloaded arrow-row v53.4.1
[INFO] [stderr]   Downloaded hmac v0.13.0
[INFO] [stderr]   Downloaded arrow-data v53.4.1
[INFO] [stderr]   Downloaded lexical-parse-integer v1.0.6
[INFO] [stderr]   Downloaded arrow-csv v53.4.1
[INFO] [stderr]   Downloaded arrow-arith v53.4.1
[INFO] [stderr]   Downloaded arrow-ord v53.4.1
[INFO] [stderr]   Downloaded postgres-types v0.2.14
[INFO] [stderr]   Downloaded hybrid-array v0.4.10
[INFO] [stderr]   Downloaded arrow-schema v53.4.1
[INFO] [stderr]   Downloaded ryu v1.0.22
[INFO] [stderr]   Downloaded proc-macro2 v1.0.105
[INFO] [stderr]   Downloaded arrow-string v53.4.1
[INFO] [stderr]   Downloaded toml_edit v0.25.15+spec-1.1.0
[INFO] [stderr]   Downloaded arrow-buffer v53.4.1
[INFO] [stderr]   Downloaded lexical-write-integer v1.0.6
[INFO] [stderr]   Downloaded arrow-json v53.4.1
[INFO] [stderr]   Downloaded arrow-select v53.4.1
[INFO] [stderr]   Downloaded tinyvec v1.13.3
[INFO] [stderr]   Downloaded cc v1.2.52
[INFO] [stderr]   Downloaded borsh v1.8.1
[INFO] [stderr]   Downloaded arrow v53.4.1
[INFO] [stderr]   Downloaded pgwire v0.25.0
[INFO] [stderr]   Downloaded arrow-cast v53.4.1
[INFO] [stderr]   Downloaded lexical-util v1.0.7
[INFO] [stderr]   Downloaded lexical-write-float v1.0.6
[INFO] [stderr]   Downloaded arrow-ipc v53.4.1
[INFO] [stderr]   Downloaded zerocopy-derive v0.8.33
[INFO] [stderr]   Downloaded syn v2.0.114
[INFO] [stderr]   Downloaded rust_decimal v1.43.0
[INFO] [stderr]   Downloaded chrono v0.4.39
[INFO] [stderr]   Downloaded arrow-array v53.4.1
[INFO] [stderr]   Downloaded lexical-parse-float v1.0.6
[INFO] [stderr]   Downloaded sqlparser v0.51.0
[INFO] [stderr]   Downloaded aws-lc-rs v1.18.1
[INFO] [stderr]   Downloaded zerocopy v0.8.33
[INFO] [stderr]   Downloaded rustls v0.23.45
[INFO] [stderr]   Downloaded csv v1.4.0
[INFO] [stderr]   Downloaded aws-lc-sys v0.45.0
[INFO] running `Command { std: "docker" "create" "-v" "/var/lib/crater-agent-workspace/builds/worker-2-tc2/source:/opt/rustwide/workdir:ro,Z" "-v" "/var/lib/crater-agent-workspace/builds/worker-2-tc2/target:/opt/rustwide/target:rw,Z" "-v" "/var/lib/crater-agent-workspace/cargo-home:/opt/rustwide/cargo-home:ro,Z" "-v" "/var/lib/crater-agent-workspace/rustup-home:/opt/rustwide/rustup-home:ro,Z" "-m" "1610612736" "--network" "none" "ghcr.io/rust-lang/crates-build-env/linux@sha256:8683fc1fc2eb5c9ac98e0d076ab094b2ffac7f99da555d2b6a2e27f346de2ec7" "sleep" "infinity", kill_on_drop: false }`
[INFO] [stdout] 2f132ea6a5aeeea8713624d42c37a1392d3703abfe637745b0f1b194ecf83e66
[INFO] running `Command { std: "docker" "start" "2f132ea6a5aeeea8713624d42c37a1392d3703abfe637745b0f1b194ecf83e66", kill_on_drop: false }`
[INFO] running `Command { std: "docker" "inspect" "2f132ea6a5aeeea8713624d42c37a1392d3703abfe637745b0f1b194ecf83e66", kill_on_drop: false }`
[INFO] running `Command { std: "docker" "exec" "-e" "SOURCE_DIR=/opt/rustwide/workdir" "-e" "CARGO_HOME=/opt/rustwide/cargo-home" "-e" "RUSTUP_HOME=/opt/rustwide/rustup-home" "-e" "CARGO_TARGET_DIR=/opt/rustwide/target" "-w" "/opt/rustwide/workdir" "--user" "0:0" "2f132ea6a5aeeea8713624d42c37a1392d3703abfe637745b0f1b194ecf83e66" "/opt/rustwide/cargo-home/bin/cargo" "+be3da1e8c043bb6f1f335463d3b1335cdf50b03c" "metadata" "--no-deps" "--format-version=1", kill_on_drop: false }`
[INFO] running `Command { std: "docker" "inspect" "2f132ea6a5aeeea8713624d42c37a1392d3703abfe637745b0f1b194ecf83e66", kill_on_drop: false }`
[INFO] running `Command { std: "docker" "exec" "-e" "SOURCE_DIR=/opt/rustwide/workdir" "-e" "CARGO_HOME=/opt/rustwide/cargo-home" "-e" "RUSTUP_HOME=/opt/rustwide/rustup-home" "-e" "CARGO_TARGET_DIR=/opt/rustwide/target" "-e" "CARGO_INCREMENTAL=0" "-e" "RUST_BACKTRACE=full" "-e" "RUSTFLAGS=--cap-lints=forbid" "-e" "RUSTDOCFLAGS=--cap-lints=forbid" "-w" "/opt/rustwide/workdir" "--user" "0:0" "2f132ea6a5aeeea8713624d42c37a1392d3703abfe637745b0f1b194ecf83e66" "/opt/rustwide/cargo-home/bin/cargo" "+be3da1e8c043bb6f1f335463d3b1335cdf50b03c" "check" "--frozen" "--all" "--all-targets" "--message-format=json", kill_on_drop: false }`
[INFO] [stderr]    Compiling proc-macro2 v1.0.105
[INFO] [stderr]    Compiling unicode-ident v1.0.22
[INFO] [stderr]    Compiling quote v1.0.43
[INFO] [stderr]    Compiling libc v0.2.189
[INFO] [stderr]     Checking cfg-if v1.0.4
[INFO] [stderr]    Compiling libm v0.2.15
[INFO] [stderr]    Compiling serde_core v1.0.228
[INFO] [stderr]    Compiling zerocopy v0.8.33
[INFO] [stderr]     Checking once_cell v1.21.4
[INFO] [stderr]     Checking bytes v1.11.0
[INFO] [stderr]     Checking memchr v2.7.6
[INFO] [stderr]    Compiling serde v1.0.228
[INFO] [stderr]    Compiling typenum v1.19.0
[INFO] [stderr]     Checking iana-time-zone v0.1.64
[INFO] [stderr]    Compiling num-traits v0.2.19
[INFO] [stderr]    Compiling getrandom v0.3.4
[INFO] [stderr]    Compiling ahash v0.8.12
[INFO] [stderr]     Checking arrow-schema v53.4.1
[INFO] [stderr]    Compiling find-msvc-tools v0.1.7
[INFO] [stderr]     Checking hashbrown v0.15.5
[INFO] [stderr]    Compiling pkg-config v0.3.34
[INFO] [stderr]    Compiling dunce v1.0.5
[INFO] [stderr]    Compiling fs_extra v1.3.0
[INFO] [stderr]     Checking lexical-util v1.0.7
[INFO] [stderr]     Checking cmov v0.5.4
[INFO] [stderr]     Checking pin-project-lite v0.2.16
[INFO] [stderr]     Checking base64 v0.22.1
[INFO] [stderr]     Checking const-oid v0.10.2
[INFO] [stderr]     Checking rand_core v0.10.1
[INFO] [stderr]    Compiling getrandom v0.4.3
[INFO] [stderr]     Checking regex-syntax v0.8.11
[INFO] [stderr]     Checking ctutils v0.4.2
[INFO] [stderr]     Checking cpufeatures v0.3.1
[INFO] [stderr]    Compiling aws-lc-rs v1.18.1
[INFO] [stderr]     Checking futures-core v0.3.34
[INFO] [stderr]     Checking zeroize v1.9.0
[INFO] [stderr]    Compiling jobserver v0.1.35
[INFO] [stderr]     Checking ryu v1.0.22
[INFO] [stderr]     Checking tinyvec v1.13.3
[INFO] [stderr]     Checking futures-sink v0.3.34
[INFO] [stderr]     Checking log v0.4.29
[INFO] [stderr]    Compiling semver v1.0.27
[INFO] [stderr]    Compiling generic-array v0.14.7
[INFO] [stderr]    Compiling syn v2.0.114
[INFO] [stderr]    Compiling syn v3.0.5
[INFO] [stderr]     Checking aho-corasick v1.1.4
[INFO] [stderr]     Checking lexical-write-integer v1.0.6
[INFO] [stderr]     Checking lexical-parse-integer v1.0.6
[INFO] [stderr]     Checking chacha20 v0.10.2
[INFO] [stderr]    Compiling cc v1.2.52
[INFO] [stderr]     Checking lexical-parse-float v1.0.6
[INFO] [stderr]     Checking untrusted v0.7.1
[INFO] [stderr]    Compiling rustc_version v0.4.1
[INFO] [stderr]    Compiling zmij v1.0.14
[INFO] [stderr]     Checking lexical-write-float v1.0.6
[INFO] [stderr]     Checking hybrid-array v0.4.10
[INFO] [stderr]     Checking itoa v1.0.17
[INFO] [stderr]     Checking unicode-properties v0.1.4
[INFO] [stderr]     Checking unicode-bidi v0.3.18
[INFO] [stderr]     Checking rand v0.10.2
[INFO] [stderr]     Checking unicode-normalization v0.1.25
[INFO] [stderr]    Compiling flatbuffers v24.12.23
[INFO] [stderr]     Checking lexical-core v1.0.6
[INFO] [stderr]     Checking mio v1.2.3
[INFO] [stderr]     Checking socket2 v0.6.5
[INFO] [stderr]     Checking getrandom v0.2.17
[INFO] [stderr]     Checking block-buffer v0.12.1
[INFO] [stderr]     Checking crypto-common v0.2.2
[INFO] [stderr]     Checking futures-channel v0.3.34
[INFO] [stderr]     Checking rustls-pki-types v1.15.1
[INFO] [stderr]    Compiling serde_json v1.0.149
[INFO] [stderr]     Checking slab v0.4.12
[INFO] [stderr]     Checking stringprep v0.1.5
[INFO] [stderr]     Checking smallvec v1.15.1
[INFO] [stderr]     Checking untrusted v0.9.0
[INFO] [stderr]     Checking byteorder v1.5.0
[INFO] [stderr]     Checking futures-task v0.3.34
[INFO] [stderr]     Checking fallible-iterator v0.2.0
[INFO] [stderr]     Checking regex-automata v0.4.18
[INFO] [stderr]     Checking futures-io v0.3.34
[INFO] [stderr]     Checking lazy_static v1.5.0
[INFO] [stderr]    Compiling rustls v0.23.45
[INFO] [stderr]    Compiling parking_lot_core v0.9.12
[INFO] [stderr]     Checking rand_core v0.6.4
[INFO] [stderr]     Checking csv-core v0.1.13
[INFO] [stderr]     Checking tracing-core v0.1.36
[INFO] [stderr]     Checking bitflags v1.3.2
[INFO] [stderr]     Checking subtle v2.6.1
[INFO] [stderr]    Compiling rust_decimal v1.43.0
[INFO] [stderr]     Checking equivalent v1.0.2
[INFO] [stderr]     Checking array-init v2.1.0
[INFO] [stderr]     Checking hashbrown v0.16.1
[INFO] [stderr]    Compiling thiserror v1.0.69
[INFO] [stderr]     Checking scopeguard v1.2.0
[INFO] [stderr]    Compiling crossbeam-utils v0.8.21
[INFO] [stderr]     Checking lock_api v0.4.14
[INFO] [stderr]     Checking crypto-common v0.1.7
[INFO] [stderr]     Checking block-buffer v0.10.4
[INFO] [stderr]    Compiling cmake v0.1.58
[INFO] [stderr]    Compiling anyhow v1.0.104
[INFO] [stderr]     Checking regex-lite v0.1.9
[INFO] [stderr]     Checking arrayvec v0.7.8
[INFO] [stderr]     Checking num-integer v0.1.46
[INFO] [stderr]     Checking num-complex v0.4.6
[INFO] [stderr]     Checking atoi v2.0.0
[INFO] [stderr]     Checking digest v0.10.7
[INFO] [stderr]     Checking tracing-log v0.2.0
[INFO] [stderr]     Checking sharded-slab v0.1.7
[INFO] [stderr]     Checking digest v0.11.3
[INFO] [stderr]     Checking thread_local v1.1.10
[INFO] [stderr]     Checking nu-ansi-term v0.50.3
[INFO] [stderr]     Checking md-5 v0.11.0
[INFO] [stderr]     Checking sha2 v0.11.0
[INFO] [stderr]     Checking num-bigint v0.4.6
[INFO] [stderr]     Checking num-iter v0.1.45
[INFO] [stderr]     Checking hmac v0.13.0
[INFO] [stderr]     Checking csv v1.4.0
[INFO] [stderr]     Checking hashbrown v0.14.5
[INFO] [stderr]     Checking indexmap v2.13.0
[INFO] [stderr]     Checking md5 v0.7.0
[INFO] [stderr]    Compiling aws-lc-sys v0.45.0
[INFO] [stderr]     Checking hex v0.4.3
[INFO] [stderr]     Checking md-5 v0.10.6
[INFO] [stderr]     Checking parking_lot v0.12.5
[INFO] [stderr]     Checking uuid v1.26.1
[INFO] [stderr]     Checking sqlparser v0.51.0
[INFO] [stderr]     Checking postgres-protocol v0.6.12
[INFO] [stderr]     Checking num-rational v0.4.2
[INFO] [stderr]     Checking dashmap v6.2.1
[INFO] [stderr]    Compiling futures-macro v0.3.34
[INFO] [stderr]    Compiling tokio-macros v2.7.2
[INFO] [stderr]    Compiling async-trait v0.1.92
[INFO] [stderr]     Checking num v0.4.3
[INFO] [stderr]     Checking tokio v1.53.1
[INFO] [stderr]     Checking futures-util v0.3.34
[INFO] [stderr]     Checking regex v1.13.1
[INFO] [stderr]     Checking matchers v0.2.0
[INFO] [stderr]    Compiling zerocopy-derive v0.8.33
[INFO] [stderr]    Compiling serde_derive v1.0.228
[INFO] [stderr]    Compiling tracing-attributes v0.1.31
[INFO] [stderr]    Compiling thiserror-impl v1.0.69
[INFO] [stderr]    Compiling derive-new v0.7.0
[INFO] [stderr]    Compiling lazy-regex-proc_macros v3.6.1
[INFO] [stderr]     Checking tracing v0.1.44
[INFO] [stderr]     Checking lazy-regex v3.6.1
[INFO] [stderr]     Checking tracing-subscriber v0.3.23
[INFO] [stderr]     Checking futures-executor v0.3.34
[INFO] [stderr]     Checking futures v0.3.34
[INFO] [stderr]     Checking half v2.7.1
[INFO] [stderr]     Checking ppv-lite86 v0.2.21
[INFO] [stderr]     Checking tokio-util v0.7.19
[INFO] [stderr]     Checking rand_chacha v0.3.1
[INFO] [stderr]     Checking arrow-buffer v53.4.1
[INFO] [stderr]     Checking chrono v0.4.39
[INFO] [stderr]     Checking bincode v1.3.3
[INFO] [stderr]     Checking rand v0.8.8
[INFO] [stderr]     Checking arrow-data v53.4.1
[INFO] [stderr]     Checking postgres-types v0.2.14
[INFO] [stderr]     Checking arrow-array v53.4.1
[INFO] [stderr]     Checking arrow-select v53.4.1
[INFO] [stderr]     Checking arrow-arith v53.4.1
[INFO] [stderr]     Checking arrow-row v53.4.1
[INFO] [stderr]     Checking arrow-cast v53.4.1
[INFO] [stderr]     Checking arrow-string v53.4.1
[INFO] [stderr]     Checking arrow-ord v53.4.1
[INFO] [stderr]     Checking arrow-csv v53.4.1
[INFO] [stderr]     Checking arrow-ipc v53.4.1
[INFO] [stderr]     Checking arrow-json v53.4.1
[INFO] [stderr]     Checking arrow v53.4.1
[INFO] [stderr]     Checking rustls-webpki v0.103.15
[INFO] [stderr]     Checking tokio-rustls v0.26.5
[INFO] [stderr]     Checking pgwire v0.25.0
[INFO] [stderr]     Checking barq v0.2.0 (/opt/rustwide/workdir)
[INFO] [stdout] error[E0432]: unresolved import `pgwire::api::auth::md5pass::MakeMd5PasswordAuthStartupHandler`
[INFO] [stdout]  --> src/protocol.rs:8:5
[INFO] [stdout]   |
[INFO] [stdout] 8 | use pgwire::api::auth::md5pass::MakeMd5PasswordAuthStartupHandler;
[INFO] [stdout]   |     ^^^^^^^^^^^^^^^^^^^^^^^^^^^^---------------------------------
[INFO] [stdout]   |                                 |
[INFO] [stdout]   |                                 no `MakeMd5PasswordAuthStartupHandler` in `api::auth::md5pass`
[INFO] [stdout]   |
[INFO] [stdout] help: a similar name exists in the module
[INFO] [stdout]   |
[INFO] [stdout] 8 - use pgwire::api::auth::md5pass::MakeMd5PasswordAuthStartupHandler;
[INFO] [stdout] 8 + use pgwire::api::auth::md5pass::Md5PasswordAuthStartupHandler;
[INFO] [stdout]   |
[INFO] [stdout] 
[INFO] [stdout] 
[INFO] [stdout] error[E0432]: unresolved import `pgwire::api::MakeHandler`
[INFO] [stdout]   --> src/protocol.rs:17:31
[INFO] [stdout]    |
[INFO] [stdout] 17 | use pgwire::api::{ClientInfo, MakeHandler, Type};
[INFO] [stdout]    |                               ^^^^^^^^^^^ no `MakeHandler` in `api`
[INFO] [stdout] 
[INFO] [stdout] 
[INFO] [stdout] error[E0432]: unresolved import `pgwire::api::auth::md5pass::MakeMd5PasswordAuthStartupHandler`
[INFO] [stdout]   --> src/main.rs:10:5
[INFO] [stdout]    |
[INFO] [stdout] 10 | use pgwire::api::auth::md5pass::MakeMd5PasswordAuthStartupHandler;
[INFO] [stdout]    |     ^^^^^^^^^^^^^^^^^^^^^^^^^^^^---------------------------------
[INFO] [stdout]    |                                 |
[INFO] [stdout]    |                                 no `MakeMd5PasswordAuthStartupHandler` in `api::auth::md5pass`
[INFO] [stdout]    |
[INFO] [stdout] help: a similar name exists in the module
[INFO] [stdout]    |
[INFO] [stdout] 10 - use pgwire::api::auth::md5pass::MakeMd5PasswordAuthStartupHandler;
[INFO] [stdout] 10 + use pgwire::api::auth::md5pass::Md5PasswordAuthStartupHandler;
[INFO] [stdout]    |
[INFO] [stdout] 
[INFO] [stdout] 
[INFO] [stdout] error[E0425]: cannot find type `MemPortalStore` in this scope
[INFO] [stdout]   --> src/protocol.rs:72:23
[INFO] [stdout]    |
[INFO] [stdout] 72 |     portal_store: Arc<MemPortalStore<String>>,
[INFO] [stdout]    |                       ^^^^^^^^^^^^^^ not found in this scope
[INFO] [stdout]    |
[INFO] [stdout] help: consider importing this struct
[INFO] [stdout]    |
[INFO] [stdout]  1 + use pgwire::api::store::MemPortalStore;
[INFO] [stdout]    |
[INFO] [stdout] 
[INFO] [stdout] 
[INFO] [stdout] error[E0433]: cannot find type `MemPortalStore` in this scope
[INFO] [stdout]   --> src/protocol.rs:82:36
[INFO] [stdout]    |
[INFO] [stdout] 82 |             portal_store: Arc::new(MemPortalStore::new()),
[INFO] [stdout]    |                                    ^^^^^^^^^^^^^^ use of undeclared type `MemPortalStore`
[INFO] [stdout]    |
[INFO] [stdout] help: consider importing this struct
[INFO] [stdout]    |
[INFO] [stdout]  1 + use pgwire::api::store::MemPortalStore;
[INFO] [stdout]    |
[INFO] [stdout] 
[INFO] [stdout] 
[INFO] [stdout] Some errors have detailed explanations: E0425, E0432, E0433.
[INFO] [stdout] 
[INFO] [stdout] For more information about an error, try `rustc --explain E0425`.
[INFO] [stdout] 
[INFO] [stderr] error: could not compile `barq` (bin "barq") due to 5 previous errors
[INFO] [stderr] warning: build failed, waiting for other jobs to finish...
[INFO] [stdout] error[E0432]: unresolved import `pgwire::api::auth::md5pass::MakeMd5PasswordAuthStartupHandler`
[INFO] [stdout]  --> src/protocol.rs:8:5
[INFO] [stdout]   |
[INFO] [stdout] 8 | use pgwire::api::auth::md5pass::MakeMd5PasswordAuthStartupHandler;
[INFO] [stdout]   |     ^^^^^^^^^^^^^^^^^^^^^^^^^^^^---------------------------------
[INFO] [stdout]   |                                 |
[INFO] [stdout]   |                                 no `MakeMd5PasswordAuthStartupHandler` in `api::auth::md5pass`
[INFO] [stdout]   |
[INFO] [stdout] help: a similar name exists in the module
[INFO] [stdout]   |
[INFO] [stdout] 8 - use pgwire::api::auth::md5pass::MakeMd5PasswordAuthStartupHandler;
[INFO] [stdout] 8 + use pgwire::api::auth::md5pass::Md5PasswordAuthStartupHandler;
[INFO] [stdout]   |
[INFO] [stdout] 
[INFO] [stdout] 
[INFO] [stdout] error[E0432]: unresolved import `pgwire::api::MakeHandler`
[INFO] [stdout]   --> src/protocol.rs:17:31
[INFO] [stdout]    |
[INFO] [stdout] 17 | use pgwire::api::{ClientInfo, MakeHandler, Type};
[INFO] [stdout]    |                               ^^^^^^^^^^^ no `MakeHandler` in `api`
[INFO] [stdout] 
[INFO] [stdout] 
[INFO] [stdout] error[E0432]: unresolved import `pgwire::api::auth::md5pass::MakeMd5PasswordAuthStartupHandler`
[INFO] [stdout]   --> src/main.rs:10:5
[INFO] [stdout]    |
[INFO] [stdout] 10 | use pgwire::api::auth::md5pass::MakeMd5PasswordAuthStartupHandler;
[INFO] [stdout]    |     ^^^^^^^^^^^^^^^^^^^^^^^^^^^^---------------------------------
[INFO] [stdout]    |                                 |
[INFO] [stdout]    |                                 no `MakeMd5PasswordAuthStartupHandler` in `api::auth::md5pass`
[INFO] [stdout]    |
[INFO] [stdout] help: a similar name exists in the module
[INFO] [stdout]    |
[INFO] [stdout] 10 - use pgwire::api::auth::md5pass::MakeMd5PasswordAuthStartupHandler;
[INFO] [stdout] 10 + use pgwire::api::auth::md5pass::Md5PasswordAuthStartupHandler;
[INFO] [stdout]    |
[INFO] [stdout] 
[INFO] [stdout] 
[INFO] [stdout] error[E0425]: cannot find type `MemPortalStore` in this scope
[INFO] [stdout]   --> src/protocol.rs:72:23
[INFO] [stdout]    |
[INFO] [stdout] 72 |     portal_store: Arc<MemPortalStore<String>>,
[INFO] [stdout]    |                       ^^^^^^^^^^^^^^ not found in this scope
[INFO] [stdout]    |
[INFO] [stdout] help: consider importing this struct
[INFO] [stdout]    |
[INFO] [stdout]  1 + use pgwire::api::store::MemPortalStore;
[INFO] [stdout]    |
[INFO] [stdout] 
[INFO] [stdout] 
[INFO] [stdout] error[E0433]: cannot find type `MemPortalStore` in this scope
[INFO] [stdout]   --> src/protocol.rs:82:36
[INFO] [stdout]    |
[INFO] [stdout] 82 |             portal_store: Arc::new(MemPortalStore::new()),
[INFO] [stdout]    |                                    ^^^^^^^^^^^^^^ use of undeclared type `MemPortalStore`
[INFO] [stdout]    |
[INFO] [stdout] help: consider importing this struct
[INFO] [stdout]    |
[INFO] [stdout]  1 + use pgwire::api::store::MemPortalStore;
[INFO] [stdout]    |
[INFO] [stdout] 
[INFO] [stdout] 
[INFO] [stdout] Some errors have detailed explanations: E0425, E0432, E0433.
[INFO] [stdout] 
[INFO] [stdout] For more information about an error, try `rustc --explain E0425`.
[INFO] [stdout] 
[INFO] [stderr] error: could not compile `barq` (bin "barq" test) due to 5 previous errors
[INFO] [stderr] warning: unused dependency `anyhow`
[INFO] [stderr]  --> Cargo.toml:2:1
[INFO] [stderr]   |
[INFO] [stderr] 2 | anyhow = "1.0"
[INFO] [stderr]   | ^^^^^^^^^^^^^^
[INFO] [stderr]   |
[INFO] [stderr]   = note: `cargo::unused_dependencies` is set to `warn` by default
[INFO] [stderr] help: consider removing the dependency on `anyhow`
[INFO] [stderr] warning: unused dependency `bincode`
[INFO] [stderr]   --> Cargo.toml:10:1
[INFO] [stderr]    |
[INFO] [stderr] 10 | bincode = "1.3"
[INFO] [stderr]    | ^^^^^^^^^^^^^^^
[INFO] [stderr]    |
[INFO] [stderr] help: consider removing the dependency on `bincode`
[INFO] [stderr] warning: unused dependency `dashmap`
[INFO] [stderr]   --> Cargo.toml:12:1
[INFO] [stderr]    |
[INFO] [stderr] 12 | dashmap = "6.0"
[INFO] [stderr]    | ^^^^^^^^^^^^^^^
[INFO] [stderr]    |
[INFO] [stderr] help: consider removing the dependency on `dashmap`
[INFO] [stderr] warning: unused dependency `md-5`
[INFO] [stderr]   --> Cargo.toml:14:1
[INFO] [stderr]    |
[INFO] [stderr] 14 | md-5 = "0.10"
[INFO] [stderr]    | ^^^^^^^^^^^^^
[INFO] [stderr]    |
[INFO] [stderr] help: consider removing the dependency on `md-5`
[INFO] [stderr] warning: unused dependency `uuid`
[INFO] [stderr]   --> Cargo.toml:39:15
[INFO] [stderr]    |
[INFO] [stderr] 39 | [dependencies.uuid]
[INFO] [stderr]    |               ^^^^^
[INFO] [stderr]    |
[INFO] [stderr] help: consider removing the dependency on `uuid`
[INFO] [stderr] warning: `barq` (manifest) generated 5 warnings
[INFO] running `Command { std: "docker" "inspect" "2f132ea6a5aeeea8713624d42c37a1392d3703abfe637745b0f1b194ecf83e66", kill_on_drop: false }`
[INFO] running `Command { std: "docker" "rm" "-f" "2f132ea6a5aeeea8713624d42c37a1392d3703abfe637745b0f1b194ecf83e66", kill_on_drop: false }`
[INFO] [stdout] 2f132ea6a5aeeea8713624d42c37a1392d3703abfe637745b0f1b194ecf83e66
