[INFO] cloning repository https://github.com/YoloDev/3commas-rs
[INFO] running `Command { std: "git" "-c" "credential.helper=" "-c" "credential.helper=/workspace/cargo-home/bin/git-credential-null" "clone" "--bare" "https://github.com/YoloDev/3commas-rs" "/workspace/cache/git-repos/https%3A%2F%2Fgithub.com%2FYoloDev%2F3commas-rs", kill_on_drop: false }`
[INFO] [stderr] Cloning into bare repository '/workspace/cache/git-repos/https%3A%2F%2Fgithub.com%2FYoloDev%2F3commas-rs'...
[INFO] running `Command { std: "git" "rev-parse" "HEAD", kill_on_drop: false }`
[INFO] [stdout] 76a2ecdebe592aeed5b6cdb92fdd2f091eae9014
[INFO] checking YoloDev/3commas-rs/76a2ecdebe592aeed5b6cdb92fdd2f091eae9014 against 018018e881e2db0956f229dbb543e21f058d1ce7 for pr-162597
[INFO] running `Command { std: "git" "clone" "/workspace/cache/git-repos/https%3A%2F%2Fgithub.com%2FYoloDev%2F3commas-rs" "/workspace/builds/worker-3-tc1/source", kill_on_drop: false }`
[INFO] [stderr] Cloning into '/workspace/builds/worker-3-tc1/source'...
[INFO] [stderr] done.
[INFO] removed /workspace/builds/worker-3-tc1/source/rust-toolchain.toml
[INFO] started tweaking git repo https://github.com/YoloDev/3commas-rs
[INFO] finished tweaking git repo https://github.com/YoloDev/3commas-rs
[INFO] tweaked toml for git repo https://github.com/YoloDev/3commas-rs written to /workspace/builds/worker-3-tc1/source/Cargo.toml
[INFO] validating manifest of git repo https://github.com/YoloDev/3commas-rs on toolchain 018018e881e2db0956f229dbb543e21f058d1ce7
[INFO] running `Command { std: CARGO_HOME="/workspace/cargo-home" RUSTUP_HOME="/workspace/rustup-home" "/workspace/cargo-home/bin/cargo" "+018018e881e2db0956f229dbb543e21f058d1ce7" "metadata" "--manifest-path" "Cargo.toml" "--no-deps", kill_on_drop: false }`
[INFO] crate git repo https://github.com/YoloDev/3commas-rs already has a lockfile, it will not be regenerated
[INFO] running `Command { std: CARGO_HOME="/workspace/cargo-home" RUSTUP_HOME="/workspace/rustup-home" "/workspace/cargo-home/bin/cargo" "+018018e881e2db0956f229dbb543e21f058d1ce7" "fetch" "--manifest-path" "Cargo.toml", kill_on_drop: false }`
[INFO] [stderr] warning: virtual workspace defaulting to `resolver = "1"` despite one or more workspace members being on edition 2021 which implies `resolver = "2"`
[INFO] [stderr]   |
[INFO] [stderr]   = note: to keep the current resolver, specify `workspace.resolver = "1"` in the workspace root's manifest
[INFO] [stderr]   = note: to use the edition 2021 resolver, specify `workspace.resolver = "2"` in the workspace root's manifest
[INFO] [stderr]   = note: for more details see https://doc.rust-lang.org/cargo/reference/resolver.html#resolver-versions
[INFO] [stderr]     Updating crates.io index
[INFO] [stderr]  Downloading crates ...
[INFO] [stderr]   Downloaded sval v1.0.0-alpha.5
[INFO] [stderr]   Downloaded infer v0.2.3
[INFO] [stderr]   Downloaded ghash v0.3.1
[INFO] [stderr]   Downloaded simple-mutex v1.1.5
[INFO] [stderr]   Downloaded fastrand v1.6.0
[INFO] [stderr]   Downloaded async-lock v2.4.0
[INFO] [stderr]   Downloaded gloo-timers v0.2.2
[INFO] [stderr]   Downloaded hyper-tls v0.4.3
[INFO] [stderr]   Downloaded async-dup v1.2.2
[INFO] [stderr]   Downloaded route-recognizer v0.2.0
[INFO] [stderr]   Downloaded cpuid-bool v0.2.0
[INFO] [stderr]   Downloaded http-body v0.3.1
[INFO] [stderr]   Downloaded httpdate v0.3.2
[INFO] [stderr]   Downloaded hmac v0.10.1
[INFO] [stderr]   Downloaded async-global-executor v2.0.2
[INFO] [stderr]   Downloaded async-sse v4.1.0
[INFO] [stderr]   Downloaded smol_str v0.1.21
[INFO] [stderr]   Downloaded cipher v0.2.5
[INFO] [stderr]   Downloaded crypto-mac v0.10.1
[INFO] [stderr]   Downloaded aead v0.3.2
[INFO] [stderr]   Downloaded polyval v0.4.5
[INFO] [stderr]   Downloaded hkdf v0.10.0
[INFO] [stderr]   Downloaded async-process v1.3.0
[INFO] [stderr]   Downloaded crypto-common v0.1.1
[INFO] [stderr]   Downloaded cxxbridge-flags v1.0.92
[INFO] [stderr]   Downloaded crossbeam v0.8.2
[INFO] [stderr]   Downloaded event-listener v2.5.1
[INFO] [stderr]   Downloaded blocking v1.1.0
[INFO] [stderr]   Downloaded crossbeam-queue v0.3.2
[INFO] [stderr]   Downloaded ctr v0.6.0
[INFO] [stderr]   Downloaded async-task v4.0.3
[INFO] [stderr]   Downloaded async-io v1.6.0
[INFO] [stderr]   Downloaded sha2 v0.10.0
[INFO] [stderr]   Downloaded block-buffer v0.10.0
[INFO] [stderr]   Downloaded digest v0.10.1
[INFO] [stderr]   Downloaded os_str_bytes v6.0.0
[INFO] [stderr]   Downloaded clap_derive v3.0.0
[INFO] [stderr]   Downloaded serde_derive v1.0.145
[INFO] [stderr]   Downloaded anyhow v1.0.70
[INFO] [stderr]   Downloaded http-client v6.5.1
[INFO] [stderr]   Downloaded tokio-tls v0.3.1
[INFO] [stderr]   Downloaded async-h1 v2.3.3
[INFO] [stderr]   Downloaded hmac v0.12.0
[INFO] [stderr]   Downloaded eyre v0.6.5
[INFO] [stderr]   Downloaded proc-macro2 v1.0.52
[INFO] [stderr]   Downloaded serde_qs v0.8.5
[INFO] [stderr]   Downloaded signal-hook v0.3.13
[INFO] [stderr]   Downloaded surf v2.3.2
[INFO] [stderr]   Downloaded textwrap v0.14.2
[INFO] [stderr]   Downloaded tide v0.16.0
[INFO] [stderr]   Downloaded cxxbridge-macro v1.0.92
[INFO] [stderr]   Downloaded backtrace v0.3.63
[INFO] [stderr]   Downloaded aesni v0.10.0
[INFO] [stderr]   Downloaded cxx-build v1.0.92
[INFO] [stderr]   Downloaded aes v0.6.0
[INFO] [stderr]   Downloaded syn v1.0.101
[INFO] [stderr]   Downloaded aes-soft v0.6.4
[INFO] [stderr]   Downloaded hyper v0.13.10
[INFO] [stderr]   Downloaded rust_decimal v1.26.1
[INFO] [stderr]   Downloaded aes-gcm v0.8.0
[INFO] [stderr]   Downloaded protobuf v2.25.2
[INFO] [stderr]   Downloaded async-std v1.11.0
[INFO] [stderr]   Downloaded cxx v1.0.92
[INFO] [stderr]   Downloaded clap v3.0.14
[INFO] [stderr]   Downloaded syn v2.0.11
[INFO] [stderr]   Downloaded libc v0.2.127
[INFO] [stderr]   Downloaded http-types v2.12.0
[INFO] running `Command { std: "docker" "create" "-v" "/var/lib/crater-agent-workspace/builds/worker-3-tc1/source:/opt/rustwide/workdir:ro,Z" "-v" "/var/lib/crater-agent-workspace/builds/worker-3-tc1/target:/opt/rustwide/target:rw,Z" "-v" "/var/lib/crater-agent-workspace/cargo-home:/opt/rustwide/cargo-home:ro,Z" "-v" "/var/lib/crater-agent-workspace/rustup-home:/opt/rustwide/rustup-home:ro,Z" "-m" "1610612736" "--network" "none" "ghcr.io/rust-lang/crates-build-env/linux@sha256:8683fc1fc2eb5c9ac98e0d076ab094b2ffac7f99da555d2b6a2e27f346de2ec7" "sleep" "infinity", kill_on_drop: false }`
[INFO] [stdout] 8d4b36f618f8ba227df75c174f2b0c6916654676ff094da1e17cf2f081dae147
[INFO] running `Command { std: "docker" "start" "8d4b36f618f8ba227df75c174f2b0c6916654676ff094da1e17cf2f081dae147", kill_on_drop: false }`
[INFO] running `Command { std: "docker" "inspect" "8d4b36f618f8ba227df75c174f2b0c6916654676ff094da1e17cf2f081dae147", kill_on_drop: false }`
[INFO] running `Command { std: "docker" "exec" "-e" "SOURCE_DIR=/opt/rustwide/workdir" "-e" "CARGO_HOME=/opt/rustwide/cargo-home" "-e" "RUSTUP_HOME=/opt/rustwide/rustup-home" "-e" "CARGO_TARGET_DIR=/opt/rustwide/target" "-w" "/opt/rustwide/workdir" "--user" "0:0" "8d4b36f618f8ba227df75c174f2b0c6916654676ff094da1e17cf2f081dae147" "/opt/rustwide/cargo-home/bin/cargo" "+018018e881e2db0956f229dbb543e21f058d1ce7" "metadata" "--no-deps" "--format-version=1", kill_on_drop: false }`
[INFO] running `Command { std: "docker" "inspect" "8d4b36f618f8ba227df75c174f2b0c6916654676ff094da1e17cf2f081dae147", kill_on_drop: false }`
[INFO] running `Command { std: "docker" "exec" "-e" "SOURCE_DIR=/opt/rustwide/workdir" "-e" "CARGO_HOME=/opt/rustwide/cargo-home" "-e" "RUSTUP_HOME=/opt/rustwide/rustup-home" "-e" "CARGO_TARGET_DIR=/opt/rustwide/target" "-e" "CARGO_INCREMENTAL=0" "-e" "RUST_BACKTRACE=full" "-e" "RUSTFLAGS=--cap-lints=forbid" "-e" "RUSTDOCFLAGS=--cap-lints=forbid" "-w" "/opt/rustwide/workdir" "--user" "0:0" "8d4b36f618f8ba227df75c174f2b0c6916654676ff094da1e17cf2f081dae147" "/opt/rustwide/cargo-home/bin/cargo" "+018018e881e2db0956f229dbb543e21f058d1ce7" "check" "--frozen" "--all" "--all-targets" "--message-format=json", kill_on_drop: false }`
[INFO] [stderr] warning: virtual workspace defaulting to `resolver = "1"` despite one or more workspace members being on edition 2021 which implies `resolver = "2"`
[INFO] [stderr]   |
[INFO] [stderr]   = note: to keep the current resolver, specify `workspace.resolver = "1"` in the workspace root's manifest
[INFO] [stderr]   = note: to use the edition 2021 resolver, specify `workspace.resolver = "2"` in the workspace root's manifest
[INFO] [stderr]   = note: for more details see https://doc.rust-lang.org/cargo/reference/resolver.html#resolver-versions
[INFO] [stderr]    Compiling proc-macro2 v1.0.52
[INFO] [stderr]    Compiling unicode-ident v1.0.0
[INFO] [stderr]    Compiling quote v1.0.26
[INFO] [stderr]    Compiling syn v1.0.101
[INFO] [stderr]    Compiling libc v0.2.127
[INFO] [stderr]    Compiling typenum v1.15.0
[INFO] [stderr]    Compiling value-bag v1.0.0-alpha.9
[INFO] [stderr]     Checking sval v1.0.0-alpha.5
[INFO] [stderr]    Compiling log v0.4.17
[INFO] [stderr]    Compiling memchr v2.4.1
[INFO] [stderr]    Compiling generic-array v0.14.4
[INFO] [stderr]     Checking once_cell v1.13.0
[INFO] [stderr]    Compiling serde_derive v1.0.145
[INFO] [stderr]    Compiling serde v1.0.145
[INFO] [stderr]     Checking slab v0.4.5
[INFO] [stderr]     Checking subtle v2.4.1
[INFO] [stderr]     Checking itoa v1.0.1
[INFO] [stderr]    Compiling cc v1.0.72
[INFO] [stderr]     Checking event-listener v2.5.1
[INFO] [stderr]     Checking bytes v0.5.6
[INFO] [stderr]     Checking cache-padded v1.2.0
[INFO] [stderr]     Checking pin-project-lite v0.1.12
[INFO] [stderr]     Checking tracing-core v0.1.30
[INFO] [stderr]     Checking concurrent-queue v1.2.2
[INFO] [stderr]    Compiling standback v0.2.17
[INFO] [stderr]     Checking opaque-debug v0.3.0
[INFO] [stderr]    Compiling serde_json v1.0.85
[INFO] [stdout] error[E0422]: cannot find struct, variant or union type `LineColumn` in crate `proc_macro`
[INFO] [stdout]    --> /opt/rustwide/cargo-home/registry/src/index.crates.io-1949cf8c6b5b557f/proc-macro2-1.0.52/src/wrapper.rs:475:33
[INFO] [stdout]     |
[INFO] [stdout] 475 |                 let proc_macro::LineColumn { line, column } = s.start();
[INFO] [stdout]     |                                 ^^^^^^^^^^ not found in `proc_macro`
[INFO] [stdout]     |
[INFO] [stdout] help: consider importing this struct through its public re-export
[INFO] [stdout]     |
[INFO] [stdout]   1 + use crate::LineColumn;
[INFO] [stdout]     |
[INFO] [stdout] help: if you import `LineColumn`, refer to it directly
[INFO] [stdout]     |
[INFO] [stdout] 475 -                 let proc_macro::LineColumn { line, column } = s.start();
[INFO] [stdout] 475 +                 let LineColumn { line, column } = s.start();
[INFO] [stdout]     |
[INFO] [stdout] 
[INFO] [stdout] 
[INFO] [stderr]     Checking fastrand v1.6.0
[INFO] [stdout] error[E0422]: cannot find struct, variant or union type `LineColumn` in crate `proc_macro`
[INFO] [stdout]    --> /opt/rustwide/cargo-home/registry/src/index.crates.io-1949cf8c6b5b557f/proc-macro2-1.0.52/src/wrapper.rs:489:33
[INFO] [stdout]     |
[INFO] [stdout] 489 |                 let proc_macro::LineColumn { line, column } = s.end();
[INFO] [stdout]     |                                 ^^^^^^^^^^ not found in `proc_macro`
[INFO] [stdout]     |
[INFO] [stdout] help: consider importing this struct through its public re-export
[INFO] [stdout]     |
[INFO] [stdout]   1 + use crate::LineColumn;
[INFO] [stdout]     |
[INFO] [stdout] help: if you import `LineColumn`, refer to it directly
[INFO] [stdout]     |
[INFO] [stdout] 489 -                 let proc_macro::LineColumn { line, column } = s.end();
[INFO] [stdout] 489 +                 let LineColumn { line, column } = s.end();
[INFO] [stdout]     |
[INFO] [stdout] 
[INFO] [stdout] 
[INFO] [stderr]     Checking ryu v1.0.9
[INFO] [stderr]     Checking parking v2.0.0
[INFO] [stderr]    Compiling pkg-config v0.3.24
[INFO] [stdout] error[E0635]: unknown feature `proc_macro_span_shrink`
[INFO] [stdout]   --> /opt/rustwide/cargo-home/registry/src/index.crates.io-1949cf8c6b5b557f/proc-macro2-1.0.52/src/lib.rs:92:30
[INFO] [stdout]    |
[INFO] [stdout] 92 |     feature(proc_macro_span, proc_macro_span_shrink)
[INFO] [stdout]    |                              ^^^^^^^^^^^^^^^^^^^^^^
[INFO] [stdout]    |
[INFO] [stdout] help: there is a feature with a similar name: `proc_macro_span_file`
[INFO] [stdout]    |
[INFO] [stdout] 92 -     feature(proc_macro_span, proc_macro_span_shrink)
[INFO] [stdout] 92 +     feature(proc_macro_span, proc_macro_span_file)
[INFO] [stdout]    |
[INFO] [stdout] 
[INFO] [stdout] 
[INFO] [stderr]    Compiling getrandom v0.1.16
[INFO] [stderr]     Checking bytes v1.1.0
[INFO] [stderr]    Compiling futures-task v0.3.28
[INFO] [stderr]    Compiling futures-channel v0.3.28
[INFO] [stderr]     Checking futures-sink v0.3.28
[INFO] [stderr]    Compiling signal-hook v0.3.13
[INFO] [stderr]    Compiling const_fn v0.4.9
[INFO] [stderr]    Compiling futures-util v0.3.28
[INFO] [stderr]     Checking async-task v4.0.3
[INFO] [stderr]     Checking cpuid-bool v0.2.0
[INFO] [stderr]     Checking matches v0.1.9
[INFO] [stderr]     Checking tinyvec v1.5.1
[INFO] [stderr]     Checking async-channel v1.6.1
[INFO] [stderr]     Checking http v0.2.6
[INFO] [stderr]    Compiling indexmap v1.7.0
[INFO] [stderr]    Compiling time v0.2.27
[INFO] [stderr]     Checking atomic-waker v1.0.0
[INFO] [stderr]     Checking cpufeatures v0.2.1
[INFO] [stderr]     Checking itoa v0.4.8
[INFO] [stderr]     Checking form_urlencoded v1.0.1
[INFO] [stderr]     Checking async-mutex v1.4.0
[INFO] [stderr]    Compiling cookie v0.14.4
[INFO] [stderr]    Compiling openssl v0.10.38
[INFO] [stderr]    Compiling httparse v1.5.1
[INFO] [stdout] Some errors have detailed explanations: E0422, E0635.
[INFO] [stdout] 
[INFO] [stdout] For more information about an error, try `rustc --explain E0422`.
[INFO] [stdout] 
[INFO] [stderr] error: could not compile `proc-macro2` (lib) due to 3 previous errors
[INFO] [stderr] warning: build failed, waiting for other jobs to finish...
[INFO] running `Command { std: "docker" "inspect" "8d4b36f618f8ba227df75c174f2b0c6916654676ff094da1e17cf2f081dae147", kill_on_drop: false }`
[INFO] running `Command { std: "docker" "rm" "-f" "8d4b36f618f8ba227df75c174f2b0c6916654676ff094da1e17cf2f081dae147", kill_on_drop: false }`
[INFO] [stdout] 8d4b36f618f8ba227df75c174f2b0c6916654676ff094da1e17cf2f081dae147
