[INFO] cloning repository https://github.com/ToyzZone/chessova-desktop
[INFO] running `Command { std: "git" "-c" "credential.helper=" "-c" "credential.helper=/workspace/cargo-home/bin/git-credential-null" "clone" "--bare" "https://github.com/ToyzZone/chessova-desktop" "/workspace/cache/git-repos/https%3A%2F%2Fgithub.com%2FToyzZone%2Fchessova-desktop", kill_on_drop: false }`
[INFO] [stderr] Cloning into bare repository '/workspace/cache/git-repos/https%3A%2F%2Fgithub.com%2FToyzZone%2Fchessova-desktop'...
[INFO] running `Command { std: "git" "rev-parse" "HEAD", kill_on_drop: false }`
[INFO] [stdout] 818c1d0856edb8ac2a9b2fb69daa9e88933017e9
[INFO] checking ToyzZone/chessova-desktop against be3da1e8c043bb6f1f335463d3b1335cdf50b03c for pr-162597
[INFO] running `Command { std: "git" "clone" "/workspace/cache/git-repos/https%3A%2F%2Fgithub.com%2FToyzZone%2Fchessova-desktop" "/workspace/builds/worker-2-tc2/source", kill_on_drop: false }`
[INFO] [stderr] Cloning into '/workspace/builds/worker-2-tc2/source'...
[INFO] [stderr] done.
[INFO] removed /workspace/builds/worker-2-tc2/source/.cargo/config.toml
[INFO] started tweaking git repo https://github.com/ToyzZone/chessova-desktop
[INFO] finished tweaking git repo https://github.com/ToyzZone/chessova-desktop
[INFO] tweaked toml for git repo https://github.com/ToyzZone/chessova-desktop written to /workspace/builds/worker-2-tc2/source/Cargo.toml
[INFO] validating manifest of git repo https://github.com/ToyzZone/chessova-desktop on toolchain be3da1e8c043bb6f1f335463d3b1335cdf50b03c
[INFO] running `Command { std: CARGO_HOME="/workspace/cargo-home" RUSTUP_HOME="/workspace/rustup-home" "/workspace/cargo-home/bin/cargo" "+be3da1e8c043bb6f1f335463d3b1335cdf50b03c" "metadata" "--manifest-path" "Cargo.toml" "--no-deps", kill_on_drop: false }`
[INFO] crate git repo https://github.com/ToyzZone/chessova-desktop already has a lockfile, it will not be regenerated
[INFO] running `Command { std: CARGO_HOME="/workspace/cargo-home" RUSTUP_HOME="/workspace/rustup-home" "/workspace/cargo-home/bin/cargo" "+be3da1e8c043bb6f1f335463d3b1335cdf50b03c" "fetch" "--manifest-path" "Cargo.toml", kill_on_drop: false }`
[INFO] [stderr]     Blocking waiting for file lock on package cache
[INFO] [stderr]     Blocking waiting for file lock on package cache
[ERROR] error running command: no output for 300 seconds
[INFO] checking ToyzZone/chessova-desktop against be3da1e8c043bb6f1f335463d3b1335cdf50b03c for pr-162597
[INFO] running `Command { std: "git" "clone" "/workspace/cache/git-repos/https%3A%2F%2Fgithub.com%2FToyzZone%2Fchessova-desktop" "/workspace/builds/worker-2-tc2/source", kill_on_drop: false }`
[INFO] [stderr] Cloning into '/workspace/builds/worker-2-tc2/source'...
[INFO] [stderr] done.
[INFO] removed /workspace/builds/worker-2-tc2/source/.cargo/config.toml
[INFO] started tweaking git repo https://github.com/ToyzZone/chessova-desktop
[INFO] finished tweaking git repo https://github.com/ToyzZone/chessova-desktop
[INFO] tweaked toml for git repo https://github.com/ToyzZone/chessova-desktop written to /workspace/builds/worker-2-tc2/source/Cargo.toml
[INFO] validating manifest of git repo https://github.com/ToyzZone/chessova-desktop on toolchain be3da1e8c043bb6f1f335463d3b1335cdf50b03c
[INFO] running `Command { std: CARGO_HOME="/workspace/cargo-home" RUSTUP_HOME="/workspace/rustup-home" "/workspace/cargo-home/bin/cargo" "+be3da1e8c043bb6f1f335463d3b1335cdf50b03c" "metadata" "--manifest-path" "Cargo.toml" "--no-deps", kill_on_drop: false }`
[INFO] crate git repo https://github.com/ToyzZone/chessova-desktop already has a lockfile, it will not be regenerated
[INFO] running `Command { std: CARGO_HOME="/workspace/cargo-home" RUSTUP_HOME="/workspace/rustup-home" "/workspace/cargo-home/bin/cargo" "+be3da1e8c043bb6f1f335463d3b1335cdf50b03c" "fetch" "--manifest-path" "Cargo.toml", kill_on_drop: false }`
[INFO] [stderr]     Blocking waiting for file lock on package cache
[INFO] [stderr]     Blocking waiting for file lock on package cache
[INFO] [stderr]  Downloading crates ...
[INFO] [stderr]   Downloaded eframe v0.27.2
[INFO] [stderr]   Downloaded egui_glow v0.27.2
[INFO] [stderr]   Downloaded emath v0.27.2
[INFO] [stderr]   Downloaded egui-winit v0.27.2
[INFO] [stderr]   Downloaded egui v0.27.2
[INFO] [stderr]   Downloaded epaint v0.27.2
[INFO] [stderr]   Downloaded tao v0.31.1
[INFO] running `Command { std: "docker" "create" "-v" "/var/lib/crater-agent-workspace/builds/worker-2-tc2/source:/opt/rustwide/workdir:ro,Z" "-v" "/var/lib/crater-agent-workspace/builds/worker-2-tc2/target:/opt/rustwide/target:rw,Z" "-v" "/var/lib/crater-agent-workspace/cargo-home:/opt/rustwide/cargo-home:ro,Z" "-v" "/var/lib/crater-agent-workspace/rustup-home:/opt/rustwide/rustup-home:ro,Z" "-m" "1610612736" "--network" "none" "ghcr.io/rust-lang/crates-build-env/linux@sha256:8683fc1fc2eb5c9ac98e0d076ab094b2ffac7f99da555d2b6a2e27f346de2ec7" "sleep" "infinity", kill_on_drop: false }`
[INFO] [stdout] 313b2c7330f6cc02960d276a0724eb90cb4da8ec40268a0af808ddca69c7601a
[INFO] running `Command { std: "docker" "start" "313b2c7330f6cc02960d276a0724eb90cb4da8ec40268a0af808ddca69c7601a", kill_on_drop: false }`
[INFO] running `Command { std: "docker" "inspect" "313b2c7330f6cc02960d276a0724eb90cb4da8ec40268a0af808ddca69c7601a", kill_on_drop: false }`
[INFO] running `Command { std: "docker" "exec" "-e" "SOURCE_DIR=/opt/rustwide/workdir" "-e" "CARGO_HOME=/opt/rustwide/cargo-home" "-e" "RUSTUP_HOME=/opt/rustwide/rustup-home" "-e" "CARGO_TARGET_DIR=/opt/rustwide/target" "-w" "/opt/rustwide/workdir" "--user" "0:0" "313b2c7330f6cc02960d276a0724eb90cb4da8ec40268a0af808ddca69c7601a" "/opt/rustwide/cargo-home/bin/cargo" "+be3da1e8c043bb6f1f335463d3b1335cdf50b03c" "metadata" "--no-deps" "--format-version=1", kill_on_drop: false }`
[INFO] running `Command { std: "docker" "inspect" "313b2c7330f6cc02960d276a0724eb90cb4da8ec40268a0af808ddca69c7601a", kill_on_drop: false }`
[INFO] running `Command { std: "docker" "exec" "-e" "SOURCE_DIR=/opt/rustwide/workdir" "-e" "CARGO_HOME=/opt/rustwide/cargo-home" "-e" "RUSTUP_HOME=/opt/rustwide/rustup-home" "-e" "CARGO_TARGET_DIR=/opt/rustwide/target" "-e" "CARGO_INCREMENTAL=0" "-e" "RUST_BACKTRACE=full" "-e" "RUSTFLAGS=--cap-lints=forbid" "-e" "RUSTDOCFLAGS=--cap-lints=forbid" "-w" "/opt/rustwide/workdir" "--user" "0:0" "313b2c7330f6cc02960d276a0724eb90cb4da8ec40268a0af808ddca69c7601a" "/opt/rustwide/cargo-home/bin/cargo" "+be3da1e8c043bb6f1f335463d3b1335cdf50b03c" "check" "--frozen" "--all" "--all-targets" "--message-format=json", kill_on_drop: false }`
[INFO] [stderr]     Checking zerofrom v0.1.8
[INFO] [stderr]     Checking getrandom v0.2.17
[INFO] [stderr]     Checking socket2 v0.6.3
[INFO] [stderr]     Checking mio v1.2.0
[INFO] [stderr]     Checking parking_lot_core v0.9.12
[INFO] [stderr]    Compiling cc v1.2.62
[INFO] [stderr]     Checking tracing v0.1.44
[INFO] [stderr]     Checking futures-util v0.3.32
[INFO] [stderr]     Checking rustls-pki-types v1.14.1
[INFO] [stderr]     Checking futures-channel v0.3.32
[INFO] [stderr]    Compiling rustls v0.23.40
[INFO] [stderr]    Compiling rustix v1.1.4
[INFO] [stderr]     Checking sha1 v0.10.6
[INFO] [stderr]     Checking data-encoding v2.11.0
[INFO] [stderr]     Checking regex-syntax v0.8.10
[INFO] [stderr]    Compiling zip v2.4.2
[INFO] [stderr]     Checking yoke v0.8.2
[INFO] [stderr]     Checking rand_core v0.6.4
[INFO] [stderr]     Checking zopfli v0.8.3
[INFO] [stderr]     Checking dirs-sys v0.4.1
[INFO] [stderr]     Checking tracing-log v0.2.0
[INFO] [stderr]     Checking zerovec v0.11.6
[INFO] [stderr]     Checking zerotrie v0.2.4
[INFO] [stderr]     Checking webpki-roots v1.0.7
[INFO] [stderr]     Checking filetime v0.2.29
[INFO] [stderr]     Checking parking_lot v0.12.5
[INFO] [stderr]     Checking dirs v5.0.1
[INFO] [stderr]     Checking rand_chacha v0.3.1
[INFO] [stderr]     Checking tokio v1.52.3
[INFO] [stderr]     Checking rand v0.8.6
[INFO] [stderr]     Checking tinystr v0.8.3
[INFO] [stderr]     Checking potential_utf v0.1.5
[INFO] [stderr]     Checking regex-automata v0.4.14
[INFO] [stderr]     Checking icu_locale_core v2.2.0
[INFO] [stderr]     Checking icu_collections v2.2.0
[INFO] [stderr]    Compiling ring v0.17.14
[INFO] [stderr]     Checking tungstenite v0.24.0
[INFO] [stderr]     Checking icu_provider v2.2.0
[INFO] [stderr]     Checking axum-core v0.4.5
[INFO] [stderr]     Checking icu_properties v2.2.0
[INFO] [stderr]     Checking icu_normalizer v2.2.0
[INFO] [stderr]     Checking xattr v1.6.1
[INFO] [stderr]     Checking tar v0.4.46
[INFO] [stderr]     Checking matchers v0.2.0
[INFO] [stderr]     Checking tracing-subscriber v0.3.23
[INFO] [stderr]     Checking idna_adapter v1.2.2
[INFO] [stderr]     Checking idna v1.1.0
[INFO] [stderr]     Checking url v2.5.8
[INFO] [stderr]     Checking hyper v1.9.0
[INFO] [stderr]     Checking tower v0.5.3
[INFO] [stderr]     Checking tokio-util v0.7.18
[INFO] [stderr]     Checking tokio-tungstenite v0.24.0
[INFO] [stderr]     Checking tower-http v0.6.11
[INFO] [stderr]     Checking rustls-webpki v0.103.13
[INFO] [stderr]     Checking hyper-util v0.1.20
[INFO] [stderr]     Checking axum v0.7.9
[INFO] [stderr]     Checking tokio-rustls v0.26.4
[INFO] [stderr]     Checking hyper-rustls v0.27.9
[INFO] [stderr]     Checking reqwest v0.12.28
[INFO] [stderr]     Checking chessova-desktop v0.4.0 (/opt/rustwide/workdir)
[INFO] [stdout] error[E0425]: cannot find value `STOCKFISH_URL` in this scope
[INFO] [stdout]    --> src/installer.rs:117:36
[INFO] [stdout]     |
[INFO] [stdout] 117 |     let bytes = download_to_memory(STOCKFISH_URL, tx).await?;
[INFO] [stdout]     |                                    ^^^^^^^^^^^^^ not found in this scope
[INFO] [stdout] 
[INFO] [stdout] 
[INFO] [stdout] error[E0425]: cannot find value `final_path` in this scope
[INFO] [stdout]    --> src/installer.rs:145:24
[INFO] [stdout]     |
[INFO] [stdout] 145 |     verify_executable(&final_path)?;
[INFO] [stdout]     |                        ^^^^^^^^^^ not found in this scope
[INFO] [stdout] 
[INFO] [stdout] 
[INFO] [stdout] error[E0425]: cannot find value `final_path` in this scope
[INFO] [stdout]    --> src/installer.rs:146:8
[INFO] [stdout]     |
[INFO] [stdout] 146 |     Ok(final_path)
[INFO] [stdout]     |        ^^^^^^^^^^ not found in this scope
[INFO] [stdout] 
[INFO] [stdout] 
[INFO] [stdout] error[E0425]: cannot find value `LC0_URL` in this scope
[INFO] [stdout]    --> src/installer.rs:156:36
[INFO] [stdout]     |
[INFO] [stdout] 156 |     let bytes = download_to_memory(LC0_URL, tx).await?;
[INFO] [stdout]     |                                    ^^^^^^^ not found in this scope
[INFO] [stdout] 
[INFO] [stdout] 
[INFO] [stdout] error[E0425]: cannot find value `final_path` in this scope
[INFO] [stdout]    --> src/installer.rs:182:24
[INFO] [stdout]     |
[INFO] [stdout] 182 |     verify_executable(&final_path)?;
[INFO] [stdout]     |                        ^^^^^^^^^^ not found in this scope
[INFO] [stdout] 
[INFO] [stdout] 
[INFO] [stdout] error[E0425]: cannot find value `final_path` in this scope
[INFO] [stdout]    --> src/installer.rs:183:8
[INFO] [stdout]     |
[INFO] [stdout] 183 |     Ok(final_path)
[INFO] [stdout]     |        ^^^^^^^^^^ not found in this scope
[INFO] [stdout] 
[INFO] [stdout] 
[INFO] [stdout] warning: unused import: `flate2::read::GzDecoder`
[INFO] [stdout]   --> src/installer.rs:13:5
[INFO] [stdout]    |
[INFO] [stdout] 13 | use flate2::read::GzDecoder;
[INFO] [stdout]    |     ^^^^^^^^^^^^^^^^^^^^^^^
[INFO] [stdout]    |
[INFO] [stdout]    = note: `#[warn(unused_imports)]` (part of `#[warn(unused)]`) on by default
[INFO] [stdout] 
[INFO] [stdout] 
[INFO] [stdout] warning: unused imports: `Cursor`, `Read`, and `Write`
[INFO] [stdout]   --> src/installer.rs:15:15
[INFO] [stdout]    |
[INFO] [stdout] 15 | use std::io::{Cursor, Read, Write};
[INFO] [stdout]    |               ^^^^^^  ^^^^  ^^^^^
[INFO] [stdout] 
[INFO] [stdout] 
[INFO] [stdout] error[E0425]: cannot find value `STOCKFISH_URL` in this scope
[INFO] [stdout]    --> src/installer.rs:117:36
[INFO] [stdout]     |
[INFO] [stdout] 117 |     let bytes = download_to_memory(STOCKFISH_URL, tx).await?;
[INFO] [stdout]     |                                    ^^^^^^^^^^^^^ not found in this scope
[INFO] [stdout] 
[INFO] [stdout] 
[INFO] [stdout] error[E0425]: cannot find value `final_path` in this scope
[INFO] [stdout]    --> src/installer.rs:145:24
[INFO] [stdout]     |
[INFO] [stdout] 145 |     verify_executable(&final_path)?;
[INFO] [stdout]     |                        ^^^^^^^^^^ not found in this scope
[INFO] [stdout] 
[INFO] [stdout] 
[INFO] [stdout] error[E0425]: cannot find value `final_path` in this scope
[INFO] [stdout]    --> src/installer.rs:146:8
[INFO] [stdout]     |
[INFO] [stdout] 146 |     Ok(final_path)
[INFO] [stdout]     |        ^^^^^^^^^^ not found in this scope
[INFO] [stdout] 
[INFO] [stdout] 
[INFO] [stdout] error[E0425]: cannot find value `LC0_URL` in this scope
[INFO] [stdout]    --> src/installer.rs:156:36
[INFO] [stdout]     |
[INFO] [stdout] 156 |     let bytes = download_to_memory(LC0_URL, tx).await?;
[INFO] [stdout]     |                                    ^^^^^^^ not found in this scope
[INFO] [stdout] 
[INFO] [stdout] 
[INFO] [stdout] error[E0425]: cannot find value `final_path` in this scope
[INFO] [stdout]    --> src/installer.rs:182:24
[INFO] [stdout]     |
[INFO] [stdout] 182 |     verify_executable(&final_path)?;
[INFO] [stdout]     |                        ^^^^^^^^^^ not found in this scope
[INFO] [stdout] 
[INFO] [stdout] 
[INFO] [stdout] error[E0425]: cannot find value `final_path` in this scope
[INFO] [stdout]    --> src/installer.rs:183:8
[INFO] [stdout]     |
[INFO] [stdout] 183 |     Ok(final_path)
[INFO] [stdout]     |        ^^^^^^^^^^ not found in this scope
[INFO] [stdout] 
[INFO] [stdout] 
[INFO] [stdout] warning: unused import: `flate2::read::GzDecoder`
[INFO] [stdout]   --> src/installer.rs:13:5
[INFO] [stdout]    |
[INFO] [stdout] 13 | use flate2::read::GzDecoder;
[INFO] [stdout]    |     ^^^^^^^^^^^^^^^^^^^^^^^
[INFO] [stdout]    |
[INFO] [stdout]    = note: `#[warn(unused_imports)]` (part of `#[warn(unused)]`) on by default
[INFO] [stdout] 
[INFO] [stdout] 
[INFO] [stdout] warning: unused imports: `Cursor`, `Read`, and `Write`
[INFO] [stdout]   --> src/installer.rs:15:15
[INFO] [stdout]    |
[INFO] [stdout] 15 | use std::io::{Cursor, Read, Write};
[INFO] [stdout]    |               ^^^^^^  ^^^^  ^^^^^
[INFO] [stdout] 
[INFO] [stdout] 
[INFO] [stdout] For more information about this error, try `rustc --explain E0425`.
[INFO] [stdout] 
[INFO] [stdout] For more information about this error, try `rustc --explain E0425`.
[INFO] [stdout] 
[INFO] [stderr] error: could not compile `chessova-desktop` (bin "chessova-desktop" test) due to 6 previous errors; 2 warnings emitted
[INFO] [stderr] warning: build failed, waiting for other jobs to finish...
[INFO] [stderr] error: could not compile `chessova-desktop` (bin "chessova-desktop") due to 6 previous errors; 2 warnings emitted
[INFO] [stderr] warning: unused dependency `tar`
[INFO] [stderr]   --> Cargo.toml:12:1
[INFO] [stderr]    |
[INFO] [stderr] 12 | tar = "0.4"
[INFO] [stderr]    | ^^^^^^^^^^^
[INFO] [stderr]    |
[INFO] [stderr]    = note: `cargo::unused_dependencies` is set to `warn` by default
[INFO] [stderr] help: consider removing the dependency on `tar`
[INFO] [stderr] warning: unused dependency `zip`
[INFO] [stderr]   --> Cargo.toml:40:15
[INFO] [stderr]    |
[INFO] [stderr] 40 | [dependencies.zip]
[INFO] [stderr]    |               ^^^^
[INFO] [stderr]    |
[INFO] [stderr] help: consider removing the dependency on `zip`
[INFO] [stderr] warning: `chessova-desktop` (manifest) generated 2 warnings
[INFO] running `Command { std: "docker" "inspect" "313b2c7330f6cc02960d276a0724eb90cb4da8ec40268a0af808ddca69c7601a", kill_on_drop: false }`
[INFO] running `Command { std: "docker" "rm" "-f" "313b2c7330f6cc02960d276a0724eb90cb4da8ec40268a0af808ddca69c7601a", kill_on_drop: false }`
[INFO] [stdout] 313b2c7330f6cc02960d276a0724eb90cb4da8ec40268a0af808ddca69c7601a
