[INFO] cloning repository https://github.com/SatoshiYoshiki/share
[INFO] running `Command { std: "git" "-c" "credential.helper=" "-c" "credential.helper=/workspace/cargo-home/bin/git-credential-null" "clone" "--bare" "https://github.com/SatoshiYoshiki/share" "/workspace/cache/git-repos/https%3A%2F%2Fgithub.com%2FSatoshiYoshiki%2Fshare", kill_on_drop: false }`
[INFO] [stderr] Cloning into bare repository '/workspace/cache/git-repos/https%3A%2F%2Fgithub.com%2FSatoshiYoshiki%2Fshare'...
[INFO] running `Command { std: "git" "rev-parse" "HEAD", kill_on_drop: false }`
[INFO] [stdout] 8dde0e53608313a32632952a600407eb4196d47f
[INFO] checking SatoshiYoshiki/share against be3da1e8c043bb6f1f335463d3b1335cdf50b03c for pr-162597
[INFO] running `Command { std: "git" "clone" "/workspace/cache/git-repos/https%3A%2F%2Fgithub.com%2FSatoshiYoshiki%2Fshare" "/workspace/builds/worker-0-tc2/source", kill_on_drop: false }`
[INFO] [stderr] Cloning into '/workspace/builds/worker-0-tc2/source'...
[INFO] [stderr] done.
[INFO] started tweaking git repo https://github.com/SatoshiYoshiki/share
[INFO] finished tweaking git repo https://github.com/SatoshiYoshiki/share
[INFO] tweaked toml for git repo https://github.com/SatoshiYoshiki/share written to /workspace/builds/worker-0-tc2/source/Cargo.toml
[INFO] validating manifest of git repo https://github.com/SatoshiYoshiki/share on toolchain be3da1e8c043bb6f1f335463d3b1335cdf50b03c
[INFO] running `Command { std: CARGO_HOME="/workspace/cargo-home" RUSTUP_HOME="/workspace/rustup-home" "/workspace/cargo-home/bin/cargo" "+be3da1e8c043bb6f1f335463d3b1335cdf50b03c" "metadata" "--manifest-path" "Cargo.toml" "--no-deps", kill_on_drop: false }`
[INFO] crate git repo https://github.com/SatoshiYoshiki/share already has a lockfile, it will not be regenerated
[INFO] running `Command { std: CARGO_HOME="/workspace/cargo-home" RUSTUP_HOME="/workspace/rustup-home" "/workspace/cargo-home/bin/cargo" "+be3da1e8c043bb6f1f335463d3b1335cdf50b03c" "fetch" "--manifest-path" "Cargo.toml", kill_on_drop: false }`
[INFO] [stderr]     Blocking waiting for file lock on package cache
[INFO] [stderr]     Updating crates.io index
[INFO] [stderr]     Blocking waiting for file lock on package cache
[ERROR] error running command: no output for 300 seconds
[INFO] checking SatoshiYoshiki/share against be3da1e8c043bb6f1f335463d3b1335cdf50b03c for pr-162597
[INFO] running `Command { std: "git" "clone" "/workspace/cache/git-repos/https%3A%2F%2Fgithub.com%2FSatoshiYoshiki%2Fshare" "/workspace/builds/worker-0-tc2/source", kill_on_drop: false }`
[INFO] [stderr] Cloning into '/workspace/builds/worker-0-tc2/source'...
[INFO] [stderr] done.
[INFO] started tweaking git repo https://github.com/SatoshiYoshiki/share
[INFO] finished tweaking git repo https://github.com/SatoshiYoshiki/share
[INFO] tweaked toml for git repo https://github.com/SatoshiYoshiki/share written to /workspace/builds/worker-0-tc2/source/Cargo.toml
[INFO] validating manifest of git repo https://github.com/SatoshiYoshiki/share on toolchain be3da1e8c043bb6f1f335463d3b1335cdf50b03c
[INFO] running `Command { std: CARGO_HOME="/workspace/cargo-home" RUSTUP_HOME="/workspace/rustup-home" "/workspace/cargo-home/bin/cargo" "+be3da1e8c043bb6f1f335463d3b1335cdf50b03c" "metadata" "--manifest-path" "Cargo.toml" "--no-deps", kill_on_drop: false }`
[INFO] crate git repo https://github.com/SatoshiYoshiki/share already has a lockfile, it will not be regenerated
[INFO] running `Command { std: CARGO_HOME="/workspace/cargo-home" RUSTUP_HOME="/workspace/rustup-home" "/workspace/cargo-home/bin/cargo" "+be3da1e8c043bb6f1f335463d3b1335cdf50b03c" "fetch" "--manifest-path" "Cargo.toml", kill_on_drop: false }`
[INFO] [stderr]     Blocking waiting for file lock on package cache
[INFO] [stderr]     Blocking waiting for file lock on package cache
[INFO] [stderr]  Downloading crates ...
[INFO] [stderr]   Downloaded pq-sys v0.4.6
[INFO] [stderr]   Downloaded diesel_derives v1.4.1
[INFO] [stderr]   Downloaded diesel v1.4.4
[INFO] [stderr]   Downloaded syn v1.0.23
[INFO] running `Command { std: "docker" "create" "-v" "/var/lib/crater-agent-workspace/builds/worker-0-tc2/source:/opt/rustwide/workdir:ro,Z" "-v" "/var/lib/crater-agent-workspace/builds/worker-0-tc2/target:/opt/rustwide/target:rw,Z" "-v" "/var/lib/crater-agent-workspace/cargo-home:/opt/rustwide/cargo-home:ro,Z" "-v" "/var/lib/crater-agent-workspace/rustup-home:/opt/rustwide/rustup-home:ro,Z" "-m" "1610612736" "--network" "none" "ghcr.io/rust-lang/crates-build-env/linux@sha256:8683fc1fc2eb5c9ac98e0d076ab094b2ffac7f99da555d2b6a2e27f346de2ec7" "sleep" "infinity", kill_on_drop: false }`
[INFO] [stdout] e16c17087dadc5d0bf8d0f43163373bba0846d514a31d32b2780983a8de71991
[INFO] running `Command { std: "docker" "start" "e16c17087dadc5d0bf8d0f43163373bba0846d514a31d32b2780983a8de71991", kill_on_drop: false }`
[INFO] running `Command { std: "docker" "inspect" "e16c17087dadc5d0bf8d0f43163373bba0846d514a31d32b2780983a8de71991", kill_on_drop: false }`
[INFO] running `Command { std: "docker" "exec" "-e" "SOURCE_DIR=/opt/rustwide/workdir" "-e" "CARGO_HOME=/opt/rustwide/cargo-home" "-e" "RUSTUP_HOME=/opt/rustwide/rustup-home" "-e" "CARGO_TARGET_DIR=/opt/rustwide/target" "-w" "/opt/rustwide/workdir" "--user" "0:0" "e16c17087dadc5d0bf8d0f43163373bba0846d514a31d32b2780983a8de71991" "/opt/rustwide/cargo-home/bin/cargo" "+be3da1e8c043bb6f1f335463d3b1335cdf50b03c" "metadata" "--no-deps" "--format-version=1", kill_on_drop: false }`
[INFO] running `Command { std: "docker" "inspect" "e16c17087dadc5d0bf8d0f43163373bba0846d514a31d32b2780983a8de71991", kill_on_drop: false }`
[INFO] running `Command { std: "docker" "exec" "-e" "SOURCE_DIR=/opt/rustwide/workdir" "-e" "CARGO_HOME=/opt/rustwide/cargo-home" "-e" "RUSTUP_HOME=/opt/rustwide/rustup-home" "-e" "CARGO_TARGET_DIR=/opt/rustwide/target" "-e" "CARGO_INCREMENTAL=0" "-e" "RUST_BACKTRACE=full" "-e" "RUSTFLAGS=--cap-lints=forbid" "-e" "RUSTDOCFLAGS=--cap-lints=forbid" "-w" "/opt/rustwide/workdir" "--user" "0:0" "e16c17087dadc5d0bf8d0f43163373bba0846d514a31d32b2780983a8de71991" "/opt/rustwide/cargo-home/bin/cargo" "+be3da1e8c043bb6f1f335463d3b1335cdf50b03c" "check" "--frozen" "--all" "--all-targets" "--message-format=json", kill_on_drop: false }`
[INFO] [stderr]    Compiling proc-macro2 v1.0.17
[INFO] [stderr]    Compiling unicode-xid v0.2.0
[INFO] [stderr]    Compiling syn v1.0.23
[INFO] [stderr]    Compiling pq-sys v0.4.6
[INFO] [stderr]    Compiling byteorder v1.3.4
[INFO] [stderr]    Compiling quote v1.0.6
[INFO] [stderr]    Compiling diesel_derives v1.4.1
[INFO] [stderr]     Checking diesel v1.4.4
[INFO] [stderr]     Checking diesel-custom-types v0.1.0 (/opt/rustwide/workdir)
[INFO] [stdout] error[E0277]: the trait bound `(String,): Queryable<Text, _>` is not satisfied
[INFO] [stdout]     --> src/main.rs:34:43
[INFO] [stdout]      |
[INFO] [stdout]   34 |         .get_results::<PhoneNumberRecord>(&conn)
[INFO] [stdout]      |          -----------                      ^^^^^ the trait `Queryable<Text, _>` is not implemented for `(String,)`
[INFO] [stdout]      |          |
[INFO] [stdout]      |          required by a bound introduced by this call
[INFO] [stdout]      |
[INFO] [stdout]      = help: the following other types implement trait `Queryable<ST, DB>`:
[INFO] [stdout]                `(A,)` implements `Queryable<(SA,), __DB>`
[INFO] [stdout]                `(A,)` implements `Queryable<Record<(SA,)>, Pg>`
[INFO] [stdout]                `(A, B)` implements `Queryable<(SA, SB), __DB>`
[INFO] [stdout]                `(A, B)` implements `Queryable<Record<(SA, SB)>, Pg>`
[INFO] [stdout]                `(Bound<T>, Bound<T>)` implements `Queryable<diesel::sql_types::Range<ST>, Pg>`
[INFO] [stdout]                `(A, B, C)` implements `Queryable<(SA, SB, SC), __DB>`
[INFO] [stdout]                `(A, B, C)` implements `Queryable<Record<(SA, SB, SC)>, Pg>`
[INFO] [stdout]                `(A, B, C, D)` implements `Queryable<(SA, SB, SC, SD), __DB>`
[INFO] [stdout]              and 57 others
[INFO] [stdout] note: required for `PhoneNumberRecord` to implement `Queryable<Text, _>`
[INFO] [stdout]     --> src/main.rs:15:8
[INFO] [stdout]      |
[INFO] [stdout]   13 | #[derive(Insertable, Queryable,  Debug, PartialEq)]
[INFO] [stdout]      |                      --------- type parameter would need to implement `Queryable<Text, _>`
[INFO] [stdout]   14 | #[table_name = "twilio_phone_number"]
[INFO] [stdout]   15 | struct PhoneNumberRecord {
[INFO] [stdout]      |        ^^^^^^^^^^^^^^^^^
[INFO] [stdout]      = note: required for `SelectStatement<table, SelectClause<phone_number>>` to implement `LoadQuery<_, PhoneNumberRecord>`
[INFO] [stdout] note: required by a bound in `get_results`
[INFO] [stdout]     --> /opt/rustwide/cargo-home/registry/src/index.crates.io-1949cf8c6b5b557f/diesel-1.4.4/src/query_dsl/mod.rs:1301:15
[INFO] [stdout]      |
[INFO] [stdout] 1299 |     fn get_results<U>(self, conn: &Conn) -> QueryResult<Vec<U>>
[INFO] [stdout]      |        ----------- required by a bound in this associated function
[INFO] [stdout] 1300 |     where
[INFO] [stdout] 1301 |         Self: LoadQuery<Conn, U>,
[INFO] [stdout]      |               ^^^^^^^^^^^^^^^^^^ required by this bound in `RunQueryDsl::get_results`
[INFO] [stdout]      = note: the full name for the type has been written to '/opt/rustwide/target/debug/build/diesel-custom-types/5e4c64f6c1d05690/out/diesel_custom_types-5e4c64f6c1d05690.long-type-6000523814677668727.txt'
[INFO] [stdout]      = note: consider using `--verbose` to print the full type name to the console
[INFO] [stdout] 
[INFO] [stdout] 
[INFO] [stdout] error[E0277]: the trait bound `(String,): Queryable<Text, _>` is not satisfied
[INFO] [stdout]     --> src/main.rs:34:43
[INFO] [stdout]      |
[INFO] [stdout]   34 |         .get_results::<PhoneNumberRecord>(&conn)
[INFO] [stdout]      |          -----------                      ^^^^^ the trait `Queryable<Text, _>` is not implemented for `(String,)`
[INFO] [stdout]      |          |
[INFO] [stdout]      |          required by a bound introduced by this call
[INFO] [stdout]      |
[INFO] [stdout]      = help: the following other types implement trait `Queryable<ST, DB>`:
[INFO] [stdout]                `(A,)` implements `Queryable<(SA,), __DB>`
[INFO] [stdout]                `(A,)` implements `Queryable<Record<(SA,)>, Pg>`
[INFO] [stdout]                `(A, B)` implements `Queryable<(SA, SB), __DB>`
[INFO] [stdout]                `(A, B)` implements `Queryable<Record<(SA, SB)>, Pg>`
[INFO] [stdout]                `(Bound<T>, Bound<T>)` implements `Queryable<diesel::sql_types::Range<ST>, Pg>`
[INFO] [stdout]                `(A, B, C)` implements `Queryable<(SA, SB, SC), __DB>`
[INFO] [stdout]                `(A, B, C)` implements `Queryable<Record<(SA, SB, SC)>, Pg>`
[INFO] [stdout]                `(A, B, C, D)` implements `Queryable<(SA, SB, SC, SD), __DB>`
[INFO] [stdout]              and 57 others
[INFO] [stdout] note: required for `PhoneNumberRecord` to implement `Queryable<Text, _>`
[INFO] [stdout]     --> src/main.rs:15:8
[INFO] [stdout]      |
[INFO] [stdout]   13 | #[derive(Insertable, Queryable,  Debug, PartialEq)]
[INFO] [stdout]      |                      --------- type parameter would need to implement `Queryable<Text, _>`
[INFO] [stdout]   14 | #[table_name = "twilio_phone_number"]
[INFO] [stdout]   15 | struct PhoneNumberRecord {
[INFO] [stdout]      |        ^^^^^^^^^^^^^^^^^
[INFO] [stdout]      = note: required for `SelectStatement<table, SelectClause<phone_number>>` to implement `LoadQuery<_, PhoneNumberRecord>`
[INFO] [stdout] note: required by a bound in `get_results`
[INFO] [stdout]     --> /opt/rustwide/cargo-home/registry/src/index.crates.io-1949cf8c6b5b557f/diesel-1.4.4/src/query_dsl/mod.rs:1301:15
[INFO] [stdout]      |
[INFO] [stdout] 1299 |     fn get_results<U>(self, conn: &Conn) -> QueryResult<Vec<U>>
[INFO] [stdout]      |        ----------- required by a bound in this associated function
[INFO] [stdout] 1300 |     where
[INFO] [stdout] 1301 |         Self: LoadQuery<Conn, U>,
[INFO] [stdout]      |               ^^^^^^^^^^^^^^^^^^ required by this bound in `RunQueryDsl::get_results`
[INFO] [stdout]      = note: the full name for the type has been written to '/opt/rustwide/target/debug/build/diesel-custom-types/9e411be68aa2a87f/out/diesel_custom_types-9e411be68aa2a87f.long-type-5066117771559670973.txt'
[INFO] [stdout]      = note: consider using `--verbose` to print the full type name to the console
[INFO] [stdout] 
[INFO] [stdout] 
[INFO] [stdout] For more information about this error, try `rustc --explain E0277`.
[INFO] [stdout] 
[INFO] [stdout] For more information about this error, try `rustc --explain E0277`.
[INFO] [stdout] 
[INFO] [stderr] error: could not compile `diesel-custom-types` (bin "diesel-custom-types") due to 1 previous error
[INFO] [stderr] warning: build failed, waiting for other jobs to finish...
[INFO] [stderr] error: could not compile `diesel-custom-types` (bin "diesel-custom-types" test) due to 1 previous error
[INFO] running `Command { std: "docker" "inspect" "e16c17087dadc5d0bf8d0f43163373bba0846d514a31d32b2780983a8de71991", kill_on_drop: false }`
[INFO] running `Command { std: "docker" "rm" "-f" "e16c17087dadc5d0bf8d0f43163373bba0846d514a31d32b2780983a8de71991", kill_on_drop: false }`
[INFO] [stdout] e16c17087dadc5d0bf8d0f43163373bba0846d514a31d32b2780983a8de71991
