[INFO] cloning repository https://github.com/NexGen-Tech-AI/custos
[INFO] running `Command { std: "git" "-c" "credential.helper=" "-c" "credential.helper=/workspace/cargo-home/bin/git-credential-null" "clone" "--bare" "https://github.com/NexGen-Tech-AI/custos" "/workspace/cache/git-repos/https%3A%2F%2Fgithub.com%2FNexGen-Tech-AI%2Fcustos", kill_on_drop: false }`
[INFO] [stderr] Cloning into bare repository '/workspace/cache/git-repos/https%3A%2F%2Fgithub.com%2FNexGen-Tech-AI%2Fcustos'...
[INFO] running `Command { std: "git" "rev-parse" "HEAD", kill_on_drop: false }`
[INFO] [stdout] 5a40eb0e22378ba50e7d34b6784717e402f9b12f
[INFO] checking NexGen-Tech-AI/custos against be3da1e8c043bb6f1f335463d3b1335cdf50b03c for pr-162597
[INFO] running `Command { std: "git" "clone" "/workspace/cache/git-repos/https%3A%2F%2Fgithub.com%2FNexGen-Tech-AI%2Fcustos" "/workspace/builds/worker-0-tc2/source", kill_on_drop: false }`
[INFO] [stderr] Cloning into '/workspace/builds/worker-0-tc2/source'...
[INFO] [stderr] done.
[INFO] started tweaking git repo https://github.com/NexGen-Tech-AI/custos
[INFO] finished tweaking git repo https://github.com/NexGen-Tech-AI/custos
[INFO] tweaked toml for git repo https://github.com/NexGen-Tech-AI/custos written to /workspace/builds/worker-0-tc2/source/Cargo.toml
[INFO] validating manifest of git repo https://github.com/NexGen-Tech-AI/custos on toolchain be3da1e8c043bb6f1f335463d3b1335cdf50b03c
[INFO] running `Command { std: CARGO_HOME="/workspace/cargo-home" RUSTUP_HOME="/workspace/rustup-home" "/workspace/cargo-home/bin/cargo" "+be3da1e8c043bb6f1f335463d3b1335cdf50b03c" "metadata" "--manifest-path" "Cargo.toml" "--no-deps", kill_on_drop: false }`
[INFO] crate git repo https://github.com/NexGen-Tech-AI/custos already has a lockfile, it will not be regenerated
[INFO] running `Command { std: CARGO_HOME="/workspace/cargo-home" RUSTUP_HOME="/workspace/rustup-home" "/workspace/cargo-home/bin/cargo" "+be3da1e8c043bb6f1f335463d3b1335cdf50b03c" "fetch" "--manifest-path" "Cargo.toml", kill_on_drop: false }`
[INFO] [stderr] warning: binary `config_demo` should have a kebab-case name
[INFO] [stderr]    |
[INFO] [stderr]  1 | /workspace/builds/worker-0-tc2/source/target/.../config_demo
[INFO] [stderr]    |                                                  ^^^^^^^^^^^
[INFO] [stderr]    |
[INFO] [stderr]    = note: `cargo::non_kebab_case_bins` is set to `warn` by default
[INFO] [stderr] help: to change the binary name to `config-demo`, convert `bin.name`
[INFO] [stderr]   --> Cargo.toml:10:8
[INFO] [stderr]    |
[INFO] [stderr] 10 - name = "config_demo"
[INFO] [stderr] 10 + name = "config-demo"
[INFO] [stderr]    |
[INFO] [stderr] warning: binary `quick_test` should have a kebab-case name
[INFO] [stderr]   |
[INFO] [stderr] 1 | /workspace/builds/worker-0-tc2/source/target/.../quick_test
[INFO] [stderr]   |                                                  ^^^^^^^^^^
[INFO] [stderr]   |
[INFO] [stderr] help: to change the binary name to `quick-test`, convert `bin.name`
[INFO] [stderr]  --> Cargo.toml:6:8
[INFO] [stderr]   |
[INFO] [stderr] 6 - name = "quick_test"
[INFO] [stderr] 6 + name = "quick-test"
[INFO] [stderr]   |
[INFO] [stderr] warning: binary `test_monitors` should have a kebab-case name
[INFO] [stderr]   |
[INFO] [stderr] 1 | /workspace/builds/worker-0-tc2/source/target/.../test_monitors
[INFO] [stderr]   |                                                  ^^^^^^^^^^^^^
[INFO] [stderr]   |
[INFO] [stderr] help: to change the binary name to `test-monitors`, convert `bin.name`
[INFO] [stderr]  --> Cargo.toml:2:8
[INFO] [stderr]   |
[INFO] [stderr] 2 - name = "test_monitors"
[INFO] [stderr] 2 + name = "test-monitors"
[INFO] [stderr]   |
[INFO] [stderr] warning: `system-monitor` (manifest) generated 3 warnings
[INFO] [stderr]     Blocking waiting for file lock on package cache
[INFO] [stderr]     Blocking waiting for file lock on package cache
[ERROR] error running command: no output for 300 seconds
[INFO] checking NexGen-Tech-AI/custos against be3da1e8c043bb6f1f335463d3b1335cdf50b03c for pr-162597
[INFO] running `Command { std: "git" "clone" "/workspace/cache/git-repos/https%3A%2F%2Fgithub.com%2FNexGen-Tech-AI%2Fcustos" "/workspace/builds/worker-0-tc2/source", kill_on_drop: false }`
[INFO] [stderr] Cloning into '/workspace/builds/worker-0-tc2/source'...
[INFO] [stderr] done.
[INFO] started tweaking git repo https://github.com/NexGen-Tech-AI/custos
[INFO] finished tweaking git repo https://github.com/NexGen-Tech-AI/custos
[INFO] tweaked toml for git repo https://github.com/NexGen-Tech-AI/custos written to /workspace/builds/worker-0-tc2/source/Cargo.toml
[INFO] validating manifest of git repo https://github.com/NexGen-Tech-AI/custos on toolchain be3da1e8c043bb6f1f335463d3b1335cdf50b03c
[INFO] running `Command { std: CARGO_HOME="/workspace/cargo-home" RUSTUP_HOME="/workspace/rustup-home" "/workspace/cargo-home/bin/cargo" "+be3da1e8c043bb6f1f335463d3b1335cdf50b03c" "metadata" "--manifest-path" "Cargo.toml" "--no-deps", kill_on_drop: false }`
[INFO] crate git repo https://github.com/NexGen-Tech-AI/custos already has a lockfile, it will not be regenerated
[INFO] running `Command { std: CARGO_HOME="/workspace/cargo-home" RUSTUP_HOME="/workspace/rustup-home" "/workspace/cargo-home/bin/cargo" "+be3da1e8c043bb6f1f335463d3b1335cdf50b03c" "fetch" "--manifest-path" "Cargo.toml", kill_on_drop: false }`
[INFO] [stderr] warning: binary `config_demo` should have a kebab-case name
[INFO] [stderr]    |
[INFO] [stderr]  1 | /workspace/builds/worker-0-tc2/source/target/.../config_demo
[INFO] [stderr]    |                                                  ^^^^^^^^^^^
[INFO] [stderr]    |
[INFO] [stderr]    = note: `cargo::non_kebab_case_bins` is set to `warn` by default
[INFO] [stderr] help: to change the binary name to `config-demo`, convert `bin.name`
[INFO] [stderr]   --> Cargo.toml:10:8
[INFO] [stderr]    |
[INFO] [stderr] 10 - name = "config_demo"
[INFO] [stderr] 10 + name = "config-demo"
[INFO] [stderr]    |
[INFO] [stderr] warning: binary `quick_test` should have a kebab-case name
[INFO] [stderr]   |
[INFO] [stderr] 1 | /workspace/builds/worker-0-tc2/source/target/.../quick_test
[INFO] [stderr]   |                                                  ^^^^^^^^^^
[INFO] [stderr]   |
[INFO] [stderr] help: to change the binary name to `quick-test`, convert `bin.name`
[INFO] [stderr]  --> Cargo.toml:6:8
[INFO] [stderr]   |
[INFO] [stderr] 6 - name = "quick_test"
[INFO] [stderr] 6 + name = "quick-test"
[INFO] [stderr]   |
[INFO] [stderr] warning: binary `test_monitors` should have a kebab-case name
[INFO] [stderr]   |
[INFO] [stderr] 1 | /workspace/builds/worker-0-tc2/source/target/.../test_monitors
[INFO] [stderr]   |                                                  ^^^^^^^^^^^^^
[INFO] [stderr]   |
[INFO] [stderr] help: to change the binary name to `test-monitors`, convert `bin.name`
[INFO] [stderr]  --> Cargo.toml:2:8
[INFO] [stderr]   |
[INFO] [stderr] 2 - name = "test_monitors"
[INFO] [stderr] 2 + name = "test-monitors"
[INFO] [stderr]   |
[INFO] [stderr] warning: `system-monitor` (manifest) generated 3 warnings
[INFO] [stderr]     Blocking waiting for file lock on package cache
[INFO] [stderr]     Blocking waiting for file lock on package cache
[INFO] [stderr]  Downloading crates ...
[INFO] [stderr]   Downloaded rstest v0.18.2
[INFO] [stderr]   Downloaded os_info v3.11.0
[INFO] [stderr]   Downloaded rstest_macros v0.18.2
[INFO] [stderr]   Downloaded is-terminal v0.4.15
[INFO] [stderr]   Downloaded clap v4.5.39
[INFO] [stderr]   Downloaded clap_builder v4.5.39
[INFO] [stderr]   Downloaded flexi_logger v0.25.6
[INFO] running `Command { std: "docker" "create" "-v" "/var/lib/crater-agent-workspace/builds/worker-0-tc2/source:/opt/rustwide/workdir:ro,Z" "-v" "/var/lib/crater-agent-workspace/builds/worker-0-tc2/target:/opt/rustwide/target:rw,Z" "-v" "/var/lib/crater-agent-workspace/cargo-home:/opt/rustwide/cargo-home:ro,Z" "-v" "/var/lib/crater-agent-workspace/rustup-home:/opt/rustwide/rustup-home:ro,Z" "-m" "1610612736" "--network" "none" "ghcr.io/rust-lang/crates-build-env/linux@sha256:8683fc1fc2eb5c9ac98e0d076ab094b2ffac7f99da555d2b6a2e27f346de2ec7" "sleep" "infinity", kill_on_drop: false }`
[INFO] [stdout] 825ed2017a00c47f21c34a4b1f29d9568a30c7a6d370f7123b50817d18dc769c
[INFO] running `Command { std: "docker" "start" "825ed2017a00c47f21c34a4b1f29d9568a30c7a6d370f7123b50817d18dc769c", kill_on_drop: false }`
[INFO] running `Command { std: "docker" "inspect" "825ed2017a00c47f21c34a4b1f29d9568a30c7a6d370f7123b50817d18dc769c", kill_on_drop: false }`
[INFO] running `Command { std: "docker" "exec" "-e" "SOURCE_DIR=/opt/rustwide/workdir" "-e" "CARGO_HOME=/opt/rustwide/cargo-home" "-e" "RUSTUP_HOME=/opt/rustwide/rustup-home" "-e" "CARGO_TARGET_DIR=/opt/rustwide/target" "-w" "/opt/rustwide/workdir" "--user" "0:0" "825ed2017a00c47f21c34a4b1f29d9568a30c7a6d370f7123b50817d18dc769c" "/opt/rustwide/cargo-home/bin/cargo" "+be3da1e8c043bb6f1f335463d3b1335cdf50b03c" "metadata" "--no-deps" "--format-version=1", kill_on_drop: false }`
[INFO] running `Command { std: "docker" "inspect" "825ed2017a00c47f21c34a4b1f29d9568a30c7a6d370f7123b50817d18dc769c", kill_on_drop: false }`
[INFO] running `Command { std: "docker" "exec" "-e" "SOURCE_DIR=/opt/rustwide/workdir" "-e" "CARGO_HOME=/opt/rustwide/cargo-home" "-e" "RUSTUP_HOME=/opt/rustwide/rustup-home" "-e" "CARGO_TARGET_DIR=/opt/rustwide/target" "-e" "CARGO_INCREMENTAL=0" "-e" "RUST_BACKTRACE=full" "-e" "RUSTFLAGS=--cap-lints=forbid" "-e" "RUSTDOCFLAGS=--cap-lints=forbid" "-w" "/opt/rustwide/workdir" "--user" "0:0" "825ed2017a00c47f21c34a4b1f29d9568a30c7a6d370f7123b50817d18dc769c" "/opt/rustwide/cargo-home/bin/cargo" "+be3da1e8c043bb6f1f335463d3b1335cdf50b03c" "check" "--frozen" "--all" "--all-targets" "--message-format=json", kill_on_drop: false }`
[INFO] [stderr] warning: binary `config_demo` should have a kebab-case name
[INFO] [stderr]    |
[INFO] [stderr]  1 | /opt/rustwide/target/.../config_demo
[INFO] [stderr]    |                          ^^^^^^^^^^^
[INFO] [stderr]    |
[INFO] [stderr]    = note: `cargo::non_kebab_case_bins` is set to `warn` by default
[INFO] [stderr] help: to change the binary name to `config-demo`, convert `bin.name`
[INFO] [stderr]   --> Cargo.toml:10:8
[INFO] [stderr]    |
[INFO] [stderr] 10 - name = "config_demo"
[INFO] [stderr] 10 + name = "config-demo"
[INFO] [stderr]    |
[INFO] [stderr] warning: binary `quick_test` should have a kebab-case name
[INFO] [stderr]   |
[INFO] [stderr] 1 | /opt/rustwide/target/.../quick_test
[INFO] [stderr]   |                          ^^^^^^^^^^
[INFO] [stderr]   |
[INFO] [stderr] help: to change the binary name to `quick-test`, convert `bin.name`
[INFO] [stderr]  --> Cargo.toml:6:8
[INFO] [stderr]   |
[INFO] [stderr] 6 - name = "quick_test"
[INFO] [stderr] 6 + name = "quick-test"
[INFO] [stderr]   |
[INFO] [stderr] warning: binary `test_monitors` should have a kebab-case name
[INFO] [stderr]   |
[INFO] [stderr] 1 | /opt/rustwide/target/.../test_monitors
[INFO] [stderr]   |                          ^^^^^^^^^^^^^
[INFO] [stderr]   |
[INFO] [stderr] help: to change the binary name to `test-monitors`, convert `bin.name`
[INFO] [stderr]  --> Cargo.toml:2:8
[INFO] [stderr]   |
[INFO] [stderr] 2 - name = "test_monitors"
[INFO] [stderr] 2 + name = "test-monitors"
[INFO] [stderr]   |
[INFO] [stderr] warning: `system-monitor` (manifest) generated 3 warnings
[INFO] [stderr]    Compiling num-traits v0.2.19
[INFO] [stderr]    Compiling quote v1.0.39
[INFO] [stderr]     Checking regex-automata v0.4.9
[INFO] [stderr]    Compiling crunchy v0.2.3
[INFO] [stderr]     Checking smallvec v1.14.0
[INFO] [stderr]     Checking ahash v0.8.12
[INFO] [stderr]    Compiling getrandom v0.2.15
[INFO] [stderr]     Checking tracing-core v0.1.33
[INFO] [stderr]     Checking indexmap v2.7.1
[INFO] [stderr]     Checking toml_write v0.1.1
[INFO] [stderr]     Checking winnow v0.7.10
[INFO] [stderr]     Checking is-terminal v0.4.15
[INFO] [stderr]     Checking rayon v1.10.0
[INFO] [stderr]     Checking anstyle v1.0.11
[INFO] [stderr]     Checking dirs-sys v0.4.1
[INFO] [stderr]     Checking nom v7.1.3
[INFO] [stderr]    Compiling tiny-keccak v2.0.2
[INFO] [stderr]     Checking convert_case v0.6.0
[INFO] [stderr]     Checking nvml-wrapper-sys v0.7.0
[INFO] [stderr]     Checking crossbeam-channel v0.5.15
[INFO] [stderr]     Checking parking_lot_core v0.9.10
[INFO] [stderr]    Compiling syn v2.0.99
[INFO] [stderr]     Checking hashbrown v0.14.5
[INFO] [stderr]     Checking crossbeam-queue v0.3.12
[INFO] [stderr]     Checking tracing-log v0.2.0
[INFO] [stderr]     Checking thread_local v1.1.8
[INFO] [stderr]     Checking match_cfg v0.1.0
[INFO] [stderr]     Checking parking_lot v0.12.3
[INFO] [stderr]     Checking nu-ansi-term v0.49.0
[INFO] [stderr]     Checking glob v0.3.2
[INFO] [stderr]     Checking hostname v0.3.1
[INFO] [stderr]    Compiling const-random-macro v0.1.16
[INFO] [stderr]     Checking tracing-subscriber v0.3.19
[INFO] [stderr]     Checking crossbeam v0.8.4
[INFO] [stderr]     Checking directories v5.0.1
[INFO] [stderr]     Checking num_cpus v1.16.0
[INFO] [stderr]    Compiling aho-corasick v1.1.3
[INFO] [stderr]     Checking bstr v1.12.0
[INFO] [stderr]     Checking whoami v1.6.0
[INFO] [stderr]    Compiling rustix v1.0.7
[INFO] [stderr]     Checking const-random v0.1.18
[INFO] [stderr]     Checking dlv-list v0.5.2
[INFO] [stderr]    Compiling rstest_macros v0.18.2
[INFO] [stderr]     Checking half v2.6.0
[INFO] [stderr]     Checking clap_lex v0.7.4
[INFO] [stderr]    Compiling doc-comment v0.3.3
[INFO] [stderr]     Checking linux-raw-sys v0.9.4
[INFO] [stderr]     Checking getrandom v0.3.3
[INFO] [stderr]     Checking clap_builder v4.5.39
[INFO] [stderr]     Checking hashlink v0.8.4
[INFO] [stderr]     Checking ordered-multimap v0.7.3
[INFO] [stderr]     Checking dashmap v5.5.3
[INFO] [stderr]     Checking ciborium-ll v0.2.2
[INFO] [stderr]    Compiling relative-path v1.9.3
[INFO] [stderr]     Checking rust-ini v0.20.0
[INFO] [stderr]     Checking futures-timer v3.0.3
[INFO] [stderr]     Checking chrono v0.4.40
[INFO] [stderr]     Checking yaml-rust2 v0.8.1
[INFO] [stderr]     Checking float-cmp v0.10.0
[INFO] [stderr]     Checking plotters v0.3.7
[INFO] [stderr]     Checking clap v4.5.39
[INFO] [stderr]     Checking regex v1.11.1
[INFO] [stderr]     Checking globset v0.4.16
[INFO] [stderr]     Checking ignore v0.4.23
[INFO] [stderr]     Checking predicates v3.1.3
[INFO] [stderr]     Checking sysinfo v0.30.13
[INFO] [stderr]    Compiling darling_core v0.20.10
[INFO] [stderr]    Compiling serde_derive v1.0.218
[INFO] [stderr]    Compiling thiserror-impl v2.0.12
[INFO] [stderr]    Compiling thiserror-impl v1.0.69
[INFO] [stderr]    Compiling async-trait v0.1.87
[INFO] [stderr]    Compiling tokio-macros v2.5.0
[INFO] [stderr]    Compiling tracing-attributes v0.1.28
[INFO] [stderr]    Compiling futures-macro v0.3.31
[INFO] [stderr]    Compiling mockall_derive v0.12.1
[INFO] [stderr]     Checking tokio v1.43.0
[INFO] [stderr]     Checking thiserror v1.0.69
[INFO] [stderr]     Checking flexi_logger v0.25.6
[INFO] [stderr]     Checking futures-util v0.3.31
[INFO] [stderr]    Compiling darling_macro v0.20.10
[INFO] [stderr]    Compiling thiserror v2.0.12
[INFO] [stderr]     Checking pest v2.8.0
[INFO] [stderr]     Checking tracing v0.1.41
[INFO] [stderr]    Compiling darling v0.20.10
[INFO] [stderr]    Compiling wrapcenum-derive v0.4.1
[INFO] [stderr]     Checking nvml-wrapper v0.9.0
[INFO] [stderr]    Compiling pest_meta v2.8.0
[INFO] [stderr]     Checking serde v1.0.218
[INFO] [stderr]     Checking mockall v0.12.1
[INFO] [stderr]    Compiling pest_generator v2.8.0
[INFO] [stderr]     Checking futures-executor v0.3.31
[INFO] [stderr]     Checking futures v0.3.31
[INFO] [stderr]     Checking rstest v0.18.2
[INFO] [stderr]    Compiling pest_derive v2.8.0
[INFO] [stderr]     Checking bitflags v2.9.0
[INFO] [stderr]     Checking serde_spanned v0.6.8
[INFO] [stderr]     Checking serde_json v1.0.140
[INFO] [stderr]     Checking toml_datetime v0.6.9
[INFO] [stderr]     Checking json5 v0.4.1
[INFO] [stderr]     Checking os_info v3.11.0
[INFO] [stderr]     Checking ciborium v0.2.2
[INFO] [stderr]     Checking toml_edit v0.22.26
[INFO] [stderr]     Checking ron v0.8.1
[INFO] [stderr]     Checking globwalk v0.9.1
[INFO] [stderr]     Checking tinytemplate v1.2.1
[INFO] [stderr]     Checking criterion v0.5.1
[INFO] [stderr]     Checking toml v0.8.22
[INFO] [stderr]     Checking tempfile v3.20.0
[INFO] [stderr]     Checking assert_fs v1.1.3
[INFO] [stderr]     Checking config v0.14.1
[INFO] [stderr]     Checking system-monitor v0.1.0 (/opt/rustwide/workdir)
[INFO] [stdout] error[E0425]: cannot find value `device_name` in this scope
[INFO] [stdout]    --> src/backend/storage_monitor.rs:109:77
[INFO] [stdout]     |
[INFO] [stdout] 109 |             if let Ok((read_bytes, write_bytes)) = self.read_linux_io_stats(device_name) {
[INFO] [stdout]     |                                                                             ^^^^^^^^^^^ not found in this scope
[INFO] [stdout]     |
[INFO] [stdout] note: `_device_name` defined here
[INFO] [stdout]    --> src/backend/storage_monitor.rs:101:9
[INFO] [stdout]     |
[INFO] [stdout] 101 |         _device_name: &str,
[INFO] [stdout]     |         ^^^^^^^^^^^^
[INFO] [stdout] help: the leading underscore in `_device_name` marks it as unused, consider renaming it to `device_name`
[INFO] [stdout]     |
[INFO] [stdout] 101 -         _device_name: &str,
[INFO] [stdout] 101 +         device_name: &str,
[INFO] [stdout]     |
[INFO] [stdout] 
[INFO] [stdout] 
[INFO] [stdout] error[E0425]: cannot find value `now` in this scope
[INFO] [stdout]    --> src/backend/storage_monitor.rs:113:32
[INFO] [stdout]     |
[INFO] [stdout] 113 |                     timestamp: now,
[INFO] [stdout]     |                                ^^^ not found in this scope
[INFO] [stdout]     |
[INFO] [stdout] note: `_now` defined here
[INFO] [stdout]    --> src/backend/storage_monitor.rs:104:9
[INFO] [stdout]     |
[INFO] [stdout] 104 |         _now: SystemTime,
[INFO] [stdout]     |         ^^^^
[INFO] [stdout] help: the leading underscore in `_now` marks it as unused, consider renaming it to `now`
[INFO] [stdout]     |
[INFO] [stdout] 104 -         _now: SystemTime,
[INFO] [stdout] 104 +         now: SystemTime,
[INFO] [stdout]     |
[INFO] [stdout] 
[INFO] [stdout] 
[INFO] [stdout] error[E0425]: cannot find value `previous_stats` in this scope
[INFO] [stdout]    --> src/backend/storage_monitor.rs:116:43
[INFO] [stdout]     |
[INFO] [stdout] 116 |                 if let Some(prev_stats) = previous_stats.get(device_name) {
[INFO] [stdout]     |                                           ^^^^^^^^^^^^^^ not found in this scope
[INFO] [stdout]     |
[INFO] [stdout] note: `_previous_stats` defined here
[INFO] [stdout]    --> src/backend/storage_monitor.rs:102:9
[INFO] [stdout]     |
[INFO] [stdout] 102 |         _previous_stats: &HashMap<String, IoStats>,
[INFO] [stdout]     |         ^^^^^^^^^^^^^^^
[INFO] [stdout] help: the leading underscore in `_previous_stats` marks it as unused, consider renaming it to `previous_stats`
[INFO] [stdout]     |
[INFO] [stdout] 102 -         _previous_stats: &HashMap<String, IoStats>,
[INFO] [stdout] 102 +         previous_stats: &HashMap<String, IoStats>,
[INFO] [stdout]     |
[INFO] [stdout] 
[INFO] [stdout] 
[INFO] [stdout] error[E0425]: cannot find value `device_name` in this scope
[INFO] [stdout]    --> src/backend/storage_monitor.rs:116:62
[INFO] [stdout]     |
[INFO] [stdout] 116 |                 if let Some(prev_stats) = previous_stats.get(device_name) {
[INFO] [stdout]     |                                                              ^^^^^^^^^^^ not found in this scope
[INFO] [stdout]     |
[INFO] [stdout] note: `_device_name` defined here
[INFO] [stdout]    --> src/backend/storage_monitor.rs:101:9
[INFO] [stdout]     |
[INFO] [stdout] 101 |         _device_name: &str,
[INFO] [stdout]     |         ^^^^^^^^^^^^
[INFO] [stdout] help: the leading underscore in `_device_name` marks it as unused, consider renaming it to `device_name`
[INFO] [stdout]     |
[INFO] [stdout] 101 -         _device_name: &str,
[INFO] [stdout] 101 +         device_name: &str,
[INFO] [stdout]     |
[INFO] [stdout] 
[INFO] [stdout] 
[INFO] [stdout] error[E0425]: cannot find value `now` in this scope
[INFO] [stdout]    --> src/backend/storage_monitor.rs:117:43
[INFO] [stdout]     |
[INFO] [stdout] 117 |                     if let Ok(duration) = now.duration_since(prev_stats.timestamp) {
[INFO] [stdout]     |                                           ^^^ not found in this scope
[INFO] [stdout]     |
[INFO] [stdout] note: `_now` defined here
[INFO] [stdout]    --> src/backend/storage_monitor.rs:104:9
[INFO] [stdout]     |
[INFO] [stdout] 104 |         _now: SystemTime,
[INFO] [stdout]     |         ^^^^
[INFO] [stdout] help: the leading underscore in `_now` marks it as unused, consider renaming it to `now`
[INFO] [stdout]     |
[INFO] [stdout] 104 -         _now: SystemTime,
[INFO] [stdout] 104 +         now: SystemTime,
[INFO] [stdout]     |
[INFO] [stdout] 
[INFO] [stdout] 
[INFO] [stdout] error[E0425]: cannot find value `current_stats` in this scope
[INFO] [stdout]    --> src/backend/storage_monitor.rs:123:29
[INFO] [stdout]     |
[INFO] [stdout] 123 | ...                   current_stats.insert(device_name.to_string(), io_stats);
[INFO] [stdout]     |                       ^^^^^^^^^^^^^ not found in this scope
[INFO] [stdout]     |
[INFO] [stdout] note: `_current_stats` defined here
[INFO] [stdout]    --> src/backend/storage_monitor.rs:103:9
[INFO] [stdout]     |
[INFO] [stdout] 103 |         _current_stats: &mut HashMap<String, IoStats>,
[INFO] [stdout]     |         ^^^^^^^^^^^^^^
[INFO] [stdout] help: the leading underscore in `_current_stats` marks it as unused, consider renaming it to `current_stats`
[INFO] [stdout]     |
[INFO] [stdout] 103 -         _current_stats: &mut HashMap<String, IoStats>,
[INFO] [stdout] 103 +         current_stats: &mut HashMap<String, IoStats>,
[INFO] [stdout]     |
[INFO] [stdout] 
[INFO] [stdout] 
[INFO] [stdout] error[E0425]: cannot find value `device_name` in this scope
[INFO] [stdout]    --> src/backend/storage_monitor.rs:123:50
[INFO] [stdout]     |
[INFO] [stdout] 123 | ...                   current_stats.insert(device_name.to_string(), io_stats);
[INFO] [stdout]     |                                            ^^^^^^^^^^^ not found in this scope
[INFO] [stdout]     |
[INFO] [stdout] note: `_device_name` defined here
[INFO] [stdout]    --> src/backend/storage_monitor.rs:101:9
[INFO] [stdout]     |
[INFO] [stdout] 101 |         _device_name: &str,
[INFO] [stdout]     |         ^^^^^^^^^^^^
[INFO] [stdout] help: the leading underscore in `_device_name` marks it as unused, consider renaming it to `device_name`
[INFO] [stdout]     |
[INFO] [stdout] 101 -         _device_name: &str,
[INFO] [stdout] 101 +         device_name: &str,
[INFO] [stdout]     |
[INFO] [stdout] 
[INFO] [stdout] 
[INFO] [stdout] error[E0425]: cannot find value `current_stats` in this scope
[INFO] [stdout]    --> src/backend/storage_monitor.rs:129:17
[INFO] [stdout]     |
[INFO] [stdout] 129 |                 current_stats.insert(device_name.to_string(), io_stats);
[INFO] [stdout]     |                 ^^^^^^^^^^^^^ not found in this scope
[INFO] [stdout]     |
[INFO] [stdout] note: `_current_stats` defined here
[INFO] [stdout]    --> src/backend/storage_monitor.rs:103:9
[INFO] [stdout]     |
[INFO] [stdout] 103 |         _current_stats: &mut HashMap<String, IoStats>,
[INFO] [stdout]     |         ^^^^^^^^^^^^^^
[INFO] [stdout] help: the leading underscore in `_current_stats` marks it as unused, consider renaming it to `current_stats`
[INFO] [stdout]     |
[INFO] [stdout] 103 -         _current_stats: &mut HashMap<String, IoStats>,
[INFO] [stdout] 103 +         current_stats: &mut HashMap<String, IoStats>,
[INFO] [stdout]     |
[INFO] [stdout] 
[INFO] [stdout] 
[INFO] [stdout] error[E0425]: cannot find value `device_name` in this scope
[INFO] [stdout]    --> src/backend/storage_monitor.rs:129:38
[INFO] [stdout]     |
[INFO] [stdout] 129 |                 current_stats.insert(device_name.to_string(), io_stats);
[INFO] [stdout]     |                                      ^^^^^^^^^^^ not found in this scope
[INFO] [stdout]     |
[INFO] [stdout] note: `_device_name` defined here
[INFO] [stdout]    --> src/backend/storage_monitor.rs:101:9
[INFO] [stdout]     |
[INFO] [stdout] 101 |         _device_name: &str,
[INFO] [stdout]     |         ^^^^^^^^^^^^
[INFO] [stdout] help: the leading underscore in `_device_name` marks it as unused, consider renaming it to `device_name`
[INFO] [stdout]     |
[INFO] [stdout] 101 -         _device_name: &str,
[INFO] [stdout] 101 +         device_name: &str,
[INFO] [stdout]     |
[INFO] [stdout] 
[INFO] [stdout] 
[INFO] [stdout] error[E0425]: cannot find type `HashMap` in this scope
[INFO] [stdout]   --> src/backend/sensors.rs:23:20
[INFO] [stdout]    |
[INFO] [stdout] 23 |     hwmon_sensors: HashMap<String, String>,
[INFO] [stdout]    |                    ^^^^^^^ not found in this scope
[INFO] [stdout]    |
[INFO] [stdout] help: consider importing this struct
[INFO] [stdout]    |
[INFO] [stdout]  2 + use std::collections::HashMap;
[INFO] [stdout]    |
[INFO] [stdout] 
[INFO] [stdout] 
[INFO] [stdout] error[E0433]: cannot find type `HashMap` in this scope
[INFO] [stdout]   --> src/backend/sensors.rs:30:28
[INFO] [stdout]    |
[INFO] [stdout] 30 |             hwmon_sensors: HashMap::new(),
[INFO] [stdout]    |                            ^^^^^^^ use of undeclared type `HashMap`
[INFO] [stdout]    |
[INFO] [stdout] help: consider importing this struct
[INFO] [stdout]    |
[INFO] [stdout]  2 + use std::collections::HashMap;
[INFO] [stdout]    |
[INFO] [stdout] 
[INFO] [stdout] 
[INFO] [stdout] error[E0433]: cannot find type `Path` in this scope
[INFO] [stdout]    --> src/backend/sensors.rs:121:33
[INFO] [stdout]     |
[INFO] [stdout] 121 |                 let base_path = Path::new(path);
[INFO] [stdout]     |                                 ^^^^ use of undeclared type `Path`
[INFO] [stdout]     |
[INFO] [stdout] help: consider importing this struct
[INFO] [stdout]     |
[INFO] [stdout]   2 + use std::path::Path;
[INFO] [stdout]     |
[INFO] [stdout] 
[INFO] [stdout] 
[INFO] [stdout] error[E0433]: cannot find type `Path` in this scope
[INFO] [stdout]    --> src/backend/sensors.rs:163:33
[INFO] [stdout]     |
[INFO] [stdout] 163 |                 let base_path = Path::new(path);
[INFO] [stdout]     |                                 ^^^^ use of undeclared type `Path`
[INFO] [stdout]     |
[INFO] [stdout] help: consider importing this struct
[INFO] [stdout]     |
[INFO] [stdout]   2 + use std::path::Path;
[INFO] [stdout]     |
[INFO] [stdout] 
[INFO] [stdout] 
[INFO] [stdout] error[E0433]: cannot find type `Path` in this scope
[INFO] [stdout]    --> src/backend/sensors.rs:205:33
[INFO] [stdout]     |
[INFO] [stdout] 205 |                 let base_path = Path::new(path);
[INFO] [stdout]     |                                 ^^^^ use of undeclared type `Path`
[INFO] [stdout]     |
[INFO] [stdout] help: consider importing this struct
[INFO] [stdout]     |
[INFO] [stdout]   2 + use std::path::Path;
[INFO] [stdout]     |
[INFO] [stdout] 
[INFO] [stdout] 
[INFO] [stdout] error[E0433]: cannot find type `Path` in this scope
[INFO] [stdout]    --> src/backend/sensors.rs:249:29
[INFO] [stdout]     |
[INFO] [stdout] 249 |             let rapl_path = Path::new("/sys/class/powercap/intel-rapl");
[INFO] [stdout]     |                             ^^^^ use of undeclared type `Path`
[INFO] [stdout]     |
[INFO] [stdout] help: consider importing this struct
[INFO] [stdout]     |
[INFO] [stdout]   2 + use std::path::Path;
[INFO] [stdout]     |
[INFO] [stdout] 
[INFO] [stdout] 
[INFO] [stdout] error[E0433]: cannot find type `Path` in this scope
[INFO] [stdout]    --> src/backend/sensors.rs:278:33
[INFO] [stdout]     |
[INFO] [stdout] 278 |                 let base_path = Path::new(path);
[INFO] [stdout]     |                                 ^^^^ use of undeclared type `Path`
[INFO] [stdout]     |
[INFO] [stdout] help: consider importing this struct
[INFO] [stdout]     |
[INFO] [stdout]   2 + use std::path::Path;
[INFO] [stdout]     |
[INFO] [stdout] 
[INFO] [stdout] 
[INFO] [stdout] warning: unused import: `std::path::Path`
[INFO] [stdout]    --> src/backend/network_monitor.rs:133:17
[INFO] [stdout]     |
[INFO] [stdout] 133 |             use std::path::Path;
[INFO] [stdout]     |                 ^^^^^^^^^^^^^^^
[INFO] [stdout]     |
[INFO] [stdout]     = note: `#[warn(unused_imports)]` (part of `#[warn(unused)]`) on by default
[INFO] [stdout] 
[INFO] [stdout] 
[INFO] [stdout] error[E0425]: cannot find value `device_name` in this scope
[INFO] [stdout]    --> src/backend/storage_monitor.rs:109:77
[INFO] [stdout]     |
[INFO] [stdout] 109 |             if let Ok((read_bytes, write_bytes)) = self.read_linux_io_stats(device_name) {
[INFO] [stdout]     |                                                                             ^^^^^^^^^^^ not found in this scope
[INFO] [stdout]     |
[INFO] [stdout] note: `_device_name` defined here
[INFO] [stdout]    --> src/backend/storage_monitor.rs:101:9
[INFO] [stdout]     |
[INFO] [stdout] 101 |         _device_name: &str,
[INFO] [stdout]     |         ^^^^^^^^^^^^
[INFO] [stdout] help: the leading underscore in `_device_name` marks it as unused, consider renaming it to `device_name`
[INFO] [stdout]     |
[INFO] [stdout] 101 -         _device_name: &str,
[INFO] [stdout] 101 +         device_name: &str,
[INFO] [stdout]     |
[INFO] [stdout] 
[INFO] [stdout] 
[INFO] [stdout] error[E0425]: cannot find value `now` in this scope
[INFO] [stdout]    --> src/backend/storage_monitor.rs:113:32
[INFO] [stdout]     |
[INFO] [stdout] 113 |                     timestamp: now,
[INFO] [stdout]     |                                ^^^ not found in this scope
[INFO] [stdout]     |
[INFO] [stdout] note: `_now` defined here
[INFO] [stdout]    --> src/backend/storage_monitor.rs:104:9
[INFO] [stdout]     |
[INFO] [stdout] 104 |         _now: SystemTime,
[INFO] [stdout]     |         ^^^^
[INFO] [stdout] help: the leading underscore in `_now` marks it as unused, consider renaming it to `now`
[INFO] [stdout]     |
[INFO] [stdout] 104 -         _now: SystemTime,
[INFO] [stdout] 104 +         now: SystemTime,
[INFO] [stdout]     |
[INFO] [stdout] 
[INFO] [stdout] 
[INFO] [stdout] error[E0425]: cannot find value `previous_stats` in this scope
[INFO] [stdout]    --> src/backend/storage_monitor.rs:116:43
[INFO] [stdout]     |
[INFO] [stdout] 116 |                 if let Some(prev_stats) = previous_stats.get(device_name) {
[INFO] [stdout]     |                                           ^^^^^^^^^^^^^^ not found in this scope
[INFO] [stdout]     |
[INFO] [stdout] note: `_previous_stats` defined here
[INFO] [stdout]    --> src/backend/storage_monitor.rs:102:9
[INFO] [stdout]     |
[INFO] [stdout] 102 |         _previous_stats: &HashMap<String, IoStats>,
[INFO] [stdout]     |         ^^^^^^^^^^^^^^^
[INFO] [stdout] help: the leading underscore in `_previous_stats` marks it as unused, consider renaming it to `previous_stats`
[INFO] [stdout]     |
[INFO] [stdout] 102 -         _previous_stats: &HashMap<String, IoStats>,
[INFO] [stdout] 102 +         previous_stats: &HashMap<String, IoStats>,
[INFO] [stdout]     |
[INFO] [stdout] 
[INFO] [stdout] 
[INFO] [stdout] error[E0425]: cannot find value `device_name` in this scope
[INFO] [stdout]    --> src/backend/storage_monitor.rs:116:62
[INFO] [stdout]     |
[INFO] [stdout] 116 |                 if let Some(prev_stats) = previous_stats.get(device_name) {
[INFO] [stdout]     |                                                              ^^^^^^^^^^^ not found in this scope
[INFO] [stdout]     |
[INFO] [stdout] note: `_device_name` defined here
[INFO] [stdout]    --> src/backend/storage_monitor.rs:101:9
[INFO] [stdout]     |
[INFO] [stdout] 101 |         _device_name: &str,
[INFO] [stdout]     |         ^^^^^^^^^^^^
[INFO] [stdout] help: the leading underscore in `_device_name` marks it as unused, consider renaming it to `device_name`
[INFO] [stdout]     |
[INFO] [stdout] 101 -         _device_name: &str,
[INFO] [stdout] 101 +         device_name: &str,
[INFO] [stdout]     |
[INFO] [stdout] 
[INFO] [stdout] 
[INFO] [stdout] error[E0425]: cannot find value `now` in this scope
[INFO] [stdout]    --> src/backend/storage_monitor.rs:117:43
[INFO] [stdout]     |
[INFO] [stdout] 117 |                     if let Ok(duration) = now.duration_since(prev_stats.timestamp) {
[INFO] [stdout]     |                                           ^^^ not found in this scope
[INFO] [stdout]     |
[INFO] [stdout] note: `_now` defined here
[INFO] [stdout]    --> src/backend/storage_monitor.rs:104:9
[INFO] [stdout]     |
[INFO] [stdout] 104 |         _now: SystemTime,
[INFO] [stdout]     |         ^^^^
[INFO] [stdout] help: the leading underscore in `_now` marks it as unused, consider renaming it to `now`
[INFO] [stdout]     |
[INFO] [stdout] 104 -         _now: SystemTime,
[INFO] [stdout] 104 +         now: SystemTime,
[INFO] [stdout]     |
[INFO] [stdout] 
[INFO] [stdout] 
[INFO] [stdout] error[E0425]: cannot find value `current_stats` in this scope
[INFO] [stdout]    --> src/backend/storage_monitor.rs:123:29
[INFO] [stdout]     |
[INFO] [stdout] 123 | ...                   current_stats.insert(device_name.to_string(), io_stats);
[INFO] [stdout]     |                       ^^^^^^^^^^^^^ not found in this scope
[INFO] [stdout]     |
[INFO] [stdout] note: `_current_stats` defined here
[INFO] [stdout]    --> src/backend/storage_monitor.rs:103:9
[INFO] [stdout]     |
[INFO] [stdout] 103 |         _current_stats: &mut HashMap<String, IoStats>,
[INFO] [stdout]     |         ^^^^^^^^^^^^^^
[INFO] [stdout] help: the leading underscore in `_current_stats` marks it as unused, consider renaming it to `current_stats`
[INFO] [stdout]     |
[INFO] [stdout] 103 -         _current_stats: &mut HashMap<String, IoStats>,
[INFO] [stdout] 103 +         current_stats: &mut HashMap<String, IoStats>,
[INFO] [stdout]     |
[INFO] [stdout] 
[INFO] [stdout] 
[INFO] [stdout] error[E0425]: cannot find value `device_name` in this scope
[INFO] [stdout]    --> src/backend/storage_monitor.rs:123:50
[INFO] [stdout]     |
[INFO] [stdout] 123 | ...                   current_stats.insert(device_name.to_string(), io_stats);
[INFO] [stdout]     |                                            ^^^^^^^^^^^ not found in this scope
[INFO] [stdout]     |
[INFO] [stdout] note: `_device_name` defined here
[INFO] [stdout]    --> src/backend/storage_monitor.rs:101:9
[INFO] [stdout]     |
[INFO] [stdout] 101 |         _device_name: &str,
[INFO] [stdout]     |         ^^^^^^^^^^^^
[INFO] [stdout] help: the leading underscore in `_device_name` marks it as unused, consider renaming it to `device_name`
[INFO] [stdout]     |
[INFO] [stdout] 101 -         _device_name: &str,
[INFO] [stdout] 101 +         device_name: &str,
[INFO] [stdout]     |
[INFO] [stdout] 
[INFO] [stdout] 
[INFO] [stdout] error[E0425]: cannot find value `current_stats` in this scope
[INFO] [stdout]    --> src/backend/storage_monitor.rs:129:17
[INFO] [stdout]     |
[INFO] [stdout] 129 |                 current_stats.insert(device_name.to_string(), io_stats);
[INFO] [stdout]     |                 ^^^^^^^^^^^^^ not found in this scope
[INFO] [stdout]     |
[INFO] [stdout] note: `_current_stats` defined here
[INFO] [stdout]    --> src/backend/storage_monitor.rs:103:9
[INFO] [stdout]     |
[INFO] [stdout] 103 |         _current_stats: &mut HashMap<String, IoStats>,
[INFO] [stdout]     |         ^^^^^^^^^^^^^^
[INFO] [stdout] help: the leading underscore in `_current_stats` marks it as unused, consider renaming it to `current_stats`
[INFO] [stdout]     |
[INFO] [stdout] 103 -         _current_stats: &mut HashMap<String, IoStats>,
[INFO] [stdout] 103 +         current_stats: &mut HashMap<String, IoStats>,
[INFO] [stdout]     |
[INFO] [stdout] 
[INFO] [stdout] 
[INFO] [stdout] error[E0425]: cannot find value `device_name` in this scope
[INFO] [stdout]    --> src/backend/storage_monitor.rs:129:38
[INFO] [stdout]     |
[INFO] [stdout] 129 |                 current_stats.insert(device_name.to_string(), io_stats);
[INFO] [stdout]     |                                      ^^^^^^^^^^^ not found in this scope
[INFO] [stdout]     |
[INFO] [stdout] note: `_device_name` defined here
[INFO] [stdout]    --> src/backend/storage_monitor.rs:101:9
[INFO] [stdout]     |
[INFO] [stdout] 101 |         _device_name: &str,
[INFO] [stdout]     |         ^^^^^^^^^^^^
[INFO] [stdout] help: the leading underscore in `_device_name` marks it as unused, consider renaming it to `device_name`
[INFO] [stdout]     |
[INFO] [stdout] 101 -         _device_name: &str,
[INFO] [stdout] 101 +         device_name: &str,
[INFO] [stdout]     |
[INFO] [stdout] 
[INFO] [stdout] 
[INFO] [stdout] error[E0425]: cannot find type `HashMap` in this scope
[INFO] [stdout]   --> src/backend/sensors.rs:23:20
[INFO] [stdout]    |
[INFO] [stdout] 23 |     hwmon_sensors: HashMap<String, String>,
[INFO] [stdout]    |                    ^^^^^^^ not found in this scope
[INFO] [stdout]    |
[INFO] [stdout] help: consider importing this struct
[INFO] [stdout]    |
[INFO] [stdout]  2 + use std::collections::HashMap;
[INFO] [stdout]    |
[INFO] [stdout] 
[INFO] [stdout] 
[INFO] [stdout] error[E0433]: cannot find type `HashMap` in this scope
[INFO] [stdout]   --> src/backend/sensors.rs:30:28
[INFO] [stdout]    |
[INFO] [stdout] 30 |             hwmon_sensors: HashMap::new(),
[INFO] [stdout]    |                            ^^^^^^^ use of undeclared type `HashMap`
[INFO] [stdout]    |
[INFO] [stdout] help: consider importing this struct
[INFO] [stdout]    |
[INFO] [stdout]  2 + use std::collections::HashMap;
[INFO] [stdout]    |
[INFO] [stdout] 
[INFO] [stdout] 
[INFO] [stdout] error[E0433]: cannot find type `Path` in this scope
[INFO] [stdout]    --> src/backend/sensors.rs:121:33
[INFO] [stdout]     |
[INFO] [stdout] 121 |                 let base_path = Path::new(path);
[INFO] [stdout]     |                                 ^^^^ use of undeclared type `Path`
[INFO] [stdout]     |
[INFO] [stdout]     = note: struct `crate::core::config::tests::Path` exists but is inaccessible
[INFO] [stdout] help: consider importing this struct
[INFO] [stdout]     |
[INFO] [stdout]   2 + use std::path::Path;
[INFO] [stdout]     |
[INFO] [stdout] 
[INFO] [stdout] 
[INFO] [stdout] error[E0433]: cannot find type `Path` in this scope
[INFO] [stdout]    --> src/backend/sensors.rs:163:33
[INFO] [stdout]     |
[INFO] [stdout] 163 |                 let base_path = Path::new(path);
[INFO] [stdout]     |                                 ^^^^ use of undeclared type `Path`
[INFO] [stdout]     |
[INFO] [stdout]     = note: struct `crate::core::config::tests::Path` exists but is inaccessible
[INFO] [stdout] help: consider importing this struct
[INFO] [stdout]     |
[INFO] [stdout]   2 + use std::path::Path;
[INFO] [stdout]     |
[INFO] [stdout] 
[INFO] [stdout] 
[INFO] [stdout] error[E0433]: cannot find type `Path` in this scope
[INFO] [stdout]    --> src/backend/sensors.rs:205:33
[INFO] [stdout]     |
[INFO] [stdout] 205 |                 let base_path = Path::new(path);
[INFO] [stdout]     |                                 ^^^^ use of undeclared type `Path`
[INFO] [stdout]     |
[INFO] [stdout]     = note: struct `crate::core::config::tests::Path` exists but is inaccessible
[INFO] [stdout] help: consider importing this struct
[INFO] [stdout]     |
[INFO] [stdout]   2 + use std::path::Path;
[INFO] [stdout]     |
[INFO] [stdout] 
[INFO] [stdout] 
[INFO] [stdout] error[E0433]: cannot find type `Path` in this scope
[INFO] [stdout]    --> src/backend/sensors.rs:249:29
[INFO] [stdout]     |
[INFO] [stdout] 249 |             let rapl_path = Path::new("/sys/class/powercap/intel-rapl");
[INFO] [stdout]     |                             ^^^^ use of undeclared type `Path`
[INFO] [stdout]     |
[INFO] [stdout]     = note: struct `crate::core::config::tests::Path` exists but is inaccessible
[INFO] [stdout] help: consider importing this struct
[INFO] [stdout]     |
[INFO] [stdout]   2 + use std::path::Path;
[INFO] [stdout]     |
[INFO] [stdout] 
[INFO] [stdout] 
[INFO] [stdout] error[E0433]: cannot find type `Path` in this scope
[INFO] [stdout]    --> src/backend/sensors.rs:278:33
[INFO] [stdout]     |
[INFO] [stdout] 278 |                 let base_path = Path::new(path);
[INFO] [stdout]     |                                 ^^^^ use of undeclared type `Path`
[INFO] [stdout]     |
[INFO] [stdout]     = note: struct `crate::core::config::tests::Path` exists but is inaccessible
[INFO] [stdout] help: consider importing this struct
[INFO] [stdout]     |
[INFO] [stdout]   2 + use std::path::Path;
[INFO] [stdout]     |
[INFO] [stdout] 
[INFO] [stdout] 
[INFO] [stdout] warning: unused import: `std::path::Path`
[INFO] [stdout]    --> src/backend/network_monitor.rs:133:17
[INFO] [stdout]     |
[INFO] [stdout] 133 |             use std::path::Path;
[INFO] [stdout]     |                 ^^^^^^^^^^^^^^^
[INFO] [stdout]     |
[INFO] [stdout]     = note: `#[warn(unused_imports)]` (part of `#[warn(unused)]`) on by default
[INFO] [stdout] 
[INFO] [stdout] 
[INFO] [stdout] warning: unused variable: `device_path`
[INFO] [stdout]    --> src/backend/gpu_monitor.rs:593:38
[INFO] [stdout]     |
[INFO] [stdout] 593 |     fn read_intel_temperature(&self, device_path: &std::path::Path) -> Option<f32> {
[INFO] [stdout]     |                                      ^^^^^^^^^^^ help: if this is intentional, prefix it with an underscore: `_device_path`
[INFO] [stdout]     |
[INFO] [stdout]     = note: `#[warn(unused_variables)]` (part of `#[warn(unused)]`) on by default
[INFO] [stdout] 
[INFO] [stdout] 
[INFO] [stdout] error[E0384]: cannot assign twice to immutable variable `is_up`
[INFO] [stdout]    --> src/backend/network_monitor.rs:138:17
[INFO] [stdout]     |
[INFO] [stdout] 125 |         let is_up = true;
[INFO] [stdout]     |             ----- first assignment to `is_up`
[INFO] [stdout] ...
[INFO] [stdout] 138 |                 is_up = state.trim() == "up";
[INFO] [stdout]     |                 ^^^^^^^^^^^^^^^^^^^^^^^^^^^^ cannot assign twice to immutable variable
[INFO] [stdout]     |
[INFO] [stdout] help: consider making this binding mutable
[INFO] [stdout]     |
[INFO] [stdout] 125 |         let mut is_up = true;
[INFO] [stdout]     |             +++
[INFO] [stdout] 
[INFO] [stdout] 
[INFO] [stdout] error[E0384]: cannot assign twice to immutable variable `mac_address`
[INFO] [stdout]    --> src/backend/network_monitor.rs:144:17
[INFO] [stdout]     |
[INFO] [stdout] 126 |         let mac_address = String::from("00:00:00:00:00:00");
[INFO] [stdout]     |             ----------- first assignment to `mac_address`
[INFO] [stdout] ...
[INFO] [stdout] 144 |                 mac_address = mac.trim().to_string();
[INFO] [stdout]     |                 ^^^^^^^^^^^ cannot assign twice to immutable variable
[INFO] [stdout]     |
[INFO] [stdout] help: consider making this binding mutable
[INFO] [stdout]     |
[INFO] [stdout] 126 |         let mut mac_address = String::from("00:00:00:00:00:00");
[INFO] [stdout]     |             +++
[INFO] [stdout] 
[INFO] [stdout] 
[INFO] [stdout] error[E0384]: cannot assign twice to immutable variable `speed_mbps`
[INFO] [stdout]    --> src/backend/network_monitor.rs:152:25
[INFO] [stdout]     |
[INFO] [stdout] 128 |         let speed_mbps = None;
[INFO] [stdout]     |             ---------- first assignment to `speed_mbps`
[INFO] [stdout] ...
[INFO] [stdout] 152 |                         speed_mbps = Some(speed);
[INFO] [stdout]     |                         ^^^^^^^^^^^^^^^^^^^^^^^^ cannot assign twice to immutable variable
[INFO] [stdout]     |
[INFO] [stdout] help: consider making this binding mutable
[INFO] [stdout]     |
[INFO] [stdout] 128 |         let mut speed_mbps = None;
[INFO] [stdout]     |             +++
[INFO] [stdout] 
[INFO] [stdout] 
[INFO] [stdout] error[E0596]: cannot borrow `ip_addresses` as mutable, as it is not declared as mutable
[INFO] [stdout]    --> src/backend/network_monitor.rs:167:33
[INFO] [stdout]     |
[INFO] [stdout] 167 | ...                   ip_addresses.push(ip.to_string());
[INFO] [stdout]     |                       ^^^^^^^^^^^^ cannot borrow as mutable
[INFO] [stdout]     |
[INFO] [stdout] help: consider changing this to be mutable
[INFO] [stdout]     |
[INFO] [stdout] 127 |         let mut ip_addresses = Vec::new();
[INFO] [stdout]     |             +++
[INFO] [stdout] 
[INFO] [stdout] 
[INFO] [stdout] Some errors have detailed explanations: E0384, E0425, E0433, E0596.
[INFO] [stdout] 
[INFO] [stdout] For more information about an error, try `rustc --explain E0384`.
[INFO] [stdout] 
[INFO] [stderr] error: could not compile `system-monitor` (lib) due to 20 previous errors; 2 warnings emitted
[INFO] [stderr] warning: build failed, waiting for other jobs to finish...
[INFO] [stdout] warning: unused variable: `device_path`
[INFO] [stdout]    --> src/backend/gpu_monitor.rs:593:38
[INFO] [stdout]     |
[INFO] [stdout] 593 |     fn read_intel_temperature(&self, device_path: &std::path::Path) -> Option<f32> {
[INFO] [stdout]     |                                      ^^^^^^^^^^^ help: if this is intentional, prefix it with an underscore: `_device_path`
[INFO] [stdout]     |
[INFO] [stdout]     = note: `#[warn(unused_variables)]` (part of `#[warn(unused)]`) on by default
[INFO] [stdout] 
[INFO] [stdout] 
[INFO] [stdout] error[E0384]: cannot assign twice to immutable variable `is_up`
[INFO] [stdout]    --> src/backend/network_monitor.rs:138:17
[INFO] [stdout]     |
[INFO] [stdout] 125 |         let is_up = true;
[INFO] [stdout]     |             ----- first assignment to `is_up`
[INFO] [stdout] ...
[INFO] [stdout] 138 |                 is_up = state.trim() == "up";
[INFO] [stdout]     |                 ^^^^^^^^^^^^^^^^^^^^^^^^^^^^ cannot assign twice to immutable variable
[INFO] [stdout]     |
[INFO] [stdout] help: consider making this binding mutable
[INFO] [stdout]     |
[INFO] [stdout] 125 |         let mut is_up = true;
[INFO] [stdout]     |             +++
[INFO] [stdout] 
[INFO] [stdout] 
[INFO] [stdout] error[E0384]: cannot assign twice to immutable variable `mac_address`
[INFO] [stdout]    --> src/backend/network_monitor.rs:144:17
[INFO] [stdout]     |
[INFO] [stdout] 126 |         let mac_address = String::from("00:00:00:00:00:00");
[INFO] [stdout]     |             ----------- first assignment to `mac_address`
[INFO] [stdout] ...
[INFO] [stdout] 144 |                 mac_address = mac.trim().to_string();
[INFO] [stdout]     |                 ^^^^^^^^^^^ cannot assign twice to immutable variable
[INFO] [stdout]     |
[INFO] [stdout] help: consider making this binding mutable
[INFO] [stdout]     |
[INFO] [stdout] 126 |         let mut mac_address = String::from("00:00:00:00:00:00");
[INFO] [stdout]     |             +++
[INFO] [stdout] 
[INFO] [stdout] 
[INFO] [stdout] error[E0384]: cannot assign twice to immutable variable `speed_mbps`
[INFO] [stdout]    --> src/backend/network_monitor.rs:152:25
[INFO] [stdout]     |
[INFO] [stdout] 128 |         let speed_mbps = None;
[INFO] [stdout]     |             ---------- first assignment to `speed_mbps`
[INFO] [stdout] ...
[INFO] [stdout] 152 |                         speed_mbps = Some(speed);
[INFO] [stdout]     |                         ^^^^^^^^^^^^^^^^^^^^^^^^ cannot assign twice to immutable variable
[INFO] [stdout]     |
[INFO] [stdout] help: consider making this binding mutable
[INFO] [stdout]     |
[INFO] [stdout] 128 |         let mut speed_mbps = None;
[INFO] [stdout]     |             +++
[INFO] [stdout] 
[INFO] [stdout] 
[INFO] [stdout] error[E0596]: cannot borrow `ip_addresses` as mutable, as it is not declared as mutable
[INFO] [stdout]    --> src/backend/network_monitor.rs:167:33
[INFO] [stdout]     |
[INFO] [stdout] 167 | ...                   ip_addresses.push(ip.to_string());
[INFO] [stdout]     |                       ^^^^^^^^^^^^ cannot borrow as mutable
[INFO] [stdout]     |
[INFO] [stdout] help: consider changing this to be mutable
[INFO] [stdout]     |
[INFO] [stdout] 127 |         let mut ip_addresses = Vec::new();
[INFO] [stdout]     |             +++
[INFO] [stdout] 
[INFO] [stdout] 
[INFO] [stdout] Some errors have detailed explanations: E0384, E0425, E0433, E0596.
[INFO] [stdout] 
[INFO] [stdout] For more information about an error, try `rustc --explain E0384`.
[INFO] [stdout] 
[INFO] [stderr] error: could not compile `system-monitor` (lib test) due to 20 previous errors; 2 warnings emitted
[INFO] running `Command { std: "docker" "inspect" "825ed2017a00c47f21c34a4b1f29d9568a30c7a6d370f7123b50817d18dc769c", kill_on_drop: false }`
[INFO] running `Command { std: "docker" "rm" "-f" "825ed2017a00c47f21c34a4b1f29d9568a30c7a6d370f7123b50817d18dc769c", kill_on_drop: false }`
[INFO] [stdout] 825ed2017a00c47f21c34a4b1f29d9568a30c7a6d370f7123b50817d18dc769c
