[INFO] cloning repository https://github.com/LtdJorge/RayTracer
[INFO] running `Command { std: "git" "-c" "credential.helper=" "-c" "credential.helper=/workspace/cargo-home/bin/git-credential-null" "clone" "--bare" "https://github.com/LtdJorge/RayTracer" "/workspace/cache/git-repos/https%3A%2F%2Fgithub.com%2FLtdJorge%2FRayTracer", kill_on_drop: false }`
[INFO] [stderr] Cloning into bare repository '/workspace/cache/git-repos/https%3A%2F%2Fgithub.com%2FLtdJorge%2FRayTracer'...
[INFO] running `Command { std: "git" "rev-parse" "HEAD", kill_on_drop: false }`
[INFO] [stdout] f7be0fbea5f55535b8ce67ce71f37c0735fd8c73
[INFO] checking LtdJorge/RayTracer against be3da1e8c043bb6f1f335463d3b1335cdf50b03c for pr-162597
[INFO] running `Command { std: "git" "clone" "/workspace/cache/git-repos/https%3A%2F%2Fgithub.com%2FLtdJorge%2FRayTracer" "/workspace/builds/worker-7-tc2/source", kill_on_drop: false }`
[INFO] [stderr] Cloning into '/workspace/builds/worker-7-tc2/source'...
[INFO] [stderr] done.
[INFO] removed /workspace/builds/worker-7-tc2/source/.cargo/config.toml
[INFO] started tweaking git repo https://github.com/LtdJorge/RayTracer
[INFO] finished tweaking git repo https://github.com/LtdJorge/RayTracer
[INFO] tweaked toml for git repo https://github.com/LtdJorge/RayTracer written to /workspace/builds/worker-7-tc2/source/Cargo.toml
[INFO] validating manifest of git repo https://github.com/LtdJorge/RayTracer on toolchain be3da1e8c043bb6f1f335463d3b1335cdf50b03c
[INFO] running `Command { std: CARGO_HOME="/workspace/cargo-home" RUSTUP_HOME="/workspace/rustup-home" "/workspace/cargo-home/bin/cargo" "+be3da1e8c043bb6f1f335463d3b1335cdf50b03c" "metadata" "--manifest-path" "Cargo.toml" "--no-deps", kill_on_drop: false }`
[INFO] crate git repo https://github.com/LtdJorge/RayTracer already has a lockfile, it will not be regenerated
[INFO] running `Command { std: CARGO_HOME="/workspace/cargo-home" RUSTUP_HOME="/workspace/rustup-home" "/workspace/cargo-home/bin/cargo" "+be3da1e8c043bb6f1f335463d3b1335cdf50b03c" "fetch" "--manifest-path" "Cargo.toml", kill_on_drop: false }`
[INFO] [stderr]     Blocking waiting for file lock on package cache
[INFO] [stderr]     Blocking waiting for file lock on package cache
[ERROR] error running command: no output for 300 seconds
[INFO] checking LtdJorge/RayTracer against be3da1e8c043bb6f1f335463d3b1335cdf50b03c for pr-162597
[INFO] running `Command { std: "git" "clone" "/workspace/cache/git-repos/https%3A%2F%2Fgithub.com%2FLtdJorge%2FRayTracer" "/workspace/builds/worker-7-tc2/source", kill_on_drop: false }`
[INFO] [stderr] Cloning into '/workspace/builds/worker-7-tc2/source'...
[INFO] [stderr] done.
[INFO] removed /workspace/builds/worker-7-tc2/source/.cargo/config.toml
[INFO] started tweaking git repo https://github.com/LtdJorge/RayTracer
[INFO] finished tweaking git repo https://github.com/LtdJorge/RayTracer
[INFO] tweaked toml for git repo https://github.com/LtdJorge/RayTracer written to /workspace/builds/worker-7-tc2/source/Cargo.toml
[INFO] validating manifest of git repo https://github.com/LtdJorge/RayTracer on toolchain be3da1e8c043bb6f1f335463d3b1335cdf50b03c
[INFO] running `Command { std: CARGO_HOME="/workspace/cargo-home" RUSTUP_HOME="/workspace/rustup-home" "/workspace/cargo-home/bin/cargo" "+be3da1e8c043bb6f1f335463d3b1335cdf50b03c" "metadata" "--manifest-path" "Cargo.toml" "--no-deps", kill_on_drop: false }`
[INFO] crate git repo https://github.com/LtdJorge/RayTracer already has a lockfile, it will not be regenerated
[INFO] running `Command { std: CARGO_HOME="/workspace/cargo-home" RUSTUP_HOME="/workspace/rustup-home" "/workspace/cargo-home/bin/cargo" "+be3da1e8c043bb6f1f335463d3b1335cdf50b03c" "fetch" "--manifest-path" "Cargo.toml", kill_on_drop: false }`
[INFO] [stderr]     Blocking waiting for file lock on package cache
[INFO] [stderr]     Blocking waiting for file lock on package cache
[INFO] running `Command { std: "docker" "create" "-v" "/var/lib/crater-agent-workspace/builds/worker-7-tc2/source:/opt/rustwide/workdir:ro,Z" "-v" "/var/lib/crater-agent-workspace/builds/worker-7-tc2/target:/opt/rustwide/target:rw,Z" "-v" "/var/lib/crater-agent-workspace/cargo-home:/opt/rustwide/cargo-home:ro,Z" "-v" "/var/lib/crater-agent-workspace/rustup-home:/opt/rustwide/rustup-home:ro,Z" "-m" "1610612736" "--network" "none" "ghcr.io/rust-lang/crates-build-env/linux@sha256:8683fc1fc2eb5c9ac98e0d076ab094b2ffac7f99da555d2b6a2e27f346de2ec7" "sleep" "infinity", kill_on_drop: false }`
[INFO] [stdout] a42751cd2d373713750b52710771e49de27afb03f51709737749eaaada73e36f
[INFO] running `Command { std: "docker" "start" "a42751cd2d373713750b52710771e49de27afb03f51709737749eaaada73e36f", kill_on_drop: false }`
[INFO] running `Command { std: "docker" "inspect" "a42751cd2d373713750b52710771e49de27afb03f51709737749eaaada73e36f", kill_on_drop: false }`
[INFO] running `Command { std: "docker" "exec" "-e" "SOURCE_DIR=/opt/rustwide/workdir" "-e" "CARGO_HOME=/opt/rustwide/cargo-home" "-e" "RUSTUP_HOME=/opt/rustwide/rustup-home" "-e" "CARGO_TARGET_DIR=/opt/rustwide/target" "-w" "/opt/rustwide/workdir" "--user" "0:0" "a42751cd2d373713750b52710771e49de27afb03f51709737749eaaada73e36f" "/opt/rustwide/cargo-home/bin/cargo" "+be3da1e8c043bb6f1f335463d3b1335cdf50b03c" "metadata" "--no-deps" "--format-version=1", kill_on_drop: false }`
[INFO] running `Command { std: "docker" "inspect" "a42751cd2d373713750b52710771e49de27afb03f51709737749eaaada73e36f", kill_on_drop: false }`
[INFO] running `Command { std: "docker" "exec" "-e" "SOURCE_DIR=/opt/rustwide/workdir" "-e" "CARGO_HOME=/opt/rustwide/cargo-home" "-e" "RUSTUP_HOME=/opt/rustwide/rustup-home" "-e" "CARGO_TARGET_DIR=/opt/rustwide/target" "-e" "CARGO_INCREMENTAL=0" "-e" "RUST_BACKTRACE=full" "-e" "RUSTFLAGS=--cap-lints=forbid" "-e" "RUSTDOCFLAGS=--cap-lints=forbid" "-w" "/opt/rustwide/workdir" "--user" "0:0" "a42751cd2d373713750b52710771e49de27afb03f51709737749eaaada73e36f" "/opt/rustwide/cargo-home/bin/cargo" "+be3da1e8c043bb6f1f335463d3b1335cdf50b03c" "check" "--frozen" "--all" "--all-targets" "--message-format=json", kill_on_drop: false }`
[INFO] [stderr]    Compiling zerocopy v0.8.52
[INFO] [stderr]    Compiling libc v0.2.186
[INFO] [stderr]    Compiling zerocopy-derive v0.8.52
[INFO] [stderr]     Checking simd-adler32 v0.3.9
[INFO] [stderr]    Compiling clap_derive v4.6.1
[INFO] [stderr]     Checking miniz_oxide v0.8.9
[INFO] [stderr]     Checking either v1.16.0
[INFO] [stderr]     Checking zune-inflate v0.2.54
[INFO] [stderr]     Checking rayon v1.12.0
[INFO] [stderr]     Checking getrandom v0.4.2
[INFO] [stderr]     Checking rand v0.10.1
[INFO] [stderr]     Checking clap v4.6.1
[INFO] [stderr]     Checking half v2.7.1
[INFO] [stderr]     Checking exr v1.74.0
[INFO] [stderr]     Checking raytracing-rust v0.1.0 (/opt/rustwide/workdir)
[INFO] [stdout] error[E0425]: cannot find function `thread_rng` in crate `rand`
[INFO] [stdout]  --> src/math/random.rs:6:11
[INFO] [stdout]   |
[INFO] [stdout] 6 |     rand::thread_rng().gen_range(0.0..1.0)
[INFO] [stdout]   |           ^^^^^^^^^^ not found in `rand`
[INFO] [stdout] 
[INFO] [stdout] 
[INFO] [stdout] error[E0425]: cannot find function `thread_rng` in crate `rand`
[INFO] [stdout]   --> src/math/random.rs:10:11
[INFO] [stdout]    |
[INFO] [stdout] 10 |     rand::thread_rng().gen_range(0.0f32..1.0f32)
[INFO] [stdout]    |           ^^^^^^^^^^ not found in `rand`
[INFO] [stdout] 
[INFO] [stdout] 
[INFO] [stdout] error[E0425]: cannot find function `thread_rng` in crate `rand`
[INFO] [stdout]   --> src/math/random.rs:14:11
[INFO] [stdout]    |
[INFO] [stdout] 14 |     rand::thread_rng().gen_range(min..max)
[INFO] [stdout]    |           ^^^^^^^^^^ not found in `rand`
[INFO] [stdout] 
[INFO] [stdout] 
[INFO] [stdout] error[E0425]: cannot find function `thread_rng` in crate `rand`
[INFO] [stdout]   --> src/math/random.rs:18:11
[INFO] [stdout]    |
[INFO] [stdout] 18 |     rand::thread_rng().gen_range(min..max)
[INFO] [stdout]    |           ^^^^^^^^^^ not found in `rand`
[INFO] [stdout] 
[INFO] [stdout] 
[INFO] [stdout] warning: unused import: `crate::image::write_color_multisample_batch`
[INFO] [stdout]   --> src/main.rs:12:5
[INFO] [stdout]    |
[INFO] [stdout] 12 | use crate::image::write_color_multisample_batch;
[INFO] [stdout]    |     ^^^^^^^^^^^^^^^^^^^^^^^^^^^^^^^^^^^^^^^^^^^
[INFO] [stdout]    |
[INFO] [stdout]    = note: `#[warn(unused_imports)]` (part of `#[warn(unused)]`) on by default
[INFO] [stdout] 
[INFO] [stdout] 
[INFO] [stdout] warning: unused import: `lambertian::LambertianMaterial`
[INFO] [stdout]  --> src/materials/mod.rs:1:9
[INFO] [stdout]   |
[INFO] [stdout] 1 | pub use lambertian::LambertianMaterial;
[INFO] [stdout]   |         ^^^^^^^^^^^^^^^^^^^^^^^^^^^^^^
[INFO] [stdout] 
[INFO] [stdout] 
[INFO] [stdout] warning: unused import: `metallic::MetallicMaterial`
[INFO] [stdout]  --> src/materials/mod.rs:2:9
[INFO] [stdout]   |
[INFO] [stdout] 2 | pub use metallic::MetallicMaterial;
[INFO] [stdout]   |         ^^^^^^^^^^^^^^^^^^^^^^^^^^
[INFO] [stdout] 
[INFO] [stdout] 
[INFO] [stdout] warning: unused imports: `random_float_in_range` and `random_float`
[INFO] [stdout]  --> src/math/mod.rs:4:53
[INFO] [stdout]   |
[INFO] [stdout] 4 |     random::{random_double, random_double_in_range, random_float, random_float_in_range},
[INFO] [stdout]   |                                                     ^^^^^^^^^^^^  ^^^^^^^^^^^^^^^^^^^^^
[INFO] [stdout] 
[INFO] [stdout] 
[INFO] [stdout] warning: unused import: `rand::Rng`
[INFO] [stdout]  --> src/math/random.rs:3:5
[INFO] [stdout]   |
[INFO] [stdout] 3 | use rand::Rng;
[INFO] [stdout]   |     ^^^^^^^^^
[INFO] [stdout] 
[INFO] [stdout] 
[INFO] [stdout] warning: unused import: `rayon::prelude`
[INFO] [stdout]  --> src/output/image.rs:3:5
[INFO] [stdout]   |
[INFO] [stdout] 3 | use rayon::prelude::*;
[INFO] [stdout]   |     ^^^^^^^^^^^^^^
[INFO] [stdout] 
[INFO] [stdout] 
[INFO] [stdout] For more information about this error, try `rustc --explain E0425`.
[INFO] [stdout] 
[INFO] [stderr] error: could not compile `raytracing-rust` (bin "raytracing-rust" test) due to 4 previous errors; 6 warnings emitted
[INFO] [stderr] warning: build failed, waiting for other jobs to finish...
[INFO] [stdout] error[E0425]: cannot find function `thread_rng` in crate `rand`
[INFO] [stdout]  --> src/math/random.rs:6:11
[INFO] [stdout]   |
[INFO] [stdout] 6 |     rand::thread_rng().gen_range(0.0..1.0)
[INFO] [stdout]   |           ^^^^^^^^^^ not found in `rand`
[INFO] [stdout] 
[INFO] [stdout] 
[INFO] [stdout] error[E0425]: cannot find function `thread_rng` in crate `rand`
[INFO] [stdout]   --> src/math/random.rs:10:11
[INFO] [stdout]    |
[INFO] [stdout] 10 |     rand::thread_rng().gen_range(0.0f32..1.0f32)
[INFO] [stdout]    |           ^^^^^^^^^^ not found in `rand`
[INFO] [stdout] 
[INFO] [stdout] 
[INFO] [stdout] error[E0425]: cannot find function `thread_rng` in crate `rand`
[INFO] [stdout]   --> src/math/random.rs:14:11
[INFO] [stdout]    |
[INFO] [stdout] 14 |     rand::thread_rng().gen_range(min..max)
[INFO] [stdout]    |           ^^^^^^^^^^ not found in `rand`
[INFO] [stdout] 
[INFO] [stdout] 
[INFO] [stdout] error[E0425]: cannot find function `thread_rng` in crate `rand`
[INFO] [stdout]   --> src/math/random.rs:18:11
[INFO] [stdout]    |
[INFO] [stdout] 18 |     rand::thread_rng().gen_range(min..max)
[INFO] [stdout]    |           ^^^^^^^^^^ not found in `rand`
[INFO] [stdout] 
[INFO] [stdout] 
[INFO] [stdout] warning: unused import: `crate::image::write_color_multisample_batch`
[INFO] [stdout]   --> src/main.rs:12:5
[INFO] [stdout]    |
[INFO] [stdout] 12 | use crate::image::write_color_multisample_batch;
[INFO] [stdout]    |     ^^^^^^^^^^^^^^^^^^^^^^^^^^^^^^^^^^^^^^^^^^^
[INFO] [stdout]    |
[INFO] [stdout]    = note: `#[warn(unused_imports)]` (part of `#[warn(unused)]`) on by default
[INFO] [stdout] 
[INFO] [stdout] 
[INFO] [stdout] warning: unused import: `lambertian::LambertianMaterial`
[INFO] [stdout]  --> src/materials/mod.rs:1:9
[INFO] [stdout]   |
[INFO] [stdout] 1 | pub use lambertian::LambertianMaterial;
[INFO] [stdout]   |         ^^^^^^^^^^^^^^^^^^^^^^^^^^^^^^
[INFO] [stdout] 
[INFO] [stdout] 
[INFO] [stdout] warning: unused import: `metallic::MetallicMaterial`
[INFO] [stdout]  --> src/materials/mod.rs:2:9
[INFO] [stdout]   |
[INFO] [stdout] 2 | pub use metallic::MetallicMaterial;
[INFO] [stdout]   |         ^^^^^^^^^^^^^^^^^^^^^^^^^^
[INFO] [stdout] 
[INFO] [stdout] 
[INFO] [stdout] warning: unused imports: `random_float_in_range` and `random_float`
[INFO] [stdout]  --> src/math/mod.rs:4:53
[INFO] [stdout]   |
[INFO] [stdout] 4 |     random::{random_double, random_double_in_range, random_float, random_float_in_range},
[INFO] [stdout]   |                                                     ^^^^^^^^^^^^  ^^^^^^^^^^^^^^^^^^^^^
[INFO] [stdout] 
[INFO] [stdout] 
[INFO] [stdout] warning: unused import: `rand::Rng`
[INFO] [stdout]  --> src/math/random.rs:3:5
[INFO] [stdout]   |
[INFO] [stdout] 3 | use rand::Rng;
[INFO] [stdout]   |     ^^^^^^^^^
[INFO] [stdout] 
[INFO] [stdout] 
[INFO] [stdout] warning: unused import: `rayon::prelude`
[INFO] [stdout]  --> src/output/image.rs:3:5
[INFO] [stdout]   |
[INFO] [stdout] 3 | use rayon::prelude::*;
[INFO] [stdout]   |     ^^^^^^^^^^^^^^
[INFO] [stdout] 
[INFO] [stdout] 
[INFO] [stdout] For more information about this error, try `rustc --explain E0425`.
[INFO] [stdout] 
[INFO] [stderr] error: could not compile `raytracing-rust` (bin "raytracing-rust") due to 4 previous errors; 6 warnings emitted
[INFO] running `Command { std: "docker" "inspect" "a42751cd2d373713750b52710771e49de27afb03f51709737749eaaada73e36f", kill_on_drop: false }`
[INFO] running `Command { std: "docker" "rm" "-f" "a42751cd2d373713750b52710771e49de27afb03f51709737749eaaada73e36f", kill_on_drop: false }`
[INFO] [stdout] a42751cd2d373713750b52710771e49de27afb03f51709737749eaaada73e36f
