[INFO] cloning repository https://github.com/LilDojd/pagers
[INFO] running `Command { std: "git" "-c" "credential.helper=" "-c" "credential.helper=/workspace/cargo-home/bin/git-credential-null" "clone" "--bare" "https://github.com/LilDojd/pagers" "/workspace/cache/git-repos/https%3A%2F%2Fgithub.com%2FLilDojd%2Fpagers", kill_on_drop: false }`
[INFO] [stderr] Cloning into bare repository '/workspace/cache/git-repos/https%3A%2F%2Fgithub.com%2FLilDojd%2Fpagers'...
[INFO] running `Command { std: "git" "rev-parse" "HEAD", kill_on_drop: false }`
[INFO] [stdout] f97900da911cd2b2777f6a600d2325c77b9ea3d5
[INFO] checking LilDojd/pagers/f97900da911cd2b2777f6a600d2325c77b9ea3d5 against 018018e881e2db0956f229dbb543e21f058d1ce7 for pr-162597
[INFO] running `Command { std: "git" "clone" "/workspace/cache/git-repos/https%3A%2F%2Fgithub.com%2FLilDojd%2Fpagers" "/workspace/builds/worker-7-tc1/source", kill_on_drop: false }`
[INFO] [stderr] Cloning into '/workspace/builds/worker-7-tc1/source'...
[INFO] [stderr] done.
[INFO] removed /workspace/builds/worker-7-tc1/source/rust-toolchain.toml
[INFO] started tweaking git repo https://github.com/LilDojd/pagers
[INFO] finished tweaking git repo https://github.com/LilDojd/pagers
[INFO] tweaked toml for git repo https://github.com/LilDojd/pagers written to /workspace/builds/worker-7-tc1/source/Cargo.toml
[INFO] validating manifest of git repo https://github.com/LilDojd/pagers on toolchain 018018e881e2db0956f229dbb543e21f058d1ce7
[INFO] running `Command { std: CARGO_HOME="/workspace/cargo-home" RUSTUP_HOME="/workspace/rustup-home" "/workspace/cargo-home/bin/cargo" "+018018e881e2db0956f229dbb543e21f058d1ce7" "metadata" "--manifest-path" "Cargo.toml" "--no-deps", kill_on_drop: false }`
[INFO] crate git repo https://github.com/LilDojd/pagers already has a lockfile, it will not be regenerated
[INFO] running `Command { std: CARGO_HOME="/workspace/cargo-home" RUSTUP_HOME="/workspace/rustup-home" "/workspace/cargo-home/bin/cargo" "+018018e881e2db0956f229dbb543e21f058d1ce7" "fetch" "--manifest-path" "Cargo.toml", kill_on_drop: false }`
[INFO] [stderr] warning: `package.homepage` is redundant with `package.repository`
[INFO] [stderr]  --> crates/pagers-cli/Cargo.toml:9:1
[INFO] [stderr]   |
[INFO] [stderr] 8 | repository.workspace = true
[INFO] [stderr]   | ----------
[INFO] [stderr] 9 | homepage.workspace = true
[INFO] [stderr]   | ^^^^^^^^
[INFO] [stderr]   |
[INFO] [stderr]   = note: `cargo::redundant_homepage` is set to `warn` by default
[INFO] [stderr] help: consider removing `package.homepage`
[INFO] [stderr] warning: `pagers` (manifest) generated 1 warning
[INFO] [stderr]     Updating crates.io index
[INFO] [stderr]  Downloading crates ...
[INFO] [stderr]   Downloaded darling v0.24.0
[INFO] [stderr]   Downloaded darling_macro v0.24.0
[INFO] [stderr]   Downloaded darling_core v0.24.0
[INFO] [stderr]   Downloaded roff v1.1.1
[INFO] [stderr]   Downloaded fs-err v3.3.1
[INFO] [stderr]   Downloaded clap_mangen v0.3.3
[INFO] [stderr]   Downloaded clap-verbosity-flag v3.0.4
[INFO] [stderr]   Downloaded dua-core v4.1.0
[INFO] [stderr]   Downloaded bstr v1.13.0
[INFO] running `Command { std: "docker" "create" "-v" "/var/lib/crater-agent-workspace/builds/worker-7-tc1/source:/opt/rustwide/workdir:ro,Z" "-v" "/var/lib/crater-agent-workspace/builds/worker-7-tc1/target:/opt/rustwide/target:rw,Z" "-v" "/var/lib/crater-agent-workspace/cargo-home:/opt/rustwide/cargo-home:ro,Z" "-v" "/var/lib/crater-agent-workspace/rustup-home:/opt/rustwide/rustup-home:ro,Z" "-m" "1610612736" "--network" "none" "ghcr.io/rust-lang/crates-build-env/linux@sha256:8683fc1fc2eb5c9ac98e0d076ab094b2ffac7f99da555d2b6a2e27f346de2ec7" "sleep" "infinity", kill_on_drop: false }`
[INFO] [stdout] 9de0261c5f0bdea80e2ddc11a8c0a75812291c0b78d5f269dd250615fa3b34b7
[INFO] running `Command { std: "docker" "start" "9de0261c5f0bdea80e2ddc11a8c0a75812291c0b78d5f269dd250615fa3b34b7", kill_on_drop: false }`
[INFO] running `Command { std: "docker" "inspect" "9de0261c5f0bdea80e2ddc11a8c0a75812291c0b78d5f269dd250615fa3b34b7", kill_on_drop: false }`
[INFO] running `Command { std: "docker" "exec" "-e" "SOURCE_DIR=/opt/rustwide/workdir" "-e" "CARGO_HOME=/opt/rustwide/cargo-home" "-e" "RUSTUP_HOME=/opt/rustwide/rustup-home" "-e" "CARGO_TARGET_DIR=/opt/rustwide/target" "-w" "/opt/rustwide/workdir" "--user" "0:0" "9de0261c5f0bdea80e2ddc11a8c0a75812291c0b78d5f269dd250615fa3b34b7" "/opt/rustwide/cargo-home/bin/cargo" "+018018e881e2db0956f229dbb543e21f058d1ce7" "metadata" "--no-deps" "--format-version=1", kill_on_drop: false }`
[INFO] running `Command { std: "docker" "inspect" "9de0261c5f0bdea80e2ddc11a8c0a75812291c0b78d5f269dd250615fa3b34b7", kill_on_drop: false }`
[INFO] running `Command { std: "docker" "exec" "-e" "SOURCE_DIR=/opt/rustwide/workdir" "-e" "CARGO_HOME=/opt/rustwide/cargo-home" "-e" "RUSTUP_HOME=/opt/rustwide/rustup-home" "-e" "CARGO_TARGET_DIR=/opt/rustwide/target" "-e" "CARGO_INCREMENTAL=0" "-e" "RUST_BACKTRACE=full" "-e" "RUSTFLAGS=--cap-lints=forbid" "-e" "RUSTDOCFLAGS=--cap-lints=forbid" "-w" "/opt/rustwide/workdir" "--user" "0:0" "9de0261c5f0bdea80e2ddc11a8c0a75812291c0b78d5f269dd250615fa3b34b7" "/opt/rustwide/cargo-home/bin/cargo" "+018018e881e2db0956f229dbb543e21f058d1ce7" "check" "--frozen" "--all" "--all-targets" "--message-format=json", kill_on_drop: false }`
[INFO] [stderr] warning: `package.homepage` is redundant with `package.repository`
[INFO] [stderr]  --> crates/pagers-cli/Cargo.toml:9:1
[INFO] [stderr]   |
[INFO] [stderr] 8 | repository.workspace = true
[INFO] [stderr]   | ----------
[INFO] [stderr] 9 | homepage.workspace = true
[INFO] [stderr]   | ^^^^^^^^
[INFO] [stderr]   |
[INFO] [stderr]   = note: `cargo::redundant_homepage` is set to `warn` by default
[INFO] [stderr] help: consider removing `package.homepage`
[INFO] [stderr] warning: `pagers` (manifest) generated 1 warning
[INFO] [stderr]    Compiling crossbeam-epoch v0.9.20
[INFO] [stderr]    Compiling crossbeam-deque v0.8.7
[INFO] [stderr]    Compiling cfg_aliases v0.2.2
[INFO] [stderr]    Compiling radium v0.7.0
[INFO] [stderr]    Compiling fs-err v3.3.1
[INFO] [stderr]     Checking either v1.17.0
[INFO] [stderr]     Checking aho-corasick v1.1.5
[INFO] [stderr]    Compiling utf8parse v0.2.2
[INFO] [stderr]    Compiling rustix v1.1.4
[INFO] [stderr]    Compiling anstyle-query v1.1.5
[INFO] [stderr]    Compiling syn v3.0.3
[INFO] [stderr]    Compiling is_terminal_polyfill v1.70.2
[INFO] [stderr]    Compiling colorchoice v1.0.5
[INFO] [stderr]    Compiling anstyle v1.0.14
[INFO] [stderr]     Checking crossbeam-queue v0.3.13
[INFO] [stderr]     Checking crossbeam-channel v0.5.16
[INFO] [stderr]     Checking bstr v1.13.0
[INFO] [stderr]    Compiling nix v0.31.3
[INFO] [stderr]    Compiling clap_lex v1.1.0
[INFO] [stderr]    Compiling anstyle-parse v1.0.0
[INFO] [stderr]     Checking tap v1.0.1
[INFO] [stderr]     Checking wyz v0.5.1
[INFO] [stderr]    Compiling regex-syntax v0.8.11
[INFO] [stderr]     Checking funty v2.0.0
[INFO] [stderr]     Checking tracing v0.1.44
[INFO] [stderr]     Checking itertools v0.14.0
[INFO] [stderr]    Compiling anstream v1.0.0
[INFO] [stderr]     Checking clap_builder v4.6.6
[INFO] [stderr]    Compiling tracing-core v0.1.36
[INFO] [stderr]     Checking signal-hook v0.3.18
[INFO] [stderr]    Compiling derive_more-impl v2.1.1
[INFO] [stderr]     Checking crossbeam v0.8.4
[INFO] [stderr]     Checking dua-core v4.1.0
[INFO] [stderr]     Checking hashbrown v0.17.1
[INFO] [stderr]     Checking bitvec v1.1.1
[INFO] [stderr]    Compiling strum_macros v0.28.0
[INFO] [stderr]     Checking regex-automata v0.4.18
[INFO] [stderr]     Checking memmap2 v0.9.11
[INFO] [stderr]     Checking mio v1.2.2
[INFO] [stderr]    Compiling libc v0.2.189
[INFO] [stderr]    Compiling instability v0.3.13
[INFO] [stderr]    Compiling zerocopy v0.8.56
[INFO] [stderr]     Checking humantime v2.4.0
[INFO] [stderr]     Checking signal-hook-mio v0.2.5
[INFO] [stderr]     Checking compact_str v0.9.1
[INFO] [stderr]     Checking derive_more v2.1.1
[INFO] [stderr]     Checking lru v0.18.2
[INFO] [stderr]    Compiling zerocopy-derive v0.8.56
[INFO] [stderr]    Compiling find-msvc-tools v0.1.10
[INFO] [stderr]    Compiling bitflags v2.13.1
[INFO] [stderr]     Checking critical-section v1.2.0
[INFO] [stderr]    Compiling cc v1.4.2
[INFO] [stderr]     Checking unicode-truncate v2.0.1
[INFO] [stderr]    Compiling roff v1.1.1
[INFO] [stderr]    Compiling signal-hook v0.4.4
[INFO] [stderr]     Checking itertools v0.13.0
[INFO] [stderr]     Checking cast v0.3.0
[INFO] [stderr]     Checking crossterm v0.29.0
[INFO] [stderr]     Checking tempfile v3.27.0
[INFO] [stderr]     Checking tracing-subscriber v0.3.23
[INFO] [stderr]     Checking page_size v0.6.0
[INFO] [stderr]     Checking strum v0.28.0
[INFO] [stderr]     Checking oorandom v11.1.5
[INFO] [stderr]     Checking anes v0.1.6
[INFO] [stderr]    Compiling alloca v0.4.0
[INFO] [stderr]     Checking globset v0.4.20
[INFO] [stderr]     Checking regex v1.13.1
[INFO] [stderr]     Checking ignore v0.4.33
[INFO] [stderr]     Checking criterion-plot v0.8.2
[INFO] [stderr]    Compiling darling_core v0.24.0
[INFO] [stderr]    Compiling thiserror-impl v2.0.20
[INFO] [stderr]    Compiling clap_derive v4.6.4
[INFO] [stderr]    Compiling serde_derive v1.0.229
[INFO] [stderr]     Checking thiserror v2.0.20
[INFO] [stderr]     Checking kasuari v0.4.12
[INFO] [stderr]     Checking pagers-core v0.2.2 (/opt/rustwide/workdir/crates/pagers-core)
[INFO] [stderr]    Compiling clap v4.6.6
[INFO] [stdout] error[E0282]: type annotations needed
[INFO] [stdout]    --> crates/pagers-core/src/crawl.rs:295:19
[INFO] [stdout]     |
[INFO] [stdout] 295 |             move |entry| {
[INFO] [stdout]     |                   ^^^^^
[INFO] [stdout] ...
[INFO] [stdout] 299 |                 if entry.depth == 0 {
[INFO] [stdout]     |                    ----- type must be known at this point
[INFO] [stdout]     |
[INFO] [stdout] help: consider giving this closure parameter an explicit type
[INFO] [stdout]     |
[INFO] [stdout] 295 |             move |entry: /* Type */| {
[INFO] [stdout]     |                        ++++++++++++
[INFO] [stdout] 
[INFO] [stdout] 
[INFO] [stderr]     Checking ratatui-core v0.1.2
[INFO] [stderr]    Compiling clap_complete v4.6.9
[INFO] [stderr]    Compiling clap-verbosity-flag v3.0.4
[INFO] [stderr]    Compiling clap_mangen v0.3.3
[INFO] [stdout] error[E0308]: mismatched types
[INFO] [stdout]    --> crates/pagers-core/src/crawl.rs:370:21
[INFO] [stdout]     |
[INFO] [stdout] 369 |                 let metadata = match entry.metadata.as_ref() {
[INFO] [stdout]     |                                      ----------------------- this expression has type `Option<&std::result::Result<dua_core::Metadata, std::io::Error>>`
[INFO] [stdout] 370 |                     Ok(metadata) => Some(metadata),
[INFO] [stdout]     |                     ^^^^^^^^^^^^ expected `Option<&Result<Metadata, Error>>`, found `Result<_, _>`
[INFO] [stdout]     |
[INFO] [stdout]     = note: expected enum `Option<&std::result::Result<dua_core::Metadata, std::io::Error>>`
[INFO] [stdout]                found enum `std::result::Result<_, _>`
[INFO] [stdout] 
[INFO] [stdout] 
[INFO] [stdout] error[E0308]: mismatched types
[INFO] [stdout]    --> crates/pagers-core/src/crawl.rs:371:21
[INFO] [stdout]     |
[INFO] [stdout] 369 |                 let metadata = match entry.metadata.as_ref() {
[INFO] [stdout]     |                                      ----------------------- this expression has type `Option<&std::result::Result<dua_core::Metadata, std::io::Error>>`
[INFO] [stdout] 370 |                     Ok(metadata) => Some(metadata),
[INFO] [stdout] 371 |                     Err(error) if needs_meta => {
[INFO] [stdout]     |                     ^^^^^^^^^^ expected `Option<&Result<Metadata, Error>>`, found `Result<_, _>`
[INFO] [stdout]     |
[INFO] [stdout]     = note: expected enum `Option<&std::result::Result<dua_core::Metadata, std::io::Error>>`
[INFO] [stdout]                found enum `std::result::Result<_, _>`
[INFO] [stdout] 
[INFO] [stdout] 
[INFO] [stdout] error[E0308]: mismatched types
[INFO] [stdout]    --> crates/pagers-core/src/crawl.rs:377:21
[INFO] [stdout]     |
[INFO] [stdout] 369 |                 let metadata = match entry.metadata.as_ref() {
[INFO] [stdout]     |                                      ----------------------- this expression has type `Option<&std::result::Result<dua_core::Metadata, std::io::Error>>`
[INFO] [stdout] ...
[INFO] [stdout] 377 |                     Err(_) => None,
[INFO] [stdout]     |                     ^^^^^^ expected `Option<&Result<Metadata, Error>>`, found `Result<_, _>`
[INFO] [stdout]     |
[INFO] [stdout]     = note: expected enum `Option<&std::result::Result<dua_core::Metadata, std::io::Error>>`
[INFO] [stdout]                found enum `std::result::Result<_, _>`
[INFO] [stdout] 
[INFO] [stdout] 
[INFO] [stdout] Some errors have detailed explanations: E0282, E0308.
[INFO] [stdout] 
[INFO] [stdout] For more information about an error, try `rustc --explain E0282`.
[INFO] [stdout] 
[INFO] [stderr] error: could not compile `pagers-core` (lib) due to 4 previous errors
[INFO] [stderr] warning: build failed, waiting for other jobs to finish...
[INFO] running `Command { std: "docker" "inspect" "9de0261c5f0bdea80e2ddc11a8c0a75812291c0b78d5f269dd250615fa3b34b7", kill_on_drop: false }`
[INFO] running `Command { std: "docker" "rm" "-f" "9de0261c5f0bdea80e2ddc11a8c0a75812291c0b78d5f269dd250615fa3b34b7", kill_on_drop: false }`
[INFO] [stdout] 9de0261c5f0bdea80e2ddc11a8c0a75812291c0b78d5f269dd250615fa3b34b7
