[INFO] cloning repository https://github.com/Ledjob/desktop_pet
[INFO] running `Command { std: "git" "-c" "credential.helper=" "-c" "credential.helper=/workspace/cargo-home/bin/git-credential-null" "clone" "--bare" "https://github.com/Ledjob/desktop_pet" "/workspace/cache/git-repos/https%3A%2F%2Fgithub.com%2FLedjob%2Fdesktop_pet", kill_on_drop: false }`
[INFO] [stderr] Cloning into bare repository '/workspace/cache/git-repos/https%3A%2F%2Fgithub.com%2FLedjob%2Fdesktop_pet'...
[INFO] running `Command { std: "git" "rev-parse" "HEAD", kill_on_drop: false }`
[INFO] [stdout] cd02cb6449d2c86abfae3d14ed3edaccd2f63e29
[INFO] checking Ledjob/desktop_pet against be3da1e8c043bb6f1f335463d3b1335cdf50b03c for pr-162597
[INFO] running `Command { std: "git" "clone" "/workspace/cache/git-repos/https%3A%2F%2Fgithub.com%2FLedjob%2Fdesktop_pet" "/workspace/builds/worker-7-tc2/source", kill_on_drop: false }`
[INFO] [stderr] Cloning into '/workspace/builds/worker-7-tc2/source'...
[INFO] [stderr] done.
[INFO] started tweaking git repo https://github.com/Ledjob/desktop_pet
[INFO] finished tweaking git repo https://github.com/Ledjob/desktop_pet
[INFO] tweaked toml for git repo https://github.com/Ledjob/desktop_pet written to /workspace/builds/worker-7-tc2/source/Cargo.toml
[INFO] validating manifest of git repo https://github.com/Ledjob/desktop_pet on toolchain be3da1e8c043bb6f1f335463d3b1335cdf50b03c
[INFO] running `Command { std: CARGO_HOME="/workspace/cargo-home" RUSTUP_HOME="/workspace/rustup-home" "/workspace/cargo-home/bin/cargo" "+be3da1e8c043bb6f1f335463d3b1335cdf50b03c" "metadata" "--manifest-path" "Cargo.toml" "--no-deps", kill_on_drop: false }`
[INFO] crate git repo https://github.com/Ledjob/desktop_pet already has a lockfile, it will not be regenerated
[INFO] running `Command { std: CARGO_HOME="/workspace/cargo-home" RUSTUP_HOME="/workspace/rustup-home" "/workspace/cargo-home/bin/cargo" "+be3da1e8c043bb6f1f335463d3b1335cdf50b03c" "fetch" "--manifest-path" "Cargo.toml", kill_on_drop: false }`
[INFO] [stderr]     Blocking waiting for file lock on package cache
[INFO] [stderr]     Blocking waiting for file lock on package cache
[ERROR] error running command: no output for 300 seconds
[INFO] checking Ledjob/desktop_pet against be3da1e8c043bb6f1f335463d3b1335cdf50b03c for pr-162597
[INFO] running `Command { std: "git" "clone" "/workspace/cache/git-repos/https%3A%2F%2Fgithub.com%2FLedjob%2Fdesktop_pet" "/workspace/builds/worker-7-tc2/source", kill_on_drop: false }`
[INFO] [stderr] Cloning into '/workspace/builds/worker-7-tc2/source'...
[INFO] [stderr] done.
[INFO] started tweaking git repo https://github.com/Ledjob/desktop_pet
[INFO] finished tweaking git repo https://github.com/Ledjob/desktop_pet
[INFO] tweaked toml for git repo https://github.com/Ledjob/desktop_pet written to /workspace/builds/worker-7-tc2/source/Cargo.toml
[INFO] validating manifest of git repo https://github.com/Ledjob/desktop_pet on toolchain be3da1e8c043bb6f1f335463d3b1335cdf50b03c
[INFO] running `Command { std: CARGO_HOME="/workspace/cargo-home" RUSTUP_HOME="/workspace/rustup-home" "/workspace/cargo-home/bin/cargo" "+be3da1e8c043bb6f1f335463d3b1335cdf50b03c" "metadata" "--manifest-path" "Cargo.toml" "--no-deps", kill_on_drop: false }`
[INFO] crate git repo https://github.com/Ledjob/desktop_pet already has a lockfile, it will not be regenerated
[INFO] running `Command { std: CARGO_HOME="/workspace/cargo-home" RUSTUP_HOME="/workspace/rustup-home" "/workspace/cargo-home/bin/cargo" "+be3da1e8c043bb6f1f335463d3b1335cdf50b03c" "fetch" "--manifest-path" "Cargo.toml", kill_on_drop: false }`
[INFO] [stderr]     Blocking waiting for file lock on package cache
[INFO] [stderr]     Blocking waiting for file lock on package cache
[INFO] [stderr]  Downloading crates ...
[INFO] [stderr]   Downloaded rgb v0.8.51
[INFO] [stderr]   Downloaded fontdue v0.8.0
[INFO] running `Command { std: "docker" "create" "-v" "/var/lib/crater-agent-workspace/builds/worker-7-tc2/source:/opt/rustwide/workdir:ro,Z" "-v" "/var/lib/crater-agent-workspace/builds/worker-7-tc2/target:/opt/rustwide/target:rw,Z" "-v" "/var/lib/crater-agent-workspace/cargo-home:/opt/rustwide/cargo-home:ro,Z" "-v" "/var/lib/crater-agent-workspace/rustup-home:/opt/rustwide/rustup-home:ro,Z" "-m" "1610612736" "--network" "none" "ghcr.io/rust-lang/crates-build-env/linux@sha256:8683fc1fc2eb5c9ac98e0d076ab094b2ffac7f99da555d2b6a2e27f346de2ec7" "sleep" "infinity", kill_on_drop: false }`
[INFO] [stdout] 978accaa6ce0b7bf36f9c6b4f40ef4ae7e0af920aa30f73cb7aba5697195f22e
[INFO] running `Command { std: "docker" "start" "978accaa6ce0b7bf36f9c6b4f40ef4ae7e0af920aa30f73cb7aba5697195f22e", kill_on_drop: false }`
[INFO] running `Command { std: "docker" "inspect" "978accaa6ce0b7bf36f9c6b4f40ef4ae7e0af920aa30f73cb7aba5697195f22e", kill_on_drop: false }`
[INFO] running `Command { std: "docker" "exec" "-e" "SOURCE_DIR=/opt/rustwide/workdir" "-e" "CARGO_HOME=/opt/rustwide/cargo-home" "-e" "RUSTUP_HOME=/opt/rustwide/rustup-home" "-e" "CARGO_TARGET_DIR=/opt/rustwide/target" "-w" "/opt/rustwide/workdir" "--user" "0:0" "978accaa6ce0b7bf36f9c6b4f40ef4ae7e0af920aa30f73cb7aba5697195f22e" "/opt/rustwide/cargo-home/bin/cargo" "+be3da1e8c043bb6f1f335463d3b1335cdf50b03c" "metadata" "--no-deps" "--format-version=1", kill_on_drop: false }`
[INFO] running `Command { std: "docker" "inspect" "978accaa6ce0b7bf36f9c6b4f40ef4ae7e0af920aa30f73cb7aba5697195f22e", kill_on_drop: false }`
[INFO] running `Command { std: "docker" "exec" "-e" "SOURCE_DIR=/opt/rustwide/workdir" "-e" "CARGO_HOME=/opt/rustwide/cargo-home" "-e" "RUSTUP_HOME=/opt/rustwide/rustup-home" "-e" "CARGO_TARGET_DIR=/opt/rustwide/target" "-e" "CARGO_INCREMENTAL=0" "-e" "RUST_BACKTRACE=full" "-e" "RUSTFLAGS=--cap-lints=forbid" "-e" "RUSTDOCFLAGS=--cap-lints=forbid" "-w" "/opt/rustwide/workdir" "--user" "0:0" "978accaa6ce0b7bf36f9c6b4f40ef4ae7e0af920aa30f73cb7aba5697195f22e" "/opt/rustwide/cargo-home/bin/cargo" "+be3da1e8c043bb6f1f335463d3b1335cdf50b03c" "check" "--frozen" "--all" "--all-targets" "--message-format=json", kill_on_drop: false }`
[INFO] [stderr]    Compiling rayon-core v1.12.1
[INFO] [stderr]    Compiling windows_x86_64_gnu v0.52.6
[INFO] [stderr]    Compiling anyhow v1.0.98
[INFO] [stderr]    Compiling syn v2.0.104
[INFO] [stderr]    Compiling built v0.7.7
[INFO] [stderr]     Checking nom v7.1.3
[INFO] [stderr]     Checking crc32fast v1.4.2
[INFO] [stderr]     Checking log v0.4.27
[INFO] [stderr]     Checking flate2 v1.1.2
[INFO] [stderr]    Compiling simd_helpers v0.1.0
[INFO] [stderr]     Checking windows-targets v0.52.6
[INFO] [stderr]     Checking itertools v0.12.1
[INFO] [stderr]     Checking imgref v1.11.0
[INFO] [stderr]     Checking bitstream-io v2.6.0
[INFO] [stderr]    Compiling rav1e v0.7.1
[INFO] [stderr]     Checking weezl v0.1.10
[INFO] [stderr]     Checking loop9 v0.1.5
[INFO] [stderr]     Checking windows-result v0.1.2
[INFO] [stderr]     Checking rayon v1.10.0
[INFO] [stderr]     Checking ahash v0.8.12
[INFO] [stderr]     Checking avif-serialize v0.8.5
[INFO] [stderr]     Checking half v2.6.0
[INFO] [stderr]     Checking zune-inflate v0.2.54
[INFO] [stderr]     Checking fdeflate v0.3.7
[INFO] [stderr]     Checking bit_field v0.10.2
[INFO] [stderr]     Checking jpeg-decoder v0.3.2
[INFO] [stderr]     Checking rgb v0.8.51
[INFO] [stderr]     Checking bytemuck v1.23.1
[INFO] [stderr]    Compiling winapi v0.3.9
[INFO] [stderr]     Checking lebe v0.5.2
[INFO] [stderr]     Checking hashbrown v0.14.5
[INFO] [stderr]     Checking exr v1.73.0
[INFO] [stderr]     Checking gif v0.13.3
[INFO] [stderr]     Checking tiff v0.9.1
[INFO] [stderr]     Checking qoi v0.4.1
[INFO] [stderr]     Checking png v0.17.16
[INFO] [stderr]     Checking image-webp v0.2.3
[INFO] [stderr]     Checking zune-jpeg v0.4.19
[INFO] [stderr]     Checking ttf-parser v0.20.0
[INFO] [stderr]     Checking maybe-rayon v0.1.1
[INFO] [stderr]     Checking fontdue v0.8.0
[INFO] [stderr]    Compiling equator-macro v0.4.2
[INFO] [stderr]    Compiling thiserror-impl v1.0.69
[INFO] [stderr]    Compiling profiling-procmacros v1.0.17
[INFO] [stderr]    Compiling arg_enum_proc_macro v0.3.4
[INFO] [stderr]    Compiling num-derive v0.4.2
[INFO] [stderr]    Compiling windows-interface v0.56.0
[INFO] [stderr]    Compiling windows-implement v0.56.0
[INFO] [stderr]     Checking profiling v1.0.17
[INFO] [stderr]     Checking equator v0.4.2
[INFO] [stderr]     Checking windows-core v0.56.0
[INFO] [stderr]     Checking aligned-vec v0.6.4
[INFO] [stderr]     Checking v_frame v0.3.9
[INFO] [stderr]     Checking thiserror v1.0.69
[INFO] [stderr]     Checking av1-grain v0.2.4
[INFO] [stderr]     Checking windows v0.56.0
[INFO] [stderr]     Checking ravif v0.11.20
[INFO] [stderr]     Checking image v0.25.6
[INFO] [stderr]     Checking parrot-pet v0.1.0 (/opt/rustwide/workdir)
[INFO] [stdout] error[E0433]: cannot find `windows` in `os`
[INFO] [stdout]   --> src/main.rs:26:18
[INFO] [stdout]    |
[INFO] [stdout] 26 |     use std::os::windows::ffi::OsStrExt;
[INFO] [stdout]    |                  ^^^^^^^ could not find `windows` in `os`
[INFO] [stdout]    |
[INFO] [stdout] note: found an item that was configured out
[INFO] [stdout]   --> /rustc/be3da1e8c043bb6f1f335463d3b1335cdf50b03c/library/std/src/os/mod.rs:62:4
[INFO] [stdout]    |
[INFO] [stdout]    = note: the item is gated behind the `windows` feature
[INFO] [stdout] 
[INFO] [stdout] 
[INFO] [stdout] error[E0433]: cannot find `windows` in `os`
[INFO] [stdout]   --> src/main.rs:26:18
[INFO] [stdout]    |
[INFO] [stdout] 26 |     use std::os::windows::ffi::OsStrExt;
[INFO] [stdout]    |                  ^^^^^^^ could not find `windows` in `os`
[INFO] [stdout]    |
[INFO] [stdout] note: found an item that was configured out
[INFO] [stdout]   --> /rustc/be3da1e8c043bb6f1f335463d3b1335cdf50b03c/library/std/src/os/mod.rs:62:4
[INFO] [stdout]    |
[INFO] [stdout]    = note: the item is gated behind the `windows` feature
[INFO] [stdout] 
[INFO] [stdout] 
[INFO] [stdout] error[E0599]: no method named `encode_wide` found for reference `&OsStr` in the current scope
[INFO] [stdout]   --> src/main.rs:27:34
[INFO] [stdout]    |
[INFO] [stdout] 27 |     std::ffi::OsStr::new(string).encode_wide().chain(std::iter::once(0)).collect()
[INFO] [stdout]    |                                  ^^^^^^^^^^^ method not found in `&OsStr`
[INFO] [stdout] 
[INFO] [stdout] 
[INFO] [stdout] error[E0599]: no method named `encode_wide` found for reference `&OsStr` in the current scope
[INFO] [stdout]   --> src/main.rs:27:34
[INFO] [stdout]    |
[INFO] [stdout] 27 |     std::ffi::OsStr::new(string).encode_wide().chain(std::iter::once(0)).collect()
[INFO] [stdout]    |                                  ^^^^^^^^^^^ method not found in `&OsStr`
[INFO] [stdout] 
[INFO] [stdout] 
[INFO] [stdout] Some errors have detailed explanations: E0433, E0599.
[INFO] [stdout] 
[INFO] [stdout] Some errors have detailed explanations: E0433, E0599.
[INFO] [stdout] 
[INFO] [stdout] For more information about an error, try `rustc --explain E0433`.
[INFO] [stdout] 
[INFO] [stdout] For more information about an error, try `rustc --explain E0433`.
[INFO] [stdout] 
[INFO] [stderr] error: could not compile `parrot-pet` (bin "parrot-pet") due to 2 previous errors
[INFO] [stderr] warning: build failed, waiting for other jobs to finish...
[INFO] [stderr] error: could not compile `parrot-pet` (bin "parrot-pet" test) due to 2 previous errors
[INFO] [stderr] warning: unused dependency `winapi`
[INFO] [stderr]  --> Cargo.toml:5:1
[INFO] [stderr]   |
[INFO] [stderr] 5 | winapi = "0.3.9"
[INFO] [stderr]   | ^^^^^^^^^^^^^^^^
[INFO] [stderr]   |
[INFO] [stderr]   = note: `cargo::unused_dependencies` is set to `warn` by default
[INFO] [stderr] help: consider removing the dependency on `winapi`
[INFO] [stderr] warning: `parrot-pet` (manifest) generated 1 warning
[INFO] running `Command { std: "docker" "inspect" "978accaa6ce0b7bf36f9c6b4f40ef4ae7e0af920aa30f73cb7aba5697195f22e", kill_on_drop: false }`
[INFO] running `Command { std: "docker" "rm" "-f" "978accaa6ce0b7bf36f9c6b4f40ef4ae7e0af920aa30f73cb7aba5697195f22e", kill_on_drop: false }`
[INFO] [stdout] 978accaa6ce0b7bf36f9c6b4f40ef4ae7e0af920aa30f73cb7aba5697195f22e
